[INFO] cloning repository https://github.com/Amina-farah/komorebi
[INFO] running `Command { std: "git" "-c" "credential.helper=" "-c" "credential.helper=/workspace/cargo-home/bin/git-credential-null" "clone" "--bare" "https://github.com/Amina-farah/komorebi" "/workspace/cache/git-repos/https%3A%2F%2Fgithub.com%2FAmina-farah%2Fkomorebi", kill_on_drop: false }`
[INFO] [stderr] Cloning into bare repository '/workspace/cache/git-repos/https%3A%2F%2Fgithub.com%2FAmina-farah%2Fkomorebi'...
[INFO] running `Command { std: "git" "rev-parse" "HEAD", kill_on_drop: false }`
[INFO] [stdout] 4407dfac5ca267f2e5d17f78819ea2fddf0b280d
[INFO] testing Amina-farah/komorebi against 1.75.0 for beta-1.76-1
[INFO] running `Command { std: "git" "clone" "/workspace/cache/git-repos/https%3A%2F%2Fgithub.com%2FAmina-farah%2Fkomorebi" "/workspace/builds/worker-5-tc1/source", kill_on_drop: false }`
[INFO] [stderr] Cloning into '/workspace/builds/worker-5-tc1/source'...
[INFO] [stderr] done.
[INFO] validating manifest of git repo https://github.com/Amina-farah/komorebi on toolchain 1.75.0
[INFO] running `Command { std: CARGO_HOME="/workspace/cargo-home" RUSTUP_HOME="/workspace/rustup-home" "/workspace/cargo-home/bin/cargo" "+1.75.0" "metadata" "--manifest-path" "Cargo.toml" "--no-deps", kill_on_drop: false }`
[INFO] removed /workspace/builds/worker-5-tc1/source/rust-toolchain.toml
[INFO] started tweaking git repo https://github.com/Amina-farah/komorebi
[INFO] finished tweaking git repo https://github.com/Amina-farah/komorebi
[INFO] tweaked toml for git repo https://github.com/Amina-farah/komorebi written to /workspace/builds/worker-5-tc1/source/Cargo.toml
[INFO] crate git repo https://github.com/Amina-farah/komorebi already has a lockfile, it will not be regenerated
[INFO] running `Command { std: CARGO_HOME="/workspace/cargo-home" RUSTUP_HOME="/workspace/rustup-home" "/workspace/cargo-home/bin/cargo" "+1.75.0" "fetch" "--manifest-path" "Cargo.toml", kill_on_drop: false }`
[INFO] [stderr]     Updating crates.io index
[INFO] [stderr]  Downloading crates ...
[INFO] [stderr]   Downloaded crossbeam-utils v0.8.17
[INFO] [stderr]   Downloaded winreg v0.52.0
[INFO] [stderr]   Downloaded powershell_script v1.1.0
[INFO] [stderr]   Downloaded thiserror v1.0.51
[INFO] [stderr]   Downloaded thiserror-impl v1.0.51
[INFO] [stderr]   Downloaded eyre v0.6.9
[INFO] [stderr]   Downloaded color-spantrace v0.2.1
[INFO] [stderr]   Downloaded clap_builder v4.4.11
[INFO] [stderr]   Downloaded windows-implement v0.52.0
[INFO] [stderr]   Downloaded windows-interface v0.52.0
[INFO] [stderr]   Downloaded winput v0.2.5
[INFO] [stderr]   Downloaded hotwatch v0.4.6
[INFO] [stderr]   Downloaded clap v4.4.11
[INFO] [stderr]   Downloaded tracing-appender v0.2.3
[INFO] [stderr]   Downloaded fs-tail v0.1.4
[INFO] running `Command { std: "docker" "create" "-v" "/var/lib/crater-agent-workspace/builds/worker-5-tc1/target:/opt/rustwide/target:rw,Z" "-v" "/var/lib/crater-agent-workspace/builds/worker-5-tc1/source:/opt/rustwide/workdir:ro,Z" "-v" "/var/lib/crater-agent-workspace/cargo-home:/opt/rustwide/cargo-home:ro,Z" "-v" "/var/lib/crater-agent-workspace/rustup-home:/opt/rustwide/rustup-home:ro,Z" "-e" "SOURCE_DIR=/opt/rustwide/workdir" "-e" "CARGO_TARGET_DIR=/opt/rustwide/target" "-e" "CARGO_HOME=/opt/rustwide/cargo-home" "-e" "RUSTUP_HOME=/opt/rustwide/rustup-home" "-w" "/opt/rustwide/workdir" "-m" "1610612736" "--user" "0:0" "--network" "none" "ghcr.io/rust-lang/crates-build-env/linux@sha256:2788e3201cd34a07e3172128adcd8b3090168a8e3bcc40d7c032b9dda1df7d1c" "/opt/rustwide/cargo-home/bin/cargo" "+1.75.0" "metadata" "--no-deps" "--format-version=1", kill_on_drop: false }`
[INFO] [stdout] f8134b314841db4da13d7db14bf1d3c4cfdb7adb797411365af37bf78809f8d3
[INFO] running `Command { std: "docker" "start" "-a" "f8134b314841db4da13d7db14bf1d3c4cfdb7adb797411365af37bf78809f8d3", kill_on_drop: false }`
[INFO] running `Command { std: "docker" "inspect" "f8134b314841db4da13d7db14bf1d3c4cfdb7adb797411365af37bf78809f8d3", kill_on_drop: false }`
[INFO] running `Command { std: "docker" "rm" "-f" "f8134b314841db4da13d7db14bf1d3c4cfdb7adb797411365af37bf78809f8d3", kill_on_drop: false }`
[INFO] [stdout] f8134b314841db4da13d7db14bf1d3c4cfdb7adb797411365af37bf78809f8d3
[INFO] running `Command { std: "docker" "create" "-v" "/var/lib/crater-agent-workspace/builds/worker-5-tc1/target:/opt/rustwide/target:rw,Z" "-v" "/var/lib/crater-agent-workspace/builds/worker-5-tc1/source:/opt/rustwide/workdir:ro,Z" "-v" "/var/lib/crater-agent-workspace/cargo-home:/opt/rustwide/cargo-home:ro,Z" "-v" "/var/lib/crater-agent-workspace/rustup-home:/opt/rustwide/rustup-home:ro,Z" "-e" "SOURCE_DIR=/opt/rustwide/workdir" "-e" "CARGO_TARGET_DIR=/opt/rustwide/target" "-e" "CARGO_INCREMENTAL=0" "-e" "RUST_BACKTRACE=full" "-e" "RUSTFLAGS=--cap-lints=warn" "-e" "RUSTDOCFLAGS=--cap-lints=warn" "-e" "CARGO_HOME=/opt/rustwide/cargo-home" "-e" "RUSTUP_HOME=/opt/rustwide/rustup-home" "-w" "/opt/rustwide/workdir" "-m" "1610612736" "--user" "0:0" "--network" "none" "ghcr.io/rust-lang/crates-build-env/linux@sha256:2788e3201cd34a07e3172128adcd8b3090168a8e3bcc40d7c032b9dda1df7d1c" "/opt/rustwide/cargo-home/bin/cargo" "+1.75.0" "build" "--frozen" "--message-format=json", kill_on_drop: false }`
[INFO] [stdout] b3a42635e699d2388a08255715393848b16bbe5d954d4c219af1b76af5cfbcc6
[INFO] running `Command { std: "docker" "start" "-a" "b3a42635e699d2388a08255715393848b16bbe5d954d4c219af1b76af5cfbcc6", kill_on_drop: false }`
[INFO] [stderr]    Compiling proc-macro2 v1.0.70
[INFO] [stderr]    Compiling libc v0.2.150
[INFO] [stderr]    Compiling bitflags v2.4.1
[INFO] [stderr]    Compiling pin-project-lite v0.2.13
[INFO] [stderr]    Compiling tracing-core v0.1.32
[INFO] [stderr]    Compiling itoa v1.0.9
[INFO] [stderr]    Compiling rustix v0.38.26
[INFO] [stderr]    Compiling slab v0.4.9
[INFO] [stderr]    Compiling linux-raw-sys v0.4.12
[INFO] [stderr]    Compiling equivalent v1.0.1
[INFO] [stderr]    Compiling hashbrown v0.14.3
[INFO] [stderr]    Compiling vcpkg v0.2.15
[INFO] [stderr]    Compiling serde v1.0.193
[INFO] [stderr]    Compiling syn v1.0.109
[INFO] [stderr]    Compiling indexmap v2.1.0
[INFO] [stderr]    Compiling quote v1.0.33
[INFO] [stderr]    Compiling crossbeam-utils v0.8.17
[INFO] [stderr]    Compiling syn v2.0.39
[INFO] [stderr]    Compiling cc v1.0.83
[INFO] [stderr]    Compiling gimli v0.28.1
[INFO] [stderr]    Compiling regex-syntax v0.8.2
[INFO] [stderr]    Compiling bytes v1.5.0
[INFO] [stderr]    Compiling smallvec v1.11.2
[INFO] [stderr]    Compiling futures-core v0.3.29
[INFO] [stderr]    Compiling regex-syntax v0.6.29
[INFO] [stderr]    Compiling miniz_oxide v0.7.1
[INFO] [stderr]    Compiling backtrace v0.3.69
[INFO] [stderr]    Compiling openssl-sys v0.9.96
[INFO] [stderr]    Compiling object v0.32.1
[INFO] [stderr]    Compiling rustc-demangle v0.1.23
[INFO] [stderr]    Compiling overload v0.1.1
[INFO] [stderr]    Compiling sharded-slab v0.1.7
[INFO] [stderr]    Compiling addr2line v0.21.0
[INFO] [stderr]    Compiling regex-automata v0.1.10
[INFO] [stderr]    Compiling regex-automata v0.4.3
[INFO] [stderr]    Compiling nu-ansi-term v0.46.0
[INFO] [stderr]    Compiling mio v0.8.9
[INFO] [stderr]    Compiling matchers v0.1.0
[INFO] [stderr]    Compiling num_cpus v1.16.0
[INFO] [stderr]    Compiling socket2 v0.5.5
[INFO] [stderr]    Compiling tracing-log v0.2.0
[INFO] [stderr]    Compiling thread_local v1.1.7
[INFO] [stderr]    Compiling ryu v1.0.15
[INFO] [stderr]    Compiling windows_x86_64_gnu v0.52.0
[INFO] [stderr]    Compiling futures-task v0.3.29
[INFO] [stderr]    Compiling tokio v1.34.0
[INFO] [stderr]    Compiling futures-util v0.3.29
[INFO] [stderr]    Compiling heck v0.4.1
[INFO] [stderr]    Compiling utf8parse v0.2.1
[INFO] [stderr]    Compiling openssl v0.10.60
[INFO] [stderr]    Compiling anstyle-parse v0.2.2
[INFO] [stderr]    Compiling http v0.2.11
[INFO] [stderr]    Compiling regex v1.10.2
[INFO] [stderr]    Compiling crossbeam-epoch v0.9.15
[INFO] [stderr]    Compiling eyre v0.6.9
[INFO] [stderr]    Compiling futures-io v0.3.29
[INFO] [stderr]    Compiling futures-sink v0.3.29
[INFO] [stderr]    Compiling thiserror v1.0.51
[INFO] [stderr]    Compiling anstyle-query v1.0.0
[INFO] [stderr]    Compiling futures-channel v0.3.29
[INFO] [stderr]    Compiling tracing-attributes v0.1.27
[INFO] [stderr]    Compiling serde_derive v1.0.193
[INFO] [stderr]    Compiling openssl-macros v0.1.1
[INFO] [stderr]    Compiling owo-colors v3.5.0
[INFO] [stderr]    Compiling colorchoice v1.0.0
[INFO] [stderr]    Compiling windows_x86_64_gnu v0.48.5
[INFO] [stderr]    Compiling anstyle v1.0.4
[INFO] [stderr]    Compiling anstream v0.6.4
[INFO] [stderr]    Compiling net2 v0.2.39
[INFO] [stderr]    Compiling thiserror-impl v1.0.51
[INFO] [stderr]    Compiling native-tls v0.2.11
[INFO] [stderr]    Compiling crossbeam-deque v0.8.3
[INFO] [stderr]    Compiling windows-targets v0.52.0
[INFO] [stderr]    Compiling proc-macro-error-attr v1.0.4
[INFO] [stderr]    Compiling serde_derive_internals v0.26.0
[INFO] [stderr]    Compiling tracing v0.1.40
[INFO] [stderr]    Compiling tracing-subscriber v0.3.18
[INFO] [stderr]    Compiling tokio-util v0.7.10
[INFO] [stderr]    Compiling terminal_size v0.3.0
[INFO] [stderr]    Compiling is-terminal v0.4.9
[INFO] [stderr]    Compiling iovec v0.1.4
[INFO] [stderr]    Compiling getrandom v0.2.11
[INFO] [stderr]    Compiling schemars v0.8.16
[INFO] [stderr]    Compiling option-ext v0.2.0
[INFO] [stderr]    Compiling strsim v0.10.0
[INFO] [stderr]    Compiling indenter v0.3.3
[INFO] [stderr]    Compiling tracing-error v0.2.0
[INFO] [stderr]    Compiling clap_lex v0.6.0
[INFO] [stderr]    Compiling clap_builder v4.4.11
[INFO] [stderr]    Compiling color-spantrace v0.2.1
[INFO] [stderr]    Compiling h2 v0.3.22
[INFO] [stderr]    Compiling dirs-sys v0.4.1
[INFO] [stderr]    Compiling want v0.3.1
[INFO] [stderr]    Compiling form_urlencoded v1.2.1
[INFO] [stderr]    Compiling rand_core v0.6.4
[INFO] [stderr]    Compiling mio v0.6.23
[INFO] [stderr]    Compiling schemars_derive v0.8.16
[INFO] [stderr]    Compiling strum_macros v0.25.3
[INFO] [stderr]    Compiling windows-core v0.52.0
[INFO] [stderr]    Compiling rayon-core v1.12.0
[INFO] [stderr]    Compiling unicode-normalization v0.1.22
[INFO] [stderr]    Compiling windows-implement v0.52.0
[INFO] [stderr]    Compiling clap_derive v4.4.7
[INFO] [stderr]    Compiling windows-interface v0.52.0
[INFO] [stderr]    Compiling http-body v0.4.5
[INFO] [stderr]    Compiling serde_json v1.0.108
[INFO] [stderr]    Compiling proc-macro-error v1.0.4
[INFO] [stderr]    Compiling socket2 v0.4.10
[INFO] [stderr]    Compiling inotify-sys v0.1.5
[INFO] [stderr]    Compiling lock_api v0.4.11
[INFO] [stderr]    Compiling lazycell v1.3.0
[INFO] [stderr]    Compiling unicode-bidi v0.3.13
[INFO] [stderr]    Compiling powerfmt v0.2.0
[INFO] [stderr]    Compiling dyn-clone v1.0.16
[INFO] [stderr]    Compiling fixedbitset v0.4.2
[INFO] [stderr]    Compiling httpdate v1.0.3
[INFO] [stderr]    Compiling unsafe-libyaml v0.2.10
[INFO] [stderr]    Compiling winapi v0.3.9
[INFO] [stderr]    Compiling parking_lot_core v0.9.9
[INFO] [stderr]    Compiling same-file v1.0.6
[INFO] [stderr]    Compiling walkdir v2.4.0
[INFO] [stderr]    Compiling idna v0.5.0
[INFO] [stderr]    Compiling hyper v0.14.27
[INFO] [stderr]    Compiling petgraph v0.6.4
[INFO] [stderr]    Compiling deranged v0.3.9
[INFO] [stderr]    Compiling serde_yaml v0.9.27
[INFO] [stderr]    Compiling rand_chacha v0.3.1
[INFO] [stderr]    Compiling inotify v0.7.1
[INFO] [stderr]    Compiling clap v4.4.11
[INFO] [stderr]    Compiling strum v0.25.0
[INFO] [stderr]    Compiling mio-extras v2.0.6
[INFO] [stderr]    Compiling windows v0.52.0
[INFO] [stderr]    Compiling windows-targets v0.48.5
[INFO] [stderr]    Compiling rayon v1.8.0
[INFO] [stderr]    Compiling dirs v5.0.1
[INFO] [stderr]    Compiling color-eyre v0.6.2
[INFO] [stderr]    Compiling tokio-native-tls v0.3.1
[INFO] [stderr]    Compiling thread-id v4.2.1
[INFO] [stderr]    Compiling filetime v0.2.22
[INFO] [stderr]    Compiling time-core v0.1.2
[INFO] [stderr]    Compiling home v0.5.5
[INFO] [stderr]    Compiling dunce v1.0.4
[INFO] [stderr]    Compiling is_ci v1.1.1
[INFO] [stderr]    Compiling unicode-width v0.1.11
[INFO] [stderr]    Compiling unicode-linebreak v0.1.5
[INFO] [stderr]    Compiling smawk v0.3.2
[INFO] [stderr]    Compiling supports-color v2.1.0
[INFO] [stderr]    Compiling time v0.3.30
[INFO] [stderr]    Compiling textwrap v0.15.2
[INFO] [stderr]    Compiling which v5.0.0
[INFO] [stderr]    Compiling notify v4.0.17
[INFO] [stderr]    Compiling hyper-tls v0.5.0
[INFO] [stderr]    Compiling windows-sys v0.48.0
[INFO] [stderr]    Compiling rand v0.8.5
[INFO] [stderr]    Compiling sysinfo v0.29.11
[INFO] [stderr]    Compiling url v2.5.0
[INFO] [stderr]    Compiling serde_urlencoded v0.7.1
[INFO] [stderr]    Compiling supports-unicode v2.0.0
[INFO] [stderr]    Compiling supports-hyperlinks v2.1.0
[INFO] [stderr]    Compiling miette-derive v5.10.0
[INFO] [stderr]    Compiling backtrace-ext v0.2.1
[INFO] [stderr]    Compiling crossbeam-channel v0.5.8
[INFO] [stderr]    Compiling nix v0.27.1
[INFO] [stderr]    Compiling terminal_size v0.1.17
[INFO] [stderr]    Compiling encoding_rs v0.8.33
[INFO] [stderr]    Compiling mime v0.3.17
[INFO] [stderr]    Compiling ipnet v2.9.0
[INFO] [stderr]    Compiling windows-sys v0.42.0
[INFO] [stderr]    Compiling uds_windows v1.0.2
[INFO] [stderr]    Compiling miette v5.10.0
[INFO] [stderr]    Compiling ctrlc v3.4.1
[INFO] [stderr]    Compiling tracing-appender v0.2.3
[INFO] [stderr]    Compiling winput v0.2.5
[INFO] [stderr]    Compiling nanoid v0.4.0
[INFO] [stdout] error[E0433]: failed to resolve: could not find `um` in `winapi`
[INFO] [stdout]   --> /opt/rustwide/cargo-home/registry/src/index.crates.io-6f17d22bba15001f/winput-0.2.5/src/error.rs:26:21
[INFO] [stdout]    |
[INFO] [stdout] 26 |         use winapi::um::errhandlingapi::GetLastError;
[INFO] [stdout]    |                     ^^ could not find `um` in `winapi`
[INFO] [stdout] 
[INFO] [stdout] 
[INFO] [stdout] error[E0433]: failed to resolve: could not find `um` in `winapi`
[INFO] [stdout]    --> /opt/rustwide/cargo-home/registry/src/index.crates.io-6f17d22bba15001f/winput-0.2.5/src/vk.rs:707:21
[INFO] [stdout]     |
[INFO] [stdout] 707 |         use winapi::um::winuser::GetAsyncKeyState;
[INFO] [stdout]     |                     ^^ could not find `um` in `winapi`
[INFO] [stdout] 
[INFO] [stdout] 
[INFO] [stdout] error[E0433]: failed to resolve: could not find `um` in `winapi`
[INFO] [stdout]    --> /opt/rustwide/cargo-home/registry/src/index.crates.io-6f17d22bba15001f/winput-0.2.5/src/vk.rs:733:21
[INFO] [stdout]     |
[INFO] [stdout] 733 |         use winapi::um::winuser::GetKeyState;
[INFO] [stdout]     |                     ^^ could not find `um` in `winapi`
[INFO] [stdout] 
[INFO] [stdout] 
[INFO] [stdout] error[E0432]: unresolved import `winapi::um`
[INFO] [stdout]   --> /opt/rustwide/cargo-home/registry/src/index.crates.io-6f17d22bba15001f/winput-0.2.5/src/error.rs:47:21
[INFO] [stdout]    |
[INFO] [stdout] 47 |         use winapi::um::winbase;
[INFO] [stdout]    |                     ^^ could not find `um` in `winapi`
[INFO] [stdout] 
[INFO] [stdout] 
[INFO] [stdout] error[E0432]: unresolved import `winapi::um`
[INFO] [stdout]  --> /opt/rustwide/cargo-home/registry/src/index.crates.io-6f17d22bba15001f/winput-0.2.5/src/input.rs:3:13
[INFO] [stdout]   |
[INFO] [stdout] 3 | use winapi::um::winuser;
[INFO] [stdout]   |             ^^ could not find `um` in `winapi`
[INFO] [stdout] 
[INFO] [stdout] 
[INFO] [stdout] error[E0432]: unresolved import `winapi::shared`
[INFO] [stdout]  --> /opt/rustwide/cargo-home/registry/src/index.crates.io-6f17d22bba15001f/winput-0.2.5/src/mouse.rs:6:13
[INFO] [stdout]   |
[INFO] [stdout] 6 | use winapi::shared::windef;
[INFO] [stdout]   |             ^^^^^^ could not find `shared` in `winapi`
[INFO] [stdout] 
[INFO] [stdout] 
[INFO] [stdout] error[E0433]: failed to resolve: could not find `windows` in `os`
[INFO] [stdout]   --> /opt/rustwide/cargo-home/registry/src/index.crates.io-6f17d22bba15001f/winput-0.2.5/src/message_loop.rs:35:14
[INFO] [stdout]    |
[INFO] [stdout] 35 | use std::os::windows::ffi::OsStrExt;
[INFO] [stdout]    |              ^^^^^^^ could not find `windows` in `os`
[INFO] [stdout] 
[INFO] [stdout] 
[INFO] [stdout] error[E0432]: unresolved import `winapi::um`
[INFO] [stdout]  --> /opt/rustwide/cargo-home/registry/src/index.crates.io-6f17d22bba15001f/winput-0.2.5/src/mouse.rs:7:13
[INFO] [stdout]   |
[INFO] [stdout] 7 | use winapi::um::winuser;
[INFO] [stdout]   |             ^^ could not find `um` in `winapi`
[INFO] [stdout] 
[INFO] [stdout] 
[INFO] [stdout] error[E0432]: unresolved import `winapi::shared`
[INFO] [stdout]   --> /opt/rustwide/cargo-home/registry/src/index.crates.io-6f17d22bba15001f/winput-0.2.5/src/message_loop.rs:41:13
[INFO] [stdout]    |
[INFO] [stdout] 41 | use winapi::shared::{hidusage, minwindef, windef};
[INFO] [stdout]    |             ^^^^^^ could not find `shared` in `winapi`
[INFO] [stdout] 
[INFO] [stdout] 
[INFO] [stdout] error[E0432]: unresolved import `winapi::um`
[INFO] [stdout]   --> /opt/rustwide/cargo-home/registry/src/index.crates.io-6f17d22bba15001f/winput-0.2.5/src/message_loop.rs:42:13
[INFO] [stdout]    |
[INFO] [stdout] 42 | use winapi::um::{libloaderapi, winuser};
[INFO] [stdout]    |             ^^ could not find `um` in `winapi`
[INFO] [stdout] 
[INFO] [stdout] 
[INFO] [stdout] error[E0599]: no method named `encode_wide` found for reference `&OsStr` in the current scope
[INFO] [stdout]    --> /opt/rustwide/cargo-home/registry/src/index.crates.io-6f17d22bba15001f/winput-0.2.5/src/message_loop.rs:372:18
[INFO] [stdout]     |
[INFO] [stdout] 371 |               let class_name = OsStr::new("winput_message_loop")
[INFO] [stdout]     |  ______________________________-
[INFO] [stdout] 372 | |                 .encode_wide()
[INFO] [stdout]     | |                 -^^^^^^^^^^^ method not found in `&OsStr`
[INFO] [stdout]     | |_________________|
[INFO] [stdout]     | 
[INFO] [stdout] 
[INFO] [stdout] 
[INFO] [stdout] error: aborting due to 11 previous errors
[INFO] [stdout] 
[INFO] [stdout] 
[INFO] [stdout] Some errors have detailed explanations: E0432, E0433, E0599.
[INFO] [stdout] 
[INFO] [stdout] For more information about an error, try `rustc --explain E0432`.
[INFO] [stdout] 
[INFO] [stderr] error: could not compile `winput` (lib) due to 12 previous errors
[INFO] [stderr] warning: build failed, waiting for other jobs to finish...
[INFO] running `Command { std: "docker" "inspect" "b3a42635e699d2388a08255715393848b16bbe5d954d4c219af1b76af5cfbcc6", kill_on_drop: false }`
[INFO] running `Command { std: "docker" "rm" "-f" "b3a42635e699d2388a08255715393848b16bbe5d954d4c219af1b76af5cfbcc6", kill_on_drop: false }`
[INFO] [stdout] b3a42635e699d2388a08255715393848b16bbe5d954d4c219af1b76af5cfbcc6
[INFO] testing Amina-farah/komorebi against beta-2023-12-22 for beta-1.76-1
[INFO] running `Command { std: "git" "clone" "/workspace/cache/git-repos/https%3A%2F%2Fgithub.com%2FAmina-farah%2Fkomorebi" "/workspace/builds/worker-5-tc2/source", kill_on_drop: false }`
[INFO] [stderr] Cloning into '/workspace/builds/worker-5-tc2/source'...
[INFO] [stderr] done.
[INFO] validating manifest of git repo https://github.com/Amina-farah/komorebi on toolchain beta-2023-12-22
[INFO] running `Command { std: CARGO_HOME="/workspace/cargo-home" RUSTUP_HOME="/workspace/rustup-home" "/workspace/cargo-home/bin/cargo" "+beta-2023-12-22" "metadata" "--manifest-path" "Cargo.toml" "--no-deps", kill_on_drop: false }`
[INFO] removed /workspace/builds/worker-5-tc2/source/rust-toolchain.toml
[INFO] started tweaking git repo https://github.com/Amina-farah/komorebi
[INFO] finished tweaking git repo https://github.com/Amina-farah/komorebi
[INFO] tweaked toml for git repo https://github.com/Amina-farah/komorebi written to /workspace/builds/worker-5-tc2/source/Cargo.toml
[INFO] crate git repo https://github.com/Amina-farah/komorebi already has a lockfile, it will not be regenerated
[INFO] running `Command { std: CARGO_HOME="/workspace/cargo-home" RUSTUP_HOME="/workspace/rustup-home" "/workspace/cargo-home/bin/cargo" "+beta-2023-12-22" "fetch" "--manifest-path" "Cargo.toml", kill_on_drop: false }`
[INFO] running `Command { std: "docker" "create" "-v" "/var/lib/crater-agent-workspace/builds/worker-5-tc2/target:/opt/rustwide/target:rw,Z" "-v" "/var/lib/crater-agent-workspace/builds/worker-5-tc2/source:/opt/rustwide/workdir:ro,Z" "-v" "/var/lib/crater-agent-workspace/cargo-home:/opt/rustwide/cargo-home:ro,Z" "-v" "/var/lib/crater-agent-workspace/rustup-home:/opt/rustwide/rustup-home:ro,Z" "-e" "SOURCE_DIR=/opt/rustwide/workdir" "-e" "CARGO_TARGET_DIR=/opt/rustwide/target" "-e" "CARGO_HOME=/opt/rustwide/cargo-home" "-e" "RUSTUP_HOME=/opt/rustwide/rustup-home" "-w" "/opt/rustwide/workdir" "-m" "1610612736" "--user" "0:0" "--network" "none" "ghcr.io/rust-lang/crates-build-env/linux@sha256:2788e3201cd34a07e3172128adcd8b3090168a8e3bcc40d7c032b9dda1df7d1c" "/opt/rustwide/cargo-home/bin/cargo" "+beta-2023-12-22" "metadata" "--no-deps" "--format-version=1", kill_on_drop: false }`
[INFO] [stdout] 72ae0155b7ad3f9cea7e88f8101ce2841a5efd3c67133db77742f4849aae6d5c
[INFO] running `Command { std: "docker" "start" "-a" "72ae0155b7ad3f9cea7e88f8101ce2841a5efd3c67133db77742f4849aae6d5c", kill_on_drop: false }`
[INFO] running `Command { std: "docker" "inspect" "72ae0155b7ad3f9cea7e88f8101ce2841a5efd3c67133db77742f4849aae6d5c", kill_on_drop: false }`
[INFO] running `Command { std: "docker" "rm" "-f" "72ae0155b7ad3f9cea7e88f8101ce2841a5efd3c67133db77742f4849aae6d5c", kill_on_drop: false }`
[INFO] [stdout] 72ae0155b7ad3f9cea7e88f8101ce2841a5efd3c67133db77742f4849aae6d5c
[INFO] running `Command { std: "docker" "create" "-v" "/var/lib/crater-agent-workspace/builds/worker-5-tc2/target:/opt/rustwide/target:rw,Z" "-v" "/var/lib/crater-agent-workspace/builds/worker-5-tc2/source:/opt/rustwide/workdir:ro,Z" "-v" "/var/lib/crater-agent-workspace/cargo-home:/opt/rustwide/cargo-home:ro,Z" "-v" "/var/lib/crater-agent-workspace/rustup-home:/opt/rustwide/rustup-home:ro,Z" "-e" "SOURCE_DIR=/opt/rustwide/workdir" "-e" "CARGO_TARGET_DIR=/opt/rustwide/target" "-e" "CARGO_INCREMENTAL=0" "-e" "RUST_BACKTRACE=full" "-e" "RUSTFLAGS=--cap-lints=warn" "-e" "RUSTDOCFLAGS=--cap-lints=warn" "-e" "CARGO_HOME=/opt/rustwide/cargo-home" "-e" "RUSTUP_HOME=/opt/rustwide/rustup-home" "-w" "/opt/rustwide/workdir" "-m" "1610612736" "--user" "0:0" "--network" "none" "ghcr.io/rust-lang/crates-build-env/linux@sha256:2788e3201cd34a07e3172128adcd8b3090168a8e3bcc40d7c032b9dda1df7d1c" "/opt/rustwide/cargo-home/bin/cargo" "+beta-2023-12-22" "build" "--frozen" "--message-format=json", kill_on_drop: false }`
[INFO] [stdout] 542e843ae8bed724aa01813dd83cc64bfa5846f10f0341aaa1994a87306979cc
[INFO] running `Command { std: "docker" "start" "-a" "542e843ae8bed724aa01813dd83cc64bfa5846f10f0341aaa1994a87306979cc", kill_on_drop: false }`
[INFO] [stderr]    Compiling proc-macro2 v1.0.70
[INFO] [stderr]    Compiling libc v0.2.150
[INFO] [stderr]    Compiling bitflags v2.4.1
[INFO] [stderr]    Compiling pin-project-lite v0.2.13
[INFO] [stderr]    Compiling tracing-core v0.1.32
[INFO] [stderr]    Compiling itoa v1.0.9
[INFO] [stderr]    Compiling rustix v0.38.26
[INFO] [stderr]    Compiling slab v0.4.9
[INFO] [stderr]    Compiling linux-raw-sys v0.4.12
[INFO] [stderr]    Compiling equivalent v1.0.1
[INFO] [stderr]    Compiling hashbrown v0.14.3
[INFO] [stderr]    Compiling syn v1.0.109
[INFO] [stderr]    Compiling vcpkg v0.2.15
[INFO] [stderr]    Compiling crossbeam-utils v0.8.17
[INFO] [stderr]    Compiling quote v1.0.33
[INFO] [stderr]    Compiling cc v1.0.83
[INFO] [stderr]    Compiling indexmap v2.1.0
[INFO] [stderr]    Compiling syn v2.0.39
[INFO] [stderr]    Compiling serde v1.0.193
[INFO] [stderr]    Compiling bytes v1.5.0
[INFO] [stderr]    Compiling gimli v0.28.1
[INFO] [stderr]    Compiling regex-syntax v0.6.29
[INFO] [stderr]    Compiling regex-syntax v0.8.2
[INFO] [stderr]    Compiling smallvec v1.11.2
[INFO] [stderr]    Compiling futures-core v0.3.29
[INFO] [stderr]    Compiling miniz_oxide v0.7.1
[INFO] [stderr]    Compiling openssl-sys v0.9.96
[INFO] [stderr]    Compiling backtrace v0.3.69
[INFO] [stderr]    Compiling object v0.32.1
[INFO] [stderr]    Compiling rustc-demangle v0.1.23
[INFO] [stderr]    Compiling overload v0.1.1
[INFO] [stderr]    Compiling regex-automata v0.1.10
[INFO] [stderr]    Compiling nu-ansi-term v0.46.0
[INFO] [stderr]    Compiling addr2line v0.21.0
[INFO] [stderr]    Compiling regex-automata v0.4.3
[INFO] [stderr]    Compiling matchers v0.1.0
[INFO] [stderr]    Compiling sharded-slab v0.1.7
[INFO] [stderr]    Compiling num_cpus v1.16.0
[INFO] [stderr]    Compiling socket2 v0.5.5
[INFO] [stderr]    Compiling mio v0.8.9
[INFO] [stderr]    Compiling tracing-log v0.2.0
[INFO] [stderr]    Compiling thread_local v1.1.7
[INFO] [stderr]    Compiling futures-task v0.3.29
[INFO] [stderr]    Compiling windows_x86_64_gnu v0.52.0
[INFO] [stderr]    Compiling ryu v1.0.15
[INFO] [stderr]    Compiling tokio v1.34.0
[INFO] [stderr]    Compiling heck v0.4.1
[INFO] [stderr]    Compiling utf8parse v0.2.1
[INFO] [stderr]    Compiling futures-util v0.3.29
[INFO] [stderr]    Compiling openssl v0.10.60
[INFO] [stderr]    Compiling anstyle-parse v0.2.2
[INFO] [stderr]    Compiling http v0.2.11
[INFO] [stderr]    Compiling regex v1.10.2
[INFO] [stderr]    Compiling crossbeam-epoch v0.9.15
[INFO] [stderr]    Compiling futures-io v0.3.29
[INFO] [stderr]    Compiling anstyle v1.0.4
[INFO] [stderr]    Compiling futures-sink v0.3.29
[INFO] [stderr]    Compiling tracing-attributes v0.1.27
[INFO] [stderr]    Compiling serde_derive v1.0.193
[INFO] [stderr]    Compiling openssl-macros v0.1.1
[INFO] [stderr]    Compiling eyre v0.6.9
[INFO] [stderr]    Compiling owo-colors v3.5.0
[INFO] [stderr]    Compiling futures-channel v0.3.29
[INFO] [stderr]    Compiling colorchoice v1.0.0
[INFO] [stderr]    Compiling thiserror v1.0.51
[INFO] [stderr]    Compiling anstyle-query v1.0.0
[INFO] [stderr]    Compiling windows_x86_64_gnu v0.48.5
[INFO] [stderr]    Compiling anstream v0.6.4
[INFO] [stderr]    Compiling native-tls v0.2.11
[INFO] [stderr]    Compiling net2 v0.2.39
[INFO] [stderr]    Compiling thiserror-impl v1.0.51
[INFO] [stderr]    Compiling crossbeam-deque v0.8.3
[INFO] [stderr]    Compiling tracing v0.1.40
[INFO] [stderr]    Compiling tracing-subscriber v0.3.18
[INFO] [stderr]    Compiling windows-targets v0.52.0
[INFO] [stderr]    Compiling proc-macro-error-attr v1.0.4
[INFO] [stderr]    Compiling serde_derive_internals v0.26.0
[INFO] [stderr]    Compiling tracing-error v0.2.0
[INFO] [stderr]    Compiling tokio-util v0.7.10
[INFO] [stderr]    Compiling is-terminal v0.4.9
[INFO] [stderr]    Compiling terminal_size v0.3.0
[INFO] [stderr]    Compiling iovec v0.1.4
[INFO] [stderr]    Compiling getrandom v0.2.11
[INFO] [stderr]    Compiling schemars v0.8.16
[INFO] [stderr]    Compiling indenter v0.3.3
[INFO] [stderr]    Compiling strsim v0.10.0
[INFO] [stderr]    Compiling option-ext v0.2.0
[INFO] [stderr]    Compiling clap_lex v0.6.0
[INFO] [stderr]    Compiling dirs-sys v0.4.1
[INFO] [stderr]    Compiling clap_builder v4.4.11
[INFO] [stderr]    Compiling h2 v0.3.22
[INFO] [stderr]    Compiling form_urlencoded v1.2.1
[INFO] [stderr]    Compiling rand_core v0.6.4
[INFO] [stderr]    Compiling want v0.3.1
[INFO] [stderr]    Compiling mio v0.6.23
[INFO] [stderr]    Compiling schemars_derive v0.8.16
[INFO] [stderr]    Compiling color-spantrace v0.2.1
[INFO] [stderr]    Compiling strum_macros v0.25.3
[INFO] [stderr]    Compiling windows-core v0.52.0
[INFO] [stderr]    Compiling rayon-core v1.12.0
[INFO] [stderr]    Compiling serde_json v1.0.108
[INFO] [stderr]    Compiling unicode-normalization v0.1.22
[INFO] [stderr]    Compiling windows-implement v0.52.0
[INFO] [stderr]    Compiling windows-interface v0.52.0
[INFO] [stderr]    Compiling clap_derive v4.4.7
[INFO] [stderr]    Compiling http-body v0.4.5
[INFO] [stderr]    Compiling proc-macro-error v1.0.4
[INFO] [stderr]    Compiling inotify-sys v0.1.5
[INFO] [stderr]    Compiling socket2 v0.4.10
[INFO] [stderr]    Compiling lock_api v0.4.11
[INFO] [stderr]    Compiling fixedbitset v0.4.2
[INFO] [stderr]    Compiling winapi v0.3.9
[INFO] [stderr]    Compiling unsafe-libyaml v0.2.10
[INFO] [stderr]    Compiling unicode-bidi v0.3.13
[INFO] [stderr]    Compiling dyn-clone v1.0.16
[INFO] [stderr]    Compiling lazycell v1.3.0
[INFO] [stderr]    Compiling parking_lot_core v0.9.9
[INFO] [stderr]    Compiling httpdate v1.0.3
[INFO] [stderr]    Compiling powerfmt v0.2.0
[INFO] [stderr]    Compiling same-file v1.0.6
[INFO] [stderr]    Compiling walkdir v2.4.0
[INFO] [stderr]    Compiling deranged v0.3.9
[INFO] [stderr]    Compiling hyper v0.14.27
[INFO] [stderr]    Compiling idna v0.5.0
[INFO] [stderr]    Compiling serde_yaml v0.9.27
[INFO] [stderr]    Compiling mio-extras v2.0.6
[INFO] [stderr]    Compiling inotify v0.7.1
[INFO] [stderr]    Compiling windows v0.52.0
[INFO] [stderr]    Compiling petgraph v0.6.4
[INFO] [stderr]    Compiling rand_chacha v0.3.1
[INFO] [stderr]    Compiling clap v4.4.11
[INFO] [stderr]    Compiling strum v0.25.0
[INFO] [stderr]    Compiling windows-targets v0.48.5
[INFO] [stderr]    Compiling rayon v1.8.0
[INFO] [stderr]    Compiling tokio-native-tls v0.3.1
[INFO] [stderr]    Compiling color-eyre v0.6.2
[INFO] [stderr]    Compiling dirs v5.0.1
[INFO] [stderr]    Compiling thread-id v4.2.1
[INFO] [stderr]    Compiling filetime v0.2.22
[INFO] [stderr]    Compiling time-core v0.1.2
[INFO] [stderr]    Compiling is_ci v1.1.1
[INFO] [stderr]    Compiling dunce v1.0.4
[INFO] [stderr]    Compiling home v0.5.5
[INFO] [stderr]    Compiling unicode-linebreak v0.1.5
[INFO] [stderr]    Compiling smawk v0.3.2
[INFO] [stderr]    Compiling unicode-width v0.1.11
[INFO] [stderr]    Compiling which v5.0.0
[INFO] [stderr]    Compiling textwrap v0.15.2
[INFO] [stderr]    Compiling supports-color v2.1.0
[INFO] [stderr]    Compiling hyper-tls v0.5.0
[INFO] [stderr]    Compiling time v0.3.30
[INFO] [stderr]    Compiling notify v4.0.17
[INFO] [stderr]    Compiling windows-sys v0.48.0
[INFO] [stderr]    Compiling sysinfo v0.29.11
[INFO] [stderr]    Compiling rand v0.8.5
[INFO] [stderr]    Compiling url v2.5.0
[INFO] [stderr]    Compiling serde_urlencoded v0.7.1
[INFO] [stderr]    Compiling supports-hyperlinks v2.1.0
[INFO] [stderr]    Compiling supports-unicode v2.0.0
[INFO] [stderr]    Compiling miette-derive v5.10.0
[INFO] [stderr]    Compiling backtrace-ext v0.2.1
[INFO] [stderr]    Compiling crossbeam-channel v0.5.8
[INFO] [stderr]    Compiling nix v0.27.1
[INFO] [stderr]    Compiling terminal_size v0.1.17
[INFO] [stderr]    Compiling encoding_rs v0.8.33
[INFO] [stderr]    Compiling mime v0.3.17
[INFO] [stderr]    Compiling uds_windows v1.0.2
[INFO] [stderr]    Compiling ipnet v2.9.0
[INFO] [stderr]    Compiling windows-sys v0.42.0
[INFO] [stderr]    Compiling tracing-appender v0.2.3
[INFO] [stderr]    Compiling ctrlc v3.4.1
[INFO] [stderr]    Compiling miette v5.10.0
[INFO] [stderr]    Compiling winput v0.2.5
[INFO] [stdout] error[E0433]: failed to resolve: could not find `um` in `winapi`
[INFO] [stdout]   --> /opt/rustwide/cargo-home/registry/src/index.crates.io-6f17d22bba15001f/winput-0.2.5/src/error.rs:26:21
[INFO] [stdout]    |
[INFO] [stdout] 26 |         use winapi::um::errhandlingapi::GetLastError;
[INFO] [stdout]    |                     ^^ could not find `um` in `winapi`
[INFO] [stdout] 
[INFO] [stdout] 
[INFO] [stdout] error[E0433]: failed to resolve: could not find `um` in `winapi`
[INFO] [stdout]    --> /opt/rustwide/cargo-home/registry/src/index.crates.io-6f17d22bba15001f/winput-0.2.5/src/vk.rs:707:21
[INFO] [stdout]     |
[INFO] [stdout] 707 |         use winapi::um::winuser::GetAsyncKeyState;
[INFO] [stdout]     |                     ^^ could not find `um` in `winapi`
[INFO] [stdout] 
[INFO] [stdout] 
[INFO] [stdout] error[E0433]: failed to resolve: could not find `um` in `winapi`
[INFO] [stdout]    --> /opt/rustwide/cargo-home/registry/src/index.crates.io-6f17d22bba15001f/winput-0.2.5/src/vk.rs:733:21
[INFO] [stdout]     |
[INFO] [stdout] 733 |         use winapi::um::winuser::GetKeyState;
[INFO] [stdout]     |                     ^^ could not find `um` in `winapi`
[INFO] [stdout] 
[INFO] [stdout] 
[INFO] [stdout] error[E0432]: unresolved import `winapi::um`
[INFO] [stdout]   --> /opt/rustwide/cargo-home/registry/src/index.crates.io-6f17d22bba15001f/winput-0.2.5/src/error.rs:47:21
[INFO] [stdout]    |
[INFO] [stdout] 47 |         use winapi::um::winbase;
[INFO] [stdout]    |                     ^^ could not find `um` in `winapi`
[INFO] [stdout] 
[INFO] [stdout] 
[INFO] [stdout] error[E0432]: unresolved import `winapi::um`
[INFO] [stdout]  --> /opt/rustwide/cargo-home/registry/src/index.crates.io-6f17d22bba15001f/winput-0.2.5/src/input.rs:3:13
[INFO] [stdout]   |
[INFO] [stdout] 3 | use winapi::um::winuser;
[INFO] [stdout]   |             ^^ could not find `um` in `winapi`
[INFO] [stdout] 
[INFO] [stdout] 
[INFO] [stdout] error[E0432]: unresolved import `winapi::shared`
[INFO] [stdout]  --> /opt/rustwide/cargo-home/registry/src/index.crates.io-6f17d22bba15001f/winput-0.2.5/src/mouse.rs:6:13
[INFO] [stdout]   |
[INFO] [stdout] 6 | use winapi::shared::windef;
[INFO] [stdout]   |             ^^^^^^ could not find `shared` in `winapi`
[INFO] [stdout] 
[INFO] [stdout] 
[INFO] [stdout] error[E0433]: failed to resolve: could not find `windows` in `os`
[INFO] [stdout]   --> /opt/rustwide/cargo-home/registry/src/index.crates.io-6f17d22bba15001f/winput-0.2.5/src/message_loop.rs:35:14
[INFO] [stdout]    |
[INFO] [stdout] 35 | use std::os::windows::ffi::OsStrExt;
[INFO] [stdout]    |              ^^^^^^^ could not find `windows` in `os`
[INFO] [stdout] 
[INFO] [stdout] 
[INFO] [stdout] error[E0432]: unresolved import `winapi::um`
[INFO] [stdout]  --> /opt/rustwide/cargo-home/registry/src/index.crates.io-6f17d22bba15001f/winput-0.2.5/src/mouse.rs:7:13
[INFO] [stdout]   |
[INFO] [stdout] 7 | use winapi::um::winuser;
[INFO] [stdout]   |             ^^ could not find `um` in `winapi`
[INFO] [stdout] 
[INFO] [stdout] 
[INFO] [stdout] error[E0432]: unresolved import `winapi::shared`
[INFO] [stdout]   --> /opt/rustwide/cargo-home/registry/src/index.crates.io-6f17d22bba15001f/winput-0.2.5/src/message_loop.rs:41:13
[INFO] [stdout]    |
[INFO] [stdout] 41 | use winapi::shared::{hidusage, minwindef, windef};
[INFO] [stdout]    |             ^^^^^^ could not find `shared` in `winapi`
[INFO] [stdout] 
[INFO] [stdout] 
[INFO] [stdout] error[E0432]: unresolved import `winapi::um`
[INFO] [stdout]   --> /opt/rustwide/cargo-home/registry/src/index.crates.io-6f17d22bba15001f/winput-0.2.5/src/message_loop.rs:42:13
[INFO] [stdout]    |
[INFO] [stdout] 42 | use winapi::um::{libloaderapi, winuser};
[INFO] [stdout]    |             ^^ could not find `um` in `winapi`
[INFO] [stdout] 
[INFO] [stdout] 
[INFO] [stdout] error[E0599]: no method named `encode_wide` found for reference `&OsStr` in the current scope
[INFO] [stdout]    --> /opt/rustwide/cargo-home/registry/src/index.crates.io-6f17d22bba15001f/winput-0.2.5/src/message_loop.rs:372:18
[INFO] [stdout]     |
[INFO] [stdout] 371 |               let class_name = OsStr::new("winput_message_loop")
[INFO] [stdout]     |  ______________________________-
[INFO] [stdout] 372 | |                 .encode_wide()
[INFO] [stdout]     | |                 -^^^^^^^^^^^ method not found in `&OsStr`
[INFO] [stdout]     | |_________________|
[INFO] [stdout]     | 
[INFO] [stdout] 
[INFO] [stdout] 
[INFO] [stdout] error: aborting due to 11 previous errors
[INFO] [stdout] 
[INFO] [stdout] 
[INFO] [stdout] Some errors have detailed explanations: E0432, E0433, E0599.
[INFO] [stdout] 
[INFO] [stdout] For more information about an error, try `rustc --explain E0432`.
[INFO] [stdout] 
[INFO] [stderr] error: could not compile `winput` (lib) due to 12 previous errors
[INFO] [stderr] warning: build failed, waiting for other jobs to finish...
[INFO] running `Command { std: "docker" "inspect" "542e843ae8bed724aa01813dd83cc64bfa5846f10f0341aaa1994a87306979cc", kill_on_drop: false }`
[INFO] running `Command { std: "docker" "rm" "-f" "542e843ae8bed724aa01813dd83cc64bfa5846f10f0341aaa1994a87306979cc", kill_on_drop: false }`
[INFO] [stdout] 542e843ae8bed724aa01813dd83cc64bfa5846f10f0341aaa1994a87306979cc
