[INFO] cloning repository https://github.com/AmelloAster/clash-comet
[INFO] running `Command { std: "git" "-c" "credential.helper=" "-c" "credential.helper=/workspace/cargo-home/bin/git-credential-null" "clone" "--bare" "https://github.com/AmelloAster/clash-comet" "/workspace/cache/git-repos/https%3A%2F%2Fgithub.com%2FAmelloAster%2Fclash-comet", kill_on_drop: false }`
[INFO] [stderr] Cloning into bare repository '/workspace/cache/git-repos/https%3A%2F%2Fgithub.com%2FAmelloAster%2Fclash-comet'...
[INFO] running `Command { std: "git" "rev-parse" "HEAD", kill_on_drop: false }`
[INFO] [stdout] 3c2c25a47753c89ab3064d69e15c2d368716e95c
[INFO] testing AmelloAster/clash-comet against 1.75.0 for beta-1.76-1
[INFO] running `Command { std: "git" "clone" "/workspace/cache/git-repos/https%3A%2F%2Fgithub.com%2FAmelloAster%2Fclash-comet" "/workspace/builds/worker-5-tc1/source", kill_on_drop: false }`
[INFO] [stderr] Cloning into '/workspace/builds/worker-5-tc1/source'...
[INFO] [stderr] done.
[INFO] validating manifest of git repo https://github.com/AmelloAster/clash-comet on toolchain 1.75.0
[INFO] running `Command { std: CARGO_HOME="/workspace/cargo-home" RUSTUP_HOME="/workspace/rustup-home" "/workspace/cargo-home/bin/cargo" "+1.75.0" "metadata" "--manifest-path" "Cargo.toml" "--no-deps", kill_on_drop: false }`
[INFO] started tweaking git repo https://github.com/AmelloAster/clash-comet
[INFO] finished tweaking git repo https://github.com/AmelloAster/clash-comet
[INFO] tweaked toml for git repo https://github.com/AmelloAster/clash-comet written to /workspace/builds/worker-5-tc1/source/Cargo.toml
[INFO] crate git repo https://github.com/AmelloAster/clash-comet already has a lockfile, it will not be regenerated
[INFO] running `Command { std: CARGO_HOME="/workspace/cargo-home" RUSTUP_HOME="/workspace/rustup-home" "/workspace/cargo-home/bin/cargo" "+1.75.0" "fetch" "--manifest-path" "Cargo.toml", kill_on_drop: false }`
[INFO] [stderr] warning: virtual workspace defaulting to `resolver = "1"` despite one or more workspace members being on edition 2021 which implies `resolver = "2"`
[INFO] [stderr] note: to keep the current resolver, specify `workspace.resolver = "1"` in the workspace root's manifest
[INFO] [stderr] note: to use the edition 2021 resolver, specify `workspace.resolver = "2"` in the workspace root's manifest
[INFO] [stderr] note: for more details see https://doc.rust-lang.org/cargo/reference/resolver.html#resolver-versions
[INFO] [stderr]     Blocking waiting for file lock on package cache
[INFO] [stderr]     Updating crates.io index
[INFO] [stderr]     Blocking waiting for file lock on package cache
[INFO] [stderr]  Downloading crates ...
[INFO] [stderr]   Downloaded windows-tokens v0.37.0
[INFO] [stderr]   Downloaded embed-resource v1.7.2
[INFO] [stderr]   Downloaded embed_plist v1.2.2
[INFO] [stderr]   Downloaded windows-bindgen v0.37.0
[INFO] [stderr]   Downloaded webview2-com-macros v0.6.0
[INFO] [stderr]   Downloaded serialize-to-javascript-impl v0.1.1
[INFO] [stderr]   Downloaded gtk3-macros v0.15.4
[INFO] [stderr]   Downloaded cargo_toml v0.11.5
[INFO] [stderr]   Downloaded serialize-to-javascript v0.1.1
[INFO] [stderr]   Downloaded vswhom v0.1.0
[INFO] [stderr]   Downloaded treediff v3.0.2
[INFO] [stderr]   Downloaded libdbus-sys v0.2.2
[INFO] [stderr]   Downloaded glib-macros v0.15.11
[INFO] [stderr]   Downloaded async-process v1.4.0
[INFO] [stderr]   Downloaded tauri-runtime v0.10.2
[INFO] [stderr]   Downloaded serde_yaml v0.8.24
[INFO] [stderr]   Downloaded attohttpc v0.19.1
[INFO] [stderr]   Downloaded tracing-subscriber v0.3.14
[INFO] [stderr]   Downloaded windows_i686_gnu v0.24.0
[INFO] [stderr]   Downloaded windows_x86_64_msvc v0.24.0
[INFO] [stderr]   Downloaded wry v0.19.0
[INFO] [stderr]   Downloaded webview2-com-sys v0.16.0
[INFO] [stderr]   Downloaded windows_x86_64_gnu v0.24.0
[INFO] [stderr]   Downloaded uuid v1.1.2
[INFO] [stderr]   Downloaded libappindicator v0.7.1
[INFO] [stderr]   Downloaded dbus v0.9.5
[INFO] [stderr]   Downloaded windows-metadata v0.37.0
[INFO] [stderr]   Downloaded tauri-build v1.0.3
[INFO] [stderr]   Downloaded tauri-codegen v1.0.3
[INFO] [stderr]   Downloaded windows v0.24.0
[INFO] [stderr]   Downloaded window-shadows v0.1.3
[INFO] [stderr]   Downloaded window-vibrancy v0.1.3
[INFO] [stderr]   Downloaded windows_i686_msvc v0.24.0
[INFO] [stderr]   Downloaded tao v0.12.1
[INFO] [stderr]   Downloaded tauri-utils v1.0.3
[INFO] [stderr]   Downloaded tauri v1.0.3
[INFO] [stderr]   Downloaded delay_timer v0.11.3
[INFO] [stderr]   Downloaded infer v0.7.0
[INFO] [stderr]   Downloaded auto-launch v0.2.0
[INFO] [stderr]   Downloaded tauri-macros v1.0.3
[INFO] [stderr]   Downloaded x11 v2.19.1
[INFO] [stderr]   Downloaded webkit2gtk v0.18.0
[INFO] [stderr]   Downloaded arc-swap v1.5.0
[INFO] [stderr]   Downloaded log4rs v1.1.1
[INFO] [stderr]   Downloaded png v0.11.0
[INFO] [stderr]   Downloaded notify-rust v4.5.8
[INFO] [stderr]   Downloaded webview2-com v0.16.0
[INFO] [stderr]   Downloaded cfb v0.6.1
[INFO] [stderr]   Downloaded tauri-runtime-wry v0.10.2
[INFO] [stderr]   Downloaded rfd v0.9.1
[INFO] [stderr]   Downloaded json-patch v0.2.6
[INFO] [stderr]   Downloaded winrt-notification v0.5.1
[INFO] [stderr]   Downloaded rs-snowflake v0.6.0
[INFO] [stderr]   Downloaded strum_macros v0.22.0
[INFO] [stderr]   Downloaded ico v0.1.0
[INFO] [stderr]   Downloaded async-net v1.6.1
[INFO] [stderr]   Downloaded vswhom-sys v0.1.1
[INFO] [stderr]   Downloaded inflate v0.3.4
[INFO] [stderr]   Downloaded lru v0.7.7
[INFO] [stderr]   Downloaded cron_clock v0.8.0
[INFO] [stderr]   Downloaded mac-notification-sys v0.5.2
[INFO] [stderr]   Downloaded port_scanner v0.1.5
[INFO] [stderr]   Downloaded open v3.0.1
[INFO] [stderr]   Downloaded windows-implement v0.37.0
[INFO] [stderr]   Downloaded libappindicator-sys v0.7.3
[INFO] [stderr]   Downloaded strum v0.22.0
[INFO] [stderr]   Downloaded winres v0.1.12
[INFO] running `Command { std: "docker" "create" "-v" "/var/lib/crater-agent-workspace/builds/worker-5-tc1/target:/opt/rustwide/target:rw,Z" "-v" "/var/lib/crater-agent-workspace/builds/worker-5-tc1/source:/opt/rustwide/workdir:ro,Z" "-v" "/var/lib/crater-agent-workspace/cargo-home:/opt/rustwide/cargo-home:ro,Z" "-v" "/var/lib/crater-agent-workspace/rustup-home:/opt/rustwide/rustup-home:ro,Z" "-e" "SOURCE_DIR=/opt/rustwide/workdir" "-e" "CARGO_TARGET_DIR=/opt/rustwide/target" "-e" "CARGO_HOME=/opt/rustwide/cargo-home" "-e" "RUSTUP_HOME=/opt/rustwide/rustup-home" "-w" "/opt/rustwide/workdir" "-m" "1610612736" "--user" "0:0" "--network" "none" "ghcr.io/rust-lang/crates-build-env/linux@sha256:2788e3201cd34a07e3172128adcd8b3090168a8e3bcc40d7c032b9dda1df7d1c" "/opt/rustwide/cargo-home/bin/cargo" "+1.75.0" "metadata" "--no-deps" "--format-version=1", kill_on_drop: false }`
[INFO] [stdout] 1ee0ad9756da976f95c614a3bb125d6e7d84e08e5b53722d97ca3e04d1a2f29b
[INFO] running `Command { std: "docker" "start" "-a" "1ee0ad9756da976f95c614a3bb125d6e7d84e08e5b53722d97ca3e04d1a2f29b", kill_on_drop: false }`
[INFO] running `Command { std: "docker" "inspect" "1ee0ad9756da976f95c614a3bb125d6e7d84e08e5b53722d97ca3e04d1a2f29b", kill_on_drop: false }`
[INFO] running `Command { std: "docker" "rm" "-f" "1ee0ad9756da976f95c614a3bb125d6e7d84e08e5b53722d97ca3e04d1a2f29b", kill_on_drop: false }`
[INFO] [stdout] 1ee0ad9756da976f95c614a3bb125d6e7d84e08e5b53722d97ca3e04d1a2f29b
[INFO] running `Command { std: "docker" "create" "-v" "/var/lib/crater-agent-workspace/builds/worker-5-tc1/target:/opt/rustwide/target:rw,Z" "-v" "/var/lib/crater-agent-workspace/builds/worker-5-tc1/source:/opt/rustwide/workdir:ro,Z" "-v" "/var/lib/crater-agent-workspace/cargo-home:/opt/rustwide/cargo-home:ro,Z" "-v" "/var/lib/crater-agent-workspace/rustup-home:/opt/rustwide/rustup-home:ro,Z" "-e" "SOURCE_DIR=/opt/rustwide/workdir" "-e" "CARGO_TARGET_DIR=/opt/rustwide/target" "-e" "CARGO_INCREMENTAL=0" "-e" "RUST_BACKTRACE=full" "-e" "RUSTFLAGS=--cap-lints=warn" "-e" "RUSTDOCFLAGS=--cap-lints=warn" "-e" "CARGO_HOME=/opt/rustwide/cargo-home" "-e" "RUSTUP_HOME=/opt/rustwide/rustup-home" "-w" "/opt/rustwide/workdir" "-m" "1610612736" "--user" "0:0" "--network" "none" "ghcr.io/rust-lang/crates-build-env/linux@sha256:2788e3201cd34a07e3172128adcd8b3090168a8e3bcc40d7c032b9dda1df7d1c" "/opt/rustwide/cargo-home/bin/cargo" "+1.75.0" "build" "--frozen" "--message-format=json", kill_on_drop: false }`
[INFO] [stdout] ee838a3cdcc1de10c075ebee92ab1bf9173e31cb62fa6b0d5fee9c4c9a804287
[INFO] running `Command { std: "docker" "start" "-a" "ee838a3cdcc1de10c075ebee92ab1bf9173e31cb62fa6b0d5fee9c4c9a804287", kill_on_drop: false }`
[INFO] [stderr] warning: virtual workspace defaulting to `resolver = "1"` despite one or more workspace members being on edition 2021 which implies `resolver = "2"`
[INFO] [stderr] note: to keep the current resolver, specify `workspace.resolver = "1"` in the workspace root's manifest
[INFO] [stderr] note: to use the edition 2021 resolver, specify `workspace.resolver = "2"` in the workspace root's manifest
[INFO] [stderr] note: for more details see https://doc.rust-lang.org/cargo/reference/resolver.html#resolver-versions
[INFO] [stderr]    Compiling proc-macro2 v1.0.40
[INFO] [stderr]    Compiling unicode-ident v1.0.1
[INFO] [stderr]    Compiling syn v1.0.98
[INFO] [stderr]    Compiling libc v0.2.126
[INFO] [stderr]    Compiling serde_derive v1.0.138
[INFO] [stderr]    Compiling serde v1.0.138
[INFO] [stderr]    Compiling smallvec v1.9.0
[INFO] [stderr]    Compiling pkg-config v0.3.25
[INFO] [stderr]    Compiling heck v0.4.0
[INFO] [stderr]    Compiling version-compare v0.1.0
[INFO] [stderr]    Compiling memchr v2.5.0
[INFO] [stderr]    Compiling quote v1.0.20
[INFO] [stderr]    Compiling log v0.4.17
[INFO] [stderr]    Compiling futures-core v0.3.21
[INFO] [stderr]    Compiling ppv-lite86 v0.2.16
[INFO] [stderr]    Compiling futures-io v0.3.21
[INFO] [stderr]    Compiling slab v0.4.6
[INFO] [stderr]    Compiling fnv v1.0.7
[INFO] [stderr]    Compiling futures-sink v0.3.21
[INFO] [stderr]    Compiling cfg-expr v0.10.3
[INFO] [stderr]    Compiling lock_api v0.4.7
[INFO] [stderr]    Compiling siphasher v0.3.10
[INFO] [stderr]    Compiling futures-channel v0.3.21
[INFO] [stderr]    Compiling parking_lot_core v0.9.3
[INFO] [stderr]    Compiling futures-task v0.3.21
[INFO] [stderr]    Compiling scopeguard v1.1.0
[INFO] [stderr]    Compiling getrandom v0.1.16
[INFO] [stderr]    Compiling futures-util v0.3.21
[INFO] [stderr]    Compiling pin-utils v0.1.0
[INFO] [stderr]    Compiling anyhow v1.0.58
[INFO] [stderr]    Compiling phf_shared v0.8.0
[INFO] [stderr]    Compiling bytes v1.1.0
[INFO] [stderr]    Compiling matches v0.1.9
[INFO] [stderr]    Compiling proc-macro-hack v0.5.19
[INFO] [stderr]    Compiling phf_shared v0.10.0
[INFO] [stderr]    Compiling serde_json v1.0.82
[INFO] [stderr]    Compiling tinyvec_macros v0.1.0
[INFO] [stderr]    Compiling percent-encoding v2.1.0
[INFO] [stderr]    Compiling tinyvec v1.6.0
[INFO] [stderr]    Compiling typenum v1.15.0
[INFO] [stderr]    Compiling generic-array v0.14.5
[INFO] [stderr]    Compiling unicode-segmentation v1.9.0
[INFO] [stderr]    Compiling form_urlencoded v1.0.1
[INFO] [stderr]    Compiling unicode-bidi v0.3.8
[INFO] [stderr]    Compiling cfg-expr v0.9.1
[INFO] [stderr]    Compiling cc v1.0.73
[INFO] [stderr]    Compiling getrandom v0.2.7
[INFO] [stderr]    Compiling rand_core v0.6.3
[INFO] [stderr]    Compiling socket2 v0.4.4
[INFO] [stderr]    Compiling parking_lot v0.12.1
[INFO] [stderr]    Compiling rand_core v0.5.1
[INFO] [stderr]    Compiling signal-hook-registry v1.4.0
[INFO] [stderr]    Compiling heck v0.3.3
[INFO] [stderr]    Compiling rand_chacha v0.3.1
[INFO] [stderr]    Compiling utf-8 v0.7.6
[INFO] [stderr]    Compiling rand_chacha v0.2.2
[INFO] [stderr]    Compiling rand_pcg v0.2.1
[INFO] [stderr]    Compiling proc-macro-error-attr v1.0.4
[INFO] [stderr]    Compiling semver v1.0.12
[INFO] [stderr]    Compiling unicode-normalization v0.1.21
[INFO] [stderr]    Compiling version-compare v0.0.11
[INFO] [stderr]    Compiling http v0.2.8
[INFO] [stderr]    Compiling rand v0.8.5
[INFO] [stderr]    Compiling num-traits v0.2.15
[INFO] [stderr]    Compiling rand v0.7.3
[INFO] [stderr]    Compiling new_debug_unreachable v1.0.4
[INFO] [stderr]    Compiling ucd-trie v0.1.4
[INFO] [stderr]    Compiling num_cpus v1.13.1
[INFO] [stderr]    Compiling strsim v0.10.0
[INFO] [stderr]    Compiling ident_case v1.0.1
[INFO] [stderr]    Compiling pest v2.1.3
[INFO] [stderr]    Compiling idna v0.2.3
[INFO] [stderr]    Compiling precomputed-hash v0.1.1
[INFO] [stderr]    Compiling mac v0.1.1
[INFO] [stderr]    Compiling gio v0.15.12
[INFO] [stderr]    Compiling fastrand v1.7.0
[INFO] [stderr]    Compiling dtoa v0.4.8
[INFO] [stderr]    Compiling futf v0.1.5
[INFO] [stderr]    Compiling num-integer v0.1.45
[INFO] [stderr]    Compiling adler32 v1.2.0
[INFO] [stderr]    Compiling nodrop v0.1.14
[INFO] [stderr]    Compiling dtoa-short v0.3.3
[INFO] [stderr]    Compiling itoa v0.4.8
[INFO] [stderr]    Compiling tendril v0.4.3
[INFO] [stderr]    Compiling stable_deref_trait v1.2.0
[INFO] [stderr]    Compiling alloc-no-stdlib v2.0.3
[INFO] [stderr]    Compiling convert_case v0.4.0
[INFO] [stderr]    Compiling phf_generator v0.10.0
[INFO] [stderr]    Compiling servo_arc v0.1.1
[INFO] [stderr]    Compiling openssl-sys v0.9.74
[INFO] [stderr]    Compiling same-file v1.0.6
[INFO] [stderr]    Compiling thin-slice v0.1.1
[INFO] [stderr]    Compiling string_cache_codegen v0.5.2
[INFO] [stderr]    Compiling phf_generator v0.8.0
[INFO] [stderr]    Compiling alloc-stdlib v0.2.1
[INFO] [stderr]    Compiling walkdir v2.3.2
[INFO] [stderr]    Compiling parking v2.0.0
[INFO] [stderr]    Compiling phf_codegen v0.8.0
[INFO] [stderr]    Compiling cache-padded v1.2.0
[INFO] [stderr]    Compiling cpufeatures v0.2.2
[INFO] [stderr]    Compiling brotli-decompressor v2.3.2
[INFO] [stderr]    Compiling waker-fn v1.1.0
[INFO] [stderr]    Compiling semver-parser v0.10.2
[INFO] [stderr]    Compiling miniz_oxide v0.5.3
[INFO] [stderr]    Compiling selectors v0.22.0
[INFO] [stderr]    Compiling concurrent-queue v1.2.2
[INFO] [stderr]    Compiling futures-lite v1.12.0
[INFO] [stderr]    Compiling gtk v0.15.5
[INFO] [stderr]    Compiling httparse v1.7.1
[INFO] [stderr]    Compiling glob v0.3.0
[INFO] [stderr]    Compiling raw-window-handle v0.4.3
[INFO] [stderr]    Compiling block-buffer v0.10.2
[INFO] [stderr]    Compiling markup5ever v0.10.1
[INFO] [stderr]    Compiling crypto-common v0.1.4
[INFO] [stderr]    Compiling tracing-core v0.1.28
[INFO] [stderr]    Compiling hashbrown v0.12.1
[INFO] [stderr]    Compiling crossbeam-utils v0.8.10
[INFO] [stderr]    Compiling openssl v0.10.40
[INFO] [stderr]    Compiling base64 v0.13.0
[INFO] [stderr]    Compiling event-listener v2.5.2
[INFO] [stderr]    Compiling semver v0.11.0
[INFO] [stderr]    Compiling foreign-types-shared v0.1.1
[INFO] [stderr]    Compiling foreign-types v0.3.2
[INFO] [stderr]    Compiling rustc_version v0.3.3
[INFO] [stderr]    Compiling digest v0.10.3
[INFO] [stderr]    Compiling deflate v1.0.0
[INFO] [stderr]    Compiling uuid v0.8.2
[INFO] [stderr]    Compiling x11 v2.19.1
[INFO] [stderr]    Compiling num-iter v0.1.43
[INFO] [stderr]    Compiling unicase v2.6.0
[INFO] [stderr]    Compiling native-tls v0.2.10
[INFO] [stderr]    Compiling brotli v3.3.4
[INFO] [stderr]    Compiling indexmap v1.9.1
[INFO] [stderr]    Compiling field-offset v0.3.4
[INFO] [stderr]    Compiling aho-corasick v0.7.18
[INFO] [stderr]    Compiling x11-dl v2.19.1
[INFO] [stderr]    Compiling libloading v0.7.3
[INFO] [stderr]    Compiling png v0.17.5
[INFO] [stderr]    Compiling async-task v4.2.0
[INFO] [stderr]    Compiling openssl-probe v0.1.5
[INFO] [stderr]    Compiling regex-syntax v0.6.27
[INFO] [stderr]    Compiling async-channel v1.6.1
[INFO] [stderr]    Compiling deflate v0.7.20
[INFO] [stderr]    Compiling inflate v0.3.4
[INFO] [stderr]    Compiling uuid v1.1.2
[INFO] [stderr]    Compiling dirs-sys-next v0.1.2
[INFO] [stderr]    Compiling libdbus-sys v0.2.2
[INFO] [stderr]    Compiling atomic-waker v1.0.0
[INFO] [stderr]    Compiling try-lock v0.2.3
[INFO] [stderr]    Compiling signal-hook v0.3.14
[INFO] [stderr]    Compiling mime v0.3.16
[INFO] [stderr]    Compiling tao v0.12.1
[INFO] [stderr]    Compiling semver-parser v0.7.0
[INFO] [stderr]    Compiling httpdate v1.0.2
[INFO] [stderr]    Compiling dirs-next v2.0.0
[INFO] [stderr]    Compiling semver v0.9.0
[INFO] [stderr]    Compiling png v0.11.0
[INFO] [stderr]    Compiling blocking v1.2.0
[INFO] [stderr]    Compiling mime_guess v2.0.4
[INFO] [stderr]    Compiling crossbeam-channel v0.5.5
[INFO] [stderr]    Compiling cfb v0.6.1
[INFO] [stderr]    Compiling block-buffer v0.9.0
[INFO] [stderr]    Compiling digest v0.9.0
[INFO] [stderr]    Compiling http-body v0.4.5
[INFO] [stderr]    Compiling time v0.1.44
[INFO] [stderr]    Compiling instant v0.1.12
[INFO] [stderr]    Compiling tower-service v0.3.2
[INFO] [stderr]    Compiling opaque-debug v0.3.0
[INFO] [stderr]    Compiling remove_dir_all v0.5.3
[INFO] [stderr]    Compiling wry v0.19.0
[INFO] [stderr]    Compiling tempfile v3.3.0
[INFO] [stderr]    Compiling sha-1 v0.9.8
[INFO] [stderr]    Compiling ico v0.1.0
[INFO] [stderr]    Compiling chrono v0.4.19
[INFO] [stderr]    Compiling rustc_version v0.2.3
[INFO] [stderr]    Compiling ahash v0.7.6
[INFO] [stderr]    Compiling infer v0.7.0
[INFO] [stderr]    Compiling sha2 v0.10.2
[INFO] [stderr]    Compiling async-lock v2.5.0
[INFO] [stderr]    Compiling proc-macro-error v1.0.4
[INFO] [stderr]    Compiling darling_core v0.13.4
[INFO] [stderr]    Compiling bstr v0.2.17
[INFO] [stderr]    Compiling async-trait v0.1.56
[INFO] [stderr]    Compiling encoding_rs v0.8.31
[INFO] [stderr]    Compiling traitobject v0.1.0
[INFO] [stderr]    Compiling http-range v0.1.5
[INFO] [stderr]    Compiling linked-hash-map v0.5.6
[INFO] [stderr]    Compiling safemem v0.3.3
[INFO] [stderr]    Compiling regex v1.6.0
[INFO] [stderr]    Compiling buf_redux v0.8.4
[INFO] [stderr]    Compiling unsafe-any v0.4.2
[INFO] [stderr]    Compiling yaml-rust v0.4.5
[INFO] [stderr]    Compiling async-fs v1.5.0
[INFO] [stderr]    Compiling nom v7.1.1
[INFO] [stderr]    Compiling dbus v0.9.5
[INFO] [stderr]    Compiling delay_timer v0.11.3
[INFO] [stderr]    Compiling hashbrown v0.11.2
[INFO] [stderr]    Compiling async-executor v1.4.1
[INFO] [stderr]    Compiling sha-1 v0.10.0
[INFO] [stderr]    Compiling flate2 v1.0.24
[INFO] [stderr]    Compiling ordered-float v2.10.0
[INFO] [stderr]    Compiling headers-core v0.2.0
[INFO] [stderr]    Compiling xattr v0.2.3
[INFO] [stderr]    Compiling dirs-sys v0.3.7
[INFO] [stderr]    Compiling filetime v0.2.17
[INFO] [stderr]    Compiling twoway v0.1.8
[INFO] [stderr]    Compiling tauri v1.0.3
[INFO] [stderr]    Compiling thread_local v1.1.4
[INFO] [stderr]    Compiling wildmatch v2.1.1
[INFO] [stderr]    Compiling pathdiff v0.2.1
[INFO] [stderr]    Compiling quick-error v1.2.3
[INFO] [stderr]    Compiling open v3.0.1
[INFO] [stderr]    Compiling tar v0.4.38
[INFO] [stderr]    Compiling dirs v4.0.0
[INFO] [stderr]    Compiling headers v0.3.7
[INFO] [stderr]    Compiling lru v0.7.7
[INFO] [stderr]    Compiling typemap v0.3.3
[INFO] [stderr]    Compiling dashmap v4.0.2
[INFO] [stderr]    Compiling shared_child v1.0.0
[INFO] [stderr]    Compiling thread-id v4.0.0
[INFO] [stderr]    Compiling os_pipe v1.0.1
[INFO] [stderr]    Compiling arc-swap v1.5.0
[INFO] [stderr]    Compiling rs-snowflake v0.6.0
[INFO] [stderr]    Compiling ipnet v2.5.0
[INFO] [stderr]    Compiling state v0.5.3
[INFO] [stderr]    Compiling scoped-tls v1.0.0
[INFO] [stderr]    Compiling humantime v2.1.0
[INFO] [stderr]    Compiling either v1.7.0
[INFO] [stderr]    Compiling log-mdc v0.1.0
[INFO] [stderr]    Compiling auto-launch v0.2.0
[INFO] [stderr]    Compiling which v4.2.5
[INFO] [stderr]    Compiling window-vibrancy v0.1.3
[INFO] [stderr]    Compiling window-shadows v0.1.3
[INFO] [stderr]    Compiling nanoid v0.4.0
[INFO] [stderr]    Compiling dunce v1.0.2
[INFO] [stderr]    Compiling cron_clock v0.8.0
[INFO] [stderr]    Compiling port_scanner v0.1.5
[INFO] [stderr]    Compiling notify-rust v4.5.8
[INFO] [stderr]    Compiling thiserror-impl v1.0.31
[INFO] [stderr]    Compiling futures-macro v0.3.21
[INFO] [stderr]    Compiling phf_macros v0.8.0
[INFO] [stderr]    Compiling cssparser v0.27.2
[INFO] [stderr]    Compiling tokio-macros v1.8.0
[INFO] [stderr]    Compiling html5ever v0.25.2
[INFO] [stderr]    Compiling darling_macro v0.13.4
[INFO] [stderr]    Compiling cssparser-macros v0.6.0
[INFO] [stderr]    Compiling derive_more v0.99.17
[INFO] [stderr]    Compiling phf_macros v0.10.0
[INFO] [stderr]    Compiling ctor v0.1.22
[INFO] [stderr]    Compiling tracing-attributes v0.1.22
[INFO] [stderr]    Compiling openssl-macros v0.1.0
[INFO] [stderr]    Compiling pin-project-internal v1.0.11
[INFO] [stderr]    Compiling phf v0.8.0
[INFO] [stderr]    Compiling serialize-to-javascript-impl v0.1.1
[INFO] [stderr]    Compiling darling v0.13.4
[INFO] [stderr]    Compiling derivative v2.2.0
[INFO] [stderr]    Compiling serde_with_macros v1.5.2
[INFO] [stderr]    Compiling phf v0.10.1
[INFO] [stderr]    Compiling concat-idents v1.1.3
[INFO] [stderr]    Compiling thiserror v1.0.31
[INFO] [stderr]    Compiling serde_repr v0.1.8
[INFO] [stderr]    Compiling pin-project v1.0.11
[INFO] [stderr]    Compiling futures-executor v0.3.21
[INFO] [stderr]    Compiling futures v0.3.21
[INFO] [stderr]    Compiling toml v0.5.9
[INFO] [stderr]    Compiling url v2.2.2
[INFO] [stderr]    Compiling string_cache v0.8.4
[INFO] [stderr]    Compiling serde_with v1.14.0
[INFO] [stderr]    Compiling serde_urlencoded v0.7.1
[INFO] [stderr]    Compiling serde-value v0.7.0
[INFO] [stderr]    Compiling serde_yaml v0.8.24
[INFO] [stderr]    Compiling mio v0.8.4
[INFO] [stderr]    Compiling tracing v0.1.35
[INFO] [stderr]    Compiling polling v2.2.0
[INFO] [stderr]    Compiling want v0.3.0
[INFO] [stderr]    Compiling globset v0.4.9
[INFO] [stderr]    Compiling rustc_version v0.4.0
[INFO] [stderr]    Compiling async-io v1.7.0
[INFO] [stderr]    Compiling os_info v3.4.0
[INFO] [stderr]    Compiling multipart v0.18.0
[INFO] [stderr]    Compiling tokio v1.19.2
[INFO] [stderr]    Compiling ignore v0.4.18
[INFO] [stderr]    Compiling async-net v1.6.1
[INFO] [stderr]    Compiling async-process v1.4.0
[INFO] [stderr]    Compiling tungstenite v0.14.0
[INFO] [stderr]    Compiling treediff v3.0.2
[INFO] [stderr]    Compiling system-deps v6.0.2
[INFO] [stderr]    Compiling proc-macro-crate v1.1.3
[INFO] [stderr]    Compiling system-deps v5.0.0
[INFO] [stderr]    Compiling json-patch v0.2.6
[INFO] [stderr]    Compiling embed-resource v1.7.2
[INFO] [stderr]    Compiling cargo_toml v0.11.5
[INFO] [stderr]    Compiling smol v1.2.5
[INFO] [stderr]    Compiling serialize-to-javascript v0.1.1
[INFO] [stderr]    Compiling attohttpc v0.19.1
[INFO] [stderr]    Compiling log4rs v1.1.1
[INFO] [stderr]    Compiling glib-macros v0.15.11
[INFO] [stderr]    Compiling gtk3-macros v0.15.4
[INFO] [stderr]    Compiling rfd v0.9.1
[INFO] [stderr]    Compiling glib-sys v0.15.10
[INFO] [stderr]    Compiling gobject-sys v0.15.10
[INFO] [stderr]    Compiling gdk-sys v0.15.1
[INFO] [stderr]    Compiling gio-sys v0.15.10
[INFO] [stderr]    Compiling atk-sys v0.15.1
[INFO] [stderr]    Compiling gdk-pixbuf-sys v0.15.10
[INFO] [stderr]    Compiling cairo-sys-rs v0.15.1
[INFO] [stderr]    Compiling pango-sys v0.15.10
[INFO] [stderr]    Compiling gtk-sys v0.15.3
[INFO] [stderr]    Compiling soup2-sys v0.2.0
[INFO] [stderr]    Compiling kuchiki v0.8.1
[INFO] [stderr]    Compiling javascriptcore-rs-sys v0.4.0
[INFO] [stderr]    Compiling webkit2gtk-sys v0.18.0
[INFO] [stderr]    Compiling gdkx11-sys v0.15.1
[INFO] [stderr]    Compiling tauri-utils v1.0.3
[INFO] [stderr]    Compiling glib v0.15.12
[INFO] [stderr]    Compiling tokio-util v0.7.3
[INFO] [stderr]    Compiling tokio-native-tls v0.3.0
[INFO] [stderr]    Compiling tokio-util v0.6.10
[INFO] [stderr]    Compiling tokio-stream v0.1.9
[INFO] [stderr]    Compiling tokio-tungstenite v0.15.0
[INFO] [stderr]    Compiling h2 v0.3.13
[INFO] [stdout] error[E0277]: the trait bound `StrSearcher<'_, '_>: DoubleEndedSearcher<'_>` is not satisfied
[INFO] [stdout]    --> /opt/rustwide/cargo-home/registry/src/index.crates.io-6f17d22bba15001f/delay_timer-0.11.3/src/utils/parse.rs:371:83
[INFO] [stdout]     |
[INFO] [stdout] 371 |         let mut sub_command_inner = command.trim().split_inclusive(angle_bracket).rev();
[INFO] [stdout]     |                                                                                   ^^^ the trait `DoubleEndedSearcher<'_>` is not implemented for `StrSearcher<'_, '_>`
[INFO] [stdout]     |
[INFO] [stdout]     = help: the following other types implement trait `DoubleEndedSearcher<'a>`:
[INFO] [stdout]               CharSearcher<'a>
[INFO] [stdout]               CharArraySearcher<'a, N>
[INFO] [stdout]               CharArrayRefSearcher<'a, 'b, N>
[INFO] [stdout]               CharSliceSearcher<'a, 'b>
[INFO] [stdout]               CharPredicateSearcher<'a, F>
[INFO] [stdout]     = note: required for `std::str::SplitInclusive<'_, &str>` to implement `DoubleEndedIterator`
[INFO] [stdout] note: required by a bound in `rev`
[INFO] [stdout]    --> /rustc/82e1608dfa6e0b5569232559e3d385fea5a93112/library/core/src/iter/traits/iterator.rs:3397:5
[INFO] [stdout] 
[INFO] [stdout] 
[INFO] [stderr]    Compiling tauri-build v1.0.3
[INFO] [stderr]    Compiling tauri-codegen v1.0.3
[INFO] [stdout] error[E0599]: the method `next` exists for struct `Rev<SplitInclusive<'_, &str>>`, but its trait bounds were not satisfied
[INFO] [stdout]    --> /opt/rustwide/cargo-home/registry/src/index.crates.io-6f17d22bba15001f/delay_timer-0.11.3/src/utils/parse.rs:374:14
[INFO] [stdout]     |
[INFO] [stdout] 373 | /         sub_command_inner
[INFO] [stdout] 374 | |             .next()
[INFO] [stdout]     | |             -^^^^ method cannot be called on `Rev<SplitInclusive<'_, &str>>` due to unsatisfied trait bounds
[INFO] [stdout]     | |_____________|
[INFO] [stdout]     | 
[INFO] [stdout]    --> /rustc/82e1608dfa6e0b5569232559e3d385fea5a93112/library/core/src/str/iter.rs:1216:1
[INFO] [stdout]     |
[INFO] [stdout]     = note: doesn't satisfy `_: DoubleEndedIterator`
[INFO] [stdout]    --> /rustc/82e1608dfa6e0b5569232559e3d385fea5a93112/library/core/src/iter/adapters/rev.rs:15:1
[INFO] [stdout]     |
[INFO] [stdout]     = note: doesn't satisfy `Rev<std::str::SplitInclusive<'_, &str>>: Iterator`
[INFO] [stdout]     |
[INFO] [stdout]     = note: the following trait bounds were not satisfied:
[INFO] [stdout]             `std::str::SplitInclusive<'_, &str>: DoubleEndedIterator`
[INFO] [stdout]             which is required by `Rev<std::str::SplitInclusive<'_, &str>>: Iterator`
[INFO] [stdout] 
[INFO] [stdout] 
[INFO] [stdout] error: aborting due to 2 previous errors
[INFO] [stdout] 
[INFO] [stdout] 
[INFO] [stdout] Some errors have detailed explanations: E0277, E0599.
[INFO] [stdout] 
[INFO] [stdout] For more information about an error, try `rustc --explain E0277`.
[INFO] [stdout] 
[INFO] [stderr] error: could not compile `delay_timer` (lib) due to 3 previous errors
[INFO] [stderr] warning: build failed, waiting for other jobs to finish...
[INFO] running `Command { std: "docker" "inspect" "ee838a3cdcc1de10c075ebee92ab1bf9173e31cb62fa6b0d5fee9c4c9a804287", kill_on_drop: false }`
[INFO] running `Command { std: "docker" "rm" "-f" "ee838a3cdcc1de10c075ebee92ab1bf9173e31cb62fa6b0d5fee9c4c9a804287", kill_on_drop: false }`
[INFO] [stdout] ee838a3cdcc1de10c075ebee92ab1bf9173e31cb62fa6b0d5fee9c4c9a804287
[INFO] testing AmelloAster/clash-comet against beta-2023-12-22 for beta-1.76-1
[INFO] running `Command { std: "git" "clone" "/workspace/cache/git-repos/https%3A%2F%2Fgithub.com%2FAmelloAster%2Fclash-comet" "/workspace/builds/worker-5-tc2/source", kill_on_drop: false }`
[INFO] [stderr] Cloning into '/workspace/builds/worker-5-tc2/source'...
[INFO] [stderr] done.
[INFO] validating manifest of git repo https://github.com/AmelloAster/clash-comet on toolchain beta-2023-12-22
[INFO] running `Command { std: CARGO_HOME="/workspace/cargo-home" RUSTUP_HOME="/workspace/rustup-home" "/workspace/cargo-home/bin/cargo" "+beta-2023-12-22" "metadata" "--manifest-path" "Cargo.toml" "--no-deps", kill_on_drop: false }`
[INFO] started tweaking git repo https://github.com/AmelloAster/clash-comet
[INFO] finished tweaking git repo https://github.com/AmelloAster/clash-comet
[INFO] tweaked toml for git repo https://github.com/AmelloAster/clash-comet written to /workspace/builds/worker-5-tc2/source/Cargo.toml
[INFO] crate git repo https://github.com/AmelloAster/clash-comet already has a lockfile, it will not be regenerated
[INFO] running `Command { std: CARGO_HOME="/workspace/cargo-home" RUSTUP_HOME="/workspace/rustup-home" "/workspace/cargo-home/bin/cargo" "+beta-2023-12-22" "fetch" "--manifest-path" "Cargo.toml", kill_on_drop: false }`
[INFO] [stderr] warning: virtual workspace defaulting to `resolver = "1"` despite one or more workspace members being on edition 2021 which implies `resolver = "2"`
[INFO] [stderr] note: to keep the current resolver, specify `workspace.resolver = "1"` in the workspace root's manifest
[INFO] [stderr] note: to use the edition 2021 resolver, specify `workspace.resolver = "2"` in the workspace root's manifest
[INFO] [stderr] note: for more details see https://doc.rust-lang.org/cargo/reference/resolver.html#resolver-versions
[INFO] running `Command { std: "docker" "create" "-v" "/var/lib/crater-agent-workspace/builds/worker-5-tc2/target:/opt/rustwide/target:rw,Z" "-v" "/var/lib/crater-agent-workspace/builds/worker-5-tc2/source:/opt/rustwide/workdir:ro,Z" "-v" "/var/lib/crater-agent-workspace/cargo-home:/opt/rustwide/cargo-home:ro,Z" "-v" "/var/lib/crater-agent-workspace/rustup-home:/opt/rustwide/rustup-home:ro,Z" "-e" "SOURCE_DIR=/opt/rustwide/workdir" "-e" "CARGO_TARGET_DIR=/opt/rustwide/target" "-e" "CARGO_HOME=/opt/rustwide/cargo-home" "-e" "RUSTUP_HOME=/opt/rustwide/rustup-home" "-w" "/opt/rustwide/workdir" "-m" "1610612736" "--user" "0:0" "--network" "none" "ghcr.io/rust-lang/crates-build-env/linux@sha256:2788e3201cd34a07e3172128adcd8b3090168a8e3bcc40d7c032b9dda1df7d1c" "/opt/rustwide/cargo-home/bin/cargo" "+beta-2023-12-22" "metadata" "--no-deps" "--format-version=1", kill_on_drop: false }`
[INFO] [stdout] d870986172b52c806756116385509bf0a96c9c73c1331a3ad543c1d36ce6ad8c
[INFO] running `Command { std: "docker" "start" "-a" "d870986172b52c806756116385509bf0a96c9c73c1331a3ad543c1d36ce6ad8c", kill_on_drop: false }`
[INFO] running `Command { std: "docker" "inspect" "d870986172b52c806756116385509bf0a96c9c73c1331a3ad543c1d36ce6ad8c", kill_on_drop: false }`
[INFO] running `Command { std: "docker" "rm" "-f" "d870986172b52c806756116385509bf0a96c9c73c1331a3ad543c1d36ce6ad8c", kill_on_drop: false }`
[INFO] [stdout] d870986172b52c806756116385509bf0a96c9c73c1331a3ad543c1d36ce6ad8c
[INFO] running `Command { std: "docker" "create" "-v" "/var/lib/crater-agent-workspace/builds/worker-5-tc2/target:/opt/rustwide/target:rw,Z" "-v" "/var/lib/crater-agent-workspace/builds/worker-5-tc2/source:/opt/rustwide/workdir:ro,Z" "-v" "/var/lib/crater-agent-workspace/cargo-home:/opt/rustwide/cargo-home:ro,Z" "-v" "/var/lib/crater-agent-workspace/rustup-home:/opt/rustwide/rustup-home:ro,Z" "-e" "SOURCE_DIR=/opt/rustwide/workdir" "-e" "CARGO_TARGET_DIR=/opt/rustwide/target" "-e" "CARGO_INCREMENTAL=0" "-e" "RUST_BACKTRACE=full" "-e" "RUSTFLAGS=--cap-lints=warn" "-e" "RUSTDOCFLAGS=--cap-lints=warn" "-e" "CARGO_HOME=/opt/rustwide/cargo-home" "-e" "RUSTUP_HOME=/opt/rustwide/rustup-home" "-w" "/opt/rustwide/workdir" "-m" "1610612736" "--user" "0:0" "--network" "none" "ghcr.io/rust-lang/crates-build-env/linux@sha256:2788e3201cd34a07e3172128adcd8b3090168a8e3bcc40d7c032b9dda1df7d1c" "/opt/rustwide/cargo-home/bin/cargo" "+beta-2023-12-22" "build" "--frozen" "--message-format=json", kill_on_drop: false }`
[INFO] [stdout] 82425ef72162fc3f5cd6110e5b083b5136795bcc69a07f45e4208dde607cf73c
[INFO] running `Command { std: "docker" "start" "-a" "82425ef72162fc3f5cd6110e5b083b5136795bcc69a07f45e4208dde607cf73c", kill_on_drop: false }`
[INFO] [stderr] warning: virtual workspace defaulting to `resolver = "1"` despite one or more workspace members being on edition 2021 which implies `resolver = "2"`
[INFO] [stderr] note: to keep the current resolver, specify `workspace.resolver = "1"` in the workspace root's manifest
[INFO] [stderr] note: to use the edition 2021 resolver, specify `workspace.resolver = "2"` in the workspace root's manifest
[INFO] [stderr] note: for more details see https://doc.rust-lang.org/cargo/reference/resolver.html#resolver-versions
[INFO] [stderr]    Compiling proc-macro2 v1.0.40
[INFO] [stderr]    Compiling unicode-ident v1.0.1
[INFO] [stderr]    Compiling syn v1.0.98
[INFO] [stderr]    Compiling libc v0.2.126
[INFO] [stderr]    Compiling serde_derive v1.0.138
[INFO] [stderr]    Compiling serde v1.0.138
[INFO] [stderr]    Compiling smallvec v1.9.0
[INFO] [stderr]    Compiling pkg-config v0.3.25
[INFO] [stderr]    Compiling heck v0.4.0
[INFO] [stderr]    Compiling version-compare v0.1.0
[INFO] [stderr]    Compiling memchr v2.5.0
[INFO] [stderr]    Compiling quote v1.0.20
[INFO] [stderr]    Compiling log v0.4.17
[INFO] [stderr]    Compiling futures-core v0.3.21
[INFO] [stderr]    Compiling futures-io v0.3.21
[INFO] [stderr]    Compiling ppv-lite86 v0.2.16
[INFO] [stderr]    Compiling slab v0.4.6
[INFO] [stderr]    Compiling fnv v1.0.7
[INFO] [stderr]    Compiling futures-sink v0.3.21
[INFO] [stderr]    Compiling cfg-expr v0.10.3
[INFO] [stderr]    Compiling lock_api v0.4.7
[INFO] [stderr]    Compiling futures-task v0.3.21
[INFO] [stderr]    Compiling futures-channel v0.3.21
[INFO] [stderr]    Compiling siphasher v0.3.10
[INFO] [stderr]    Compiling parking_lot_core v0.9.3
[INFO] [stderr]    Compiling scopeguard v1.1.0
[INFO] [stderr]    Compiling getrandom v0.1.16
[INFO] [stderr]    Compiling futures-util v0.3.21
[INFO] [stderr]    Compiling pin-utils v0.1.0
[INFO] [stderr]    Compiling anyhow v1.0.58
[INFO] [stderr]    Compiling bytes v1.1.0
[INFO] [stderr]    Compiling matches v0.1.9
[INFO] [stderr]    Compiling phf_shared v0.8.0
[INFO] [stderr]    Compiling proc-macro-hack v0.5.19
[INFO] [stderr]    Compiling phf_shared v0.10.0
[INFO] [stderr]    Compiling serde_json v1.0.82
[INFO] [stderr]    Compiling tinyvec_macros v0.1.0
[INFO] [stderr]    Compiling percent-encoding v2.1.0
[INFO] [stderr]    Compiling typenum v1.15.0
[INFO] [stderr]    Compiling generic-array v0.14.5
[INFO] [stderr]    Compiling tinyvec v1.6.0
[INFO] [stderr]    Compiling unicode-segmentation v1.9.0
[INFO] [stderr]    Compiling form_urlencoded v1.0.1
[INFO] [stderr]    Compiling unicode-bidi v0.3.8
[INFO] [stderr]    Compiling cfg-expr v0.9.1
[INFO] [stderr]    Compiling cc v1.0.73
[INFO] [stderr]    Compiling version-compare v0.0.11
[INFO] [stderr]    Compiling utf-8 v0.7.6
[INFO] [stderr]    Compiling semver v1.0.12
[INFO] [stderr]    Compiling getrandom v0.2.7
[INFO] [stderr]    Compiling socket2 v0.4.4
[INFO] [stderr]    Compiling signal-hook-registry v1.4.0
[INFO] [stderr]    Compiling heck v0.3.3
[INFO] [stderr]    Compiling rand_core v0.5.1
[INFO] [stderr]    Compiling rand_core v0.6.3
[INFO] [stderr]    Compiling http v0.2.8
[INFO] [stderr]    Compiling num-traits v0.2.15
[INFO] [stderr]    Compiling ucd-trie v0.1.4
[INFO] [stderr]    Compiling parking_lot v0.12.1
[INFO] [stderr]    Compiling proc-macro-error-attr v1.0.4
[INFO] [stderr]    Compiling rand_pcg v0.2.1
[INFO] [stderr]    Compiling rand_chacha v0.3.1
[INFO] [stderr]    Compiling rand_chacha v0.2.2
[INFO] [stderr]    Compiling new_debug_unreachable v1.0.4
[INFO] [stderr]    Compiling pest v2.1.3
[INFO] [stderr]    Compiling num_cpus v1.13.1
[INFO] [stderr]    Compiling unicode-normalization v0.1.21
[INFO] [stderr]    Compiling rand v0.8.5
[INFO] [stderr]    Compiling rand v0.7.3
[INFO] [stderr]    Compiling precomputed-hash v0.1.1
[INFO] [stderr]    Compiling ident_case v1.0.1
[INFO] [stderr]    Compiling strsim v0.10.0
[INFO] [stderr]    Compiling mac v0.1.1
[INFO] [stderr]    Compiling gio v0.15.12
[INFO] [stderr]    Compiling futf v0.1.5
[INFO] [stderr]    Compiling fastrand v1.7.0
[INFO] [stderr]    Compiling dtoa v0.4.8
[INFO] [stderr]    Compiling tendril v0.4.3
[INFO] [stderr]    Compiling num-integer v0.1.45
[INFO] [stderr]    Compiling dtoa-short v0.3.3
[INFO] [stderr]    Compiling convert_case v0.4.0
[INFO] [stderr]    Compiling itoa v0.4.8
[INFO] [stderr]    Compiling stable_deref_trait v1.2.0
[INFO] [stderr]    Compiling alloc-no-stdlib v2.0.3
[INFO] [stderr]    Compiling idna v0.2.3
[INFO] [stderr]    Compiling nodrop v0.1.14
[INFO] [stderr]    Compiling adler32 v1.2.0
[INFO] [stderr]    Compiling openssl-sys v0.9.74
[INFO] [stderr]    Compiling servo_arc v0.1.1
[INFO] [stderr]    Compiling thin-slice v0.1.1
[INFO] [stderr]    Compiling same-file v1.0.6
[INFO] [stderr]    Compiling alloc-stdlib v0.2.1
[INFO] [stderr]    Compiling cache-padded v1.2.0
[INFO] [stderr]    Compiling parking v2.0.0
[INFO] [stderr]    Compiling waker-fn v1.1.0
[INFO] [stderr]    Compiling walkdir v2.3.2
[INFO] [stderr]    Compiling cpufeatures v0.2.2
[INFO] [stderr]    Compiling miniz_oxide v0.5.3
[INFO] [stderr]    Compiling semver-parser v0.10.2
[INFO] [stderr]    Compiling brotli-decompressor v2.3.2
[INFO] [stderr]    Compiling futures-lite v1.12.0
[INFO] [stderr]    Compiling phf_generator v0.8.0
[INFO] [stderr]    Compiling concurrent-queue v1.2.2
[INFO] [stderr]    Compiling gtk v0.15.5
[INFO] [stderr]    Compiling phf_codegen v0.8.0
[INFO] [stderr]    Compiling phf_generator v0.10.0
[INFO] [stderr]    Compiling selectors v0.22.0
[INFO] [stderr]    Compiling httparse v1.7.1
[INFO] [stderr]    Compiling string_cache_codegen v0.5.2
[INFO] [stderr]    Compiling glob v0.3.0
[INFO] [stderr]    Compiling raw-window-handle v0.4.3
[INFO] [stderr]    Compiling crypto-common v0.1.4
[INFO] [stderr]    Compiling block-buffer v0.10.2
[INFO] [stderr]    Compiling semver v0.11.0
[INFO] [stderr]    Compiling tracing-core v0.1.28
[INFO] [stderr]    Compiling event-listener v2.5.2
[INFO] [stderr]    Compiling base64 v0.13.0
[INFO] [stderr]    Compiling foreign-types-shared v0.1.1
[INFO] [stderr]    Compiling crossbeam-utils v0.8.10
[INFO] [stderr]    Compiling rustc_version v0.3.3
[INFO] [stderr]    Compiling openssl v0.10.40
[INFO] [stderr]    Compiling hashbrown v0.12.1
[INFO] [stderr]    Compiling markup5ever v0.10.1
[INFO] [stderr]    Compiling foreign-types v0.3.2
[INFO] [stderr]    Compiling digest v0.10.3
[INFO] [stderr]    Compiling deflate v1.0.0
[INFO] [stderr]    Compiling uuid v0.8.2
[INFO] [stderr]    Compiling x11 v2.19.1
[INFO] [stderr]    Compiling num-iter v0.1.43
[INFO] [stderr]    Compiling unicase v2.6.0
[INFO] [stderr]    Compiling field-offset v0.3.4
[INFO] [stderr]    Compiling native-tls v0.2.10
[INFO] [stderr]    Compiling aho-corasick v0.7.18
[INFO] [stderr]    Compiling brotli v3.3.4
[INFO] [stderr]    Compiling x11-dl v2.19.1
[INFO] [stderr]    Compiling libloading v0.7.3
[INFO] [stderr]    Compiling async-task v4.2.0
[INFO] [stderr]    Compiling openssl-probe v0.1.5
[INFO] [stderr]    Compiling regex-syntax v0.6.27
[INFO] [stderr]    Compiling indexmap v1.9.1
[INFO] [stderr]    Compiling png v0.17.5
[INFO] [stderr]    Compiling async-channel v1.6.1
[INFO] [stderr]    Compiling inflate v0.3.4
[INFO] [stderr]    Compiling deflate v0.7.20
[INFO] [stderr]    Compiling uuid v1.1.2
[INFO] [stderr]    Compiling dirs-sys-next v0.1.2
[INFO] [stderr]    Compiling libdbus-sys v0.2.2
[INFO] [stderr]    Compiling try-lock v0.2.3
[INFO] [stderr]    Compiling semver-parser v0.7.0
[INFO] [stderr]    Compiling httpdate v1.0.2
[INFO] [stderr]    Compiling mime v0.3.16
[INFO] [stderr]    Compiling tao v0.12.1
[INFO] [stderr]    Compiling atomic-waker v1.0.0
[INFO] [stderr]    Compiling signal-hook v0.3.14
[INFO] [stderr]    Compiling semver v0.9.0
[INFO] [stderr]    Compiling blocking v1.2.0
[INFO] [stderr]    Compiling png v0.11.0
[INFO] [stderr]    Compiling dirs-next v2.0.0
[INFO] [stderr]    Compiling mime_guess v2.0.4
[INFO] [stderr]    Compiling crossbeam-channel v0.5.5
[INFO] [stderr]    Compiling cfb v0.6.1
[INFO] [stderr]    Compiling digest v0.9.0
[INFO] [stderr]    Compiling block-buffer v0.9.0
[INFO] [stderr]    Compiling http-body v0.4.5
[INFO] [stderr]    Compiling time v0.1.44
[INFO] [stderr]    Compiling instant v0.1.12
[INFO] [stderr]    Compiling opaque-debug v0.3.0
[INFO] [stderr]    Compiling tower-service v0.3.2
[INFO] [stderr]    Compiling wry v0.19.0
[INFO] [stderr]    Compiling remove_dir_all v0.5.3
[INFO] [stderr]    Compiling ico v0.1.0
[INFO] [stderr]    Compiling sha-1 v0.9.8
[INFO] [stderr]    Compiling tempfile v3.3.0
[INFO] [stderr]    Compiling chrono v0.4.19
[INFO] [stderr]    Compiling rustc_version v0.2.3
[INFO] [stderr]    Compiling ahash v0.7.6
[INFO] [stderr]    Compiling sha2 v0.10.2
[INFO] [stderr]    Compiling async-lock v2.5.0
[INFO] [stderr]    Compiling bstr v0.2.17
[INFO] [stderr]    Compiling async-trait v0.1.56
[INFO] [stderr]    Compiling infer v0.7.0
[INFO] [stderr]    Compiling safemem v0.3.3
[INFO] [stderr]    Compiling linked-hash-map v0.5.6
[INFO] [stderr]    Compiling encoding_rs v0.8.31
[INFO] [stderr]    Compiling http-range v0.1.5
[INFO] [stderr]    Compiling traitobject v0.1.0
[INFO] [stderr]    Compiling unsafe-any v0.4.2
[INFO] [stderr]    Compiling buf_redux v0.8.4
[INFO] [stderr]    Compiling yaml-rust v0.4.5
[INFO] [stderr]    Compiling async-fs v1.5.0
[INFO] [stderr]    Compiling delay_timer v0.11.3
[INFO] [stderr]    Compiling hashbrown v0.11.2
[INFO] [stderr]    Compiling nom v7.1.1
[INFO] [stderr]    Compiling proc-macro-error v1.0.4
[INFO] [stderr]    Compiling darling_core v0.13.4
[INFO] [stderr]    Compiling dbus v0.9.5
[INFO] [stderr]    Compiling regex v1.6.0
[INFO] [stderr]    Compiling async-executor v1.4.1
[INFO] [stderr]    Compiling sha-1 v0.10.0
[INFO] [stderr]    Compiling flate2 v1.0.24
[INFO] [stderr]    Compiling ordered-float v2.10.0
[INFO] [stderr]    Compiling headers-core v0.2.0
[INFO] [stderr]    Compiling filetime v0.2.17
[INFO] [stderr]    Compiling dirs-sys v0.3.7
[INFO] [stderr]    Compiling xattr v0.2.3
[INFO] [stderr]    Compiling twoway v0.1.8
[INFO] [stderr]    Compiling tauri v1.0.3
[INFO] [stderr]    Compiling thread_local v1.1.4
[INFO] [stderr]    Compiling wildmatch v2.1.1
[INFO] [stderr]    Compiling pathdiff v0.2.1
[INFO] [stderr]    Compiling quick-error v1.2.3
[INFO] [stderr]    Compiling open v3.0.1
[INFO] [stderr]    Compiling tar v0.4.38
[INFO] [stderr]    Compiling dirs v4.0.0
[INFO] [stderr]    Compiling headers v0.3.7
[INFO] [stderr]    Compiling lru v0.7.7
[INFO] [stderr]    Compiling typemap v0.3.3
[INFO] [stderr]    Compiling dashmap v4.0.2
[INFO] [stderr]    Compiling os_pipe v1.0.1
[INFO] [stderr]    Compiling thread-id v4.0.0
[INFO] [stderr]    Compiling shared_child v1.0.0
[INFO] [stderr]    Compiling state v0.5.3
[INFO] [stderr]    Compiling humantime v2.1.0
[INFO] [stderr]    Compiling rs-snowflake v0.6.0
[INFO] [stderr]    Compiling log-mdc v0.1.0
[INFO] [stderr]    Compiling arc-swap v1.5.0
[INFO] [stderr]    Compiling either v1.7.0
[INFO] [stderr]    Compiling scoped-tls v1.0.0
[INFO] [stderr]    Compiling ipnet v2.5.0
[INFO] [stderr]    Compiling auto-launch v0.2.0
[INFO] [stderr]    Compiling which v4.2.5
[INFO] [stderr]    Compiling window-shadows v0.1.3
[INFO] [stderr]    Compiling window-vibrancy v0.1.3
[INFO] [stderr]    Compiling nanoid v0.4.0
[INFO] [stderr]    Compiling port_scanner v0.1.5
[INFO] [stderr]    Compiling dunce v1.0.2
[INFO] [stderr]    Compiling cron_clock v0.8.0
[INFO] [stderr]    Compiling notify-rust v4.5.8
[INFO] [stderr]    Compiling thiserror-impl v1.0.31
[INFO] [stderr]    Compiling futures-macro v0.3.21
[INFO] [stderr]    Compiling phf_macros v0.8.0
[INFO] [stderr]    Compiling cssparser v0.27.2
[INFO] [stderr]    Compiling tokio-macros v1.8.0
[INFO] [stderr]    Compiling cssparser-macros v0.6.0
[INFO] [stderr]    Compiling html5ever v0.25.2
[INFO] [stderr]    Compiling darling_macro v0.13.4
[INFO] [stderr]    Compiling derive_more v0.99.17
[INFO] [stderr]    Compiling phf_macros v0.10.0
[INFO] [stderr]    Compiling ctor v0.1.22
[INFO] [stderr]    Compiling tracing-attributes v0.1.22
[INFO] [stderr]    Compiling openssl-macros v0.1.0
[INFO] [stderr]    Compiling pin-project-internal v1.0.11
[INFO] [stderr]    Compiling serialize-to-javascript-impl v0.1.1
[INFO] [stderr]    Compiling darling v0.13.4
[INFO] [stderr]    Compiling concat-idents v1.1.3
[INFO] [stderr]    Compiling derivative v2.2.0
[INFO] [stderr]    Compiling serde_with_macros v1.5.2
[INFO] [stderr]    Compiling phf v0.8.0
[INFO] [stderr]    Compiling serde_repr v0.1.8
[INFO] [stderr]    Compiling thiserror v1.0.31
[INFO] [stderr]    Compiling phf v0.10.1
[INFO] [stderr]    Compiling pin-project v1.0.11
[INFO] [stderr]    Compiling futures-executor v0.3.21
[INFO] [stderr]    Compiling futures v0.3.21
[INFO] [stderr]    Compiling toml v0.5.9
[INFO] [stderr]    Compiling url v2.2.2
[INFO] [stderr]    Compiling string_cache v0.8.4
[INFO] [stderr]    Compiling serde_with v1.14.0
[INFO] [stderr]    Compiling serde_urlencoded v0.7.1
[INFO] [stderr]    Compiling serde_yaml v0.8.24
[INFO] [stderr]    Compiling serde-value v0.7.0
[INFO] [stderr]    Compiling mio v0.8.4
[INFO] [stderr]    Compiling tracing v0.1.35
[INFO] [stderr]    Compiling polling v2.2.0
[INFO] [stderr]    Compiling want v0.3.0
[INFO] [stderr]    Compiling globset v0.4.9
[INFO] [stderr]    Compiling os_info v3.4.0
[INFO] [stderr]    Compiling rustc_version v0.4.0
[INFO] [stderr]    Compiling async-io v1.7.0
[INFO] [stderr]    Compiling multipart v0.18.0
[INFO] [stderr]    Compiling tungstenite v0.14.0
[INFO] [stderr]    Compiling tokio v1.19.2
[INFO] [stderr]    Compiling ignore v0.4.18
[INFO] [stderr]    Compiling system-deps v6.0.2
[INFO] [stderr]    Compiling proc-macro-crate v1.1.3
[INFO] [stderr]    Compiling system-deps v5.0.0
[INFO] [stderr]    Compiling treediff v3.0.2
[INFO] [stderr]    Compiling embed-resource v1.7.2
[INFO] [stderr]    Compiling cargo_toml v0.11.5
[INFO] [stderr]    Compiling async-net v1.6.1
[INFO] [stderr]    Compiling json-patch v0.2.6
[INFO] [stderr]    Compiling async-process v1.4.0
[INFO] [stderr]    Compiling attohttpc v0.19.1
[INFO] [stderr]    Compiling serialize-to-javascript v0.1.1
[INFO] [stderr]    Compiling glib-macros v0.15.11
[INFO] [stderr]    Compiling gtk3-macros v0.15.4
[INFO] [stderr]    Compiling rfd v0.9.1
[INFO] [stderr]    Compiling glib-sys v0.15.10
[INFO] [stderr]    Compiling gobject-sys v0.15.10
[INFO] [stderr]    Compiling gdk-sys v0.15.1
[INFO] [stderr]    Compiling gio-sys v0.15.10
[INFO] [stderr]    Compiling atk-sys v0.15.1
[INFO] [stderr]    Compiling cairo-sys-rs v0.15.1
[INFO] [stderr]    Compiling gdk-pixbuf-sys v0.15.10
[INFO] [stderr]    Compiling pango-sys v0.15.10
[INFO] [stderr]    Compiling gtk-sys v0.15.3
[INFO] [stderr]    Compiling soup2-sys v0.2.0
[INFO] [stderr]    Compiling kuchiki v0.8.1
[INFO] [stderr]    Compiling javascriptcore-rs-sys v0.4.0
[INFO] [stderr]    Compiling webkit2gtk-sys v0.18.0
[INFO] [stderr]    Compiling gdkx11-sys v0.15.1
[INFO] [stderr]    Compiling smol v1.2.5
[INFO] [stderr]    Compiling log4rs v1.1.1
[INFO] [stderr]    Compiling tauri-utils v1.0.3
[INFO] [stderr]    Compiling glib v0.15.12
[INFO] [stderr]    Compiling tauri-codegen v1.0.3
[INFO] [stderr]    Compiling tauri-build v1.0.3
[INFO] [stderr]    Compiling libappindicator-sys v0.7.3
[INFO] [stderr]    Compiling tokio-util v0.7.3
[INFO] [stderr]    Compiling tokio-native-tls v0.3.0
[INFO] [stderr]    Compiling tokio-util v0.6.10
[INFO] [stderr]    Compiling tokio-stream v0.1.9
[INFO] [stderr]    Compiling tokio-tungstenite v0.15.0
[INFO] [stderr]    Compiling clash-cmoet v0.1.0 (/opt/rustwide/workdir/apps/desktop/src-tauri)
[INFO] [stderr]    Compiling tauri-macros v1.0.3
[INFO] [stderr]    Compiling h2 v0.3.13
[INFO] [stdout] error[E0277]: the trait bound `StrSearcher<'_, '_>: DoubleEndedSearcher<'_>` is not satisfied
[INFO] [stdout]    --> /opt/rustwide/cargo-home/registry/src/index.crates.io-6f17d22bba15001f/delay_timer-0.11.3/src/utils/parse.rs:371:83
[INFO] [stdout]     |
[INFO] [stdout] 371 |         let mut sub_command_inner = command.trim().split_inclusive(angle_bracket).rev();
[INFO] [stdout]     |                                                                                   ^^^ the trait `DoubleEndedSearcher<'_>` is not implemented for `StrSearcher<'_, '_>`
[INFO] [stdout]     |
[INFO] [stdout]     = help: the following other types implement trait `DoubleEndedSearcher<'a>`:
[INFO] [stdout]               CharSearcher<'a>
[INFO] [stdout]               CharArraySearcher<'a, N>
[INFO] [stdout]               CharArrayRefSearcher<'a, 'b, N>
[INFO] [stdout]               CharSliceSearcher<'a, 'b>
[INFO] [stdout]               CharPredicateSearcher<'a, F>
[INFO] [stdout]     = note: required for `std::str::SplitInclusive<'_, &str>` to implement `DoubleEndedIterator`
[INFO] [stdout] note: required by a bound in `rev`
[INFO] [stdout]    --> /rustc/0e09125c6c3c2fd70d7de961bcf0e51575235fad/library/core/src/iter/traits/iterator.rs:3397:5
[INFO] [stdout] 
[INFO] [stdout] 
[INFO] [stdout] error[E0599]: the method `next` exists for struct `Rev<SplitInclusive<'_, &str>>`, but its trait bounds were not satisfied
[INFO] [stdout]    --> /opt/rustwide/cargo-home/registry/src/index.crates.io-6f17d22bba15001f/delay_timer-0.11.3/src/utils/parse.rs:374:14
[INFO] [stdout]     |
[INFO] [stdout] 373 | /         sub_command_inner
[INFO] [stdout] 374 | |             .next()
[INFO] [stdout]     | |             -^^^^ method cannot be called on `Rev<SplitInclusive<'_, &str>>` due to unsatisfied trait bounds
[INFO] [stdout]     | |_____________|
[INFO] [stdout]     | 
[INFO] [stdout]    --> /rustc/0e09125c6c3c2fd70d7de961bcf0e51575235fad/library/core/src/str/iter.rs:1266:1
[INFO] [stdout]     |
[INFO] [stdout]     = note: doesn't satisfy `_: DoubleEndedIterator`
[INFO] [stdout]    --> /rustc/0e09125c6c3c2fd70d7de961bcf0e51575235fad/library/core/src/iter/adapters/rev.rs:15:1
[INFO] [stdout]     |
[INFO] [stdout]     = note: doesn't satisfy `Rev<std::str::SplitInclusive<'_, &str>>: Iterator`
[INFO] [stdout]     |
[INFO] [stdout]     = note: the following trait bounds were not satisfied:
[INFO] [stdout]             `std::str::SplitInclusive<'_, &str>: DoubleEndedIterator`
[INFO] [stdout]             which is required by `Rev<std::str::SplitInclusive<'_, &str>>: Iterator`
[INFO] [stdout] 
[INFO] [stdout] 
[INFO] [stdout] error: aborting due to 2 previous errors
[INFO] [stdout] 
[INFO] [stdout] 
[INFO] [stdout] Some errors have detailed explanations: E0277, E0599.
[INFO] [stdout] 
[INFO] [stdout] For more information about an error, try `rustc --explain E0277`.
[INFO] [stdout] 
[INFO] [stderr] error: could not compile `delay_timer` (lib) due to 3 previous errors
[INFO] [stderr] warning: build failed, waiting for other jobs to finish...
[INFO] running `Command { std: "docker" "inspect" "82425ef72162fc3f5cd6110e5b083b5136795bcc69a07f45e4208dde607cf73c", kill_on_drop: false }`
[INFO] running `Command { std: "docker" "rm" "-f" "82425ef72162fc3f5cd6110e5b083b5136795bcc69a07f45e4208dde607cf73c", kill_on_drop: false }`
[INFO] [stdout] 82425ef72162fc3f5cd6110e5b083b5136795bcc69a07f45e4208dde607cf73c
