[INFO] cloning repository https://github.com/AlvinThorn008/haze_reboot
[INFO] running `Command { std: "git" "-c" "credential.helper=" "-c" "credential.helper=/workspace/cargo-home/bin/git-credential-null" "clone" "--bare" "https://github.com/AlvinThorn008/haze_reboot" "/workspace/cache/git-repos/https%3A%2F%2Fgithub.com%2FAlvinThorn008%2Fhaze_reboot", kill_on_drop: false }`
[INFO] [stderr] Cloning into bare repository '/workspace/cache/git-repos/https%3A%2F%2Fgithub.com%2FAlvinThorn008%2Fhaze_reboot'...
[INFO] running `Command { std: "git" "rev-parse" "HEAD", kill_on_drop: false }`
[INFO] [stdout] 870e5dcf2968367489949f7c8928fea182c970ea
[INFO] testing AlvinThorn008/haze_reboot against 1.75.0 for beta-1.76-1
[INFO] running `Command { std: "git" "clone" "/workspace/cache/git-repos/https%3A%2F%2Fgithub.com%2FAlvinThorn008%2Fhaze_reboot" "/workspace/builds/worker-5-tc1/source", kill_on_drop: false }`
[INFO] [stderr] Cloning into '/workspace/builds/worker-5-tc1/source'...
[INFO] [stderr] done.
[INFO] validating manifest of git repo https://github.com/AlvinThorn008/haze_reboot on toolchain 1.75.0
[INFO] running `Command { std: CARGO_HOME="/workspace/cargo-home" RUSTUP_HOME="/workspace/rustup-home" "/workspace/cargo-home/bin/cargo" "+1.75.0" "metadata" "--manifest-path" "Cargo.toml" "--no-deps", kill_on_drop: false }`
[INFO] started tweaking git repo https://github.com/AlvinThorn008/haze_reboot
[INFO] finished tweaking git repo https://github.com/AlvinThorn008/haze_reboot
[INFO] tweaked toml for git repo https://github.com/AlvinThorn008/haze_reboot written to /workspace/builds/worker-5-tc1/source/Cargo.toml
[INFO] crate git repo https://github.com/AlvinThorn008/haze_reboot already has a lockfile, it will not be regenerated
[INFO] running `Command { std: CARGO_HOME="/workspace/cargo-home" RUSTUP_HOME="/workspace/rustup-home" "/workspace/cargo-home/bin/cargo" "+1.75.0" "fetch" "--manifest-path" "Cargo.toml", kill_on_drop: false }`
[INFO] [stderr]     Updating crates.io index
[INFO] [stderr]  Downloading crates ...
[INFO] [stderr]   Downloaded debug_parser v0.1.4
[INFO] running `Command { std: "docker" "create" "-v" "/var/lib/crater-agent-workspace/builds/worker-5-tc1/target:/opt/rustwide/target:rw,Z" "-v" "/var/lib/crater-agent-workspace/builds/worker-5-tc1/source:/opt/rustwide/workdir:ro,Z" "-v" "/var/lib/crater-agent-workspace/cargo-home:/opt/rustwide/cargo-home:ro,Z" "-v" "/var/lib/crater-agent-workspace/rustup-home:/opt/rustwide/rustup-home:ro,Z" "-e" "SOURCE_DIR=/opt/rustwide/workdir" "-e" "CARGO_TARGET_DIR=/opt/rustwide/target" "-e" "CARGO_HOME=/opt/rustwide/cargo-home" "-e" "RUSTUP_HOME=/opt/rustwide/rustup-home" "-w" "/opt/rustwide/workdir" "-m" "1610612736" "--user" "0:0" "--network" "none" "ghcr.io/rust-lang/crates-build-env/linux@sha256:2788e3201cd34a07e3172128adcd8b3090168a8e3bcc40d7c032b9dda1df7d1c" "/opt/rustwide/cargo-home/bin/cargo" "+1.75.0" "metadata" "--no-deps" "--format-version=1", kill_on_drop: false }`
[INFO] [stdout] 7c1fca3c40347986e242ffd4b3a9c684e23b469aedcb1cc78fbcbb12e5aaf457
[INFO] running `Command { std: "docker" "start" "-a" "7c1fca3c40347986e242ffd4b3a9c684e23b469aedcb1cc78fbcbb12e5aaf457", kill_on_drop: false }`
[INFO] running `Command { std: "docker" "inspect" "7c1fca3c40347986e242ffd4b3a9c684e23b469aedcb1cc78fbcbb12e5aaf457", kill_on_drop: false }`
[INFO] running `Command { std: "docker" "rm" "-f" "7c1fca3c40347986e242ffd4b3a9c684e23b469aedcb1cc78fbcbb12e5aaf457", kill_on_drop: false }`
[INFO] [stdout] 7c1fca3c40347986e242ffd4b3a9c684e23b469aedcb1cc78fbcbb12e5aaf457
[INFO] running `Command { std: "docker" "create" "-v" "/var/lib/crater-agent-workspace/builds/worker-5-tc1/target:/opt/rustwide/target:rw,Z" "-v" "/var/lib/crater-agent-workspace/builds/worker-5-tc1/source:/opt/rustwide/workdir:ro,Z" "-v" "/var/lib/crater-agent-workspace/cargo-home:/opt/rustwide/cargo-home:ro,Z" "-v" "/var/lib/crater-agent-workspace/rustup-home:/opt/rustwide/rustup-home:ro,Z" "-e" "SOURCE_DIR=/opt/rustwide/workdir" "-e" "CARGO_TARGET_DIR=/opt/rustwide/target" "-e" "CARGO_INCREMENTAL=0" "-e" "RUST_BACKTRACE=full" "-e" "RUSTFLAGS=--cap-lints=warn" "-e" "RUSTDOCFLAGS=--cap-lints=warn" "-e" "CARGO_HOME=/opt/rustwide/cargo-home" "-e" "RUSTUP_HOME=/opt/rustwide/rustup-home" "-w" "/opt/rustwide/workdir" "-m" "1610612736" "--user" "0:0" "--network" "none" "ghcr.io/rust-lang/crates-build-env/linux@sha256:2788e3201cd34a07e3172128adcd8b3090168a8e3bcc40d7c032b9dda1df7d1c" "/opt/rustwide/cargo-home/bin/cargo" "+1.75.0" "build" "--frozen" "--message-format=json", kill_on_drop: false }`
[INFO] [stdout] ebc11b91822a999ceece575560772d3409fb78c5591c59298b73241142e5d7ed
[INFO] running `Command { std: "docker" "start" "-a" "ebc11b91822a999ceece575560772d3409fb78c5591c59298b73241142e5d7ed", kill_on_drop: false }`
[INFO] [stderr]    Compiling memchr v2.5.0
[INFO] [stderr]    Compiling minimal-lexical v0.2.1
[INFO] [stderr]    Compiling utf8-width v0.1.6
[INFO] [stderr]    Compiling typed-arena v2.0.2
[INFO] [stderr]    Compiling html-escape v0.2.13
[INFO] [stderr]    Compiling nom v7.1.3
[INFO] [stderr]    Compiling debug_parser v0.1.4
[INFO] [stderr]    Compiling haze_reboot v0.1.0 (/opt/rustwide/workdir)
[INFO] [stdout] warning: unused macro definition: `commit`
[INFO] [stdout]   --> src/parser.rs:14:14
[INFO] [stdout]    |
[INFO] [stdout] 14 | macro_rules! commit {
[INFO] [stdout]    |              ^^^^^^
[INFO] [stdout]    |
[INFO] [stdout]    = note: `#[warn(unused_macros)]` on by default
[INFO] [stdout] 
[INFO] [stdout] 
[INFO] [stdout] warning: unused import: `crate::token::Token`
[INFO] [stdout]  --> src/visitor.rs:1:5
[INFO] [stdout]   |
[INFO] [stdout] 1 | use crate::token::Token;
[INFO] [stdout]   |     ^^^^^^^^^^^^^^^^^^^
[INFO] [stdout]   |
[INFO] [stdout]   = note: `#[warn(unused_imports)]` on by default
[INFO] [stdout] 
[INFO] [stdout] 
[INFO] [stdout] error[E0599]: no variant or associated item named `IfAlt` found for enum `ast::Node` in the current scope
[INFO] [stdout]    --> src/visitor.rs:105:19
[INFO] [stdout]     |
[INFO] [stdout] 105 |             Node::IfAlt(_inner) => {} // forgo
[INFO] [stdout]     |                   ^^^^^ variant or associated item not found in `Node<'_>`
[INFO] [stdout]     |
[INFO] [stdout]    ::: src/ast.rs:44:1
[INFO] [stdout]     |
[INFO] [stdout] 44  | pub enum Node<'ast> {
[INFO] [stdout]     | ------------------- variant or associated item `IfAlt` not found for this enum
[INFO] [stdout] 
[INFO] [stdout] 
[INFO] [stdout] error[E0599]: no variant or associated item named `IfAlt` found for enum `ast::Node` in the current scope
[INFO] [stdout]    --> src/visitor.rs:100:27
[INFO] [stdout]     |
[INFO] [stdout] 100 |                     Node::IfAlt(inner.alternate),
[INFO] [stdout]     |                           ^^^^^ variant or associated item not found in `Node<'_>`
[INFO] [stdout]     |
[INFO] [stdout]    ::: src/ast.rs:44:1
[INFO] [stdout]     |
[INFO] [stdout] 44  | pub enum Node<'ast> {
[INFO] [stdout]     | ------------------- variant or associated item `IfAlt` not found for this enum
[INFO] [stdout] 
[INFO] [stdout] 
[INFO] [stdout] error[E0599]: no variant or associated item named `BlockExpr` found for enum `ast::Node` in the current scope
[INFO] [stdout]    --> src/visitor.rs:101:27
[INFO] [stdout]     |
[INFO] [stdout] 101 |                     Node::BlockExpr(inner.consequence),
[INFO] [stdout]     |                           ^^^^^^^^^ variant or associated item not found in `Node<'_>`
[INFO] [stdout]     |
[INFO] [stdout]    ::: src/ast.rs:44:1
[INFO] [stdout]     |
[INFO] [stdout] 44  | pub enum Node<'ast> {
[INFO] [stdout]     | ------------------- variant or associated item `BlockExpr` not found for this enum
[INFO] [stdout] 
[INFO] [stdout] 
[INFO] [stdout] error[E0277]: the trait bound `ast::Node<'_>: From<ast::Expr>` is not satisfied
[INFO] [stdout]    --> src/visitor.rs:102:21
[INFO] [stdout]     |
[INFO] [stdout] 102 |                     Node::from(inner.condition)
[INFO] [stdout]     |                     ^^^^ the trait `From<ast::Expr>` is not implemented for `ast::Node<'_>`
[INFO] [stdout]     |
[INFO] [stdout]     = help: the following other types implement trait `From<T>`:
[INFO] [stdout]               <ast::Node<'ast> as From<&'ast ast::Expr>>
[INFO] [stdout]               <ast::Node<'ast> as From<&'ast ast::Stmt>>
[INFO] [stdout]               <ast::Node<'ast> as From<Option<&'ast ast::Expr>>>
[INFO] [stdout] 
[INFO] [stdout] 
[INFO] [stdout] error[E0599]: no variant or associated item named `BlockExpr` found for enum `ast::Node` in the current scope
[INFO] [stdout]    --> src/visitor.rs:109:27
[INFO] [stdout]     |
[INFO] [stdout] 109 |                     Node::BlockExpr(inner.consequence),
[INFO] [stdout]     |                           ^^^^^^^^^ variant or associated item not found in `Node<'_>`
[INFO] [stdout]     |
[INFO] [stdout]    ::: src/ast.rs:44:1
[INFO] [stdout]     |
[INFO] [stdout] 44  | pub enum Node<'ast> {
[INFO] [stdout]     | ------------------- variant or associated item `BlockExpr` not found for this enum
[INFO] [stdout] 
[INFO] [stdout] 
[INFO] [stdout] error[E0277]: the trait bound `ast::Node<'_>: From<ast::Expr>` is not satisfied
[INFO] [stdout]    --> src/visitor.rs:110:21
[INFO] [stdout]     |
[INFO] [stdout] 110 |                     Node::from(inner.condition)
[INFO] [stdout]     |                     ^^^^ the trait `From<ast::Expr>` is not implemented for `ast::Node<'_>`
[INFO] [stdout]     |
[INFO] [stdout]     = help: the following other types implement trait `From<T>`:
[INFO] [stdout]               <ast::Node<'ast> as From<&'ast ast::Expr>>
[INFO] [stdout]               <ast::Node<'ast> as From<&'ast ast::Stmt>>
[INFO] [stdout]               <ast::Node<'ast> as From<Option<&'ast ast::Expr>>>
[INFO] [stdout] 
[INFO] [stdout] 
[INFO] [stdout] error[E0277]: the trait bound `ast::Node<'_>: From<Option<ast::Expr>>` is not satisfied
[INFO] [stdout]    --> src/visitor.rs:115:28
[INFO] [stdout]     |
[INFO] [stdout] 115 |                 stack.push(Node::from(inner.value));
[INFO] [stdout]     |                            ^^^^ the trait `From<Option<ast::Expr>>` is not implemented for `ast::Node<'_>`
[INFO] [stdout]     |
[INFO] [stdout]     = help: the following other types implement trait `From<T>`:
[INFO] [stdout]               <ast::Node<'ast> as From<&'ast ast::Expr>>
[INFO] [stdout]               <ast::Node<'ast> as From<&'ast ast::Stmt>>
[INFO] [stdout]               <ast::Node<'ast> as From<Option<&'ast ast::Expr>>>
[INFO] [stdout] 
[INFO] [stdout] 
[INFO] [stdout] error[E0277]: the trait bound `ast::Node<'_>: From<ast::Expr>` is not satisfied
[INFO] [stdout]    --> src/visitor.rs:120:21
[INFO] [stdout]     |
[INFO] [stdout] 120 |                     Node::from(inner.value),
[INFO] [stdout]     |                     ^^^^ the trait `From<ast::Expr>` is not implemented for `ast::Node<'_>`
[INFO] [stdout]     |
[INFO] [stdout]     = help: the following other types implement trait `From<T>`:
[INFO] [stdout]               <ast::Node<'ast> as From<&'ast ast::Expr>>
[INFO] [stdout]               <ast::Node<'ast> as From<&'ast ast::Stmt>>
[INFO] [stdout]               <ast::Node<'ast> as From<Option<&'ast ast::Expr>>>
[INFO] [stdout] 
[INFO] [stdout] 
[INFO] [stdout] error[E0277]: the trait bound `ast::Node<'_>: From<Option<ast::Expr>>` is not satisfied
[INFO] [stdout]    --> src/visitor.rs:133:28
[INFO] [stdout]     |
[INFO] [stdout] 133 |                 stack.push(Node::from(inner.value));
[INFO] [stdout]     |                            ^^^^ the trait `From<Option<ast::Expr>>` is not implemented for `ast::Node<'_>`
[INFO] [stdout]     |
[INFO] [stdout]     = help: the following other types implement trait `From<T>`:
[INFO] [stdout]               <ast::Node<'ast> as From<&'ast ast::Expr>>
[INFO] [stdout]               <ast::Node<'ast> as From<&'ast ast::Stmt>>
[INFO] [stdout]               <ast::Node<'ast> as From<Option<&'ast ast::Expr>>>
[INFO] [stdout] 
[INFO] [stdout] 
[INFO] [stdout] error: aborting due to 9 previous errors; 2 warnings emitted
[INFO] [stdout] 
[INFO] [stdout] 
[INFO] [stdout] Some errors have detailed explanations: E0277, E0599.
[INFO] [stdout] 
[INFO] [stdout] For more information about an error, try `rustc --explain E0277`.
[INFO] [stdout] 
[INFO] [stderr] error: could not compile `haze_reboot` (bin "haze_reboot") due to 10 previous errors; 2 warnings emitted
[INFO] running `Command { std: "docker" "inspect" "ebc11b91822a999ceece575560772d3409fb78c5591c59298b73241142e5d7ed", kill_on_drop: false }`
[INFO] running `Command { std: "docker" "rm" "-f" "ebc11b91822a999ceece575560772d3409fb78c5591c59298b73241142e5d7ed", kill_on_drop: false }`
[INFO] [stdout] ebc11b91822a999ceece575560772d3409fb78c5591c59298b73241142e5d7ed
[INFO] testing AlvinThorn008/haze_reboot against beta-2023-12-22 for beta-1.76-1
[INFO] running `Command { std: "git" "clone" "/workspace/cache/git-repos/https%3A%2F%2Fgithub.com%2FAlvinThorn008%2Fhaze_reboot" "/workspace/builds/worker-5-tc2/source", kill_on_drop: false }`
[INFO] [stderr] Cloning into '/workspace/builds/worker-5-tc2/source'...
[INFO] [stderr] done.
[INFO] validating manifest of git repo https://github.com/AlvinThorn008/haze_reboot on toolchain beta-2023-12-22
[INFO] running `Command { std: CARGO_HOME="/workspace/cargo-home" RUSTUP_HOME="/workspace/rustup-home" "/workspace/cargo-home/bin/cargo" "+beta-2023-12-22" "metadata" "--manifest-path" "Cargo.toml" "--no-deps", kill_on_drop: false }`
[INFO] started tweaking git repo https://github.com/AlvinThorn008/haze_reboot
[INFO] finished tweaking git repo https://github.com/AlvinThorn008/haze_reboot
[INFO] tweaked toml for git repo https://github.com/AlvinThorn008/haze_reboot written to /workspace/builds/worker-5-tc2/source/Cargo.toml
[INFO] crate git repo https://github.com/AlvinThorn008/haze_reboot already has a lockfile, it will not be regenerated
[INFO] running `Command { std: CARGO_HOME="/workspace/cargo-home" RUSTUP_HOME="/workspace/rustup-home" "/workspace/cargo-home/bin/cargo" "+beta-2023-12-22" "fetch" "--manifest-path" "Cargo.toml", kill_on_drop: false }`
[INFO] running `Command { std: "docker" "create" "-v" "/var/lib/crater-agent-workspace/builds/worker-5-tc2/target:/opt/rustwide/target:rw,Z" "-v" "/var/lib/crater-agent-workspace/builds/worker-5-tc2/source:/opt/rustwide/workdir:ro,Z" "-v" "/var/lib/crater-agent-workspace/cargo-home:/opt/rustwide/cargo-home:ro,Z" "-v" "/var/lib/crater-agent-workspace/rustup-home:/opt/rustwide/rustup-home:ro,Z" "-e" "SOURCE_DIR=/opt/rustwide/workdir" "-e" "CARGO_TARGET_DIR=/opt/rustwide/target" "-e" "CARGO_HOME=/opt/rustwide/cargo-home" "-e" "RUSTUP_HOME=/opt/rustwide/rustup-home" "-w" "/opt/rustwide/workdir" "-m" "1610612736" "--user" "0:0" "--network" "none" "ghcr.io/rust-lang/crates-build-env/linux@sha256:2788e3201cd34a07e3172128adcd8b3090168a8e3bcc40d7c032b9dda1df7d1c" "/opt/rustwide/cargo-home/bin/cargo" "+beta-2023-12-22" "metadata" "--no-deps" "--format-version=1", kill_on_drop: false }`
[INFO] [stdout] 1d933de71ef168d9d461f64acac6f683c2674b98e20ddae201e4f8173c8462e7
[INFO] running `Command { std: "docker" "start" "-a" "1d933de71ef168d9d461f64acac6f683c2674b98e20ddae201e4f8173c8462e7", kill_on_drop: false }`
[INFO] running `Command { std: "docker" "inspect" "1d933de71ef168d9d461f64acac6f683c2674b98e20ddae201e4f8173c8462e7", kill_on_drop: false }`
[INFO] running `Command { std: "docker" "rm" "-f" "1d933de71ef168d9d461f64acac6f683c2674b98e20ddae201e4f8173c8462e7", kill_on_drop: false }`
[INFO] [stdout] 1d933de71ef168d9d461f64acac6f683c2674b98e20ddae201e4f8173c8462e7
[INFO] running `Command { std: "docker" "create" "-v" "/var/lib/crater-agent-workspace/builds/worker-5-tc2/target:/opt/rustwide/target:rw,Z" "-v" "/var/lib/crater-agent-workspace/builds/worker-5-tc2/source:/opt/rustwide/workdir:ro,Z" "-v" "/var/lib/crater-agent-workspace/cargo-home:/opt/rustwide/cargo-home:ro,Z" "-v" "/var/lib/crater-agent-workspace/rustup-home:/opt/rustwide/rustup-home:ro,Z" "-e" "SOURCE_DIR=/opt/rustwide/workdir" "-e" "CARGO_TARGET_DIR=/opt/rustwide/target" "-e" "CARGO_INCREMENTAL=0" "-e" "RUST_BACKTRACE=full" "-e" "RUSTFLAGS=--cap-lints=warn" "-e" "RUSTDOCFLAGS=--cap-lints=warn" "-e" "CARGO_HOME=/opt/rustwide/cargo-home" "-e" "RUSTUP_HOME=/opt/rustwide/rustup-home" "-w" "/opt/rustwide/workdir" "-m" "1610612736" "--user" "0:0" "--network" "none" "ghcr.io/rust-lang/crates-build-env/linux@sha256:2788e3201cd34a07e3172128adcd8b3090168a8e3bcc40d7c032b9dda1df7d1c" "/opt/rustwide/cargo-home/bin/cargo" "+beta-2023-12-22" "build" "--frozen" "--message-format=json", kill_on_drop: false }`
[INFO] [stdout] 68f52e88738b86b71ae70201f460d127d9c5ecdb09a0c1034a17d75e8a8c9c69
[INFO] running `Command { std: "docker" "start" "-a" "68f52e88738b86b71ae70201f460d127d9c5ecdb09a0c1034a17d75e8a8c9c69", kill_on_drop: false }`
[INFO] [stderr]    Compiling memchr v2.5.0
[INFO] [stderr]    Compiling minimal-lexical v0.2.1
[INFO] [stderr]    Compiling utf8-width v0.1.6
[INFO] [stderr]    Compiling typed-arena v2.0.2
[INFO] [stderr]    Compiling html-escape v0.2.13
[INFO] [stderr]    Compiling nom v7.1.3
[INFO] [stderr]    Compiling debug_parser v0.1.4
[INFO] [stderr]    Compiling haze_reboot v0.1.0 (/opt/rustwide/workdir)
[INFO] [stdout] warning: unused macro definition: `commit`
[INFO] [stdout]   --> src/parser.rs:14:14
[INFO] [stdout]    |
[INFO] [stdout] 14 | macro_rules! commit {
[INFO] [stdout]    |              ^^^^^^
[INFO] [stdout]    |
[INFO] [stdout]    = note: `#[warn(unused_macros)]` on by default
[INFO] [stdout] 
[INFO] [stdout] 
[INFO] [stdout] warning: unused import: `crate::token::Token`
[INFO] [stdout]  --> src/visitor.rs:1:5
[INFO] [stdout]   |
[INFO] [stdout] 1 | use crate::token::Token;
[INFO] [stdout]   |     ^^^^^^^^^^^^^^^^^^^
[INFO] [stdout]   |
[INFO] [stdout]   = note: `#[warn(unused_imports)]` on by default
[INFO] [stdout] 
[INFO] [stdout] 
[INFO] [stdout] error[E0599]: no variant or associated item named `IfAlt` found for enum `ast::Node` in the current scope
[INFO] [stdout]    --> src/visitor.rs:105:19
[INFO] [stdout]     |
[INFO] [stdout] 105 |             Node::IfAlt(_inner) => {} // forgo
[INFO] [stdout]     |                   ^^^^^ variant or associated item not found in `Node<'_>`
[INFO] [stdout]     |
[INFO] [stdout]    ::: src/ast.rs:44:1
[INFO] [stdout]     |
[INFO] [stdout] 44  | pub enum Node<'ast> {
[INFO] [stdout]     | ------------------- variant or associated item `IfAlt` not found for this enum
[INFO] [stdout] 
[INFO] [stdout] 
[INFO] [stdout] error[E0599]: no variant or associated item named `IfAlt` found for enum `ast::Node` in the current scope
[INFO] [stdout]    --> src/visitor.rs:100:27
[INFO] [stdout]     |
[INFO] [stdout] 100 |                     Node::IfAlt(inner.alternate),
[INFO] [stdout]     |                           ^^^^^ variant or associated item not found in `Node<'_>`
[INFO] [stdout]     |
[INFO] [stdout]    ::: src/ast.rs:44:1
[INFO] [stdout]     |
[INFO] [stdout] 44  | pub enum Node<'ast> {
[INFO] [stdout]     | ------------------- variant or associated item `IfAlt` not found for this enum
[INFO] [stdout] 
[INFO] [stdout] 
[INFO] [stdout] error[E0599]: no variant or associated item named `BlockExpr` found for enum `ast::Node` in the current scope
[INFO] [stdout]    --> src/visitor.rs:101:27
[INFO] [stdout]     |
[INFO] [stdout] 101 |                     Node::BlockExpr(inner.consequence),
[INFO] [stdout]     |                           ^^^^^^^^^ variant or associated item not found in `Node<'_>`
[INFO] [stdout]     |
[INFO] [stdout]    ::: src/ast.rs:44:1
[INFO] [stdout]     |
[INFO] [stdout] 44  | pub enum Node<'ast> {
[INFO] [stdout]     | ------------------- variant or associated item `BlockExpr` not found for this enum
[INFO] [stdout] 
[INFO] [stdout] 
[INFO] [stdout] error[E0277]: the trait bound `ast::Node<'_>: From<ast::Expr>` is not satisfied
[INFO] [stdout]    --> src/visitor.rs:102:21
[INFO] [stdout]     |
[INFO] [stdout] 102 |                     Node::from(inner.condition)
[INFO] [stdout]     |                     ^^^^ the trait `From<ast::Expr>` is not implemented for `ast::Node<'_>`
[INFO] [stdout]     |
[INFO] [stdout]     = help: the following other types implement trait `From<T>`:
[INFO] [stdout]               <ast::Node<'ast> as From<&'ast ast::Expr>>
[INFO] [stdout]               <ast::Node<'ast> as From<&'ast ast::Stmt>>
[INFO] [stdout]               <ast::Node<'ast> as From<Option<&'ast ast::Expr>>>
[INFO] [stdout] 
[INFO] [stdout] 
[INFO] [stdout] error[E0599]: no variant or associated item named `BlockExpr` found for enum `ast::Node` in the current scope
[INFO] [stdout]    --> src/visitor.rs:109:27
[INFO] [stdout]     |
[INFO] [stdout] 109 |                     Node::BlockExpr(inner.consequence),
[INFO] [stdout]     |                           ^^^^^^^^^ variant or associated item not found in `Node<'_>`
[INFO] [stdout]     |
[INFO] [stdout]    ::: src/ast.rs:44:1
[INFO] [stdout]     |
[INFO] [stdout] 44  | pub enum Node<'ast> {
[INFO] [stdout]     | ------------------- variant or associated item `BlockExpr` not found for this enum
[INFO] [stdout] 
[INFO] [stdout] 
[INFO] [stdout] error[E0277]: the trait bound `ast::Node<'_>: From<ast::Expr>` is not satisfied
[INFO] [stdout]    --> src/visitor.rs:110:21
[INFO] [stdout]     |
[INFO] [stdout] 110 |                     Node::from(inner.condition)
[INFO] [stdout]     |                     ^^^^ the trait `From<ast::Expr>` is not implemented for `ast::Node<'_>`
[INFO] [stdout]     |
[INFO] [stdout]     = help: the following other types implement trait `From<T>`:
[INFO] [stdout]               <ast::Node<'ast> as From<&'ast ast::Expr>>
[INFO] [stdout]               <ast::Node<'ast> as From<&'ast ast::Stmt>>
[INFO] [stdout]               <ast::Node<'ast> as From<Option<&'ast ast::Expr>>>
[INFO] [stdout] 
[INFO] [stdout] 
[INFO] [stdout] error[E0277]: the trait bound `ast::Node<'_>: From<Option<ast::Expr>>` is not satisfied
[INFO] [stdout]    --> src/visitor.rs:115:28
[INFO] [stdout]     |
[INFO] [stdout] 115 |                 stack.push(Node::from(inner.value));
[INFO] [stdout]     |                            ^^^^ the trait `From<Option<ast::Expr>>` is not implemented for `ast::Node<'_>`
[INFO] [stdout]     |
[INFO] [stdout]     = help: the following other types implement trait `From<T>`:
[INFO] [stdout]               <ast::Node<'ast> as From<&'ast ast::Expr>>
[INFO] [stdout]               <ast::Node<'ast> as From<&'ast ast::Stmt>>
[INFO] [stdout]               <ast::Node<'ast> as From<Option<&'ast ast::Expr>>>
[INFO] [stdout] 
[INFO] [stdout] 
[INFO] [stdout] error[E0277]: the trait bound `ast::Node<'_>: From<ast::Expr>` is not satisfied
[INFO] [stdout]    --> src/visitor.rs:120:21
[INFO] [stdout]     |
[INFO] [stdout] 120 |                     Node::from(inner.value),
[INFO] [stdout]     |                     ^^^^ the trait `From<ast::Expr>` is not implemented for `ast::Node<'_>`
[INFO] [stdout]     |
[INFO] [stdout]     = help: the following other types implement trait `From<T>`:
[INFO] [stdout]               <ast::Node<'ast> as From<&'ast ast::Expr>>
[INFO] [stdout]               <ast::Node<'ast> as From<&'ast ast::Stmt>>
[INFO] [stdout]               <ast::Node<'ast> as From<Option<&'ast ast::Expr>>>
[INFO] [stdout] 
[INFO] [stdout] 
[INFO] [stdout] error[E0277]: the trait bound `ast::Node<'_>: From<Option<ast::Expr>>` is not satisfied
[INFO] [stdout]    --> src/visitor.rs:133:28
[INFO] [stdout]     |
[INFO] [stdout] 133 |                 stack.push(Node::from(inner.value));
[INFO] [stdout]     |                            ^^^^ the trait `From<Option<ast::Expr>>` is not implemented for `ast::Node<'_>`
[INFO] [stdout]     |
[INFO] [stdout]     = help: the following other types implement trait `From<T>`:
[INFO] [stdout]               <ast::Node<'ast> as From<&'ast ast::Expr>>
[INFO] [stdout]               <ast::Node<'ast> as From<&'ast ast::Stmt>>
[INFO] [stdout]               <ast::Node<'ast> as From<Option<&'ast ast::Expr>>>
[INFO] [stdout] 
[INFO] [stdout] 
[INFO] [stdout] error: aborting due to 9 previous errors; 2 warnings emitted
[INFO] [stdout] 
[INFO] [stdout] 
[INFO] [stdout] Some errors have detailed explanations: E0277, E0599.
[INFO] [stdout] 
[INFO] [stdout] For more information about an error, try `rustc --explain E0277`.
[INFO] [stdout] 
[INFO] [stderr] error: could not compile `haze_reboot` (bin "haze_reboot") due to 10 previous errors; 2 warnings emitted
[INFO] running `Command { std: "docker" "inspect" "68f52e88738b86b71ae70201f460d127d9c5ecdb09a0c1034a17d75e8a8c9c69", kill_on_drop: false }`
[INFO] running `Command { std: "docker" "rm" "-f" "68f52e88738b86b71ae70201f460d127d9c5ecdb09a0c1034a17d75e8a8c9c69", kill_on_drop: false }`
[INFO] [stdout] 68f52e88738b86b71ae70201f460d127d9c5ecdb09a0c1034a17d75e8a8c9c69
