[INFO] cloning repository https://github.com/Alphadaofinance/graph-node
[INFO] running `Command { std: "git" "-c" "credential.helper=" "-c" "credential.helper=/workspace/cargo-home/bin/git-credential-null" "clone" "--bare" "https://github.com/Alphadaofinance/graph-node" "/workspace/cache/git-repos/https%3A%2F%2Fgithub.com%2FAlphadaofinance%2Fgraph-node", kill_on_drop: false }`
[INFO] [stderr] Cloning into bare repository '/workspace/cache/git-repos/https%3A%2F%2Fgithub.com%2FAlphadaofinance%2Fgraph-node'...
[INFO] running `Command { std: "git" "rev-parse" "HEAD", kill_on_drop: false }`
[INFO] [stdout] d7e72d2904ecbd26bbaabe8ae5ebb290b304ebbf
[INFO] testing Alphadaofinance/graph-node against 1.75.0 for beta-1.76-1
[INFO] running `Command { std: "git" "clone" "/workspace/cache/git-repos/https%3A%2F%2Fgithub.com%2FAlphadaofinance%2Fgraph-node" "/workspace/builds/worker-0-tc1/source", kill_on_drop: false }`
[INFO] [stderr] Cloning into '/workspace/builds/worker-0-tc1/source'...
[INFO] [stderr] done.
[INFO] validating manifest of git repo https://github.com/Alphadaofinance/graph-node on toolchain 1.75.0
[INFO] running `Command { std: CARGO_HOME="/workspace/cargo-home" RUSTUP_HOME="/workspace/rustup-home" "/workspace/cargo-home/bin/cargo" "+1.75.0" "metadata" "--manifest-path" "Cargo.toml" "--no-deps", kill_on_drop: false }`
[INFO] started tweaking git repo https://github.com/Alphadaofinance/graph-node
[INFO] finished tweaking git repo https://github.com/Alphadaofinance/graph-node
[INFO] tweaked toml for git repo https://github.com/Alphadaofinance/graph-node written to /workspace/builds/worker-0-tc1/source/Cargo.toml
[INFO] crate git repo https://github.com/Alphadaofinance/graph-node already has a lockfile, it will not be regenerated
[INFO] running `Command { std: CARGO_HOME="/workspace/cargo-home" RUSTUP_HOME="/workspace/rustup-home" "/workspace/cargo-home/bin/cargo" "+1.75.0" "fetch" "--manifest-path" "Cargo.toml", kill_on_drop: false }`
[INFO] [stderr]     Updating git repository `https://github.com/graphql-rust/graphql-parser`
[INFO] [stderr]     Updating crates.io index
[INFO] [stderr]     Updating git repository `https://github.com/graphprotocol/ethabi.git`
[INFO] [stderr]     Updating git repository `https://github.com/graphprotocol/stable-hash`
[INFO] [stderr]     Updating git repository `https://github.com/graphprotocol/rust-tokio-retry`
[INFO] [stderr]     Updating git repository `https://github.com/graphprotocol/rust-web3`
[INFO] [stderr]     Updating git repository `https://github.com/diesel-rs/diesel-dynamic-schema`
[INFO] [stderr]     Updating git repository `https://github.com/rust-bitcoin/rust-secp256k1`
[INFO] [stderr]     Blocking waiting for file lock on package cache
[INFO] [stderr]  Downloading crates ...
[INFO] [stderr]   Downloaded fail v0.4.0
[INFO] [stderr]   Downloaded slab v0.3.0
[INFO] [stderr]   Downloaded dirs-sys-next v0.1.1
[INFO] [stderr]   Downloaded parity-multiaddr v0.7.3
[INFO] [stderr]   Downloaded unsigned-varint v0.3.3
[INFO] [stderr]   Downloaded parking_lot_core v0.8.0
[INFO] [stderr]   Downloaded subtle v2.3.0
[INFO] [stderr]   Downloaded fixed-hash v0.6.1
[INFO] [stderr]   Downloaded shellexpand v2.0.0
[INFO] [stderr]   Downloaded state_machine_future v0.2.0
[INFO] [stderr]   Downloaded slog-async v2.5.0
[INFO] [stderr]   Downloaded os_pipe v0.9.2
[INFO] [stderr]   Downloaded crossbeam-queue v0.3.0
[INFO] [stderr]   Downloaded downcast v0.10.0
[INFO] [stderr]   Downloaded predicates-tree v1.0.0
[INFO] [stderr]   Downloaded impl-codec v0.4.2
[INFO] [stderr]   Downloaded tokio-uds v0.1.7
[INFO] [stderr]   Downloaded wasm-bindgen-shared v0.2.68
[INFO] [stderr]   Downloaded fixedbitset v0.1.9
[INFO] [stderr]   Downloaded fallible-iterator v0.1.6
[INFO] [stderr]   Downloaded jsonrpc-http-server v14.2.0
[INFO] [stderr]   Downloaded postgres-shared v0.4.2
[INFO] [stderr]   Downloaded socket2 v0.3.16
[INFO] [stderr]   Downloaded hyper v0.12.35
[INFO] [stderr]   Downloaded cranelift-codegen v0.68.0
[INFO] [stderr]   Downloaded humantime v2.0.1
[INFO] [stderr]   Downloaded git-testament v0.1.9
[INFO] [stderr]   Downloaded strum_macros v0.20.1
[INFO] [stderr]   Downloaded directories-next v1.0.3
[INFO] [stderr]   Downloaded file-per-thread-logger v0.1.4
[INFO] [stderr]   Downloaded psm v0.1.11
[INFO] [stderr]   Downloaded unicode-normalization v0.1.14
[INFO] [stderr]   Downloaded async-trait v0.1.41
[INFO] [stderr]   Downloaded zstd-safe v2.0.5+zstd.1.4.5
[INFO] [stderr]   Downloaded ethbloom v0.9.2
[INFO] [stderr]   Downloaded block-buffer v0.3.3
[INFO] [stderr]   Downloaded parity-multihash v0.2.3
[INFO] [stderr]   Downloaded priority-queue v0.7.0
[INFO] [stderr]   Downloaded web-sys v0.3.45
[INFO] [stderr]   Downloaded atomic_refcell v0.1.6
[INFO] [stderr]   Downloaded digest v0.7.6
[INFO] [stderr]   Downloaded hyper-multipart-rfc7578 v0.4.0-rc
[INFO] [stderr]   Downloaded wasm-bindgen-macro v0.2.68
[INFO] [stderr]   Downloaded ipfs-api v0.7.1
[INFO] [stderr]   Downloaded wasmtime-cache v0.21.0
[INFO] [stderr]   Downloaded wasmparser v0.63.1
[INFO] [stderr]   Downloaded wasmtime-cranelift v0.21.0
[INFO] [stderr]   Downloaded wasmtime-environ v0.21.0
[INFO] [stderr]   Downloaded wasmtime-debug v0.21.0
[INFO] [stderr]   Downloaded wasmtime v0.21.0
[INFO] [stderr]   Downloaded wasmtime-obj v0.21.0
[INFO] [stderr]   Downloaded wat v1.0.28
[INFO] [stderr]   Downloaded petgraph v0.4.13
[INFO] [stderr]   Downloaded strum v0.20.0
[INFO] [stderr]   Downloaded wasmtime-profiling v0.21.0
[INFO] [stderr]   Downloaded cranelift-entity v0.68.0
[INFO] [stderr]   Downloaded backtrace v0.3.54
[INFO] [stderr]   Downloaded wast v27.0.0
[INFO] [stderr]   Downloaded ordermap v0.3.5
[INFO] [stderr]   Downloaded crossbeam-utils v0.8.0
[INFO] [stderr]   Downloaded mockall_derive v0.8.3
[INFO] [stderr]   Downloaded md5 v0.3.8
[INFO] [stderr]   Downloaded mockall v0.8.3
[INFO] [stderr]   Downloaded hex v0.2.0
[INFO] [stderr]   Downloaded base64 v0.6.0
[INFO] [stderr]   Downloaded crypto-mac v0.5.2
[INFO] [stderr]   Downloaded sha2 v0.7.1
[INFO] [stderr]   Downloaded postgres v0.15.2
[INFO] [stderr]   Downloaded hex-literal v0.3.1
[INFO] [stderr]   Downloaded typeable v0.1.2
[INFO] [stderr]   Downloaded scoped-tls v0.1.2
[INFO] [stderr]   Downloaded cc v1.0.62
[INFO] [stderr]   Downloaded thiserror v1.0.22
[INFO] [stderr]   Downloaded pin-project v1.0.1
[INFO] [stderr]   Downloaded structopt-derive v0.4.13
[INFO] [stderr]   Downloaded structopt v0.3.20
[INFO] [stderr]   Downloaded migrations_macros v1.4.2
[INFO] [stderr]   Downloaded diesel_migrations v1.4.0
[INFO] [stderr]   Downloaded bigdecimal v0.1.2
[INFO] [stderr]   Downloaded serde_yaml v0.8.14
[INFO] [stderr]   Downloaded blake3 v0.3.7
[INFO] [stderr]   Downloaded leb128 v0.2.4
[INFO] [stderr]   Downloaded crossbeam-epoch v0.9.0
[INFO] [stderr]   Downloaded cloudabi v0.1.0
[INFO] [stderr]   Downloaded impl-rlp v0.2.1
[INFO] [stderr]   Downloaded uint v0.8.5
[INFO] [stderr]   Downloaded jsonrpc-core v14.2.0
[INFO] [stderr]   Downloaded tokio-core v0.1.17
[INFO] [stderr]   Downloaded thiserror-impl v1.0.22
[INFO] [stderr]   Downloaded duct v0.13.4
[INFO] [stderr]   Downloaded cranelift-codegen-shared v0.68.0
[INFO] [stderr]   Downloaded target-lexicon v0.11.1
[INFO] [stderr]   Downloaded wasmtime-runtime v0.21.0
[INFO] [stderr]   Downloaded diesel_derives v1.4.1
[INFO] [stderr]   Downloaded ctor v0.1.16
[INFO] [stderr]   Downloaded lru_time_cache v0.11.2
[INFO] [stderr]   Downloaded byte-tools v0.2.0
[INFO] [stderr]   Downloaded generic-array v0.9.0
[INFO] [stderr]   Downloaded slog-stdlog v4.1.0
[INFO] [stderr]   Downloaded zstd-sys v1.4.17+zstd.1.4.5
[INFO] [stderr]   Downloaded zstd v0.5.3+zstd.1.4.5
[INFO] [stderr]   Downloaded cranelift-codegen-meta v0.68.0
[INFO] [stderr]   Downloaded regalloc v0.0.31
[INFO] [stderr]   Downloaded more-asserts v0.2.1
[INFO] [stderr]   Downloaded wasmparser v0.65.0
[INFO] [stderr]   Downloaded jsonrpc-server-utils v14.2.0
[INFO] [stderr]   Downloaded diesel v1.4.5
[INFO] [stderr]   Downloaded rust-argon2 v0.8.2
[INFO] [stderr]   Downloaded lock_api v0.4.1
[INFO] [stderr]   Downloaded fragile v1.0.0
[INFO] [stderr]   Downloaded predicates v1.0.5
[INFO] [stderr]   Downloaded tiny-keccak v1.5.0
[INFO] [stderr]   Downloaded byte-slice-cast v0.3.5
[INFO] [stderr]   Downloaded ethereum-types v0.9.2
[INFO] [stderr]   Downloaded indexmap v1.6.0
[INFO] [stderr]   Downloaded hyper v0.10.16
[INFO] [stderr]   Downloaded tokio-tls v0.2.1
[INFO] [stderr]   Downloaded syn v1.0.48
[INFO] [stderr]   Downloaded tokio v0.2.23
[INFO] [stderr]   Downloaded tinyvec v1.0.1
[INFO] [stderr]   Downloaded serde_json v1.0.59
[INFO] [stderr]   Downloaded futures v0.1.30
[INFO] [stderr]   Downloaded protobuf v2.18.0
[INFO] [stderr]   Downloaded prometheus v0.11.0
[INFO] [stderr]   Downloaded wasm-bindgen v0.2.68
[INFO] [stderr]   Downloaded reqwest v0.10.8
[INFO] [stderr]   Downloaded cranelift-native v0.68.0
[INFO] [stderr]   Downloaded diesel-derive-enum v1.1.0
[INFO] [stderr]   Downloaded migrations_internals v1.4.1
[INFO] [stderr]   Downloaded pq-sys v0.4.6
[INFO] [stderr]   Downloaded predicates-core v1.0.0
[INFO] [stderr]   Downloaded bitvec v0.17.4
[INFO] [stderr]   Downloaded tracing v0.1.21
[INFO] [stderr]   Downloaded websocket v0.21.1
[INFO] [stderr]   Downloaded js-sys v0.3.45
[INFO] [stderr]   Downloaded term v0.6.1
[INFO] [stderr]   Downloaded bincode v1.3.1
[INFO] [stderr]   Downloaded raw-cpuid v7.0.3
[INFO] [stderr]   Downloaded object v0.21.1
[INFO] [stderr]   Downloaded scroll_derive v0.10.4
[INFO] [stderr]   Downloaded cranelift-bforest v0.68.0
[INFO] [stderr]   Downloaded blake2 v0.8.1
[INFO] [stderr]   Downloaded shared_child v0.3.4
[INFO] [stderr]   Downloaded config v0.10.1
[INFO] [stderr]   Downloaded common-multipart-rfc7578 v0.2.0-rc
[INFO] [stderr]   Downloaded pin-project-internal v1.0.1
[INFO] [stderr]   Downloaded ethabi v12.0.0
[INFO] [stderr]   Downloaded addr2line v0.14.0
[INFO] [stderr]   Downloaded isatty v0.1.9
[INFO] [stderr]   Downloaded wasm-bindgen-futures v0.4.18
[INFO] [stderr]   Downloaded slog-envlogger v2.2.0
[INFO] [stderr]   Downloaded slog v2.5.2
[INFO] [stderr]   Downloaded slog-term v2.6.0
[INFO] [stderr]   Downloaded assert_cli v0.6.3
[INFO] [stderr]   Downloaded env_logger v0.8.2
[INFO] [stderr]   Downloaded git-testament-derive v0.1.10
[INFO] [stderr]   Downloaded errno v0.2.7
[INFO] [stderr]   Downloaded cranelift-frontend v0.68.0
[INFO] [stderr]   Downloaded cranelift-wasm v0.68.0
[INFO] [stderr]   Downloaded safemem v0.2.0
[INFO] [stderr]   Downloaded postgres-protocol v0.3.2
[INFO] [stderr]   Downloaded parity-scale-codec v1.3.5
[INFO] [stderr]   Downloaded zeroize v1.1.1
[INFO] [stderr]   Downloaded uuid v0.8.1
[INFO] [stderr]   Downloaded anyhow v1.0.35
[INFO] [stderr]   Downloaded slog-scope v4.3.0
[INFO] [stderr]   Downloaded environment v0.1.1
[INFO] [stderr]   Downloaded termcolor v1.1.0
[INFO] [stderr]   Downloaded wasm-bindgen-backend v0.2.68
[INFO] [stderr]   Downloaded derive_state_machine_future v0.2.0
[INFO] [stderr]   Downloaded wasm-bindgen-macro-support v0.2.68
[INFO] [stderr]   Downloaded instant v0.1.8
[INFO] [stderr]   Downloaded tokio-timer v0.1.2
[INFO] [stderr]   Downloaded net2 v0.2.35
[INFO] [stderr]   Downloaded hmac v0.5.0
[INFO] [stderr]   Downloaded toml v0.5.7
[INFO] [stderr]   Downloaded wasmtime-jit v0.21.0
[INFO] [stderr]   Downloaded radium v0.3.0
[INFO] [stderr]   Downloaded defer v0.1.0
[INFO] [stderr]   Downloaded data-encoding v2.3.1
[INFO] [stderr]   Downloaded rlp v0.4.6
[INFO] [stderr]   Downloaded dirs v3.0.1
[INFO] [stderr]   Downloaded traitobject v0.1.0
[INFO] [stderr]   Downloaded primitive-types v0.7.3
[INFO] [stderr]   Downloaded region v2.2.0
[INFO] [stderr]   Downloaded rent_to_own v0.1.0
[INFO] running `Command { std: "docker" "create" "-v" "/var/lib/crater-agent-workspace/builds/worker-0-tc1/target:/opt/rustwide/target:rw,Z" "-v" "/var/lib/crater-agent-workspace/builds/worker-0-tc1/source:/opt/rustwide/workdir:ro,Z" "-v" "/var/lib/crater-agent-workspace/cargo-home:/opt/rustwide/cargo-home:ro,Z" "-v" "/var/lib/crater-agent-workspace/rustup-home:/opt/rustwide/rustup-home:ro,Z" "-e" "SOURCE_DIR=/opt/rustwide/workdir" "-e" "CARGO_TARGET_DIR=/opt/rustwide/target" "-e" "CARGO_HOME=/opt/rustwide/cargo-home" "-e" "RUSTUP_HOME=/opt/rustwide/rustup-home" "-w" "/opt/rustwide/workdir" "-m" "1610612736" "--user" "0:0" "--network" "none" "ghcr.io/rust-lang/crates-build-env/linux@sha256:2788e3201cd34a07e3172128adcd8b3090168a8e3bcc40d7c032b9dda1df7d1c" "/opt/rustwide/cargo-home/bin/cargo" "+1.75.0" "metadata" "--no-deps" "--format-version=1", kill_on_drop: false }`
[INFO] [stdout] 4fa6a554ee22a4745fe4f3002e9fc5669830ca5b3688cac72e2c8a9ff6271264
[INFO] running `Command { std: "docker" "start" "-a" "4fa6a554ee22a4745fe4f3002e9fc5669830ca5b3688cac72e2c8a9ff6271264", kill_on_drop: false }`
[INFO] running `Command { std: "docker" "inspect" "4fa6a554ee22a4745fe4f3002e9fc5669830ca5b3688cac72e2c8a9ff6271264", kill_on_drop: false }`
[INFO] running `Command { std: "docker" "rm" "-f" "4fa6a554ee22a4745fe4f3002e9fc5669830ca5b3688cac72e2c8a9ff6271264", kill_on_drop: false }`
[INFO] [stdout] 4fa6a554ee22a4745fe4f3002e9fc5669830ca5b3688cac72e2c8a9ff6271264
[INFO] running `Command { std: "docker" "create" "-v" "/var/lib/crater-agent-workspace/builds/worker-0-tc1/target:/opt/rustwide/target:rw,Z" "-v" "/var/lib/crater-agent-workspace/builds/worker-0-tc1/source:/opt/rustwide/workdir:ro,Z" "-v" "/var/lib/crater-agent-workspace/cargo-home:/opt/rustwide/cargo-home:ro,Z" "-v" "/var/lib/crater-agent-workspace/rustup-home:/opt/rustwide/rustup-home:ro,Z" "-e" "SOURCE_DIR=/opt/rustwide/workdir" "-e" "CARGO_TARGET_DIR=/opt/rustwide/target" "-e" "CARGO_INCREMENTAL=0" "-e" "RUST_BACKTRACE=full" "-e" "RUSTFLAGS=--cap-lints=warn" "-e" "RUSTDOCFLAGS=--cap-lints=warn" "-e" "CARGO_HOME=/opt/rustwide/cargo-home" "-e" "RUSTUP_HOME=/opt/rustwide/rustup-home" "-w" "/opt/rustwide/workdir" "-m" "1610612736" "--user" "0:0" "--network" "none" "ghcr.io/rust-lang/crates-build-env/linux@sha256:2788e3201cd34a07e3172128adcd8b3090168a8e3bcc40d7c032b9dda1df7d1c" "/opt/rustwide/cargo-home/bin/cargo" "+1.75.0" "build" "--frozen" "--message-format=json", kill_on_drop: false }`
[INFO] [stdout] 0ca031e63ffdc5522ed68c60362a27f99b88a594ecba87f5bc25da78e22debcc
[INFO] running `Command { std: "docker" "start" "-a" "0ca031e63ffdc5522ed68c60362a27f99b88a594ecba87f5bc25da78e22debcc", kill_on_drop: false }`
[INFO] [stderr]    Compiling libc v0.2.80
[INFO] [stderr]    Compiling autocfg v1.0.1
[INFO] [stderr]    Compiling proc-macro2 v1.0.24
[INFO] [stderr]    Compiling unicode-xid v0.2.1
[INFO] [stderr]    Compiling syn v1.0.48
[INFO] [stderr]    Compiling log v0.4.11
[INFO] [stderr]    Compiling lazy_static v1.4.0
[INFO] [stderr]    Compiling byteorder v1.3.4
[INFO] [stderr]    Compiling serde_derive v1.0.117
[INFO] [stderr]    Compiling serde v1.0.117
[INFO] [stderr]    Compiling either v1.6.1
[INFO] [stderr]    Compiling futures v0.1.30
[INFO] [stderr]    Compiling fnv v1.0.7
[INFO] [stderr]    Compiling memchr v2.3.4
[INFO] [stderr]    Compiling scopeguard v1.1.0
[INFO] [stderr]    Compiling slab v0.4.2
[INFO] [stderr]    Compiling typenum v1.12.0
[INFO] [stderr]    Compiling semver-parser v0.7.0
[INFO] [stderr]    Compiling itoa v0.4.6
[INFO] [stderr]    Compiling bitflags v1.2.1
[INFO] [stderr]    Compiling hashbrown v0.9.1
[INFO] [stderr]    Compiling semver v0.9.0
[INFO] [stderr]    Compiling version_check v0.9.2
[INFO] [stderr]    Compiling smallvec v1.4.2
[INFO] [stderr]    Compiling indexmap v1.6.0
[INFO] [stderr]    Compiling crossbeam-utils v0.7.2
[INFO] [stderr]    Compiling maybe-uninit v2.0.0
[INFO] [stderr]    Compiling rustc_version v0.2.3
[INFO] [stderr]    Compiling memoffset v0.5.6
[INFO] [stderr]    Compiling num-traits v0.2.14
[INFO] [stderr]    Compiling getrandom v0.1.15
[INFO] [stderr]    Compiling bytes v0.5.6
[INFO] [stderr]    Compiling matches v0.1.8
[INFO] [stderr]    Compiling tinyvec_macros v0.1.0
[INFO] [stderr]    Compiling tinyvec v1.0.1
[INFO] [stderr]    Compiling ryu v1.0.5
[INFO] [stderr]    Compiling unicode-bidi v0.3.4
[INFO] [stderr]    Compiling thread_local v1.0.1
[INFO] [stderr]    Compiling futures-core v0.3.8
[INFO] [stderr]    Compiling parking_lot_core v0.6.2
[INFO] [stderr]    Compiling rand_core v0.4.2
[INFO] [stderr]    Compiling ppv-lite86 v0.2.10
[INFO] [stderr]    Compiling jobserver v0.1.21
[INFO] [stderr]    Compiling iovec v0.1.4
[INFO] [stderr]    Compiling num_cpus v1.13.0
[INFO] [stderr]    Compiling net2 v0.2.35
[INFO] [stderr]    Compiling bytes v0.4.12
[INFO] [stderr]    Compiling cc v1.0.62
[INFO] [stderr]    Compiling quote v1.0.7
[INFO] [stderr]    Compiling mio v0.6.22
[INFO] [stderr]    Compiling rand_core v0.5.1
[INFO] [stderr]    Compiling parking_lot v0.9.0
[INFO] [stderr]    Compiling tokio-executor v0.1.10
[INFO] [stderr]    Compiling smallvec v0.6.13
[INFO] [stderr]    Compiling aho-corasick v0.7.15
[INFO] [stderr]    Compiling rand_chacha v0.2.2
[INFO] [stderr]    Compiling unicode-normalization v0.1.14
[INFO] [stderr]    Compiling num-integer v0.1.44
[INFO] [stderr]    Compiling lock_api v0.3.4
[INFO] [stderr]    Compiling tokio-io v0.1.13
[INFO] [stderr]    Compiling pkg-config v0.3.19
[INFO] [stderr]    Compiling regex-syntax v0.6.21
[INFO] [stderr]    Compiling httparse v1.3.4
[INFO] [stderr]    Compiling futures-sink v0.3.8
[INFO] [stderr]    Compiling proc-macro-hack v0.5.19
[INFO] [stderr]    Compiling rand v0.7.3
[INFO] [stderr]    Compiling mio-uds v0.6.8
[INFO] [stderr]    Compiling crossbeam-epoch v0.8.2
[INFO] [stderr]    Compiling serde_json v1.0.59
[INFO] [stderr]    Compiling proc-macro-nested v0.1.6
[INFO] [stderr]    Compiling pin-project-lite v0.1.11
[INFO] [stderr]    Compiling tokio-sync v0.1.8
[INFO] [stderr]    Compiling static_assertions v1.1.0
[INFO] [stderr]    Compiling once_cell v1.5.2
[INFO] [stderr]    Compiling futures-channel v0.3.8
[INFO] [stderr]    Compiling futures-task v0.3.8
[INFO] [stderr]    Compiling openssl-sys v0.9.58
[INFO] [stderr]    Compiling rand_core v0.3.1
[INFO] [stderr]    Compiling arrayvec v0.5.2
[INFO] [stderr]    Compiling futures-io v0.3.8
[INFO] [stderr]    Compiling pin-utils v0.1.0
[INFO] [stderr]    Compiling tokio-codec v0.1.2
[INFO] [stderr]    Compiling crossbeam-queue v0.2.3
[INFO] [stderr]    Compiling time v0.1.44
[INFO] [stderr]    Compiling foreign-types-shared v0.1.1
[INFO] [stderr]    Compiling anyhow v1.0.35
[INFO] [stderr]    Compiling tokio-reactor v0.1.12
[INFO] [stderr]    Compiling pin-project-internal v0.4.27
[INFO] [stderr]    Compiling crossbeam-deque v0.7.3
[INFO] [stderr]    Compiling openssl v0.10.30
[INFO] [stderr]    Compiling crunchy v0.2.2
[INFO] [stderr]    Compiling try-lock v0.2.3
[INFO] [stderr]    Compiling foreign-types v0.3.2
[INFO] [stderr]    Compiling tokio-threadpool v0.1.18
[INFO] [stderr]    Compiling http v0.2.1
[INFO] [stderr]    Compiling instant v0.1.8
[INFO] [stderr]    Compiling rustc-hex v2.1.0
[INFO] [stderr]    Compiling autocfg v0.1.7
[INFO] [stderr]    Compiling native-tls v0.2.6
[INFO] [stderr]    Compiling parking_lot_core v0.8.0
[INFO] [stderr]    Compiling tokio-uds v0.2.7
[INFO] [stderr]    Compiling tokio-tcp v0.1.4
[INFO] [stderr]    Compiling tokio-udp v0.1.6
[INFO] [stderr]    Compiling tokio-current-thread v0.1.7
[INFO] [stderr]    Compiling tokio-timer v0.2.13
[INFO] [stderr] The following warnings were emitted during compilation:
[INFO] [stderr] 
[INFO] [stderr] warning: openssl-sys@0.9.58: build/expando.c:4:24: error: pasting "RUST_VERSION_OPENSSL_" and "(" does not give a valid preprocessing token
[INFO] [stderr] warning: openssl-sys@0.9.58:     4 | #define VERSION2(n, v) RUST_VERSION_##n##_##v
[INFO] [stderr] warning: openssl-sys@0.9.58:       |                        ^~~~~~~~~~~~~
[INFO] [stderr] warning: openssl-sys@0.9.58: build/expando.c:5:23: note: in expansion of macro 'VERSION2'
[INFO] [stderr] warning: openssl-sys@0.9.58:     5 | #define VERSION(n, v) VERSION2(n, v)
[INFO] [stderr] warning: openssl-sys@0.9.58:       |                       ^~~~~~~~
[INFO] [stderr] warning: openssl-sys@0.9.58: build/expando.c:10:1: note: in expansion of macro 'VERSION'
[INFO] [stderr] warning: openssl-sys@0.9.58:    10 | VERSION(OPENSSL, OPENSSL_VERSION_NUMBER)
[INFO] [stderr] warning: openssl-sys@0.9.58:       | ^~~~~~~
[INFO] [stderr] 
[INFO] [stderr] error: failed to run custom build command for `openssl-sys v0.9.58`
[INFO] [stderr] note: To improve backtraces for build dependencies, set the CARGO_PROFILE_DEV_BUILD_OVERRIDE_DEBUG=true environment variable to enable debug information generation.
[INFO] [stderr] 
[INFO] [stderr] Caused by:
[INFO] [stderr]   process didn't exit successfully: `/opt/rustwide/target/debug/build/openssl-sys-8f99779d47747893/build-script-main` (exit status: 101)
[INFO] [stderr]   --- stdout
[INFO] [stderr]   cargo:rustc-cfg=const_fn
[INFO] [stderr]   cargo:rerun-if-env-changed=X86_64_UNKNOWN_LINUX_GNU_OPENSSL_LIB_DIR
[INFO] [stderr]   X86_64_UNKNOWN_LINUX_GNU_OPENSSL_LIB_DIR unset
[INFO] [stderr]   cargo:rerun-if-env-changed=OPENSSL_LIB_DIR
[INFO] [stderr]   OPENSSL_LIB_DIR unset
[INFO] [stderr]   cargo:rerun-if-env-changed=X86_64_UNKNOWN_LINUX_GNU_OPENSSL_INCLUDE_DIR
[INFO] [stderr]   X86_64_UNKNOWN_LINUX_GNU_OPENSSL_INCLUDE_DIR unset
[INFO] [stderr]   cargo:rerun-if-env-changed=OPENSSL_INCLUDE_DIR
[INFO] [stderr]   OPENSSL_INCLUDE_DIR unset
[INFO] [stderr]   cargo:rerun-if-env-changed=X86_64_UNKNOWN_LINUX_GNU_OPENSSL_DIR
[INFO] [stderr]   X86_64_UNKNOWN_LINUX_GNU_OPENSSL_DIR unset
[INFO] [stderr]   cargo:rerun-if-env-changed=OPENSSL_DIR
[INFO] [stderr]   OPENSSL_DIR unset
[INFO] [stderr]   cargo:rerun-if-env-changed=OPENSSL_NO_PKG_CONFIG
[INFO] [stderr]   cargo:rerun-if-env-changed=PKG_CONFIG
[INFO] [stderr]   cargo:rerun-if-env-changed=OPENSSL_STATIC
[INFO] [stderr]   cargo:rerun-if-env-changed=OPENSSL_DYNAMIC
[INFO] [stderr]   cargo:rerun-if-env-changed=PKG_CONFIG_ALL_STATIC
[INFO] [stderr]   cargo:rerun-if-env-changed=PKG_CONFIG_ALL_DYNAMIC
[INFO] [stderr]   cargo:rerun-if-env-changed=PKG_CONFIG_PATH_x86_64-unknown-linux-gnu
[INFO] [stderr]   cargo:rerun-if-env-changed=PKG_CONFIG_PATH_x86_64_unknown_linux_gnu
[INFO] [stderr]   cargo:rerun-if-env-changed=HOST_PKG_CONFIG_PATH
[INFO] [stderr]   cargo:rerun-if-env-changed=PKG_CONFIG_PATH
[INFO] [stderr]   cargo:rerun-if-env-changed=PKG_CONFIG_LIBDIR_x86_64-unknown-linux-gnu
[INFO] [stderr]   cargo:rerun-if-env-changed=PKG_CONFIG_LIBDIR_x86_64_unknown_linux_gnu
[INFO] [stderr]   cargo:rerun-if-env-changed=HOST_PKG_CONFIG_LIBDIR
[INFO] [stderr]   cargo:rerun-if-env-changed=PKG_CONFIG_LIBDIR
[INFO] [stderr]   cargo:rerun-if-env-changed=PKG_CONFIG_SYSROOT_DIR_x86_64-unknown-linux-gnu
[INFO] [stderr]   cargo:rerun-if-env-changed=PKG_CONFIG_SYSROOT_DIR_x86_64_unknown_linux_gnu
[INFO] [stderr]   cargo:rerun-if-env-changed=HOST_PKG_CONFIG_SYSROOT_DIR
[INFO] [stderr]   cargo:rerun-if-env-changed=PKG_CONFIG_SYSROOT_DIR
[INFO] [stderr]   cargo:rerun-if-env-changed=PKG_CONFIG_SYSROOT_DIR
[INFO] [stderr]   cargo:rerun-if-env-changed=SYSROOT
[INFO] [stderr]   cargo:rerun-if-env-changed=OPENSSL_STATIC
[INFO] [stderr]   cargo:rerun-if-env-changed=OPENSSL_DYNAMIC
[INFO] [stderr]   cargo:rerun-if-env-changed=PKG_CONFIG_ALL_STATIC
[INFO] [stderr]   cargo:rerun-if-env-changed=PKG_CONFIG_ALL_DYNAMIC
[INFO] [stderr]   cargo:rustc-link-lib=ssl
[INFO] [stderr]   cargo:rustc-link-lib=crypto
[INFO] [stderr]   cargo:rerun-if-env-changed=PKG_CONFIG
[INFO] [stderr]   cargo:rerun-if-env-changed=OPENSSL_STATIC
[INFO] [stderr]   cargo:rerun-if-env-changed=OPENSSL_DYNAMIC
[INFO] [stderr]   cargo:rerun-if-env-changed=PKG_CONFIG_ALL_STATIC
[INFO] [stderr]   cargo:rerun-if-env-changed=PKG_CONFIG_ALL_DYNAMIC
[INFO] [stderr]   cargo:rerun-if-env-changed=PKG_CONFIG_PATH_x86_64-unknown-linux-gnu
[INFO] [stderr]   cargo:rerun-if-env-changed=PKG_CONFIG_PATH_x86_64_unknown_linux_gnu
[INFO] [stderr]   cargo:rerun-if-env-changed=HOST_PKG_CONFIG_PATH
[INFO] [stderr]   cargo:rerun-if-env-changed=PKG_CONFIG_PATH
[INFO] [stderr]   cargo:rerun-if-env-changed=PKG_CONFIG_LIBDIR_x86_64-unknown-linux-gnu
[INFO] [stderr]   cargo:rerun-if-env-changed=PKG_CONFIG_LIBDIR_x86_64_unknown_linux_gnu
[INFO] [stderr]   cargo:rerun-if-env-changed=HOST_PKG_CONFIG_LIBDIR
[INFO] [stderr]   cargo:rerun-if-env-changed=PKG_CONFIG_LIBDIR
[INFO] [stderr]   cargo:rerun-if-env-changed=PKG_CONFIG_SYSROOT_DIR_x86_64-unknown-linux-gnu
[INFO] [stderr]   cargo:rerun-if-env-changed=PKG_CONFIG_SYSROOT_DIR_x86_64_unknown_linux_gnu
[INFO] [stderr]   cargo:rerun-if-env-changed=HOST_PKG_CONFIG_SYSROOT_DIR
[INFO] [stderr]   cargo:rerun-if-env-changed=PKG_CONFIG_SYSROOT_DIR
[INFO] [stderr]   OPT_LEVEL = Some("0")
[INFO] [stderr]   TARGET = Some("x86_64-unknown-linux-gnu")
[INFO] [stderr]   HOST = Some("x86_64-unknown-linux-gnu")
[INFO] [stderr]   CC_x86_64-unknown-linux-gnu = None
[INFO] [stderr]   CC_x86_64_unknown_linux_gnu = None
[INFO] [stderr]   HOST_CC = None
[INFO] [stderr]   CC = None
[INFO] [stderr]   CFLAGS_x86_64-unknown-linux-gnu = None
[INFO] [stderr]   CFLAGS_x86_64_unknown_linux_gnu = None
[INFO] [stderr]   HOST_CFLAGS = None
[INFO] [stderr]   CFLAGS = None
[INFO] [stderr]   CRATE_CC_NO_DEFAULTS = None
[INFO] [stderr]   DEBUG = Some("true")
[INFO] [stderr]   CARGO_CFG_TARGET_FEATURE = Some("fxsr,sse,sse2")
[INFO] [stderr]   running: "cc" "-O0" "-ffunction-sections" "-fdata-sections" "-fPIC" "-g" "-fno-omit-frame-pointer" "-m64" "-I" "/usr/include" "-Wall" "-Wextra" "-E" "build/expando.c"
[INFO] [stderr]   cargo:warning=build/expando.c:4:24: error: pasting "RUST_VERSION_OPENSSL_" and "(" does not give a valid preprocessing token
[INFO] [stderr]   cargo:warning=    4 | #define VERSION2(n, v) RUST_VERSION_##n##_##v
[INFO] [stderr]   cargo:warning=      |                        ^~~~~~~~~~~~~
[INFO] [stderr]   cargo:warning=build/expando.c:5:23: note: in expansion of macro 'VERSION2'
[INFO] [stderr]   cargo:warning=    5 | #define VERSION(n, v) VERSION2(n, v)
[INFO] [stderr]   cargo:warning=      |                       ^~~~~~~~
[INFO] [stderr]   cargo:warning=build/expando.c:10:1: note: in expansion of macro 'VERSION'
[INFO] [stderr]   cargo:warning=   10 | VERSION(OPENSSL, OPENSSL_VERSION_NUMBER)
[INFO] [stderr]   cargo:warning=      | ^~~~~~~
[INFO] [stderr]   exit status: 1
[INFO] [stderr] 
[INFO] [stderr]   --- stderr
[INFO] [stderr]   thread 'main' panicked at /opt/rustwide/cargo-home/registry/src/index.crates.io-6f17d22bba15001f/openssl-sys-0.9.58/build/main.rs:140:13:
[INFO] [stderr] 
[INFO] [stderr]   Header expansion error:
[INFO] [stderr]   Error { kind: ToolExecError, message: "Command \"cc\" \"-O0\" \"-ffunction-sections\" \"-fdata-sections\" \"-fPIC\" \"-g\" \"-fno-omit-frame-pointer\" \"-m64\" \"-I\" \"/usr/include\" \"-Wall\" \"-Wextra\" \"-E\" \"build/expando.c\" with args \"cc\" did not execute successfully (status code exit status: 1)." }
[INFO] [stderr] 
[INFO] [stderr]   Failed to find OpenSSL development headers.
[INFO] [stderr] 
[INFO] [stderr]   You can try fixing this setting the `OPENSSL_DIR` environment variable
[INFO] [stderr]   pointing to your OpenSSL installation or installing OpenSSL headers package
[INFO] [stderr]   specific to your distribution:
[INFO] [stderr] 
[INFO] [stderr]       # On Ubuntu
[INFO] [stderr]       sudo apt-get install libssl-dev
[INFO] [stderr]       # On Arch Linux
[INFO] [stderr]       sudo pacman -S openssl
[INFO] [stderr]       # On Fedora
[INFO] [stderr]       sudo dnf install openssl-devel
[INFO] [stderr] 
[INFO] [stderr]   See rust-openssl README for more information:
[INFO] [stderr] 
[INFO] [stderr]       https://github.com/sfackler/rust-openssl#linux
[INFO] [stderr] 
[INFO] [stderr]   stack backtrace:
[INFO] [stderr]      0:     0x55beaf4b374c - std::backtrace_rs::backtrace::libunwind::trace::ha637c64ce894333a
[INFO] [stderr]                                  at /rustc/82e1608dfa6e0b5569232559e3d385fea5a93112/library/std/src/../../backtrace/src/backtrace/libunwind.rs:104:5
[INFO] [stderr]      1:     0x55beaf4b374c - std::backtrace_rs::backtrace::trace_unsynchronized::h47f62dea28e0c88d
[INFO] [stderr]                                  at /rustc/82e1608dfa6e0b5569232559e3d385fea5a93112/library/std/src/../../backtrace/src/backtrace/mod.rs:66:5
[INFO] [stderr]      2:     0x55beaf4b374c - std::sys_common::backtrace::_print_fmt::h9eef0abe20ede486
[INFO] [stderr]                                  at /rustc/82e1608dfa6e0b5569232559e3d385fea5a93112/library/std/src/sys_common/backtrace.rs:67:5
[INFO] [stderr]      3:     0x55beaf4b374c - <std::sys_common::backtrace::_print::DisplayBacktrace as core::fmt::Display>::fmt::hed7f999df88cc644
[INFO] [stderr]                                  at /rustc/82e1608dfa6e0b5569232559e3d385fea5a93112/library/std/src/sys_common/backtrace.rs:44:22
[INFO] [stderr]      4:     0x55beaf4d98b0 - core::fmt::rt::Argument::fmt::h1539a9308b8d058d
[INFO] [stderr]                                  at /rustc/82e1608dfa6e0b5569232559e3d385fea5a93112/library/core/src/fmt/rt.rs:142:9
[INFO] [stderr]      5:     0x55beaf4d98b0 - core::fmt::write::h3a39390d8560d9c9
[INFO] [stderr]                                  at /rustc/82e1608dfa6e0b5569232559e3d385fea5a93112/library/core/src/fmt/mod.rs:1120:17
[INFO] [stderr]      6:     0x55beaf4b108f - std::io::Write::write_fmt::h5fc9997dfe05f882
[INFO] [stderr]                                  at /rustc/82e1608dfa6e0b5569232559e3d385fea5a93112/library/std/src/io/mod.rs:1762:15
[INFO] [stderr]      7:     0x55beaf4b3534 - std::sys_common::backtrace::_print::h894006fb5c6f3d45
[INFO] [stderr]                                  at /rustc/82e1608dfa6e0b5569232559e3d385fea5a93112/library/std/src/sys_common/backtrace.rs:47:5
[INFO] [stderr]      8:     0x55beaf4b3534 - std::sys_common::backtrace::print::h23a2d212c6fff936
[INFO] [stderr]                                  at /rustc/82e1608dfa6e0b5569232559e3d385fea5a93112/library/std/src/sys_common/backtrace.rs:34:9
[INFO] [stderr]      9:     0x55beaf4b4d47 - std::panicking::default_hook::{{closure}}::h8a1d2ee00185001a
[INFO] [stderr]     10:     0x55beaf4b4aaf - std::panicking::default_hook::h6038f2eba384e475
[INFO] [stderr]                                  at /rustc/82e1608dfa6e0b5569232559e3d385fea5a93112/library/std/src/panicking.rs:292:9
[INFO] [stderr]     11:     0x55beaf4b51c8 - std::panicking::rust_panic_with_hook::h2b5517d590cab22e
[INFO] [stderr]                                  at /rustc/82e1608dfa6e0b5569232559e3d385fea5a93112/library/std/src/panicking.rs:779:13
[INFO] [stderr]     12:     0x55beaf4b50ae - std::panicking::begin_panic_handler::{{closure}}::h233112c06e0ef43e
[INFO] [stderr]                                  at /rustc/82e1608dfa6e0b5569232559e3d385fea5a93112/library/std/src/panicking.rs:657:13
[INFO] [stderr]     13:     0x55beaf4b3c16 - std::sys_common::backtrace::__rust_end_short_backtrace::h6e893f24d7ebbff8
[INFO] [stderr]                                  at /rustc/82e1608dfa6e0b5569232559e3d385fea5a93112/library/std/src/sys_common/backtrace.rs:170:18
[INFO] [stderr]     14:     0x55beaf4b4e12 - rust_begin_unwind
[INFO] [stderr]                                  at /rustc/82e1608dfa6e0b5569232559e3d385fea5a93112/library/std/src/panicking.rs:645:5
[INFO] [stderr]     15:     0x55beaf41d685 - core::panicking::panic_fmt::hbf0e066aabfa482c
[INFO] [stderr]                                  at /rustc/82e1608dfa6e0b5569232559e3d385fea5a93112/library/core/src/panicking.rs:72:14
[INFO] [stderr]     16:     0x55beaf42553a - build_script_main::validate_headers::hc6fec8f9fb180b24
[INFO] [stderr]     17:     0x55beaf422152 - build_script_main::find_normal::try_pkg_config::hbb74f8e15044d2bb
[INFO] [stderr]     18:     0x55beaf421264 - build_script_main::find_normal::find_openssl_dir::h51368261e57c4468
[INFO] [stderr]     19:     0x55beaf421102 - build_script_main::find_normal::get_openssl::{{closure}}::hccb40a873cc1d8a8
[INFO] [stderr]     20:     0x55beaf41e979 - core::option::Option<T>::unwrap_or_else::h96dba101b7d981a8
[INFO] [stderr]     21:     0x55beaf420ebe - build_script_main::find_normal::get_openssl::h45a21780e1df6a69
[INFO] [stderr]     22:     0x55beaf422e2d - build_script_main::find_openssl::h0dbdc00170ca9bca
[INFO] [stderr]     23:     0x55beaf422f0d - build_script_main::main::ha633c853e6032a1a
[INFO] [stderr]     24:     0x55beaf4291a3 - core::ops::function::FnOnce::call_once::hc72a9b8458888240
[INFO] [stderr]     25:     0x55beaf428cd6 - std::sys_common::backtrace::__rust_begin_short_backtrace::h737c4725d8d92d34
[INFO] [stderr]     26:     0x55beaf41e2c9 - std::rt::lang_start::{{closure}}::h4b6cf99c24a06eb7
[INFO] [stderr]     27:     0x55beaf4ad367 - core::ops::function::impls::<impl core::ops::function::FnOnce<A> for &F>::call_once::hd95060ecd5e1ca24
[INFO] [stderr]                                  at /rustc/82e1608dfa6e0b5569232559e3d385fea5a93112/library/core/src/ops/function.rs:284:13
[INFO] [stderr]     28:     0x55beaf4ad367 - std::panicking::try::do_call::h6e8cf51db32a6e4b
[INFO] [stderr]                                  at /rustc/82e1608dfa6e0b5569232559e3d385fea5a93112/library/std/src/panicking.rs:552:40
[INFO] [stderr]     29:     0x55beaf4ad367 - std::panicking::try::h3a52eefe24fe3c29
[INFO] [stderr]                                  at /rustc/82e1608dfa6e0b5569232559e3d385fea5a93112/library/std/src/panicking.rs:516:19
[INFO] [stderr]     30:     0x55beaf4ad367 - std::panic::catch_unwind::h24c28c23c02c3841
[INFO] [stderr]                                  at /rustc/82e1608dfa6e0b5569232559e3d385fea5a93112/library/std/src/panic.rs:142:14
[INFO] [stderr]     31:     0x55beaf4ad367 - std::rt::lang_start_internal::{{closure}}::h705d3c9cbc06ef47
[INFO] [stderr]                                  at /rustc/82e1608dfa6e0b5569232559e3d385fea5a93112/library/std/src/rt.rs:148:48
[INFO] [stderr]     32:     0x55beaf4ad367 - std::panicking::try::do_call::ha21f52ba13158470
[INFO] [stderr]                                  at /rustc/82e1608dfa6e0b5569232559e3d385fea5a93112/library/std/src/panicking.rs:552:40
[INFO] [stderr]     33:     0x55beaf4ad367 - std::panicking::try::h5581346bf6aeb1f8
[INFO] [stderr]                                  at /rustc/82e1608dfa6e0b5569232559e3d385fea5a93112/library/std/src/panicking.rs:516:19
[INFO] [stderr]     34:     0x55beaf4ad367 - std::panic::catch_unwind::h7919645a6b72e25b
[INFO] [stderr]                                  at /rustc/82e1608dfa6e0b5569232559e3d385fea5a93112/library/std/src/panic.rs:142:14
[INFO] [stderr]     35:     0x55beaf4ad367 - std::rt::lang_start_internal::h12de51168669836e
[INFO] [stderr]                                  at /rustc/82e1608dfa6e0b5569232559e3d385fea5a93112/library/std/src/rt.rs:148:20
[INFO] [stderr]     36:     0x55beaf41e2a7 - std::rt::lang_start::h78d47578bf85e508
[INFO] [stderr]     37:     0x55beaf426285 - main
[INFO] [stderr]     38:     0x7f7a8a29ed90 - <unknown>
[INFO] [stderr]     39:     0x7f7a8a29ee40 - __libc_start_main
[INFO] [stderr]     40:     0x55beaf41de95 - _start
[INFO] [stderr]     41:                0x0 - <unknown>
[INFO] [stderr] warning: build failed, waiting for other jobs to finish...
[INFO] running `Command { std: "docker" "inspect" "0ca031e63ffdc5522ed68c60362a27f99b88a594ecba87f5bc25da78e22debcc", kill_on_drop: false }`
[INFO] running `Command { std: "docker" "rm" "-f" "0ca031e63ffdc5522ed68c60362a27f99b88a594ecba87f5bc25da78e22debcc", kill_on_drop: false }`
[INFO] [stdout] 0ca031e63ffdc5522ed68c60362a27f99b88a594ecba87f5bc25da78e22debcc
[INFO] testing Alphadaofinance/graph-node against beta-2023-12-22 for beta-1.76-1
[INFO] running `Command { std: "git" "clone" "/workspace/cache/git-repos/https%3A%2F%2Fgithub.com%2FAlphadaofinance%2Fgraph-node" "/workspace/builds/worker-0-tc2/source", kill_on_drop: false }`
[INFO] [stderr] Cloning into '/workspace/builds/worker-0-tc2/source'...
[INFO] [stderr] done.
[INFO] validating manifest of git repo https://github.com/Alphadaofinance/graph-node on toolchain beta-2023-12-22
[INFO] running `Command { std: CARGO_HOME="/workspace/cargo-home" RUSTUP_HOME="/workspace/rustup-home" "/workspace/cargo-home/bin/cargo" "+beta-2023-12-22" "metadata" "--manifest-path" "Cargo.toml" "--no-deps", kill_on_drop: false }`
[INFO] started tweaking git repo https://github.com/Alphadaofinance/graph-node
[INFO] finished tweaking git repo https://github.com/Alphadaofinance/graph-node
[INFO] tweaked toml for git repo https://github.com/Alphadaofinance/graph-node written to /workspace/builds/worker-0-tc2/source/Cargo.toml
[INFO] crate git repo https://github.com/Alphadaofinance/graph-node already has a lockfile, it will not be regenerated
[INFO] running `Command { std: CARGO_HOME="/workspace/cargo-home" RUSTUP_HOME="/workspace/rustup-home" "/workspace/cargo-home/bin/cargo" "+beta-2023-12-22" "fetch" "--manifest-path" "Cargo.toml", kill_on_drop: false }`
[INFO] running `Command { std: "docker" "create" "-v" "/var/lib/crater-agent-workspace/builds/worker-0-tc2/target:/opt/rustwide/target:rw,Z" "-v" "/var/lib/crater-agent-workspace/builds/worker-0-tc2/source:/opt/rustwide/workdir:ro,Z" "-v" "/var/lib/crater-agent-workspace/cargo-home:/opt/rustwide/cargo-home:ro,Z" "-v" "/var/lib/crater-agent-workspace/rustup-home:/opt/rustwide/rustup-home:ro,Z" "-e" "SOURCE_DIR=/opt/rustwide/workdir" "-e" "CARGO_TARGET_DIR=/opt/rustwide/target" "-e" "CARGO_HOME=/opt/rustwide/cargo-home" "-e" "RUSTUP_HOME=/opt/rustwide/rustup-home" "-w" "/opt/rustwide/workdir" "-m" "1610612736" "--user" "0:0" "--network" "none" "ghcr.io/rust-lang/crates-build-env/linux@sha256:2788e3201cd34a07e3172128adcd8b3090168a8e3bcc40d7c032b9dda1df7d1c" "/opt/rustwide/cargo-home/bin/cargo" "+beta-2023-12-22" "metadata" "--no-deps" "--format-version=1", kill_on_drop: false }`
[INFO] [stdout] 5a4ad0395ef263598372535876baa425ad117c2d74e324f5df5480a77afb076f
[INFO] running `Command { std: "docker" "start" "-a" "5a4ad0395ef263598372535876baa425ad117c2d74e324f5df5480a77afb076f", kill_on_drop: false }`
[INFO] running `Command { std: "docker" "inspect" "5a4ad0395ef263598372535876baa425ad117c2d74e324f5df5480a77afb076f", kill_on_drop: false }`
[INFO] running `Command { std: "docker" "rm" "-f" "5a4ad0395ef263598372535876baa425ad117c2d74e324f5df5480a77afb076f", kill_on_drop: false }`
[INFO] [stdout] 5a4ad0395ef263598372535876baa425ad117c2d74e324f5df5480a77afb076f
[INFO] running `Command { std: "docker" "create" "-v" "/var/lib/crater-agent-workspace/builds/worker-0-tc2/target:/opt/rustwide/target:rw,Z" "-v" "/var/lib/crater-agent-workspace/builds/worker-0-tc2/source:/opt/rustwide/workdir:ro,Z" "-v" "/var/lib/crater-agent-workspace/cargo-home:/opt/rustwide/cargo-home:ro,Z" "-v" "/var/lib/crater-agent-workspace/rustup-home:/opt/rustwide/rustup-home:ro,Z" "-e" "SOURCE_DIR=/opt/rustwide/workdir" "-e" "CARGO_TARGET_DIR=/opt/rustwide/target" "-e" "CARGO_INCREMENTAL=0" "-e" "RUST_BACKTRACE=full" "-e" "RUSTFLAGS=--cap-lints=warn" "-e" "RUSTDOCFLAGS=--cap-lints=warn" "-e" "CARGO_HOME=/opt/rustwide/cargo-home" "-e" "RUSTUP_HOME=/opt/rustwide/rustup-home" "-w" "/opt/rustwide/workdir" "-m" "1610612736" "--user" "0:0" "--network" "none" "ghcr.io/rust-lang/crates-build-env/linux@sha256:2788e3201cd34a07e3172128adcd8b3090168a8e3bcc40d7c032b9dda1df7d1c" "/opt/rustwide/cargo-home/bin/cargo" "+beta-2023-12-22" "build" "--frozen" "--message-format=json", kill_on_drop: false }`
[INFO] [stdout] 9a302b7355d596b3b4c91b6d8a579d62c813cd7d07e459ec1d5ccfb1cd170d65
[INFO] running `Command { std: "docker" "start" "-a" "9a302b7355d596b3b4c91b6d8a579d62c813cd7d07e459ec1d5ccfb1cd170d65", kill_on_drop: false }`
[INFO] [stderr]    Compiling libc v0.2.80
[INFO] [stderr]    Compiling autocfg v1.0.1
[INFO] [stderr]    Compiling proc-macro2 v1.0.24
[INFO] [stderr]    Compiling unicode-xid v0.2.1
[INFO] [stderr]    Compiling syn v1.0.48
[INFO] [stderr]    Compiling log v0.4.11
[INFO] [stderr]    Compiling lazy_static v1.4.0
[INFO] [stderr]    Compiling byteorder v1.3.4
[INFO] [stderr]    Compiling serde_derive v1.0.117
[INFO] [stderr]    Compiling serde v1.0.117
[INFO] [stderr]    Compiling either v1.6.1
[INFO] [stderr]    Compiling futures v0.1.30
[INFO] [stderr]    Compiling fnv v1.0.7
[INFO] [stderr]    Compiling memchr v2.3.4
[INFO] [stderr]    Compiling scopeguard v1.1.0
[INFO] [stderr]    Compiling slab v0.4.2
[INFO] [stderr]    Compiling semver-parser v0.7.0
[INFO] [stderr]    Compiling typenum v1.12.0
[INFO] [stderr]    Compiling itoa v0.4.6
[INFO] [stderr]    Compiling bitflags v1.2.1
[INFO] [stderr]    Compiling version_check v0.9.2
[INFO] [stderr]    Compiling hashbrown v0.9.1
[INFO] [stderr]    Compiling smallvec v1.4.2
[INFO] [stderr]    Compiling semver v0.9.0
[INFO] [stderr]    Compiling indexmap v1.6.0
[INFO] [stderr]    Compiling crossbeam-utils v0.7.2
[INFO] [stderr]    Compiling maybe-uninit v2.0.0
[INFO] [stderr]    Compiling memoffset v0.5.6
[INFO] [stderr]    Compiling num-traits v0.2.14
[INFO] [stderr]    Compiling matches v0.1.8
[INFO] [stderr]    Compiling tinyvec_macros v0.1.0
[INFO] [stderr]    Compiling bytes v0.5.6
[INFO] [stderr]    Compiling rustc_version v0.2.3
[INFO] [stderr]    Compiling getrandom v0.1.15
[INFO] [stderr]    Compiling tinyvec v1.0.1
[INFO] [stderr]    Compiling ryu v1.0.5
[INFO] [stderr]    Compiling unicode-bidi v0.3.4
[INFO] [stderr]    Compiling thread_local v1.0.1
[INFO] [stderr]    Compiling futures-core v0.3.8
[INFO] [stderr]    Compiling parking_lot_core v0.6.2
[INFO] [stderr]    Compiling ppv-lite86 v0.2.10
[INFO] [stderr]    Compiling rand_core v0.4.2
[INFO] [stderr]    Compiling quote v1.0.7
[INFO] [stderr]    Compiling smallvec v0.6.13
[INFO] [stderr]    Compiling jobserver v0.1.21
[INFO] [stderr]    Compiling iovec v0.1.4
[INFO] [stderr]    Compiling num_cpus v1.13.0
[INFO] [stderr]    Compiling net2 v0.2.35
[INFO] [stderr]    Compiling bytes v0.4.12
[INFO] [stderr]    Compiling cc v1.0.62
[INFO] [stderr]    Compiling parking_lot v0.9.0
[INFO] [stderr]    Compiling mio v0.6.22
[INFO] [stderr]    Compiling aho-corasick v0.7.15
[INFO] [stderr]    Compiling tokio-io v0.1.13
[INFO] [stderr]    Compiling tokio-executor v0.1.10
[INFO] [stderr]    Compiling rand_core v0.5.1
[INFO] [stderr]    Compiling num-integer v0.1.44
[INFO] [stderr]    Compiling lock_api v0.3.4
[INFO] [stderr]    Compiling pkg-config v0.3.19
[INFO] [stderr]    Compiling unicode-normalization v0.1.14
[INFO] [stderr]    Compiling rand_chacha v0.2.2
[INFO] [stderr]    Compiling proc-macro-hack v0.5.19
[INFO] [stderr]    Compiling futures-sink v0.3.8
[INFO] [stderr]    Compiling regex-syntax v0.6.21
[INFO] [stderr]    Compiling httparse v1.3.4
[INFO] [stderr]    Compiling crossbeam-epoch v0.8.2
[INFO] [stderr]    Compiling rand v0.7.3
[INFO] [stderr]    Compiling pin-project-lite v0.1.11
[INFO] [stderr]    Compiling proc-macro-nested v0.1.6
[INFO] [stderr]    Compiling serde_json v1.0.59
[INFO] [stderr]    Compiling mio-uds v0.6.8
[INFO] [stderr]    Compiling tokio-sync v0.1.8
[INFO] [stderr]    Compiling static_assertions v1.1.0
[INFO] [stderr]    Compiling once_cell v1.5.2
[INFO] [stderr]    Compiling futures-channel v0.3.8
[INFO] [stderr]    Compiling rand_core v0.3.1
[INFO] [stderr]    Compiling openssl-sys v0.9.58
[INFO] [stderr]    Compiling futures-task v0.3.8
[INFO] [stderr]    Compiling futures-io v0.3.8
[INFO] [stderr]    Compiling pin-utils v0.1.0
[INFO] [stderr]    Compiling arrayvec v0.5.2
[INFO] [stderr]    Compiling tokio-codec v0.1.2
[INFO] [stderr]    Compiling crossbeam-queue v0.2.3
[INFO] [stderr]    Compiling tokio-reactor v0.1.12
[INFO] [stderr]    Compiling crossbeam-deque v0.7.3
[INFO] [stderr]    Compiling time v0.1.44
[INFO] [stderr]    Compiling anyhow v1.0.35
[INFO] [stderr]    Compiling try-lock v0.2.3
[INFO] [stderr]    Compiling foreign-types-shared v0.1.1
[INFO] [stderr]    Compiling crunchy v0.2.2
[INFO] [stderr]    Compiling openssl v0.10.30
[INFO] [stderr]    Compiling pin-project-internal v0.4.27
[INFO] [stderr]    Compiling foreign-types v0.3.2
[INFO] [stderr]    Compiling http v0.2.1
[INFO] [stderr]    Compiling tokio-threadpool v0.1.18
[INFO] [stderr]    Compiling instant v0.1.8
[INFO] [stderr]    Compiling autocfg v0.1.7
[INFO] [stderr]    Compiling rustc-hex v2.1.0
[INFO] [stderr]    Compiling native-tls v0.2.6
[INFO] [stderr]    Compiling tokio-tcp v0.1.4
[INFO] [stderr]    Compiling tokio-udp v0.1.6
[INFO] [stderr]    Compiling tokio-uds v0.2.7
[INFO] [stderr]    Compiling parking_lot_core v0.8.0
[INFO] [stderr]    Compiling tokio-timer v0.2.13
[INFO] [stderr]    Compiling tokio-current-thread v0.1.7
[INFO] [stderr]    Compiling atty v0.2.14
[INFO] [stderr] The following warnings were emitted during compilation:
[INFO] [stderr] 
[INFO] [stderr] warning: openssl-sys@0.9.58: build/expando.c:4:24: error: pasting "RUST_VERSION_OPENSSL_" and "(" does not give a valid preprocessing token
[INFO] [stderr] warning: openssl-sys@0.9.58:     4 | #define VERSION2(n, v) RUST_VERSION_##n##_##v
[INFO] [stderr] warning: openssl-sys@0.9.58:       |                        ^~~~~~~~~~~~~
[INFO] [stderr] warning: openssl-sys@0.9.58: build/expando.c:5:23: note: in expansion of macro 'VERSION2'
[INFO] [stderr] warning: openssl-sys@0.9.58:     5 | #define VERSION(n, v) VERSION2(n, v)
[INFO] [stderr] warning: openssl-sys@0.9.58:       |                       ^~~~~~~~
[INFO] [stderr] warning: openssl-sys@0.9.58: build/expando.c:10:1: note: in expansion of macro 'VERSION'
[INFO] [stderr] warning: openssl-sys@0.9.58:    10 | VERSION(OPENSSL, OPENSSL_VERSION_NUMBER)
[INFO] [stderr] warning: openssl-sys@0.9.58:       | ^~~~~~~
[INFO] [stderr] 
[INFO] [stderr] error: failed to run custom build command for `openssl-sys v0.9.58`
[INFO] [stderr] note: To improve backtraces for build dependencies, set the CARGO_PROFILE_DEV_BUILD_OVERRIDE_DEBUG=true environment variable to enable debug information generation.
[INFO] [stderr] 
[INFO] [stderr] Caused by:
[INFO] [stderr]   process didn't exit successfully: `/opt/rustwide/target/debug/build/openssl-sys-a5360073709f815c/build-script-main` (exit status: 101)
[INFO] [stderr]   --- stdout
[INFO] [stderr]   cargo:rustc-cfg=const_fn
[INFO] [stderr]   cargo:rerun-if-env-changed=X86_64_UNKNOWN_LINUX_GNU_OPENSSL_LIB_DIR
[INFO] [stderr]   X86_64_UNKNOWN_LINUX_GNU_OPENSSL_LIB_DIR unset
[INFO] [stderr]   cargo:rerun-if-env-changed=OPENSSL_LIB_DIR
[INFO] [stderr]   OPENSSL_LIB_DIR unset
[INFO] [stderr]   cargo:rerun-if-env-changed=X86_64_UNKNOWN_LINUX_GNU_OPENSSL_INCLUDE_DIR
[INFO] [stderr]   X86_64_UNKNOWN_LINUX_GNU_OPENSSL_INCLUDE_DIR unset
[INFO] [stderr]   cargo:rerun-if-env-changed=OPENSSL_INCLUDE_DIR
[INFO] [stderr]   OPENSSL_INCLUDE_DIR unset
[INFO] [stderr]   cargo:rerun-if-env-changed=X86_64_UNKNOWN_LINUX_GNU_OPENSSL_DIR
[INFO] [stderr]   X86_64_UNKNOWN_LINUX_GNU_OPENSSL_DIR unset
[INFO] [stderr]   cargo:rerun-if-env-changed=OPENSSL_DIR
[INFO] [stderr]   OPENSSL_DIR unset
[INFO] [stderr]   cargo:rerun-if-env-changed=OPENSSL_NO_PKG_CONFIG
[INFO] [stderr]   cargo:rerun-if-env-changed=PKG_CONFIG
[INFO] [stderr]   cargo:rerun-if-env-changed=OPENSSL_STATIC
[INFO] [stderr]   cargo:rerun-if-env-changed=OPENSSL_DYNAMIC
[INFO] [stderr]   cargo:rerun-if-env-changed=PKG_CONFIG_ALL_STATIC
[INFO] [stderr]   cargo:rerun-if-env-changed=PKG_CONFIG_ALL_DYNAMIC
[INFO] [stderr]   cargo:rerun-if-env-changed=PKG_CONFIG_PATH_x86_64-unknown-linux-gnu
[INFO] [stderr]   cargo:rerun-if-env-changed=PKG_CONFIG_PATH_x86_64_unknown_linux_gnu
[INFO] [stderr]   cargo:rerun-if-env-changed=HOST_PKG_CONFIG_PATH
[INFO] [stderr]   cargo:rerun-if-env-changed=PKG_CONFIG_PATH
[INFO] [stderr]   cargo:rerun-if-env-changed=PKG_CONFIG_LIBDIR_x86_64-unknown-linux-gnu
[INFO] [stderr]   cargo:rerun-if-env-changed=PKG_CONFIG_LIBDIR_x86_64_unknown_linux_gnu
[INFO] [stderr]   cargo:rerun-if-env-changed=HOST_PKG_CONFIG_LIBDIR
[INFO] [stderr]   cargo:rerun-if-env-changed=PKG_CONFIG_LIBDIR
[INFO] [stderr]   cargo:rerun-if-env-changed=PKG_CONFIG_SYSROOT_DIR_x86_64-unknown-linux-gnu
[INFO] [stderr]   cargo:rerun-if-env-changed=PKG_CONFIG_SYSROOT_DIR_x86_64_unknown_linux_gnu
[INFO] [stderr]   cargo:rerun-if-env-changed=HOST_PKG_CONFIG_SYSROOT_DIR
[INFO] [stderr]   cargo:rerun-if-env-changed=PKG_CONFIG_SYSROOT_DIR
[INFO] [stderr]   cargo:rerun-if-env-changed=PKG_CONFIG_SYSROOT_DIR
[INFO] [stderr]   cargo:rerun-if-env-changed=SYSROOT
[INFO] [stderr]   cargo:rerun-if-env-changed=OPENSSL_STATIC
[INFO] [stderr]   cargo:rerun-if-env-changed=OPENSSL_DYNAMIC
[INFO] [stderr]   cargo:rerun-if-env-changed=PKG_CONFIG_ALL_STATIC
[INFO] [stderr]   cargo:rerun-if-env-changed=PKG_CONFIG_ALL_DYNAMIC
[INFO] [stderr]   cargo:rustc-link-lib=ssl
[INFO] [stderr]   cargo:rustc-link-lib=crypto
[INFO] [stderr]   cargo:rerun-if-env-changed=PKG_CONFIG
[INFO] [stderr]   cargo:rerun-if-env-changed=OPENSSL_STATIC
[INFO] [stderr]   cargo:rerun-if-env-changed=OPENSSL_DYNAMIC
[INFO] [stderr]   cargo:rerun-if-env-changed=PKG_CONFIG_ALL_STATIC
[INFO] [stderr]   cargo:rerun-if-env-changed=PKG_CONFIG_ALL_DYNAMIC
[INFO] [stderr]   cargo:rerun-if-env-changed=PKG_CONFIG_PATH_x86_64-unknown-linux-gnu
[INFO] [stderr]   cargo:rerun-if-env-changed=PKG_CONFIG_PATH_x86_64_unknown_linux_gnu
[INFO] [stderr]   cargo:rerun-if-env-changed=HOST_PKG_CONFIG_PATH
[INFO] [stderr]   cargo:rerun-if-env-changed=PKG_CONFIG_PATH
[INFO] [stderr]   cargo:rerun-if-env-changed=PKG_CONFIG_LIBDIR_x86_64-unknown-linux-gnu
[INFO] [stderr]   cargo:rerun-if-env-changed=PKG_CONFIG_LIBDIR_x86_64_unknown_linux_gnu
[INFO] [stderr]   cargo:rerun-if-env-changed=HOST_PKG_CONFIG_LIBDIR
[INFO] [stderr]   cargo:rerun-if-env-changed=PKG_CONFIG_LIBDIR
[INFO] [stderr]   cargo:rerun-if-env-changed=PKG_CONFIG_SYSROOT_DIR_x86_64-unknown-linux-gnu
[INFO] [stderr]   cargo:rerun-if-env-changed=PKG_CONFIG_SYSROOT_DIR_x86_64_unknown_linux_gnu
[INFO] [stderr]   cargo:rerun-if-env-changed=HOST_PKG_CONFIG_SYSROOT_DIR
[INFO] [stderr]   cargo:rerun-if-env-changed=PKG_CONFIG_SYSROOT_DIR
[INFO] [stderr]   OPT_LEVEL = Some("0")
[INFO] [stderr]   TARGET = Some("x86_64-unknown-linux-gnu")
[INFO] [stderr]   HOST = Some("x86_64-unknown-linux-gnu")
[INFO] [stderr]   CC_x86_64-unknown-linux-gnu = None
[INFO] [stderr]   CC_x86_64_unknown_linux_gnu = None
[INFO] [stderr]   HOST_CC = None
[INFO] [stderr]   CC = None
[INFO] [stderr]   CFLAGS_x86_64-unknown-linux-gnu = None
[INFO] [stderr]   CFLAGS_x86_64_unknown_linux_gnu = None
[INFO] [stderr]   HOST_CFLAGS = None
[INFO] [stderr]   CFLAGS = None
[INFO] [stderr]   CRATE_CC_NO_DEFAULTS = None
[INFO] [stderr]   DEBUG = Some("true")
[INFO] [stderr]   CARGO_CFG_TARGET_FEATURE = Some("fxsr,sse,sse2")
[INFO] [stderr]   running: "cc" "-O0" "-ffunction-sections" "-fdata-sections" "-fPIC" "-g" "-fno-omit-frame-pointer" "-m64" "-I" "/usr/include" "-Wall" "-Wextra" "-E" "build/expando.c"
[INFO] [stderr]   cargo:warning=build/expando.c:4:24: error: pasting "RUST_VERSION_OPENSSL_" and "(" does not give a valid preprocessing token
[INFO] [stderr]   cargo:warning=    4 | #define VERSION2(n, v) RUST_VERSION_##n##_##v
[INFO] [stderr]   cargo:warning=      |                        ^~~~~~~~~~~~~
[INFO] [stderr]   cargo:warning=build/expando.c:5:23: note: in expansion of macro 'VERSION2'
[INFO] [stderr]   cargo:warning=    5 | #define VERSION(n, v) VERSION2(n, v)
[INFO] [stderr]   cargo:warning=      |                       ^~~~~~~~
[INFO] [stderr]   cargo:warning=build/expando.c:10:1: note: in expansion of macro 'VERSION'
[INFO] [stderr]   cargo:warning=   10 | VERSION(OPENSSL, OPENSSL_VERSION_NUMBER)
[INFO] [stderr]   cargo:warning=      | ^~~~~~~
[INFO] [stderr]   exit status: 1
[INFO] [stderr] 
[INFO] [stderr]   --- stderr
[INFO] [stderr]   thread 'main' panicked at /opt/rustwide/cargo-home/registry/src/index.crates.io-6f17d22bba15001f/openssl-sys-0.9.58/build/main.rs:140:13:
[INFO] [stderr] 
[INFO] [stderr]   Header expansion error:
[INFO] [stderr]   Error { kind: ToolExecError, message: "Command \"cc\" \"-O0\" \"-ffunction-sections\" \"-fdata-sections\" \"-fPIC\" \"-g\" \"-fno-omit-frame-pointer\" \"-m64\" \"-I\" \"/usr/include\" \"-Wall\" \"-Wextra\" \"-E\" \"build/expando.c\" with args \"cc\" did not execute successfully (status code exit status: 1)." }
[INFO] [stderr] 
[INFO] [stderr]   Failed to find OpenSSL development headers.
[INFO] [stderr] 
[INFO] [stderr]   You can try fixing this setting the `OPENSSL_DIR` environment variable
[INFO] [stderr]   pointing to your OpenSSL installation or installing OpenSSL headers package
[INFO] [stderr]   specific to your distribution:
[INFO] [stderr] 
[INFO] [stderr]       # On Ubuntu
[INFO] [stderr]       sudo apt-get install libssl-dev
[INFO] [stderr]       # On Arch Linux
[INFO] [stderr]       sudo pacman -S openssl
[INFO] [stderr]       # On Fedora
[INFO] [stderr]       sudo dnf install openssl-devel
[INFO] [stderr] 
[INFO] [stderr]   See rust-openssl README for more information:
[INFO] [stderr] 
[INFO] [stderr]       https://github.com/sfackler/rust-openssl#linux
[INFO] [stderr] 
[INFO] [stderr]   stack backtrace:
[INFO] [stderr]      0:     0x560f750b1e26 - std::backtrace_rs::backtrace::libunwind::trace::h261606ad26a499c1
[INFO] [stderr]                                  at /rustc/0e09125c6c3c2fd70d7de961bcf0e51575235fad/library/std/src/../../backtrace/src/backtrace/libunwind.rs:104:5
[INFO] [stderr]      1:     0x560f750b1e26 - std::backtrace_rs::backtrace::trace_unsynchronized::hd183f0625477fb28
[INFO] [stderr]                                  at /rustc/0e09125c6c3c2fd70d7de961bcf0e51575235fad/library/std/src/../../backtrace/src/backtrace/mod.rs:66:5
[INFO] [stderr]      2:     0x560f750b1e26 - std::sys_common::backtrace::_print_fmt::hd7f8fef21b4eda67
[INFO] [stderr]                                  at /rustc/0e09125c6c3c2fd70d7de961bcf0e51575235fad/library/std/src/sys_common/backtrace.rs:68:5
[INFO] [stderr]      3:     0x560f750b1e26 - <std::sys_common::backtrace::_print::DisplayBacktrace as core::fmt::Display>::fmt::h623d9b51f2f453f1
[INFO] [stderr]                                  at /rustc/0e09125c6c3c2fd70d7de961bcf0e51575235fad/library/std/src/sys_common/backtrace.rs:44:22
[INFO] [stderr]      4:     0x560f750d7370 - core::fmt::rt::Argument::fmt::h9f417ac76a86f368
[INFO] [stderr]                                  at /rustc/0e09125c6c3c2fd70d7de961bcf0e51575235fad/library/core/src/fmt/rt.rs:142:9
[INFO] [stderr]      5:     0x560f750d7370 - core::fmt::write::hc9b6faf4ac2aeff7
[INFO] [stderr]                                  at /rustc/0e09125c6c3c2fd70d7de961bcf0e51575235fad/library/core/src/fmt/mod.rs:1120:17
[INFO] [stderr]      6:     0x560f750af88f - std::io::Write::write_fmt::hfead1eee52c2e65e
[INFO] [stderr]                                  at /rustc/0e09125c6c3c2fd70d7de961bcf0e51575235fad/library/std/src/io/mod.rs:1810:15
[INFO] [stderr]      7:     0x560f750b1c04 - std::sys_common::backtrace::_print::hd5d66399c7df88a2
[INFO] [stderr]                                  at /rustc/0e09125c6c3c2fd70d7de961bcf0e51575235fad/library/std/src/sys_common/backtrace.rs:47:5
[INFO] [stderr]      8:     0x560f750b1c04 - std::sys_common::backtrace::print::he81ed2da642d37e5
[INFO] [stderr]                                  at /rustc/0e09125c6c3c2fd70d7de961bcf0e51575235fad/library/std/src/sys_common/backtrace.rs:34:9
[INFO] [stderr]      9:     0x560f750b34e7 - std::panicking::default_hook::{{closure}}::h85773f4fa117163d
[INFO] [stderr]     10:     0x560f750b3249 - std::panicking::default_hook::h6a1694a91d09b278
[INFO] [stderr]                                  at /rustc/0e09125c6c3c2fd70d7de961bcf0e51575235fad/library/std/src/panicking.rs:292:9
[INFO] [stderr]     11:     0x560f750b3978 - std::panicking::rust_panic_with_hook::h0a7ad96e90f7145b
[INFO] [stderr]                                  at /rustc/0e09125c6c3c2fd70d7de961bcf0e51575235fad/library/std/src/panicking.rs:779:13
[INFO] [stderr]     12:     0x560f750b3852 - std::panicking::begin_panic_handler::{{closure}}::h7919090525c6485e
[INFO] [stderr]                                  at /rustc/0e09125c6c3c2fd70d7de961bcf0e51575235fad/library/std/src/panicking.rs:657:13
[INFO] [stderr]     13:     0x560f750b2326 - std::sys_common::backtrace::__rust_end_short_backtrace::hf3289479464f7dfe
[INFO] [stderr]                                  at /rustc/0e09125c6c3c2fd70d7de961bcf0e51575235fad/library/std/src/sys_common/backtrace.rs:171:18
[INFO] [stderr]     14:     0x560f750b35b0 - rust_begin_unwind
[INFO] [stderr]                                  at /rustc/0e09125c6c3c2fd70d7de961bcf0e51575235fad/library/std/src/panicking.rs:645:5
[INFO] [stderr]     15:     0x560f75019685 - core::panicking::panic_fmt::hcc9f77c5c132af55
[INFO] [stderr]                                  at /rustc/0e09125c6c3c2fd70d7de961bcf0e51575235fad/library/core/src/panicking.rs:72:14
[INFO] [stderr]     16:     0x560f75020fea - build_script_main::validate_headers::h9cc7559a62a281e2
[INFO] [stderr]     17:     0x560f7501dbe8 - build_script_main::find_normal::try_pkg_config::h56e1019c83e87f2f
[INFO] [stderr]     18:     0x560f7501cce4 - build_script_main::find_normal::find_openssl_dir::h902160ec306fc678
[INFO] [stderr]     19:     0x560f7501cb82 - build_script_main::find_normal::get_openssl::{{closure}}::h5c8d3e2e2b4bb3fb
[INFO] [stderr]     20:     0x560f7501a60f - core::option::Option<T>::unwrap_or_else::h69b19b0265e94e46
[INFO] [stderr]     21:     0x560f7501c94a - build_script_main::find_normal::get_openssl::h79dbd46a543708e0
[INFO] [stderr]     22:     0x560f7501e8ed - build_script_main::find_openssl::hc5f9799742dbb9ce
[INFO] [stderr]     23:     0x560f7501e9cd - build_script_main::main::hca78cec5660ffcaa
[INFO] [stderr]     24:     0x560f75024de3 - core::ops::function::FnOnce::call_once::hf848df9091e1da04
[INFO] [stderr]     25:     0x560f75024826 - std::sys_common::backtrace::__rust_begin_short_backtrace::h2527474a3a706dc5
[INFO] [stderr]     26:     0x560f7501a189 - std::rt::lang_start::{{closure}}::h599a347a55017fbe
[INFO] [stderr]     27:     0x560f750ab911 - core::ops::function::impls::<impl core::ops::function::FnOnce<A> for &F>::call_once::h4eb4c5e1620f29b0
[INFO] [stderr]                                  at /rustc/0e09125c6c3c2fd70d7de961bcf0e51575235fad/library/core/src/ops/function.rs:284:13
[INFO] [stderr]     28:     0x560f750ab911 - std::panicking::try::do_call::h73fd26535faffcdf
[INFO] [stderr]                                  at /rustc/0e09125c6c3c2fd70d7de961bcf0e51575235fad/library/std/src/panicking.rs:552:40
[INFO] [stderr]     29:     0x560f750ab911 - std::panicking::try::h77ff1d98f0fb9f39
[INFO] [stderr]                                  at /rustc/0e09125c6c3c2fd70d7de961bcf0e51575235fad/library/std/src/panicking.rs:516:19
[INFO] [stderr]     30:     0x560f750ab911 - std::panic::catch_unwind::hab3caf2448b95e37
[INFO] [stderr]                                  at /rustc/0e09125c6c3c2fd70d7de961bcf0e51575235fad/library/std/src/panic.rs:142:14
[INFO] [stderr]     31:     0x560f750ab911 - std::rt::lang_start_internal::{{closure}}::h8086711f9c783f78
[INFO] [stderr]                                  at /rustc/0e09125c6c3c2fd70d7de961bcf0e51575235fad/library/std/src/rt.rs:148:48
[INFO] [stderr]     32:     0x560f750ab911 - std::panicking::try::do_call::hf920d4dc291cd6ca
[INFO] [stderr]                                  at /rustc/0e09125c6c3c2fd70d7de961bcf0e51575235fad/library/std/src/panicking.rs:552:40
[INFO] [stderr]     33:     0x560f750ab911 - std::panicking::try::h2b806ccc0a85db74
[INFO] [stderr]                                  at /rustc/0e09125c6c3c2fd70d7de961bcf0e51575235fad/library/std/src/panicking.rs:516:19
[INFO] [stderr]     34:     0x560f750ab911 - std::panic::catch_unwind::h038489539c507df2
[INFO] [stderr]                                  at /rustc/0e09125c6c3c2fd70d7de961bcf0e51575235fad/library/std/src/panic.rs:142:14
[INFO] [stderr]     35:     0x560f750ab911 - std::rt::lang_start_internal::h28503b88912e8a5c
[INFO] [stderr]                                  at /rustc/0e09125c6c3c2fd70d7de961bcf0e51575235fad/library/std/src/rt.rs:148:20
[INFO] [stderr]     36:     0x560f7501a167 - std::rt::lang_start::h08761a555ccafa79
[INFO] [stderr]     37:     0x560f75021d35 - main
[INFO] [stderr]     38:     0x7ff56b95ad90 - <unknown>
[INFO] [stderr]     39:     0x7ff56b95ae40 - __libc_start_main
[INFO] [stderr]     40:     0x560f75019ea5 - _start
[INFO] [stderr]     41:                0x0 - <unknown>
[INFO] [stderr] warning: build failed, waiting for other jobs to finish...
[INFO] running `Command { std: "docker" "inspect" "9a302b7355d596b3b4c91b6d8a579d62c813cd7d07e459ec1d5ccfb1cd170d65", kill_on_drop: false }`
[INFO] running `Command { std: "docker" "rm" "-f" "9a302b7355d596b3b4c91b6d8a579d62c813cd7d07e459ec1d5ccfb1cd170d65", kill_on_drop: false }`
[INFO] [stdout] 9a302b7355d596b3b4c91b6d8a579d62c813cd7d07e459ec1d5ccfb1cd170d65
