[INFO] cloning repository https://github.com/AlixFachin/adventofcode2023
[INFO] running `Command { std: "git" "-c" "credential.helper=" "-c" "credential.helper=/workspace/cargo-home/bin/git-credential-null" "clone" "--bare" "https://github.com/AlixFachin/adventofcode2023" "/workspace/cache/git-repos/https%3A%2F%2Fgithub.com%2FAlixFachin%2Fadventofcode2023", kill_on_drop: false }`
[INFO] [stderr] Cloning into bare repository '/workspace/cache/git-repos/https%3A%2F%2Fgithub.com%2FAlixFachin%2Fadventofcode2023'...
[INFO] running `Command { std: "git" "rev-parse" "HEAD", kill_on_drop: false }`
[INFO] [stdout] df60e02f8add69884f1f4644ba33fa7f604ff1d8
[INFO] testing AlixFachin/adventofcode2023 against 1.75.0 for beta-1.76-1
[INFO] running `Command { std: "git" "clone" "/workspace/cache/git-repos/https%3A%2F%2Fgithub.com%2FAlixFachin%2Fadventofcode2023" "/workspace/builds/worker-6-tc1/source", kill_on_drop: false }`
[INFO] [stderr] Cloning into '/workspace/builds/worker-6-tc1/source'...
[INFO] [stderr] done.
[INFO] validating manifest of git repo https://github.com/AlixFachin/adventofcode2023 on toolchain 1.75.0
[INFO] running `Command { std: CARGO_HOME="/workspace/cargo-home" RUSTUP_HOME="/workspace/rustup-home" "/workspace/cargo-home/bin/cargo" "+1.75.0" "metadata" "--manifest-path" "Cargo.toml" "--no-deps", kill_on_drop: false }`
[INFO] started tweaking git repo https://github.com/AlixFachin/adventofcode2023
[INFO] finished tweaking git repo https://github.com/AlixFachin/adventofcode2023
[INFO] tweaked toml for git repo https://github.com/AlixFachin/adventofcode2023 written to /workspace/builds/worker-6-tc1/source/Cargo.toml
[INFO] crate git repo https://github.com/AlixFachin/adventofcode2023 already has a lockfile, it will not be regenerated
[INFO] running `Command { std: CARGO_HOME="/workspace/cargo-home" RUSTUP_HOME="/workspace/rustup-home" "/workspace/cargo-home/bin/cargo" "+1.75.0" "fetch" "--manifest-path" "Cargo.toml", kill_on_drop: false }`
[INFO] [stderr]  Downloading crates ...
[INFO] [stderr]   Downloaded clap v4.4.11
[INFO] [stderr]   Downloaded clap_builder v4.4.11
[INFO] [stderr]   Downloaded syn v2.0.41
[INFO] running `Command { std: "docker" "create" "-v" "/var/lib/crater-agent-workspace/builds/worker-6-tc1/target:/opt/rustwide/target:rw,Z" "-v" "/var/lib/crater-agent-workspace/builds/worker-6-tc1/source:/opt/rustwide/workdir:ro,Z" "-v" "/var/lib/crater-agent-workspace/cargo-home:/opt/rustwide/cargo-home:ro,Z" "-v" "/var/lib/crater-agent-workspace/rustup-home:/opt/rustwide/rustup-home:ro,Z" "-e" "SOURCE_DIR=/opt/rustwide/workdir" "-e" "CARGO_TARGET_DIR=/opt/rustwide/target" "-e" "CARGO_HOME=/opt/rustwide/cargo-home" "-e" "RUSTUP_HOME=/opt/rustwide/rustup-home" "-w" "/opt/rustwide/workdir" "-m" "1610612736" "--user" "0:0" "--network" "none" "ghcr.io/rust-lang/crates-build-env/linux@sha256:2788e3201cd34a07e3172128adcd8b3090168a8e3bcc40d7c032b9dda1df7d1c" "/opt/rustwide/cargo-home/bin/cargo" "+1.75.0" "metadata" "--no-deps" "--format-version=1", kill_on_drop: false }`
[INFO] [stdout] caed55b543adbfa78670276e00ea4c7aeeecea5355e04ddf5a447e6c75f5ffb9
[INFO] running `Command { std: "docker" "start" "-a" "caed55b543adbfa78670276e00ea4c7aeeecea5355e04ddf5a447e6c75f5ffb9", kill_on_drop: false }`
[INFO] running `Command { std: "docker" "inspect" "caed55b543adbfa78670276e00ea4c7aeeecea5355e04ddf5a447e6c75f5ffb9", kill_on_drop: false }`
[INFO] running `Command { std: "docker" "rm" "-f" "caed55b543adbfa78670276e00ea4c7aeeecea5355e04ddf5a447e6c75f5ffb9", kill_on_drop: false }`
[INFO] [stdout] caed55b543adbfa78670276e00ea4c7aeeecea5355e04ddf5a447e6c75f5ffb9
[INFO] running `Command { std: "docker" "create" "-v" "/var/lib/crater-agent-workspace/builds/worker-6-tc1/target:/opt/rustwide/target:rw,Z" "-v" "/var/lib/crater-agent-workspace/builds/worker-6-tc1/source:/opt/rustwide/workdir:ro,Z" "-v" "/var/lib/crater-agent-workspace/cargo-home:/opt/rustwide/cargo-home:ro,Z" "-v" "/var/lib/crater-agent-workspace/rustup-home:/opt/rustwide/rustup-home:ro,Z" "-e" "SOURCE_DIR=/opt/rustwide/workdir" "-e" "CARGO_TARGET_DIR=/opt/rustwide/target" "-e" "CARGO_INCREMENTAL=0" "-e" "RUST_BACKTRACE=full" "-e" "RUSTFLAGS=--cap-lints=warn" "-e" "RUSTDOCFLAGS=--cap-lints=warn" "-e" "CARGO_HOME=/opt/rustwide/cargo-home" "-e" "RUSTUP_HOME=/opt/rustwide/rustup-home" "-w" "/opt/rustwide/workdir" "-m" "1610612736" "--user" "0:0" "--network" "none" "ghcr.io/rust-lang/crates-build-env/linux@sha256:2788e3201cd34a07e3172128adcd8b3090168a8e3bcc40d7c032b9dda1df7d1c" "/opt/rustwide/cargo-home/bin/cargo" "+1.75.0" "build" "--frozen" "--message-format=json", kill_on_drop: false }`
[INFO] [stdout] 61fcc0e2c06627d7db815d3117fba71b553abb2dc57d4d6967de6a7edef61fb6
[INFO] running `Command { std: "docker" "start" "-a" "61fcc0e2c06627d7db815d3117fba71b553abb2dc57d4d6967de6a7edef61fb6", kill_on_drop: false }`
[INFO] [stderr]    Compiling libc v0.2.138
[INFO] [stderr]    Compiling proc-macro2 v1.0.70
[INFO] [stderr]    Compiling unicode-ident v1.0.5
[INFO] [stderr]    Compiling syn v1.0.105
[INFO] [stderr]    Compiling parking_lot_core v0.9.5
[INFO] [stderr]    Compiling anstyle-parse v0.2.3
[INFO] [stderr]    Compiling anstyle-query v1.0.2
[INFO] [stderr]    Compiling serde v1.0.150
[INFO] [stderr]    Compiling tokio v1.23.0
[INFO] [stderr]    Compiling serde_json v1.0.89
[INFO] [stderr]    Compiling anstream v0.6.5
[INFO] [stderr]    Compiling aho-corasick v0.7.20
[INFO] [stderr]    Compiling regex-syntax v0.6.28
[INFO] [stderr]    Compiling numtoa v0.1.0
[INFO] [stderr]    Compiling bytes v1.3.0
[INFO] [stderr]    Compiling clap_builder v4.4.11
[INFO] [stderr]    Compiling ryu v1.0.11
[INFO] [stderr]    Compiling quote v1.0.33
[INFO] [stderr]    Compiling syn v2.0.41
[INFO] [stderr]    Compiling signal-hook-registry v1.4.0
[INFO] [stderr]    Compiling parking_lot v0.12.1
[INFO] [stderr]    Compiling num_cpus v1.14.0
[INFO] [stderr]    Compiling mio v0.8.5
[INFO] [stderr]    Compiling socket2 v0.4.7
[INFO] [stderr]    Compiling itoa v1.0.4
[INFO] [stderr]    Compiling regex v1.7.0
[INFO] [stderr]    Compiling termion v2.0.1
[INFO] [stderr]    Compiling colored v2.1.0
[INFO] [stderr]    Compiling clap_derive v4.4.7
[INFO] [stderr]    Compiling tokio-macros v1.8.2
[INFO] [stderr]    Compiling clap v4.4.11
[INFO] [stderr]    Compiling advent_of_code_2023 v0.1.0 (/opt/rustwide/workdir)
[INFO] [stderr]     Finished dev [unoptimized + debuginfo] target(s) in 11.09s
[INFO] running `Command { std: "docker" "inspect" "61fcc0e2c06627d7db815d3117fba71b553abb2dc57d4d6967de6a7edef61fb6", kill_on_drop: false }`
[INFO] running `Command { std: "docker" "rm" "-f" "61fcc0e2c06627d7db815d3117fba71b553abb2dc57d4d6967de6a7edef61fb6", kill_on_drop: false }`
[INFO] [stdout] 61fcc0e2c06627d7db815d3117fba71b553abb2dc57d4d6967de6a7edef61fb6
[INFO] running `Command { std: "docker" "create" "-v" "/var/lib/crater-agent-workspace/builds/worker-6-tc1/target:/opt/rustwide/target:rw,Z" "-v" "/var/lib/crater-agent-workspace/builds/worker-6-tc1/source:/opt/rustwide/workdir:ro,Z" "-v" "/var/lib/crater-agent-workspace/cargo-home:/opt/rustwide/cargo-home:ro,Z" "-v" "/var/lib/crater-agent-workspace/rustup-home:/opt/rustwide/rustup-home:ro,Z" "-e" "SOURCE_DIR=/opt/rustwide/workdir" "-e" "CARGO_TARGET_DIR=/opt/rustwide/target" "-e" "CARGO_INCREMENTAL=0" "-e" "RUST_BACKTRACE=full" "-e" "RUSTFLAGS=--cap-lints=warn" "-e" "RUSTDOCFLAGS=--cap-lints=warn" "-e" "CARGO_HOME=/opt/rustwide/cargo-home" "-e" "RUSTUP_HOME=/opt/rustwide/rustup-home" "-w" "/opt/rustwide/workdir" "-m" "1610612736" "--user" "0:0" "--network" "none" "ghcr.io/rust-lang/crates-build-env/linux@sha256:2788e3201cd34a07e3172128adcd8b3090168a8e3bcc40d7c032b9dda1df7d1c" "/opt/rustwide/cargo-home/bin/cargo" "+1.75.0" "test" "--frozen" "--no-run" "--message-format=json", kill_on_drop: false }`
[INFO] [stdout] 2c8ea29892a6befb9fb762b6588bbe8ceec9e912044060336792ff58ff7be8ed
[INFO] running `Command { std: "docker" "start" "-a" "2c8ea29892a6befb9fb762b6588bbe8ceec9e912044060336792ff58ff7be8ed", kill_on_drop: false }`
[INFO] [stderr]    Compiling advent_of_code_2023 v0.1.0 (/opt/rustwide/workdir)
[INFO] [stdout] error[E0599]: no method named `get_dest` found for struct `day5::solve_2::GardenMap` in the current scope
[INFO] [stdout]    --> src/day5/solve_2.rs:110:23
[INFO] [stdout]     |
[INFO] [stdout] 4   | struct GardenMap {
[INFO] [stdout]     | ---------------- method `get_dest` not found for this struct
[INFO] [stdout] ...
[INFO] [stdout] 110 |     assert_eq!(my_map.get_dest(0), 0);
[INFO] [stdout]     |                       ^^^^^^^^ method not found in `GardenMap`
[INFO] [stdout] 
[INFO] [stdout] 
[INFO] [stdout] error[E0599]: no method named `get_dest` found for struct `day5::solve_2::GardenMap` in the current scope
[INFO] [stdout]    --> src/day5/solve_2.rs:111:23
[INFO] [stdout]     |
[INFO] [stdout] 4   | struct GardenMap {
[INFO] [stdout]     | ---------------- method `get_dest` not found for this struct
[INFO] [stdout] ...
[INFO] [stdout] 111 |     assert_eq!(my_map.get_dest(1), 1);
[INFO] [stdout]     |                       ^^^^^^^^ method not found in `GardenMap`
[INFO] [stdout] 
[INFO] [stdout] 
[INFO] [stdout] error[E0599]: no method named `get_dest` found for struct `day5::solve_2::GardenMap` in the current scope
[INFO] [stdout]    --> src/day5/solve_2.rs:112:23
[INFO] [stdout]     |
[INFO] [stdout] 4   | struct GardenMap {
[INFO] [stdout]     | ---------------- method `get_dest` not found for this struct
[INFO] [stdout] ...
[INFO] [stdout] 112 |     assert_eq!(my_map.get_dest(30), 30);
[INFO] [stdout]     |                       ^^^^^^^^ method not found in `GardenMap`
[INFO] [stdout] 
[INFO] [stdout] 
[INFO] [stdout] error[E0599]: no method named `get_dest` found for struct `day5::solve_2::GardenMap` in the current scope
[INFO] [stdout]    --> src/day5/solve_2.rs:113:23
[INFO] [stdout]     |
[INFO] [stdout] 4   | struct GardenMap {
[INFO] [stdout]     | ---------------- method `get_dest` not found for this struct
[INFO] [stdout] ...
[INFO] [stdout] 113 |     assert_eq!(my_map.get_dest(23), 23);
[INFO] [stdout]     |                       ^^^^^^^^ method not found in `GardenMap`
[INFO] [stdout] 
[INFO] [stdout] 
[INFO] [stdout] error[E0599]: no method named `get_dest` found for struct `day5::solve_2::GardenMap` in the current scope
[INFO] [stdout]    --> src/day5/solve_2.rs:114:23
[INFO] [stdout]     |
[INFO] [stdout] 4   | struct GardenMap {
[INFO] [stdout]     | ---------------- method `get_dest` not found for this struct
[INFO] [stdout] ...
[INFO] [stdout] 114 |     assert_eq!(my_map.get_dest(49), 49);
[INFO] [stdout]     |                       ^^^^^^^^ method not found in `GardenMap`
[INFO] [stdout] 
[INFO] [stdout] 
[INFO] [stdout] error[E0599]: no method named `get_dest` found for struct `day5::solve_2::GardenMap` in the current scope
[INFO] [stdout]    --> src/day5/solve_2.rs:115:23
[INFO] [stdout]     |
[INFO] [stdout] 4   | struct GardenMap {
[INFO] [stdout]     | ---------------- method `get_dest` not found for this struct
[INFO] [stdout] ...
[INFO] [stdout] 115 |     assert_eq!(my_map.get_dest(50), 52);
[INFO] [stdout]     |                       ^^^^^^^^ method not found in `GardenMap`
[INFO] [stdout] 
[INFO] [stdout] 
[INFO] [stdout] error[E0599]: no method named `get_dest` found for struct `day5::solve_2::GardenMap` in the current scope
[INFO] [stdout]    --> src/day5/solve_2.rs:116:23
[INFO] [stdout]     |
[INFO] [stdout] 4   | struct GardenMap {
[INFO] [stdout]     | ---------------- method `get_dest` not found for this struct
[INFO] [stdout] ...
[INFO] [stdout] 116 |     assert_eq!(my_map.get_dest(51), 53);
[INFO] [stdout]     |                       ^^^^^^^^ method not found in `GardenMap`
[INFO] [stdout] 
[INFO] [stdout] 
[INFO] [stdout] error[E0599]: no method named `get_dest` found for struct `day5::solve_2::GardenMap` in the current scope
[INFO] [stdout]    --> src/day5/solve_2.rs:117:23
[INFO] [stdout]     |
[INFO] [stdout] 4   | struct GardenMap {
[INFO] [stdout]     | ---------------- method `get_dest` not found for this struct
[INFO] [stdout] ...
[INFO] [stdout] 117 |     assert_eq!(my_map.get_dest(52), 54);
[INFO] [stdout]     |                       ^^^^^^^^ method not found in `GardenMap`
[INFO] [stdout] 
[INFO] [stdout] 
[INFO] [stdout] error[E0599]: no method named `get_dest` found for struct `day5::solve_2::GardenMap` in the current scope
[INFO] [stdout]    --> src/day5/solve_2.rs:118:23
[INFO] [stdout]     |
[INFO] [stdout] 4   | struct GardenMap {
[INFO] [stdout]     | ---------------- method `get_dest` not found for this struct
[INFO] [stdout] ...
[INFO] [stdout] 118 |     assert_eq!(my_map.get_dest(97), 99);
[INFO] [stdout]     |                       ^^^^^^^^ method not found in `GardenMap`
[INFO] [stdout] 
[INFO] [stdout] 
[INFO] [stdout] error[E0599]: no method named `get_dest` found for struct `day5::solve_2::GardenMap` in the current scope
[INFO] [stdout]    --> src/day5/solve_2.rs:119:23
[INFO] [stdout]     |
[INFO] [stdout] 4   | struct GardenMap {
[INFO] [stdout]     | ---------------- method `get_dest` not found for this struct
[INFO] [stdout] ...
[INFO] [stdout] 119 |     assert_eq!(my_map.get_dest(98), 50);
[INFO] [stdout]     |                       ^^^^^^^^ method not found in `GardenMap`
[INFO] [stdout] 
[INFO] [stdout] 
[INFO] [stdout] error[E0599]: no method named `get_dest` found for struct `day5::solve_2::GardenMap` in the current scope
[INFO] [stdout]    --> src/day5/solve_2.rs:120:23
[INFO] [stdout]     |
[INFO] [stdout] 4   | struct GardenMap {
[INFO] [stdout]     | ---------------- method `get_dest` not found for this struct
[INFO] [stdout] ...
[INFO] [stdout] 120 |     assert_eq!(my_map.get_dest(99), 51);
[INFO] [stdout]     |                       ^^^^^^^^ method not found in `GardenMap`
[INFO] [stdout] 
[INFO] [stdout] 
[INFO] [stdout] error[E0599]: no method named `get_dest` found for struct `day5::solve_2::GardenMap` in the current scope
[INFO] [stdout]    --> src/day5/solve_2.rs:121:23
[INFO] [stdout]     |
[INFO] [stdout] 4   | struct GardenMap {
[INFO] [stdout]     | ---------------- method `get_dest` not found for this struct
[INFO] [stdout] ...
[INFO] [stdout] 121 |     assert_eq!(my_map.get_dest(100), 100);
[INFO] [stdout]     |                       ^^^^^^^^ method not found in `GardenMap`
[INFO] [stdout] 
[INFO] [stdout] 
[INFO] [stdout] error: aborting due to 12 previous errors
[INFO] [stdout] 
[INFO] [stdout] 
[INFO] [stdout] For more information about this error, try `rustc --explain E0599`.
[INFO] [stdout] 
[INFO] [stderr] error: could not compile `advent_of_code_2023` (bin "advent_of_code_2023" test) due to 13 previous errors
[INFO] running `Command { std: "docker" "inspect" "2c8ea29892a6befb9fb762b6588bbe8ceec9e912044060336792ff58ff7be8ed", kill_on_drop: false }`
[INFO] running `Command { std: "docker" "rm" "-f" "2c8ea29892a6befb9fb762b6588bbe8ceec9e912044060336792ff58ff7be8ed", kill_on_drop: false }`
[INFO] [stdout] 2c8ea29892a6befb9fb762b6588bbe8ceec9e912044060336792ff58ff7be8ed
