[INFO] cloning repository https://github.com/AlisCode/ggez-ncollide-example
[INFO] running `Command { std: "git" "-c" "credential.helper=" "-c" "credential.helper=/workspace/cargo-home/bin/git-credential-null" "clone" "--bare" "https://github.com/AlisCode/ggez-ncollide-example" "/workspace/cache/git-repos/https%3A%2F%2Fgithub.com%2FAlisCode%2Fggez-ncollide-example", kill_on_drop: false }`
[INFO] [stderr] Cloning into bare repository '/workspace/cache/git-repos/https%3A%2F%2Fgithub.com%2FAlisCode%2Fggez-ncollide-example'...
[INFO] running `Command { std: "git" "rev-parse" "HEAD", kill_on_drop: false }`
[INFO] [stdout] 7c25ba335416a2df4bd6b18abf0f9bf8715d8dab
[INFO] testing AlisCode/ggez-ncollide-example against 1.75.0 for beta-1.76-1
[INFO] running `Command { std: "git" "clone" "/workspace/cache/git-repos/https%3A%2F%2Fgithub.com%2FAlisCode%2Fggez-ncollide-example" "/workspace/builds/worker-2-tc1/source", kill_on_drop: false }`
[INFO] [stderr] Cloning into '/workspace/builds/worker-2-tc1/source'...
[INFO] [stderr] done.
[INFO] validating manifest of git repo https://github.com/AlisCode/ggez-ncollide-example on toolchain 1.75.0
[INFO] running `Command { std: CARGO_HOME="/workspace/cargo-home" RUSTUP_HOME="/workspace/rustup-home" "/workspace/cargo-home/bin/cargo" "+1.75.0" "metadata" "--manifest-path" "Cargo.toml" "--no-deps", kill_on_drop: false }`
[INFO] started tweaking git repo https://github.com/AlisCode/ggez-ncollide-example
[INFO] finished tweaking git repo https://github.com/AlisCode/ggez-ncollide-example
[INFO] tweaked toml for git repo https://github.com/AlisCode/ggez-ncollide-example written to /workspace/builds/worker-2-tc1/source/Cargo.toml
[INFO] crate git repo https://github.com/AlisCode/ggez-ncollide-example already has a lockfile, it will not be regenerated
[INFO] running `Command { std: CARGO_HOME="/workspace/cargo-home" RUSTUP_HOME="/workspace/rustup-home" "/workspace/cargo-home/bin/cargo" "+1.75.0" "fetch" "--manifest-path" "Cargo.toml", kill_on_drop: false }`
[INFO] [stderr]     Updating crates.io index
[INFO] [stderr]  Downloading crates ...
[INFO] [stderr]   Downloaded num-iter v0.1.35
[INFO] [stderr]   Downloaded miniz_oxide v0.1.2
[INFO] [stderr]   Downloaded gfx_gl v0.4.0
[INFO] [stderr]   Downloaded ordered-float v0.5.0
[INFO] [stderr]   Downloaded msdos_time v0.1.5
[INFO] [stderr]   Downloaded color_quant v1.0.0
[INFO] [stderr]   Downloaded lyon_svg v0.8.6
[INFO] [stderr]   Downloaded lyon_path_iterator v0.8.5
[INFO] [stderr]   Downloaded lyon_core v0.8.0
[INFO] [stderr]   Downloaded app_dirs v1.1.1
[INFO] [stderr]   Downloaded sid v0.5.0
[INFO] [stderr]   Downloaded sdl2-sys v0.30.0
[INFO] [stderr]   Downloaded gfx v0.16.3
[INFO] [stderr]   Downloaded podio v0.1.6
[INFO] [stderr]   Downloaded jpeg-decoder v0.1.14
[INFO] [stderr]   Downloaded crossbeam-epoch v0.3.0
[INFO] [stderr]   Downloaded flate2 v1.0.1
[INFO] [stderr]   Downloaded deflate v0.7.17
[INFO] [stderr]   Downloaded ggez v0.4.0
[INFO] [stderr]   Downloaded khronos_api v2.1.0
[INFO] [stderr]   Downloaded libc v0.2.39
[INFO] [stderr]   Downloaded bzip2-sys v0.1.6
[INFO] [stderr]   Downloaded svgparser v0.4.3
[INFO] [stderr]   Downloaded lyon v0.8.8
[INFO] [stderr]   Downloaded toml v0.4.5
[INFO] [stderr]   Downloaded sdl2 v0.30.0
[INFO] [stderr]   Downloaded miniz_oxide_c_api v0.1.2
[INFO] [stderr]   Downloaded nalgebra v0.13.1
[INFO] [stderr]   Downloaded rayon v1.0.0
[INFO] [stderr]   Downloaded num-traits v0.2.1
[INFO] [stderr]   Downloaded nalgebra v0.14.1
[INFO] [stderr]   Downloaded syn v0.10.8
[INFO] [stderr]   Downloaded ncollide_math v0.9.0
[INFO] [stderr]   Downloaded ncollide_transformation v0.9.0
[INFO] [stderr]   Downloaded euclid v0.15.6
[INFO] [stderr]   Downloaded claxon v0.3.1
[INFO] [stderr]   Downloaded serde_derive_internals v0.20.1
[INFO] [stderr]   Downloaded ncollide v0.14.1
[INFO] [stderr]   Downloaded alsa-sys v0.1.1
[INFO] [stderr]   Downloaded gfx_device_gl v0.14.6
[INFO] [stderr]   Downloaded rusttype v0.3.0
[INFO] [stderr]   Downloaded ncollide_procedural v0.9.0
[INFO] [stderr]   Downloaded rayon-core v1.4.0
[INFO] [stderr]   Downloaded derivative v1.0.0
[INFO] [stderr]   Downloaded gfx_core v0.7.2
[INFO] [stderr]   Downloaded stb_truetype v0.2.2
[INFO] [stderr]   Downloaded draw_state v0.7.1
[INFO] [stderr]   Downloaded bzip2 v0.3.2
[INFO] [stderr]   Downloaded matrixmultiply v0.1.14
[INFO] [stderr]   Downloaded ncollide_utils v0.9.0
[INFO] [stderr]   Downloaded lyon_bezier v0.8.5
[INFO] [stderr]   Downloaded linked-hash-map v0.5.1
[INFO] [stderr]   Downloaded alga v0.5.3
[INFO] [stderr]   Downloaded ncollide_pipeline v0.13.1
[INFO] [stderr]   Downloaded byteorder v1.2.1
[INFO] [stderr]   Downloaded lyon_extra v0.8.6
[INFO] [stderr]   Downloaded generic-array v0.8.3
[INFO] [stderr]   Downloaded either v1.4.0
[INFO] [stderr]   Downloaded gl_generator v0.7.0
[INFO] [stderr]   Downloaded xdg v2.1.0
[INFO] [stderr]   Downloaded gfx_window_sdl v0.7.0
[INFO] [stderr]   Downloaded num-integer v0.1.36
[INFO] [stderr]   Downloaded lyon_path v0.8.6
[INFO] [stderr]   Downloaded lyon_path_builder v0.8.6
[INFO] [stderr]   Downloaded serde v1.0.32
[INFO] [stderr]   Downloaded serde_derive v1.0.32
[INFO] [stderr]   Downloaded cc v1.0.7
[INFO] [stderr]   Downloaded syn v0.12.14
[INFO] [stderr]   Downloaded lyon_tessellation v0.8.8
[INFO] [stderr]   Downloaded ncollide_geometry v0.6.2
[INFO] [stderr]   Downloaded futures v0.1.18
[INFO] running `Command { std: "docker" "create" "-v" "/var/lib/crater-agent-workspace/builds/worker-2-tc1/target:/opt/rustwide/target:rw,Z" "-v" "/var/lib/crater-agent-workspace/builds/worker-2-tc1/source:/opt/rustwide/workdir:ro,Z" "-v" "/var/lib/crater-agent-workspace/cargo-home:/opt/rustwide/cargo-home:ro,Z" "-v" "/var/lib/crater-agent-workspace/rustup-home:/opt/rustwide/rustup-home:ro,Z" "-e" "SOURCE_DIR=/opt/rustwide/workdir" "-e" "CARGO_TARGET_DIR=/opt/rustwide/target" "-e" "CARGO_HOME=/opt/rustwide/cargo-home" "-e" "RUSTUP_HOME=/opt/rustwide/rustup-home" "-w" "/opt/rustwide/workdir" "-m" "1610612736" "--user" "0:0" "--network" "none" "ghcr.io/rust-lang/crates-build-env/linux@sha256:2788e3201cd34a07e3172128adcd8b3090168a8e3bcc40d7c032b9dda1df7d1c" "/opt/rustwide/cargo-home/bin/cargo" "+1.75.0" "metadata" "--no-deps" "--format-version=1", kill_on_drop: false }`
[INFO] [stdout] d38609601a61981a97ade3ea66c345618e2b737fc6508c01246ec3863c4c931c
[INFO] running `Command { std: "docker" "start" "-a" "d38609601a61981a97ade3ea66c345618e2b737fc6508c01246ec3863c4c931c", kill_on_drop: false }`
[INFO] running `Command { std: "docker" "inspect" "d38609601a61981a97ade3ea66c345618e2b737fc6508c01246ec3863c4c931c", kill_on_drop: false }`
[INFO] running `Command { std: "docker" "rm" "-f" "d38609601a61981a97ade3ea66c345618e2b737fc6508c01246ec3863c4c931c", kill_on_drop: false }`
[INFO] [stdout] d38609601a61981a97ade3ea66c345618e2b737fc6508c01246ec3863c4c931c
[INFO] running `Command { std: "docker" "create" "-v" "/var/lib/crater-agent-workspace/builds/worker-2-tc1/target:/opt/rustwide/target:rw,Z" "-v" "/var/lib/crater-agent-workspace/builds/worker-2-tc1/source:/opt/rustwide/workdir:ro,Z" "-v" "/var/lib/crater-agent-workspace/cargo-home:/opt/rustwide/cargo-home:ro,Z" "-v" "/var/lib/crater-agent-workspace/rustup-home:/opt/rustwide/rustup-home:ro,Z" "-e" "SOURCE_DIR=/opt/rustwide/workdir" "-e" "CARGO_TARGET_DIR=/opt/rustwide/target" "-e" "CARGO_INCREMENTAL=0" "-e" "RUST_BACKTRACE=full" "-e" "RUSTFLAGS=--cap-lints=warn" "-e" "RUSTDOCFLAGS=--cap-lints=warn" "-e" "CARGO_HOME=/opt/rustwide/cargo-home" "-e" "RUSTUP_HOME=/opt/rustwide/rustup-home" "-w" "/opt/rustwide/workdir" "-m" "1610612736" "--user" "0:0" "--network" "none" "ghcr.io/rust-lang/crates-build-env/linux@sha256:2788e3201cd34a07e3172128adcd8b3090168a8e3bcc40d7c032b9dda1df7d1c" "/opt/rustwide/cargo-home/bin/cargo" "+1.75.0" "build" "--frozen" "--message-format=json", kill_on_drop: false }`
[INFO] [stdout] 767e5dc5c808d475a0447ee3fa8ffc1d86059b3d16afd9498198d63cc5eba1b6
[INFO] running `Command { std: "docker" "start" "-a" "767e5dc5c808d475a0447ee3fa8ffc1d86059b3d16afd9498198d63cc5eba1b6", kill_on_drop: false }`
[INFO] [stderr]    Compiling num-traits v0.2.1
[INFO] [stderr]    Compiling libc v0.2.39
[INFO] [stderr]    Compiling cfg-if v0.1.2
[INFO] [stderr]    Compiling nodrop v0.1.12
[INFO] [stderr]    Compiling approx v0.1.1
[INFO] [stderr]    Compiling typenum v1.10.0
[INFO] [stderr]    Compiling heapsize v0.4.2
[INFO] [stderr]    Compiling serde v1.0.32
[INFO] [stderr]    Compiling matrixmultiply v0.1.14
[INFO] [stderr]    Compiling rustc-serialize v0.3.24
[INFO] [stderr]    Compiling rawpointer v0.1.0
[INFO] [stderr]    Compiling lazy_static v0.2.11
[INFO] [stderr]    Compiling bitflags v1.0.1
[INFO] [stderr]    Compiling odds v0.2.26
[INFO] [stderr]    Compiling byteorder v1.2.1
[INFO] [stderr]    Compiling unicode-xid v0.0.4
[INFO] [stderr]    Compiling log v0.4.1
[INFO] [stderr]    Compiling cc v1.0.7
[INFO] [stderr]    Compiling either v1.4.0
[INFO] [stderr]    Compiling quote v0.3.15
[INFO] [stderr]    Compiling adler32 v1.0.2
[INFO] [stderr]    Compiling arrayvec v0.4.7
[INFO] [stderr]    Compiling xml-rs v0.7.0
[INFO] [stderr]    Compiling crossbeam-utils v0.2.2
[INFO] [stderr]    Compiling log v0.3.9
[INFO] [stderr]    Compiling khronos_api v2.1.0
[INFO] [stderr]    Compiling build_const v0.2.0
[INFO] [stderr]    Compiling arrayvec v0.3.25
[INFO] [stderr]    Compiling scopeguard v0.3.3
[INFO] [stderr]    Compiling siphasher v0.2.2
[INFO] [stderr]    Compiling memoffset v0.2.1
[INFO] [stderr]    Compiling crc v1.7.0
[INFO] [stderr]    Compiling rand v0.4.2
[INFO] [stderr]    Compiling crossbeam-epoch v0.3.0
[INFO] [stderr]    Compiling syn v0.10.8
[INFO] [stderr]    Compiling itertools v0.5.10
[INFO] [stderr]    Compiling rayon-core v1.4.0
[INFO] [stderr]    Compiling phf_shared v0.7.21
[INFO] [stderr]    Compiling pkg-config v0.3.9
[INFO] [stderr]    Compiling unicode-xid v0.1.0
[INFO] [stderr]    Compiling bitflags v0.8.2
[INFO] [stderr]    Compiling num-traits v0.1.43
[INFO] [stderr]    Compiling num-integer v0.1.36
[INFO] [stderr]    Compiling draw_state v0.7.1
[INFO] [stderr]    Compiling proc-macro2 v0.2.3
[INFO] [stderr]    Compiling crossbeam-deque v0.2.0
[INFO] [stderr]    Compiling gl_generator v0.7.0
[INFO] [stderr]    Compiling phf v0.7.21
[INFO] [stderr]    Compiling num-iter v0.1.35
[INFO] [stderr]    Compiling num_cpus v1.8.0
[INFO] [stderr]    Compiling sdl2-sys v0.30.0
[INFO] [stderr]    Compiling lazy_static v1.0.0
[INFO] [stderr]    Compiling svgparser v0.4.3
[INFO] [stderr]    Compiling miniz_oxide v0.1.2
[INFO] [stderr]    Compiling alsa-sys v0.1.1
[INFO] [stderr]    Compiling quote v0.4.2
[INFO] [stderr]    Compiling rand v0.3.22
[INFO] [stderr]    Compiling bzip2-sys v0.1.6
[INFO] [stderr]    Compiling miniz_oxide_c_api v0.1.2
[INFO] [stderr]    Compiling void v1.0.2
[INFO] [stderr]    Compiling unreachable v0.1.1
[INFO] [stderr]    Compiling syn v0.12.14
[INFO] [stderr]    Compiling num v0.1.42
[INFO] [stderr]    Compiling sid v0.5.0
[INFO] [stderr]    Compiling time v0.1.39
[INFO] [stderr]    Compiling deflate v0.7.17
[INFO] [stderr]    Compiling generic-array v0.8.3
[INFO] [stderr]    Compiling ogg v0.4.1
[INFO] [stderr]    Compiling rayon v1.0.0
[INFO] [stderr]    Compiling gfx_gl v0.4.0
[INFO] [stderr]    Compiling inflate v0.3.4
[INFO] [stderr]    Compiling synom v0.11.3
[INFO] [stderr]    Compiling lzw v0.10.0
[INFO] [stderr]    Compiling bitflags v0.7.0
[INFO] [stderr]    Compiling color_quant v1.0.0
[INFO] [stderr]    Compiling futures v0.1.18
[INFO] [stderr]    Compiling num-complex v0.1.43
[INFO] [stderr]    Compiling gif v0.9.2
[INFO] [stderr]    Compiling png v0.11.0
[INFO] [stderr]    Compiling sdl2 v0.30.0
[INFO] [stderr]    Compiling syn v0.11.11
[INFO] [stderr]    Compiling msdos_time v0.1.5
[INFO] [stderr]    Compiling flate2 v1.0.1
[INFO] [stderr]    Compiling lewton v0.5.2
[INFO] [stderr]    Compiling alga v0.5.3
[INFO] [stderr]    Compiling bzip2 v0.3.2
[INFO] [stderr]    Compiling ordered-float v0.5.0
[INFO] [stderr]    Compiling cgmath v0.14.1
[INFO] [stderr]    Compiling num-rational v0.1.42
[INFO] [stderr]    Compiling enum_primitive v0.1.1
[INFO] [stderr]    Compiling stb_truetype v0.2.2
[INFO] [stderr]    Compiling scoped_threadpool v0.1.9
[INFO] [stderr]    Compiling podio v0.1.6
[INFO] [stderr]    Compiling nalgebra v0.14.1
[INFO] [stderr]    Compiling serde_derive_internals v0.20.1
[INFO] [stderr]    Compiling jpeg-decoder v0.1.14
[INFO] [stderr]    Compiling xdg v2.1.0
[INFO] [stderr]    Compiling lazy_static v0.1.16
[INFO] [stderr]    Compiling cpal v0.4.6
[INFO] [stderr]    Compiling hound v1.1.0
[INFO] [stderr]    Compiling euclid v0.15.6
[INFO] [stderr]    Compiling claxon v0.3.1
[INFO] [stderr]    Compiling slab v0.4.0
[INFO] [stderr]    Compiling linked-hash-map v0.5.1
[INFO] [stderr]    Compiling toml v0.4.5
[INFO] [stderr]    Compiling image v0.18.0
[INFO] [stderr]    Compiling app_dirs v1.1.1
[INFO] [stderr]    Compiling derivative v1.0.0
[INFO] [stderr]    Compiling rusttype v0.3.0
[INFO] [stderr]    Compiling zip v0.2.8
[INFO] [stderr]    Compiling smart-default v0.2.0
[INFO] [stdout] error[E0119]: conflicting implementations of trait `Mul<&_>` for type `translation::Translation<_, _>`
[INFO] [stdout]    --> /opt/rustwide/cargo-home/registry/src/index.crates.io-6f17d22bba15001f/nalgebra-0.14.1/src/geometry/isometry_ops.rs:67:9
[INFO] [stdout]     |
[INFO] [stdout] 67  | /         impl<$($lives ,)* N: Real, D: DimName, R> $Op<$Rhs> for $Lhs
[INFO] [stdout] 68  | |             where R: AlgaRotation<Point<N, D>>,
[INFO] [stdout] 69  | |                   DefaultAllocator: Allocator<N, D> {
[INFO] [stdout]     | |                                                   ^
[INFO] [stdout]     | |                                                   |
[INFO] [stdout]     | |___________________________________________________first implementation here
[INFO] [stdout]     |                                                     conflicting implementation for `translation::Translation<_, _>`
[INFO] [stdout] ...
[INFO] [stdout] 285 | / isometry_binop_impl_all!(
[INFO] [stdout] 286 | |     Mul, mul;
[INFO] [stdout] 287 | |     self: Translation<N, D>, right: R, Output = Isometry<N, D, R>;
[INFO] [stdout] 288 | |     [val val] => Isometry::from_parts(self, right);
[INFO] [stdout] ...   |
[INFO] [stdout] 291 | |     [ref ref] => Isometry::from_parts(self.clone(), right.clone());
[INFO] [stdout] 292 | | );
[INFO] [stdout]     | |_- in this macro invocation
[INFO] [stdout]     |
[INFO] [stdout]     = note: downstream crates may implement trait `alga::linear::Rotation<geometry::point::Point<_, _>>` for type `&_`
[INFO] [stdout]     = note: this error originates in the macro `isometry_binop_impl` which comes from the expansion of the macro `isometry_binop_impl_all` (in Nightly builds, run with -Z macro-backtrace for more info)
[INFO] [stdout] 
[INFO] [stdout] 
[INFO] [stdout] error[E0119]: conflicting implementations of trait `Mul<&_>` for type `&translation::Translation<_, _>`
[INFO] [stdout]    --> /opt/rustwide/cargo-home/registry/src/index.crates.io-6f17d22bba15001f/nalgebra-0.14.1/src/geometry/isometry_ops.rs:67:9
[INFO] [stdout]     |
[INFO] [stdout] 67  | /         impl<$($lives ,)* N: Real, D: DimName, R> $Op<$Rhs> for $Lhs
[INFO] [stdout] 68  | |             where R: AlgaRotation<Point<N, D>>,
[INFO] [stdout] 69  | |                   DefaultAllocator: Allocator<N, D> {
[INFO] [stdout]     | |                                                   ^
[INFO] [stdout]     | |                                                   |
[INFO] [stdout]     | |___________________________________________________first implementation here
[INFO] [stdout]     |                                                     conflicting implementation for `&translation::Translation<_, _>`
[INFO] [stdout] ...
[INFO] [stdout] 285 | / isometry_binop_impl_all!(
[INFO] [stdout] 286 | |     Mul, mul;
[INFO] [stdout] 287 | |     self: Translation<N, D>, right: R, Output = Isometry<N, D, R>;
[INFO] [stdout] 288 | |     [val val] => Isometry::from_parts(self, right);
[INFO] [stdout] ...   |
[INFO] [stdout] 291 | |     [ref ref] => Isometry::from_parts(self.clone(), right.clone());
[INFO] [stdout] 292 | | );
[INFO] [stdout]     | |_- in this macro invocation
[INFO] [stdout]     |
[INFO] [stdout]     = note: downstream crates may implement trait `alga::linear::Rotation<geometry::point::Point<_, _>>` for type `&_`
[INFO] [stdout]     = note: this error originates in the macro `isometry_binop_impl` which comes from the expansion of the macro `isometry_binop_impl_all` (in Nightly builds, run with -Z macro-backtrace for more info)
[INFO] [stdout] 
[INFO] [stdout] 
[INFO] [stdout] error[E0592]: duplicate definitions with name `new`
[INFO] [stdout]    --> /opt/rustwide/cargo-home/registry/src/index.crates.io-6f17d22bba15001f/nalgebra-0.14.1/src/core/construction.rs:489:13
[INFO] [stdout]     |
[INFO] [stdout] 489 |               pub fn new($($args: N),*) -> Self {
[INFO] [stdout]     |               ^^^^^^^^^^^^^^^^^^^^^^^^^^^^^^^^^ duplicate definitions for `new`
[INFO] [stdout] ...
[INFO] [stdout] 501 | / componentwise_constructors_impl!(
[INFO] [stdout] 502 | |     /*
[INFO] [stdout] 503 | |      * Square matrices 1 .. 6.
[INFO] [stdout] 504 | |      */
[INFO] [stdout] ...   |
[INFO] [stdout] 643 | |     U6, U1, x:(0,0), y:(1,0), z:(2,0), w:(3,0), a:(4,0), b:(5,0);
[INFO] [stdout] 644 | | );
[INFO] [stdout]     | |_- in this macro invocation
[INFO] [stdout]     |
[INFO] [stdout]    ::: /opt/rustwide/cargo-home/registry/src/index.crates.io-6f17d22bba15001f/nalgebra-0.14.1/src/core/construction_slice.rs:161:13
[INFO] [stdout]     |
[INFO] [stdout] 161 |               pub fn new(data: &'a [N], $($args: usize),*) -> Self {
[INFO] [stdout]     |               ---------------------------------------------------- other definition for `new`
[INFO] [stdout]     |
[INFO] [stdout]     = note: this error originates in the macro `componentwise_constructors_impl` (in Nightly builds, run with -Z macro-backtrace for more info)
[INFO] [stdout] 
[INFO] [stdout] 
[INFO] [stdout] error[E0592]: duplicate definitions with name `new`
[INFO] [stdout]    --> /opt/rustwide/cargo-home/registry/src/index.crates.io-6f17d22bba15001f/nalgebra-0.14.1/src/core/construction.rs:489:13
[INFO] [stdout]     |
[INFO] [stdout] 489 |               pub fn new($($args: N),*) -> Self {
[INFO] [stdout]     |               ^^^^^^^^^^^^^^^^^^^^^^^^^^^^^^^^^ duplicate definitions for `new`
[INFO] [stdout] ...
[INFO] [stdout] 501 | / componentwise_constructors_impl!(
[INFO] [stdout] 502 | |     /*
[INFO] [stdout] 503 | |      * Square matrices 1 .. 6.
[INFO] [stdout] 504 | |      */
[INFO] [stdout] ...   |
[INFO] [stdout] 643 | |     U6, U1, x:(0,0), y:(1,0), z:(2,0), w:(3,0), a:(4,0), b:(5,0);
[INFO] [stdout] 644 | | );
[INFO] [stdout]     | |_- in this macro invocation
[INFO] [stdout]     |
[INFO] [stdout]    ::: /opt/rustwide/cargo-home/registry/src/index.crates.io-6f17d22bba15001f/nalgebra-0.14.1/src/core/construction_slice.rs:218:13
[INFO] [stdout]     |
[INFO] [stdout] 218 |               pub fn new(data: &'a mut [N], $($args: usize),*) -> Self {
[INFO] [stdout]     |               -------------------------------------------------------- other definition for `new`
[INFO] [stdout]     |
[INFO] [stdout]     = note: this error originates in the macro `componentwise_constructors_impl` (in Nightly builds, run with -Z macro-backtrace for more info)
[INFO] [stdout] 
[INFO] [stdout] 
[INFO] [stderr]    Compiling nalgebra v0.13.1
[INFO] [stderr]    Compiling lyon_core v0.8.0
[INFO] [stderr]    Compiling lyon_bezier v0.8.5
[INFO] [stdout] error: aborting due to 4 previous errors
[INFO] [stdout] 
[INFO] [stdout] 
[INFO] [stdout] Some errors have detailed explanations: E0119, E0592.
[INFO] [stdout] 
[INFO] [stdout] For more information about an error, try `rustc --explain E0119`.
[INFO] [stdout] 
[INFO] [stderr]    Compiling rodio v0.5.2
[INFO] [stderr] error: could not compile `nalgebra` (lib) due to 5 previous errors
[INFO] [stderr] warning: build failed, waiting for other jobs to finish...
[INFO] [stdout] error[E0119]: conflicting implementations of trait `Mul<&_>` for type `translation::Translation<_, _>`
[INFO] [stdout]    --> /opt/rustwide/cargo-home/registry/src/index.crates.io-6f17d22bba15001f/nalgebra-0.13.1/src/geometry/isometry_ops.rs:67:9
[INFO] [stdout]     |
[INFO] [stdout] 67  | /         impl<$($lives ,)* N: Real, D: DimName, R> $Op<$Rhs> for $Lhs
[INFO] [stdout] 68  | |             where R: AlgaRotation<Point<N, D>>,
[INFO] [stdout] 69  | |                   DefaultAllocator: Allocator<N, D> {
[INFO] [stdout]     | |                                                   ^
[INFO] [stdout]     | |                                                   |
[INFO] [stdout]     | |___________________________________________________first implementation here
[INFO] [stdout]     |                                                     conflicting implementation for `translation::Translation<_, _>`
[INFO] [stdout] ...
[INFO] [stdout] 281 | / isometry_binop_impl_all!(
[INFO] [stdout] 282 | |     Mul, mul;
[INFO] [stdout] 283 | |     self: Translation<N, D>, right: R, Output = Isometry<N, D, R>;
[INFO] [stdout] 284 | |     [val val] => Isometry::from_parts(self, right);
[INFO] [stdout] ...   |
[INFO] [stdout] 287 | |     [ref ref] => Isometry::from_parts(self.clone(), right.clone());
[INFO] [stdout] 288 | | );
[INFO] [stdout]     | |_- in this macro invocation
[INFO] [stdout]     |
[INFO] [stdout]     = note: downstream crates may implement trait `alga::linear::Rotation<geometry::point::Point<_, _>>` for type `&_`
[INFO] [stdout]     = note: this error originates in the macro `isometry_binop_impl` which comes from the expansion of the macro `isometry_binop_impl_all` (in Nightly builds, run with -Z macro-backtrace for more info)
[INFO] [stdout] 
[INFO] [stdout] 
[INFO] [stdout] error[E0119]: conflicting implementations of trait `Mul<&_>` for type `&translation::Translation<_, _>`
[INFO] [stdout]    --> /opt/rustwide/cargo-home/registry/src/index.crates.io-6f17d22bba15001f/nalgebra-0.13.1/src/geometry/isometry_ops.rs:67:9
[INFO] [stdout]     |
[INFO] [stdout] 67  | /         impl<$($lives ,)* N: Real, D: DimName, R> $Op<$Rhs> for $Lhs
[INFO] [stdout] 68  | |             where R: AlgaRotation<Point<N, D>>,
[INFO] [stdout] 69  | |                   DefaultAllocator: Allocator<N, D> {
[INFO] [stdout]     | |                                                   ^
[INFO] [stdout]     | |                                                   |
[INFO] [stdout]     | |___________________________________________________first implementation here
[INFO] [stdout]     |                                                     conflicting implementation for `&translation::Translation<_, _>`
[INFO] [stdout] ...
[INFO] [stdout] 281 | / isometry_binop_impl_all!(
[INFO] [stdout] 282 | |     Mul, mul;
[INFO] [stdout] 283 | |     self: Translation<N, D>, right: R, Output = Isometry<N, D, R>;
[INFO] [stdout] 284 | |     [val val] => Isometry::from_parts(self, right);
[INFO] [stdout] ...   |
[INFO] [stdout] 287 | |     [ref ref] => Isometry::from_parts(self.clone(), right.clone());
[INFO] [stdout] 288 | | );
[INFO] [stdout]     | |_- in this macro invocation
[INFO] [stdout]     |
[INFO] [stdout]     = note: downstream crates may implement trait `alga::linear::Rotation<geometry::point::Point<_, _>>` for type `&_`
[INFO] [stdout]     = note: this error originates in the macro `isometry_binop_impl` which comes from the expansion of the macro `isometry_binop_impl_all` (in Nightly builds, run with -Z macro-backtrace for more info)
[INFO] [stdout] 
[INFO] [stdout] 
[INFO] [stdout] error: aborting due to 2 previous errors
[INFO] [stdout] 
[INFO] [stdout] 
[INFO] [stdout] For more information about this error, try `rustc --explain E0119`.
[INFO] [stdout] 
[INFO] [stderr] error: could not compile `nalgebra` (lib) due to 3 previous errors
[INFO] running `Command { std: "docker" "inspect" "767e5dc5c808d475a0447ee3fa8ffc1d86059b3d16afd9498198d63cc5eba1b6", kill_on_drop: false }`
[INFO] running `Command { std: "docker" "rm" "-f" "767e5dc5c808d475a0447ee3fa8ffc1d86059b3d16afd9498198d63cc5eba1b6", kill_on_drop: false }`
[INFO] [stdout] 767e5dc5c808d475a0447ee3fa8ffc1d86059b3d16afd9498198d63cc5eba1b6
[INFO] testing AlisCode/ggez-ncollide-example against beta-2023-12-22 for beta-1.76-1
[INFO] running `Command { std: "git" "clone" "/workspace/cache/git-repos/https%3A%2F%2Fgithub.com%2FAlisCode%2Fggez-ncollide-example" "/workspace/builds/worker-2-tc2/source", kill_on_drop: false }`
[INFO] [stderr] Cloning into '/workspace/builds/worker-2-tc2/source'...
[INFO] [stderr] done.
[INFO] validating manifest of git repo https://github.com/AlisCode/ggez-ncollide-example on toolchain beta-2023-12-22
[INFO] running `Command { std: CARGO_HOME="/workspace/cargo-home" RUSTUP_HOME="/workspace/rustup-home" "/workspace/cargo-home/bin/cargo" "+beta-2023-12-22" "metadata" "--manifest-path" "Cargo.toml" "--no-deps", kill_on_drop: false }`
[INFO] started tweaking git repo https://github.com/AlisCode/ggez-ncollide-example
[INFO] finished tweaking git repo https://github.com/AlisCode/ggez-ncollide-example
[INFO] tweaked toml for git repo https://github.com/AlisCode/ggez-ncollide-example written to /workspace/builds/worker-2-tc2/source/Cargo.toml
[INFO] crate git repo https://github.com/AlisCode/ggez-ncollide-example already has a lockfile, it will not be regenerated
[INFO] running `Command { std: CARGO_HOME="/workspace/cargo-home" RUSTUP_HOME="/workspace/rustup-home" "/workspace/cargo-home/bin/cargo" "+beta-2023-12-22" "fetch" "--manifest-path" "Cargo.toml", kill_on_drop: false }`
[INFO] running `Command { std: "docker" "create" "-v" "/var/lib/crater-agent-workspace/builds/worker-2-tc2/target:/opt/rustwide/target:rw,Z" "-v" "/var/lib/crater-agent-workspace/builds/worker-2-tc2/source:/opt/rustwide/workdir:ro,Z" "-v" "/var/lib/crater-agent-workspace/cargo-home:/opt/rustwide/cargo-home:ro,Z" "-v" "/var/lib/crater-agent-workspace/rustup-home:/opt/rustwide/rustup-home:ro,Z" "-e" "SOURCE_DIR=/opt/rustwide/workdir" "-e" "CARGO_TARGET_DIR=/opt/rustwide/target" "-e" "CARGO_HOME=/opt/rustwide/cargo-home" "-e" "RUSTUP_HOME=/opt/rustwide/rustup-home" "-w" "/opt/rustwide/workdir" "-m" "1610612736" "--user" "0:0" "--network" "none" "ghcr.io/rust-lang/crates-build-env/linux@sha256:2788e3201cd34a07e3172128adcd8b3090168a8e3bcc40d7c032b9dda1df7d1c" "/opt/rustwide/cargo-home/bin/cargo" "+beta-2023-12-22" "metadata" "--no-deps" "--format-version=1", kill_on_drop: false }`
[INFO] [stdout] 745f92bd633e80c0e130916d12748c349d3f62d173525e10a1bb238845b3dce9
[INFO] running `Command { std: "docker" "start" "-a" "745f92bd633e80c0e130916d12748c349d3f62d173525e10a1bb238845b3dce9", kill_on_drop: false }`
[INFO] running `Command { std: "docker" "inspect" "745f92bd633e80c0e130916d12748c349d3f62d173525e10a1bb238845b3dce9", kill_on_drop: false }`
[INFO] running `Command { std: "docker" "rm" "-f" "745f92bd633e80c0e130916d12748c349d3f62d173525e10a1bb238845b3dce9", kill_on_drop: false }`
[INFO] [stdout] 745f92bd633e80c0e130916d12748c349d3f62d173525e10a1bb238845b3dce9
[INFO] running `Command { std: "docker" "create" "-v" "/var/lib/crater-agent-workspace/builds/worker-2-tc2/target:/opt/rustwide/target:rw,Z" "-v" "/var/lib/crater-agent-workspace/builds/worker-2-tc2/source:/opt/rustwide/workdir:ro,Z" "-v" "/var/lib/crater-agent-workspace/cargo-home:/opt/rustwide/cargo-home:ro,Z" "-v" "/var/lib/crater-agent-workspace/rustup-home:/opt/rustwide/rustup-home:ro,Z" "-e" "SOURCE_DIR=/opt/rustwide/workdir" "-e" "CARGO_TARGET_DIR=/opt/rustwide/target" "-e" "CARGO_INCREMENTAL=0" "-e" "RUST_BACKTRACE=full" "-e" "RUSTFLAGS=--cap-lints=warn" "-e" "RUSTDOCFLAGS=--cap-lints=warn" "-e" "CARGO_HOME=/opt/rustwide/cargo-home" "-e" "RUSTUP_HOME=/opt/rustwide/rustup-home" "-w" "/opt/rustwide/workdir" "-m" "1610612736" "--user" "0:0" "--network" "none" "ghcr.io/rust-lang/crates-build-env/linux@sha256:2788e3201cd34a07e3172128adcd8b3090168a8e3bcc40d7c032b9dda1df7d1c" "/opt/rustwide/cargo-home/bin/cargo" "+beta-2023-12-22" "build" "--frozen" "--message-format=json", kill_on_drop: false }`
[INFO] [stdout] 7dd278f2451e80347cea730d104c4178c0413a1311c7362acd36ea47b3b59efd
[INFO] running `Command { std: "docker" "start" "-a" "7dd278f2451e80347cea730d104c4178c0413a1311c7362acd36ea47b3b59efd", kill_on_drop: false }`
[INFO] [stderr]    Compiling num-traits v0.2.1
[INFO] [stderr]    Compiling libc v0.2.39
[INFO] [stderr]    Compiling cfg-if v0.1.2
[INFO] [stderr]    Compiling nodrop v0.1.12
[INFO] [stderr]    Compiling heapsize v0.4.2
[INFO] [stderr]    Compiling approx v0.1.1
[INFO] [stderr]    Compiling typenum v1.10.0
[INFO] [stderr]    Compiling matrixmultiply v0.1.14
[INFO] [stderr]    Compiling rustc-serialize v0.3.24
[INFO] [stderr]    Compiling serde v1.0.32
[INFO] [stderr]    Compiling lazy_static v0.2.11
[INFO] [stderr]    Compiling rawpointer v0.1.0
[INFO] [stderr]    Compiling cc v1.0.7
[INFO] [stderr]    Compiling unicode-xid v0.0.4
[INFO] [stderr]    Compiling either v1.4.0
[INFO] [stderr]    Compiling byteorder v1.2.1
[INFO] [stderr]    Compiling log v0.4.1
[INFO] [stderr]    Compiling odds v0.2.26
[INFO] [stderr]    Compiling bitflags v1.0.1
[INFO] [stderr]    Compiling quote v0.3.15
[INFO] [stderr]    Compiling adler32 v1.0.2
[INFO] [stderr]    Compiling arrayvec v0.4.7
[INFO] [stderr]    Compiling xml-rs v0.7.0
[INFO] [stderr]    Compiling crossbeam-utils v0.2.2
[INFO] [stderr]    Compiling scopeguard v0.3.3
[INFO] [stderr]    Compiling khronos_api v2.1.0
[INFO] [stderr]    Compiling log v0.3.9
[INFO] [stderr]    Compiling rand v0.4.2
[INFO] [stderr]    Compiling arrayvec v0.3.25
[INFO] [stderr]    Compiling memoffset v0.2.1
[INFO] [stderr]    Compiling siphasher v0.2.2
[INFO] [stdout] error[E0310]: the parameter type `T` may not live long enough
[INFO] [stdout]     --> /opt/rustwide/cargo-home/registry/src/index.crates.io-6f17d22bba15001f/rustc-serialize-0.3.24/src/serialize.rs:1155:5
[INFO] [stdout]      |
[INFO] [stdout] 1155 |     fn decode<D: Decoder>(d: &mut D) -> Result<Cow<'static, T>, D::Error> {
[INFO] [stdout]      |     ^^^^^^^^^^^^^^^^^^^^^^^^^^^^^^^^^^^^^^^^^^^^^^^^^^^^^^^^^^^^^^^^^^^^^
[INFO] [stdout]      |     |
[INFO] [stdout]      |     the parameter type `T` must be valid for the static lifetime...
[INFO] [stdout]      |     ...so that the type `T` will meet its required lifetime bounds...
[INFO] [stdout]      |
[INFO] [stdout] note: ...that is required by this bound
[INFO] [stdout]     --> /rustc/0e09125c6c3c2fd70d7de961bcf0e51575235fad/library/alloc/src/borrow.rs:180:30
[INFO] [stdout] help: consider adding an explicit lifetime bound
[INFO] [stdout]      |
[INFO] [stdout] 1151 | impl<'a, T: ?Sized + 'static> Decodable for Cow<'a, T>
[INFO] [stdout]      |                    +++++++++
[INFO] [stdout] 
[INFO] [stdout] 
[INFO] [stderr]    Compiling build_const v0.2.0
[INFO] [stderr]    Compiling crossbeam-epoch v0.3.0
[INFO] [stderr]    Compiling syn v0.10.8
[INFO] [stderr]    Compiling itertools v0.5.10
[INFO] [stderr]    Compiling rayon-core v1.4.0
[INFO] [stderr]    Compiling crc v1.7.0
[INFO] [stderr]    Compiling phf_shared v0.7.21
[INFO] [stderr]    Compiling unicode-xid v0.1.0
[INFO] [stderr]    Compiling bitflags v0.8.2
[INFO] [stderr]    Compiling num-traits v0.1.43
[INFO] [stderr]    Compiling num-integer v0.1.36
[INFO] [stderr]    Compiling gl_generator v0.7.0
[INFO] [stderr]    Compiling pkg-config v0.3.9
[INFO] [stderr]    Compiling crossbeam-deque v0.2.0
[INFO] [stderr]    Compiling proc-macro2 v0.2.3
[INFO] [stderr]    Compiling draw_state v0.7.1
[INFO] [stderr]    Compiling num-iter v0.1.35
[INFO] [stderr]    Compiling phf v0.7.21
[INFO] [stderr]    Compiling num_cpus v1.8.0
[INFO] [stderr]    Compiling lazy_static v1.0.0
[INFO] [stderr]    Compiling sdl2-sys v0.30.0
[INFO] [stderr]    Compiling svgparser v0.4.3
[INFO] [stdout] error: aborting due to 1 previous error
[INFO] [stdout] 
[INFO] [stdout] 
[INFO] [stdout] For more information about this error, try `rustc --explain E0310`.
[INFO] [stdout] 
[INFO] [stderr] error: could not compile `rustc-serialize` (lib) due to 2 previous errors
[INFO] [stderr] warning: build failed, waiting for other jobs to finish...
[INFO] running `Command { std: "docker" "inspect" "7dd278f2451e80347cea730d104c4178c0413a1311c7362acd36ea47b3b59efd", kill_on_drop: false }`
[INFO] running `Command { std: "docker" "rm" "-f" "7dd278f2451e80347cea730d104c4178c0413a1311c7362acd36ea47b3b59efd", kill_on_drop: false }`
[INFO] [stdout] 7dd278f2451e80347cea730d104c4178c0413a1311c7362acd36ea47b3b59efd
