[INFO] cloning repository https://github.com/AlexanderMendivil/test_api
[INFO] running `Command { std: "git" "-c" "credential.helper=" "-c" "credential.helper=/workspace/cargo-home/bin/git-credential-null" "clone" "--bare" "https://github.com/AlexanderMendivil/test_api" "/workspace/cache/git-repos/https%3A%2F%2Fgithub.com%2FAlexanderMendivil%2Ftest_api", kill_on_drop: false }`
[INFO] [stderr] Cloning into bare repository '/workspace/cache/git-repos/https%3A%2F%2Fgithub.com%2FAlexanderMendivil%2Ftest_api'...
[INFO] running `Command { std: "git" "rev-parse" "HEAD", kill_on_drop: false }`
[INFO] [stdout] 37e845f35616d126c74404e69ede77eeddeeed48
[INFO] testing AlexanderMendivil/test_api against 1.75.0 for beta-1.76-1
[INFO] running `Command { std: "git" "clone" "/workspace/cache/git-repos/https%3A%2F%2Fgithub.com%2FAlexanderMendivil%2Ftest_api" "/workspace/builds/worker-2-tc1/source", kill_on_drop: false }`
[INFO] [stderr] Cloning into '/workspace/builds/worker-2-tc1/source'...
[INFO] [stderr] done.
[INFO] validating manifest of git repo https://github.com/AlexanderMendivil/test_api on toolchain 1.75.0
[INFO] running `Command { std: CARGO_HOME="/workspace/cargo-home" RUSTUP_HOME="/workspace/rustup-home" "/workspace/cargo-home/bin/cargo" "+1.75.0" "metadata" "--manifest-path" "Cargo.toml" "--no-deps", kill_on_drop: false }`
[INFO] started tweaking git repo https://github.com/AlexanderMendivil/test_api
[INFO] finished tweaking git repo https://github.com/AlexanderMendivil/test_api
[INFO] tweaked toml for git repo https://github.com/AlexanderMendivil/test_api written to /workspace/builds/worker-2-tc1/source/Cargo.toml
[INFO] crate git repo https://github.com/AlexanderMendivil/test_api already has a lockfile, it will not be regenerated
[INFO] running `Command { std: CARGO_HOME="/workspace/cargo-home" RUSTUP_HOME="/workspace/rustup-home" "/workspace/cargo-home/bin/cargo" "+1.75.0" "fetch" "--manifest-path" "Cargo.toml", kill_on_drop: false }`
[INFO] [stderr] warning: dependency (diesel) specified without providing a local path, Git repository, version, or workspace dependency to use. This will be considered an error in future versions
[INFO] [stderr] warning: unused manifest key: dependencies.diesel.verison
[INFO] [stderr] warning: dependency (rocket_sync_db_pools) specified without providing a local path, Git repository, version, or workspace dependency to use. This will be considered an error in future versions
[INFO] [stderr] warning: unused manifest key: dependencies.rocket_sync_db_pools.verison
[INFO] [stderr]     Updating crates.io index
[INFO] [stderr]  Downloading crates ...
[INFO] [stderr]   Downloaded ref-cast v1.0.14
[INFO] [stderr]   Downloaded diesel_derives v2.0.1
[INFO] [stderr]   Downloaded ref-cast-impl v1.0.14
[INFO] [stderr]   Downloaded rocket_sync_db_pools v0.1.0-rc.2
[INFO] [stderr]   Downloaded rocket_sync_db_pools_codegen v0.1.0-rc.2
[INFO] [stderr]   Downloaded scheduled-thread-pool v0.2.6
[INFO] [stderr]   Downloaded diesel v2.0.3
[INFO] running `Command { std: "docker" "create" "-v" "/var/lib/crater-agent-workspace/builds/worker-2-tc1/target:/opt/rustwide/target:rw,Z" "-v" "/var/lib/crater-agent-workspace/builds/worker-2-tc1/source:/opt/rustwide/workdir:ro,Z" "-v" "/var/lib/crater-agent-workspace/cargo-home:/opt/rustwide/cargo-home:ro,Z" "-v" "/var/lib/crater-agent-workspace/rustup-home:/opt/rustwide/rustup-home:ro,Z" "-e" "SOURCE_DIR=/opt/rustwide/workdir" "-e" "CARGO_TARGET_DIR=/opt/rustwide/target" "-e" "CARGO_HOME=/opt/rustwide/cargo-home" "-e" "RUSTUP_HOME=/opt/rustwide/rustup-home" "-w" "/opt/rustwide/workdir" "-m" "1610612736" "--user" "0:0" "--network" "none" "ghcr.io/rust-lang/crates-build-env/linux@sha256:2788e3201cd34a07e3172128adcd8b3090168a8e3bcc40d7c032b9dda1df7d1c" "/opt/rustwide/cargo-home/bin/cargo" "+1.75.0" "metadata" "--no-deps" "--format-version=1", kill_on_drop: false }`
[INFO] [stdout] 215ef43111587f01332008bfdf42727dcf154249172f5568c0ea8f8bc7ad5958
[INFO] running `Command { std: "docker" "start" "-a" "215ef43111587f01332008bfdf42727dcf154249172f5568c0ea8f8bc7ad5958", kill_on_drop: false }`
[INFO] running `Command { std: "docker" "inspect" "215ef43111587f01332008bfdf42727dcf154249172f5568c0ea8f8bc7ad5958", kill_on_drop: false }`
[INFO] running `Command { std: "docker" "rm" "-f" "215ef43111587f01332008bfdf42727dcf154249172f5568c0ea8f8bc7ad5958", kill_on_drop: false }`
[INFO] [stdout] 215ef43111587f01332008bfdf42727dcf154249172f5568c0ea8f8bc7ad5958
[INFO] running `Command { std: "docker" "create" "-v" "/var/lib/crater-agent-workspace/builds/worker-2-tc1/target:/opt/rustwide/target:rw,Z" "-v" "/var/lib/crater-agent-workspace/builds/worker-2-tc1/source:/opt/rustwide/workdir:ro,Z" "-v" "/var/lib/crater-agent-workspace/cargo-home:/opt/rustwide/cargo-home:ro,Z" "-v" "/var/lib/crater-agent-workspace/rustup-home:/opt/rustwide/rustup-home:ro,Z" "-e" "SOURCE_DIR=/opt/rustwide/workdir" "-e" "CARGO_TARGET_DIR=/opt/rustwide/target" "-e" "CARGO_INCREMENTAL=0" "-e" "RUST_BACKTRACE=full" "-e" "RUSTFLAGS=--cap-lints=warn" "-e" "RUSTDOCFLAGS=--cap-lints=warn" "-e" "CARGO_HOME=/opt/rustwide/cargo-home" "-e" "RUSTUP_HOME=/opt/rustwide/rustup-home" "-w" "/opt/rustwide/workdir" "-m" "1610612736" "--user" "0:0" "--network" "none" "ghcr.io/rust-lang/crates-build-env/linux@sha256:2788e3201cd34a07e3172128adcd8b3090168a8e3bcc40d7c032b9dda1df7d1c" "/opt/rustwide/cargo-home/bin/cargo" "+1.75.0" "build" "--frozen" "--message-format=json", kill_on_drop: false }`
[INFO] [stdout] 6c568620d93f340abcf27d88ce622af43db698efa0ce9fd03eb2df41bf6391f9
[INFO] running `Command { std: "docker" "start" "-a" "6c568620d93f340abcf27d88ce622af43db698efa0ce9fd03eb2df41bf6391f9", kill_on_drop: false }`
[INFO] [stderr] warning: dependency (diesel) specified without providing a local path, Git repository, version, or workspace dependency to use. This will be considered an error in future versions
[INFO] [stderr] warning: unused manifest key: dependencies.diesel.verison
[INFO] [stderr] warning: dependency (rocket_sync_db_pools) specified without providing a local path, Git repository, version, or workspace dependency to use. This will be considered an error in future versions
[INFO] [stderr] warning: unused manifest key: dependencies.rocket_sync_db_pools.verison
[INFO] [stderr]    Compiling version_check v0.9.4
[INFO] [stderr]    Compiling cfg-if v1.0.0
[INFO] [stderr]    Compiling libc v0.2.139
[INFO] [stderr]    Compiling proc-macro2 v1.0.51
[INFO] [stderr]    Compiling unicode-ident v1.0.6
[INFO] [stderr]    Compiling quote v1.0.23
[INFO] [stderr]    Compiling syn v1.0.108
[INFO] [stderr]    Compiling autocfg v1.1.0
[INFO] [stderr]    Compiling typenum v1.16.0
[INFO] [stderr]    Compiling pin-project-lite v0.2.9
[INFO] [stderr]    Compiling log v0.4.17
[INFO] [stderr]    Compiling memchr v2.5.0
[INFO] [stderr]    Compiling futures-channel v0.3.26
[INFO] [stderr]    Compiling generic-array v0.14.6
[INFO] [stderr]    Compiling proc-macro2-diagnostics v0.9.1
[INFO] [stderr]    Compiling subtle v2.4.1
[INFO] [stderr]    Compiling itoa v1.0.5
[INFO] [stderr]    Compiling bytes v1.4.0
[INFO] [stderr]    Compiling futures-core v0.3.26
[INFO] [stderr]    Compiling serde_derive v1.0.152
[INFO] [stderr]    Compiling getrandom v0.2.8
[INFO] [stderr]    Compiling socket2 v0.4.7
[INFO] [stderr]    Compiling rand_core v0.6.4
[INFO] [stderr]    Compiling serde v1.0.152
[INFO] [stderr]    Compiling pin-utils v0.1.0
[INFO] [stderr]    Compiling yansi v0.5.1
[INFO] [stderr]    Compiling once_cell v1.17.1
[INFO] [stderr]    Compiling smallvec v1.10.0
[INFO] [stderr]    Compiling fnv v1.0.7
[INFO] [stderr]    Compiling cpufeatures v0.2.5
[INFO] [stderr]    Compiling tracing-core v0.1.30
[INFO] [stderr]    Compiling tokio v1.25.0
[INFO] [stderr]    Compiling slab v0.4.8
[INFO] [stderr]    Compiling http v0.2.9
[INFO] [stderr]    Compiling futures-task v0.3.26
[INFO] [stderr]    Compiling httparse v1.8.0
[INFO] [stderr]    Compiling futures-sink v0.3.26
[INFO] [stderr]    Compiling crypto-common v0.1.6
[INFO] [stderr]    Compiling inout v0.1.3
[INFO] [stderr]    Compiling block-buffer v0.10.3
[INFO] [stderr]    Compiling tracing v0.1.37
[INFO] [stderr]    Compiling digest v0.10.6
[INFO] [stderr]    Compiling cipher v0.4.3
[INFO] [stderr]    Compiling universal-hash v0.5.0
[INFO] [stderr]    Compiling mio v0.8.6
[INFO] [stderr]    Compiling signal-hook-registry v1.4.1
[INFO] [stderr]    Compiling num_cpus v1.15.0
[INFO] [stderr]    Compiling lock_api v0.4.9
[INFO] [stderr]    Compiling try-lock v0.2.4
[INFO] [stderr]    Compiling opaque-debug v0.3.0
[INFO] [stderr]    Compiling hashbrown v0.12.3
[INFO] [stderr]    Compiling futures-util v0.3.26
[INFO] [stderr]    Compiling parking_lot_core v0.9.7
[INFO] [stderr]    Compiling polyval v0.6.0
[INFO] [stderr]    Compiling scopeguard v1.1.0
[INFO] [stderr]    Compiling ppv-lite86 v0.2.17
[INFO] [stderr]    Compiling time-core v0.1.0
[INFO] [stderr]    Compiling futures-io v0.3.26
[INFO] [stderr]    Compiling time-macros v0.2.7
[INFO] [stderr]    Compiling ghash v0.5.0
[INFO] [stderr]    Compiling http-body v0.4.5
[INFO] [stderr]    Compiling hmac v0.12.1
[INFO] [stderr]    Compiling ctr v0.9.2
[INFO] [stderr]    Compiling rand_chacha v0.3.1
[INFO] [stderr]    Compiling aes v0.8.2
[INFO] [stderr]    Compiling aead v0.5.1
[INFO] [stderr]    Compiling cookie v0.16.2
[INFO] [stderr]    Compiling indexmap v1.9.2
[INFO] [stderr]    Compiling inlinable_string v0.1.15
[INFO] [stderr]    Compiling ref-cast v1.0.14
[INFO] [stderr]    Compiling tower-service v0.3.2
[INFO] [stderr]    Compiling httpdate v1.0.2
[INFO] [stderr]    Compiling bitflags v1.3.2
[INFO] [stderr]    Compiling aes-gcm v0.10.1
[INFO] [stderr]    Compiling rand v0.8.5
[INFO] [stderr]    Compiling parking_lot v0.12.1
[INFO] [stderr]    Compiling hkdf v0.12.3
[INFO] [stderr]    Compiling sha2 v0.10.6
[INFO] [stderr]    Compiling uncased v0.9.7
[INFO] [stderr]    Compiling time v0.3.19
[INFO] [stderr]    Compiling percent-encoding v2.2.0
[INFO] [stderr]    Compiling cc v1.0.79
[INFO] [stderr]    Compiling base64 v0.20.0
[INFO] [stderr]    Compiling pkg-config v0.3.26
[INFO] [stderr]    Compiling want v0.3.0
[INFO] [stderr]    Compiling stable-pattern v0.1.0
[INFO] [stderr]    Compiling devise_core v0.3.1
[INFO] [stderr]    Compiling proc-macro-error-attr v1.0.4
[INFO] [stderr]    Compiling either v1.8.1
[INFO] [stderr]    Compiling state v0.5.3
[INFO] [stderr]    Compiling futures v0.3.26
[INFO] [stderr]    Compiling scheduled-thread-pool v0.2.6
[INFO] [stderr]    Compiling libsqlite3-sys v0.22.2
[INFO] [stderr]    Compiling proc-macro-error v1.0.4
[INFO] [stderr]    Compiling figment v0.10.8
[INFO] [stderr]    Compiling multer v2.0.4
[INFO] [stderr]    Compiling atomic v0.5.1
[INFO] [stderr]    Compiling async-trait v0.1.64
[INFO] [stderr]    Compiling serde_json v1.0.93
[INFO] [stderr]    Compiling r2d2 v0.8.10
[INFO] [stderr]    Compiling hyper v0.14.24
[INFO] [stderr]    Compiling rocket v0.5.0-rc.2
[INFO] [stderr]    Compiling encoding_rs v0.8.32
[INFO] [stderr]    Compiling glob v0.3.1
[INFO] [stderr]    Compiling ryu v1.0.12
[INFO] [stderr]    Compiling fastrand v1.9.0
[INFO] [stderr]    Compiling mime v0.3.16
[INFO] [stderr]    Compiling remove_dir_all v0.5.3
[INFO] [stderr]    Compiling unicode-xid v0.2.4
[INFO] [stderr]    Compiling spin v0.9.5
[INFO] [stderr]    Compiling tempfile v3.3.0
[INFO] [stderr]    Compiling tokio-macros v1.8.2
[INFO] [stderr]    Compiling pear_codegen v0.2.3
[INFO] [stderr]    Compiling ref-cast-impl v1.0.14
[INFO] [stderr]    Compiling devise_codegen v0.3.1
[INFO] [stderr]    Compiling async-stream-impl v0.3.4
[INFO] [stderr]    Compiling diesel_derives v1.4.1
[INFO] [stderr]    Compiling devise v0.3.1
[INFO] [stderr]    Compiling pear v0.2.3
[INFO] [stderr]    Compiling atty v0.2.14
[INFO] [stderr]    Compiling byteorder v1.4.3
[INFO] [stderr]    Compiling async-stream v0.3.4
[INFO] [stderr]    Compiling binascii v0.1.4
[INFO] [stderr]    Compiling rocket_sync_db_pools_codegen v0.1.0-rc.2
[INFO] [stderr]    Compiling diesel_derives v2.0.1
[INFO] [stderr]    Compiling rocket_http v0.5.0-rc.2
[INFO] [stderr]    Compiling tokio-util v0.7.7
[INFO] [stderr]    Compiling tokio-stream v0.1.12
[INFO] [stderr]    Compiling rocket_codegen v0.5.0-rc.2
[INFO] [stderr]    Compiling diesel v1.4.8
[INFO] [stderr]    Compiling diesel v2.0.3
[INFO] [stderr]    Compiling toml v0.5.11
[INFO] [stderr]    Compiling ubyte v0.10.3
[INFO] [stderr]    Compiling h2 v0.3.15
[INFO] [stderr]    Compiling rocket_sync_db_pools v0.1.0-rc.2
[INFO] [stderr]    Compiling rocket-app v0.1.0 (/opt/rustwide/workdir)
[INFO] [stdout] error[E0277]: the trait bound `diesel::SqliteConnection: Poolable` is not satisfied
[INFO] [stdout]   --> src/main.rs:18:15
[INFO] [stdout]    |
[INFO] [stdout] 18 | struct DbConn(diesel::SqliteConnection);
[INFO] [stdout]    |               ^^^^^^ the trait `Poolable` is not implemented for `diesel::SqliteConnection`
[INFO] [stdout]    |
[INFO] [stdout]    = help: the trait `Poolable` is implemented for `rocket_sync_db_pools::diesel::SqliteConnection`
[INFO] [stdout] note: required by a bound in `rocket_sync_db_pools::Connection`
[INFO] [stdout]   --> /opt/rustwide/cargo-home/registry/src/index.crates.io-6f17d22bba15001f/rocket_sync_db_pools-0.1.0-rc.2/src/connection.rs:44:29
[INFO] [stdout]    |
[INFO] [stdout] 44 | pub struct Connection<K, C: Poolable> {
[INFO] [stdout]    |                             ^^^^^^^^ required by this bound in `Connection`
[INFO] [stdout] 
[INFO] [stdout] 
[INFO] [stdout] error[E0599]: the function or associated item `fairing` exists for struct `ConnectionPool<DbConn, SqliteConnection>`, but its trait bounds were not satisfied
[INFO] [stdout]    --> src/main.rs:17:1
[INFO] [stdout]     |
[INFO] [stdout] 17  | #[database("sqlite")]
[INFO] [stdout]     | ^^^^^^^^^^^^^^^^^^^^^ function or associated item cannot be called on `ConnectionPool<DbConn, SqliteConnection>` due to unsatisfied trait bounds
[INFO] [stdout]     |
[INFO] [stdout]    ::: /opt/rustwide/cargo-home/registry/src/index.crates.io-6f17d22bba15001f/diesel-2.0.3/src/sqlite/connection/mod.rs:116:1
[INFO] [stdout]     |
[INFO] [stdout] 116 | pub struct SqliteConnection {
[INFO] [stdout]     | --------------------------- doesn't satisfy `diesel::SqliteConnection: Poolable`
[INFO] [stdout]     |
[INFO] [stdout]     = note: the following trait bounds were not satisfied:
[INFO] [stdout]             `diesel::SqliteConnection: Poolable`
[INFO] [stdout]     = note: this error originates in the attribute macro `database` (in Nightly builds, run with -Z macro-backtrace for more info)
[INFO] [stdout] 
[INFO] [stdout] 
[INFO] [stdout] error[E0277]: the trait bound `diesel::SqliteConnection: Poolable` is not satisfied
[INFO] [stdout]   --> src/main.rs:18:15
[INFO] [stdout]    |
[INFO] [stdout] 18 | struct DbConn(diesel::SqliteConnection);
[INFO] [stdout]    |               ^^^^^^ the trait `Poolable` is not implemented for `diesel::SqliteConnection`
[INFO] [stdout]    |
[INFO] [stdout]    = help: the trait `Poolable` is implemented for `rocket_sync_db_pools::diesel::SqliteConnection`
[INFO] [stdout] note: required by a bound in `ConnectionPool`
[INFO] [stdout]   --> /opt/rustwide/cargo-home/registry/src/index.crates.io-6f17d22bba15001f/rocket_sync_db_pools-0.1.0-rc.2/src/connection.rs:20:33
[INFO] [stdout]    |
[INFO] [stdout] 20 | pub struct ConnectionPool<K, C: Poolable> {
[INFO] [stdout]    |                                 ^^^^^^^^ required by this bound in `ConnectionPool`
[INFO] [stdout] 
[INFO] [stdout] 
[INFO] [stdout] error[E0599]: the function or associated item `get_one` exists for struct `ConnectionPool<DbConn, SqliteConnection>`, but its trait bounds were not satisfied
[INFO] [stdout]    --> src/main.rs:17:1
[INFO] [stdout]     |
[INFO] [stdout] 17  | #[database("sqlite")]
[INFO] [stdout]     | ^^^^^^^^^^^^^^^^^^^^^ function or associated item cannot be called on `ConnectionPool<DbConn, SqliteConnection>` due to unsatisfied trait bounds
[INFO] [stdout]     |
[INFO] [stdout]    ::: /opt/rustwide/cargo-home/registry/src/index.crates.io-6f17d22bba15001f/diesel-2.0.3/src/sqlite/connection/mod.rs:116:1
[INFO] [stdout]     |
[INFO] [stdout] 116 | pub struct SqliteConnection {
[INFO] [stdout]     | --------------------------- doesn't satisfy `diesel::SqliteConnection: Poolable`
[INFO] [stdout]     |
[INFO] [stdout]     = note: the following trait bounds were not satisfied:
[INFO] [stdout]             `diesel::SqliteConnection: Poolable`
[INFO] [stdout]     = note: this error originates in the attribute macro `database` (in Nightly builds, run with -Z macro-backtrace for more info)
[INFO] [stdout] 
[INFO] [stdout] 
[INFO] [stdout] error[E0599]: the method `run` exists for struct `Connection<DbConn, SqliteConnection>`, but its trait bounds were not satisfied
[INFO] [stdout]    --> src/main.rs:17:1
[INFO] [stdout]     |
[INFO] [stdout] 17  | #[database("sqlite")]
[INFO] [stdout]     | ^^^^^^^^^^^^^^^^^^^^^ method cannot be called on `Connection<DbConn, SqliteConnection>` due to unsatisfied trait bounds
[INFO] [stdout]     |
[INFO] [stdout]    ::: /opt/rustwide/cargo-home/registry/src/index.crates.io-6f17d22bba15001f/diesel-2.0.3/src/sqlite/connection/mod.rs:116:1
[INFO] [stdout]     |
[INFO] [stdout] 116 | pub struct SqliteConnection {
[INFO] [stdout]     | --------------------------- doesn't satisfy `diesel::SqliteConnection: Poolable`
[INFO] [stdout]     |
[INFO] [stdout]     = note: the following trait bounds were not satisfied:
[INFO] [stdout]             `diesel::SqliteConnection: Poolable`
[INFO] [stdout]     = note: this error originates in the attribute macro `database` (in Nightly builds, run with -Z macro-backtrace for more info)
[INFO] [stdout] 
[INFO] [stdout] 
[INFO] [stdout] error: aborting due to 5 previous errors
[INFO] [stdout] 
[INFO] [stdout] 
[INFO] [stdout] Some errors have detailed explanations: E0277, E0599.
[INFO] [stdout] 
[INFO] [stdout] For more information about an error, try `rustc --explain E0277`.
[INFO] [stdout] 
[INFO] [stderr] error: could not compile `rocket-app` (bin "rocket-app") due to 6 previous errors
[INFO] running `Command { std: "docker" "inspect" "6c568620d93f340abcf27d88ce622af43db698efa0ce9fd03eb2df41bf6391f9", kill_on_drop: false }`
[INFO] running `Command { std: "docker" "rm" "-f" "6c568620d93f340abcf27d88ce622af43db698efa0ce9fd03eb2df41bf6391f9", kill_on_drop: false }`
[INFO] [stdout] 6c568620d93f340abcf27d88ce622af43db698efa0ce9fd03eb2df41bf6391f9
[INFO] testing AlexanderMendivil/test_api against beta-2023-12-22 for beta-1.76-1
[INFO] running `Command { std: "git" "clone" "/workspace/cache/git-repos/https%3A%2F%2Fgithub.com%2FAlexanderMendivil%2Ftest_api" "/workspace/builds/worker-2-tc2/source", kill_on_drop: false }`
[INFO] [stderr] Cloning into '/workspace/builds/worker-2-tc2/source'...
[INFO] [stderr] done.
[INFO] validating manifest of git repo https://github.com/AlexanderMendivil/test_api on toolchain beta-2023-12-22
[INFO] running `Command { std: CARGO_HOME="/workspace/cargo-home" RUSTUP_HOME="/workspace/rustup-home" "/workspace/cargo-home/bin/cargo" "+beta-2023-12-22" "metadata" "--manifest-path" "Cargo.toml" "--no-deps", kill_on_drop: false }`
[INFO] started tweaking git repo https://github.com/AlexanderMendivil/test_api
[INFO] finished tweaking git repo https://github.com/AlexanderMendivil/test_api
[INFO] tweaked toml for git repo https://github.com/AlexanderMendivil/test_api written to /workspace/builds/worker-2-tc2/source/Cargo.toml
[INFO] crate git repo https://github.com/AlexanderMendivil/test_api already has a lockfile, it will not be regenerated
[INFO] running `Command { std: CARGO_HOME="/workspace/cargo-home" RUSTUP_HOME="/workspace/rustup-home" "/workspace/cargo-home/bin/cargo" "+beta-2023-12-22" "fetch" "--manifest-path" "Cargo.toml", kill_on_drop: false }`
[INFO] [stderr] warning: dependency (diesel) specified without providing a local path, Git repository, version, or workspace dependency to use. This will be considered an error in future versions
[INFO] [stderr] warning: unused manifest key: dependencies.diesel.verison
[INFO] [stderr] warning: dependency (rocket_sync_db_pools) specified without providing a local path, Git repository, version, or workspace dependency to use. This will be considered an error in future versions
[INFO] [stderr] warning: unused manifest key: dependencies.rocket_sync_db_pools.verison
[INFO] running `Command { std: "docker" "create" "-v" "/var/lib/crater-agent-workspace/builds/worker-2-tc2/target:/opt/rustwide/target:rw,Z" "-v" "/var/lib/crater-agent-workspace/builds/worker-2-tc2/source:/opt/rustwide/workdir:ro,Z" "-v" "/var/lib/crater-agent-workspace/cargo-home:/opt/rustwide/cargo-home:ro,Z" "-v" "/var/lib/crater-agent-workspace/rustup-home:/opt/rustwide/rustup-home:ro,Z" "-e" "SOURCE_DIR=/opt/rustwide/workdir" "-e" "CARGO_TARGET_DIR=/opt/rustwide/target" "-e" "CARGO_HOME=/opt/rustwide/cargo-home" "-e" "RUSTUP_HOME=/opt/rustwide/rustup-home" "-w" "/opt/rustwide/workdir" "-m" "1610612736" "--user" "0:0" "--network" "none" "ghcr.io/rust-lang/crates-build-env/linux@sha256:2788e3201cd34a07e3172128adcd8b3090168a8e3bcc40d7c032b9dda1df7d1c" "/opt/rustwide/cargo-home/bin/cargo" "+beta-2023-12-22" "metadata" "--no-deps" "--format-version=1", kill_on_drop: false }`
[INFO] [stdout] 1f079402000adb4ceff4fd59b76719bb76dfbe925316d526d696d1572a512abc
[INFO] running `Command { std: "docker" "start" "-a" "1f079402000adb4ceff4fd59b76719bb76dfbe925316d526d696d1572a512abc", kill_on_drop: false }`
[INFO] running `Command { std: "docker" "inspect" "1f079402000adb4ceff4fd59b76719bb76dfbe925316d526d696d1572a512abc", kill_on_drop: false }`
[INFO] running `Command { std: "docker" "rm" "-f" "1f079402000adb4ceff4fd59b76719bb76dfbe925316d526d696d1572a512abc", kill_on_drop: false }`
[INFO] [stdout] 1f079402000adb4ceff4fd59b76719bb76dfbe925316d526d696d1572a512abc
[INFO] running `Command { std: "docker" "create" "-v" "/var/lib/crater-agent-workspace/builds/worker-2-tc2/target:/opt/rustwide/target:rw,Z" "-v" "/var/lib/crater-agent-workspace/builds/worker-2-tc2/source:/opt/rustwide/workdir:ro,Z" "-v" "/var/lib/crater-agent-workspace/cargo-home:/opt/rustwide/cargo-home:ro,Z" "-v" "/var/lib/crater-agent-workspace/rustup-home:/opt/rustwide/rustup-home:ro,Z" "-e" "SOURCE_DIR=/opt/rustwide/workdir" "-e" "CARGO_TARGET_DIR=/opt/rustwide/target" "-e" "CARGO_INCREMENTAL=0" "-e" "RUST_BACKTRACE=full" "-e" "RUSTFLAGS=--cap-lints=warn" "-e" "RUSTDOCFLAGS=--cap-lints=warn" "-e" "CARGO_HOME=/opt/rustwide/cargo-home" "-e" "RUSTUP_HOME=/opt/rustwide/rustup-home" "-w" "/opt/rustwide/workdir" "-m" "1610612736" "--user" "0:0" "--network" "none" "ghcr.io/rust-lang/crates-build-env/linux@sha256:2788e3201cd34a07e3172128adcd8b3090168a8e3bcc40d7c032b9dda1df7d1c" "/opt/rustwide/cargo-home/bin/cargo" "+beta-2023-12-22" "build" "--frozen" "--message-format=json", kill_on_drop: false }`
[INFO] [stdout] a928a8cdab160e415a9bcb2dfa45ae1ed9e77792dc95dc3d3da024e06fa30bdd
[INFO] running `Command { std: "docker" "start" "-a" "a928a8cdab160e415a9bcb2dfa45ae1ed9e77792dc95dc3d3da024e06fa30bdd", kill_on_drop: false }`
[INFO] [stderr] warning: dependency (diesel) specified without providing a local path, Git repository, version, or workspace dependency to use. This will be considered an error in future versions
[INFO] [stderr] warning: unused manifest key: dependencies.diesel.verison
[INFO] [stderr] warning: dependency (rocket_sync_db_pools) specified without providing a local path, Git repository, version, or workspace dependency to use. This will be considered an error in future versions
[INFO] [stderr] warning: unused manifest key: dependencies.rocket_sync_db_pools.verison
[INFO] [stderr]    Compiling version_check v0.9.4
[INFO] [stderr]    Compiling cfg-if v1.0.0
[INFO] [stderr]    Compiling libc v0.2.139
[INFO] [stderr]    Compiling proc-macro2 v1.0.51
[INFO] [stderr]    Compiling quote v1.0.23
[INFO] [stderr]    Compiling unicode-ident v1.0.6
[INFO] [stderr]    Compiling syn v1.0.108
[INFO] [stderr]    Compiling autocfg v1.1.0
[INFO] [stderr]    Compiling typenum v1.16.0
[INFO] [stderr]    Compiling pin-project-lite v0.2.9
[INFO] [stderr]    Compiling log v0.4.17
[INFO] [stderr]    Compiling generic-array v0.14.6
[INFO] [stderr]    Compiling memchr v2.5.0
[INFO] [stderr]    Compiling futures-channel v0.3.26
[INFO] [stderr]    Compiling proc-macro2-diagnostics v0.9.1
[INFO] [stderr]    Compiling bytes v1.4.0
[INFO] [stderr]    Compiling serde_derive v1.0.152
[INFO] [stderr]    Compiling getrandom v0.2.8
[INFO] [stderr]    Compiling itoa v1.0.5
[INFO] [stderr]    Compiling subtle v2.4.1
[INFO] [stderr]    Compiling rand_core v0.6.4
[INFO] [stderr]    Compiling futures-core v0.3.26
[INFO] [stderr]    Compiling socket2 v0.4.7
[INFO] [stderr]    Compiling yansi v0.5.1
[INFO] [stderr]    Compiling serde v1.0.152
[INFO] [stderr]    Compiling pin-utils v0.1.0
[INFO] [stderr]    Compiling once_cell v1.17.1
[INFO] [stderr]    Compiling smallvec v1.10.0
[INFO] [stderr]    Compiling cpufeatures v0.2.5
[INFO] [stderr]    Compiling fnv v1.0.7
[INFO] [stderr]    Compiling slab v0.4.8
[INFO] [stderr]    Compiling tokio v1.25.0
[INFO] [stderr]    Compiling tracing-core v0.1.30
[INFO] [stderr]    Compiling http v0.2.9
[INFO] [stderr]    Compiling httparse v1.8.0
[INFO] [stderr]    Compiling futures-sink v0.3.26
[INFO] [stderr]    Compiling futures-task v0.3.26
[INFO] [stderr]    Compiling tracing v0.1.37
[INFO] [stderr]    Compiling num_cpus v1.15.0
[INFO] [stderr]    Compiling signal-hook-registry v1.4.1
[INFO] [stderr]    Compiling crypto-common v0.1.6
[INFO] [stderr]    Compiling block-buffer v0.10.3
[INFO] [stderr]    Compiling inout v0.1.3
[INFO] [stderr]    Compiling mio v0.8.6
[INFO] [stderr]    Compiling universal-hash v0.5.0
[INFO] [stderr]    Compiling lock_api v0.4.9
[INFO] [stderr]    Compiling cipher v0.4.3
[INFO] [stderr]    Compiling digest v0.10.6
[INFO] [stderr]    Compiling parking_lot_core v0.9.7
[INFO] [stderr]    Compiling try-lock v0.2.4
[INFO] [stderr]    Compiling futures-util v0.3.26
[INFO] [stderr]    Compiling opaque-debug v0.3.0
[INFO] [stderr]    Compiling hashbrown v0.12.3
[INFO] [stderr]    Compiling polyval v0.6.0
[INFO] [stderr]    Compiling scopeguard v1.1.0
[INFO] [stderr]    Compiling time-core v0.1.0
[INFO] [stderr]    Compiling futures-io v0.3.26
[INFO] [stderr]    Compiling ppv-lite86 v0.2.17
[INFO] [stderr]    Compiling time-macros v0.2.7
[INFO] [stderr]    Compiling ghash v0.5.0
[INFO] [stderr]    Compiling rand_chacha v0.3.1
[INFO] [stderr]    Compiling ctr v0.9.2
[INFO] [stderr]    Compiling aes v0.8.2
[INFO] [stderr]    Compiling hmac v0.12.1
[INFO] [stderr]    Compiling aead v0.5.1
[INFO] [stderr]    Compiling http-body v0.4.5
[INFO] [stderr]    Compiling indexmap v1.9.2
[INFO] [stderr]    Compiling cookie v0.16.2
[INFO] [stderr]    Compiling ref-cast v1.0.14
[INFO] [stderr]    Compiling bitflags v1.3.2
[INFO] [stderr]    Compiling httpdate v1.0.2
[INFO] [stderr]    Compiling inlinable_string v0.1.15
[INFO] [stderr]    Compiling tower-service v0.3.2
[INFO] [stderr]    Compiling aes-gcm v0.10.1
[INFO] [stderr]    Compiling rand v0.8.5
[INFO] [stderr]    Compiling hkdf v0.12.3
[INFO] [stderr]    Compiling parking_lot v0.12.1
[INFO] [stderr]    Compiling sha2 v0.10.6
[INFO] [stderr]    Compiling uncased v0.9.7
[INFO] [stderr]    Compiling time v0.3.19
[INFO] [stderr]    Compiling percent-encoding v2.2.0
[INFO] [stderr]    Compiling cc v1.0.79
[INFO] [stderr]    Compiling pkg-config v0.3.26
[INFO] [stderr]    Compiling base64 v0.20.0
[INFO] [stderr]    Compiling want v0.3.0
[INFO] [stderr]    Compiling devise_core v0.3.1
[INFO] [stderr]    Compiling stable-pattern v0.1.0
[INFO] [stderr]    Compiling proc-macro-error-attr v1.0.4
[INFO] [stderr]    Compiling either v1.8.1
[INFO] [stderr]    Compiling state v0.5.3
[INFO] [stderr]    Compiling futures v0.3.26
[INFO] [stderr]    Compiling libsqlite3-sys v0.22.2
[INFO] [stderr]    Compiling scheduled-thread-pool v0.2.6
[INFO] [stderr]    Compiling atomic v0.5.1
[INFO] [stderr]    Compiling multer v2.0.4
[INFO] [stderr]    Compiling figment v0.10.8
[INFO] [stderr]    Compiling proc-macro-error v1.0.4
[INFO] [stderr]    Compiling async-trait v0.1.64
[INFO] [stderr]    Compiling serde_json v1.0.93
[INFO] [stderr]    Compiling r2d2 v0.8.10
[INFO] [stderr]    Compiling rocket v0.5.0-rc.2
[INFO] [stderr]    Compiling encoding_rs v0.8.32
[INFO] [stderr]    Compiling remove_dir_all v0.5.3
[INFO] [stderr]    Compiling spin v0.9.5
[INFO] [stderr]    Compiling unicode-xid v0.2.4
[INFO] [stderr]    Compiling mime v0.3.16
[INFO] [stderr]    Compiling hyper v0.14.24
[INFO] [stderr]    Compiling fastrand v1.9.0
[INFO] [stderr]    Compiling ryu v1.0.12
[INFO] [stderr]    Compiling glob v0.3.1
[INFO] [stderr]    Compiling tempfile v3.3.0
[INFO] [stderr]    Compiling atty v0.2.14
[INFO] [stderr]    Compiling tokio-macros v1.8.2
[INFO] [stderr]    Compiling pear_codegen v0.2.3
[INFO] [stderr]    Compiling ref-cast-impl v1.0.14
[INFO] [stderr]    Compiling devise_codegen v0.3.1
[INFO] [stderr]    Compiling pear v0.2.3
[INFO] [stderr]    Compiling async-stream-impl v0.3.4
[INFO] [stderr]    Compiling diesel_derives v1.4.1
[INFO] [stderr]    Compiling devise v0.3.1
[INFO] [stderr]    Compiling rocket_http v0.5.0-rc.2
[INFO] [stderr]    Compiling async-stream v0.3.4
[INFO] [stderr]    Compiling byteorder v1.4.3
[INFO] [stderr]    Compiling binascii v0.1.4
[INFO] [stderr]    Compiling rocket_sync_db_pools_codegen v0.1.0-rc.2
[INFO] [stderr]    Compiling diesel_derives v2.0.1
[INFO] [stderr]    Compiling rocket_codegen v0.5.0-rc.2
[INFO] [stderr]    Compiling tokio-util v0.7.7
[INFO] [stderr]    Compiling tokio-stream v0.1.12
[INFO] [stderr]    Compiling diesel v1.4.8
[INFO] [stderr]    Compiling diesel v2.0.3
[INFO] [stderr]    Compiling toml v0.5.11
[INFO] [stderr]    Compiling ubyte v0.10.3
[INFO] [stderr]    Compiling h2 v0.3.15
[INFO] [stderr]    Compiling rocket_sync_db_pools v0.1.0-rc.2
[INFO] [stderr]    Compiling rocket-app v0.1.0 (/opt/rustwide/workdir)
[INFO] [stdout] error[E0277]: the trait bound `diesel::SqliteConnection: Poolable` is not satisfied
[INFO] [stdout]   --> src/main.rs:18:15
[INFO] [stdout]    |
[INFO] [stdout] 18 | struct DbConn(diesel::SqliteConnection);
[INFO] [stdout]    |               ^^^^^^ the trait `Poolable` is not implemented for `diesel::SqliteConnection`
[INFO] [stdout]    |
[INFO] [stdout]    = help: the trait `Poolable` is implemented for `rocket_sync_db_pools::diesel::SqliteConnection`
[INFO] [stdout] note: required by a bound in `rocket_sync_db_pools::Connection`
[INFO] [stdout]   --> /opt/rustwide/cargo-home/registry/src/index.crates.io-6f17d22bba15001f/rocket_sync_db_pools-0.1.0-rc.2/src/connection.rs:44:29
[INFO] [stdout]    |
[INFO] [stdout] 44 | pub struct Connection<K, C: Poolable> {
[INFO] [stdout]    |                             ^^^^^^^^ required by this bound in `Connection`
[INFO] [stdout] 
[INFO] [stdout] 
[INFO] [stdout] error[E0599]: the function or associated item `fairing` exists for struct `ConnectionPool<DbConn, SqliteConnection>`, but its trait bounds were not satisfied
[INFO] [stdout]    --> src/main.rs:17:1
[INFO] [stdout]     |
[INFO] [stdout] 17  | #[database("sqlite")]
[INFO] [stdout]     | ^^^^^^^^^^^^^^^^^^^^^ function or associated item cannot be called on `ConnectionPool<DbConn, SqliteConnection>` due to unsatisfied trait bounds
[INFO] [stdout]     |
[INFO] [stdout]    ::: /opt/rustwide/cargo-home/registry/src/index.crates.io-6f17d22bba15001f/diesel-2.0.3/src/sqlite/connection/mod.rs:116:1
[INFO] [stdout]     |
[INFO] [stdout] 116 | pub struct SqliteConnection {
[INFO] [stdout]     | --------------------------- doesn't satisfy `diesel::SqliteConnection: Poolable`
[INFO] [stdout]     |
[INFO] [stdout]     = note: the following trait bounds were not satisfied:
[INFO] [stdout]             `diesel::SqliteConnection: Poolable`
[INFO] [stdout]     = note: this error originates in the attribute macro `database` (in Nightly builds, run with -Z macro-backtrace for more info)
[INFO] [stdout] 
[INFO] [stdout] 
[INFO] [stdout] error[E0277]: the trait bound `diesel::SqliteConnection: Poolable` is not satisfied
[INFO] [stdout]   --> src/main.rs:18:15
[INFO] [stdout]    |
[INFO] [stdout] 18 | struct DbConn(diesel::SqliteConnection);
[INFO] [stdout]    |               ^^^^^^ the trait `Poolable` is not implemented for `diesel::SqliteConnection`
[INFO] [stdout]    |
[INFO] [stdout]    = help: the trait `Poolable` is implemented for `rocket_sync_db_pools::diesel::SqliteConnection`
[INFO] [stdout] note: required by a bound in `ConnectionPool`
[INFO] [stdout]   --> /opt/rustwide/cargo-home/registry/src/index.crates.io-6f17d22bba15001f/rocket_sync_db_pools-0.1.0-rc.2/src/connection.rs:20:33
[INFO] [stdout]    |
[INFO] [stdout] 20 | pub struct ConnectionPool<K, C: Poolable> {
[INFO] [stdout]    |                                 ^^^^^^^^ required by this bound in `ConnectionPool`
[INFO] [stdout] 
[INFO] [stdout] 
[INFO] [stdout] error[E0599]: the function or associated item `get_one` exists for struct `ConnectionPool<DbConn, SqliteConnection>`, but its trait bounds were not satisfied
[INFO] [stdout]    --> src/main.rs:17:1
[INFO] [stdout]     |
[INFO] [stdout] 17  | #[database("sqlite")]
[INFO] [stdout]     | ^^^^^^^^^^^^^^^^^^^^^ function or associated item cannot be called on `ConnectionPool<DbConn, SqliteConnection>` due to unsatisfied trait bounds
[INFO] [stdout]     |
[INFO] [stdout]    ::: /opt/rustwide/cargo-home/registry/src/index.crates.io-6f17d22bba15001f/diesel-2.0.3/src/sqlite/connection/mod.rs:116:1
[INFO] [stdout]     |
[INFO] [stdout] 116 | pub struct SqliteConnection {
[INFO] [stdout]     | --------------------------- doesn't satisfy `diesel::SqliteConnection: Poolable`
[INFO] [stdout]     |
[INFO] [stdout]     = note: the following trait bounds were not satisfied:
[INFO] [stdout]             `diesel::SqliteConnection: Poolable`
[INFO] [stdout]     = note: this error originates in the attribute macro `database` (in Nightly builds, run with -Z macro-backtrace for more info)
[INFO] [stdout] 
[INFO] [stdout] 
[INFO] [stdout] error[E0599]: the method `run` exists for struct `Connection<DbConn, SqliteConnection>`, but its trait bounds were not satisfied
[INFO] [stdout]    --> src/main.rs:17:1
[INFO] [stdout]     |
[INFO] [stdout] 17  | #[database("sqlite")]
[INFO] [stdout]     | ^^^^^^^^^^^^^^^^^^^^^ method cannot be called on `Connection<DbConn, SqliteConnection>` due to unsatisfied trait bounds
[INFO] [stdout]     |
[INFO] [stdout]    ::: /opt/rustwide/cargo-home/registry/src/index.crates.io-6f17d22bba15001f/diesel-2.0.3/src/sqlite/connection/mod.rs:116:1
[INFO] [stdout]     |
[INFO] [stdout] 116 | pub struct SqliteConnection {
[INFO] [stdout]     | --------------------------- doesn't satisfy `diesel::SqliteConnection: Poolable`
[INFO] [stdout]     |
[INFO] [stdout]     = note: the following trait bounds were not satisfied:
[INFO] [stdout]             `diesel::SqliteConnection: Poolable`
[INFO] [stdout]     = note: this error originates in the attribute macro `database` (in Nightly builds, run with -Z macro-backtrace for more info)
[INFO] [stdout] 
[INFO] [stdout] 
[INFO] [stdout] error: aborting due to 5 previous errors
[INFO] [stdout] 
[INFO] [stdout] 
[INFO] [stdout] Some errors have detailed explanations: E0277, E0599.
[INFO] [stdout] 
[INFO] [stdout] For more information about an error, try `rustc --explain E0277`.
[INFO] [stdout] 
[INFO] [stderr] error: could not compile `rocket-app` (bin "rocket-app") due to 6 previous errors
[INFO] running `Command { std: "docker" "inspect" "a928a8cdab160e415a9bcb2dfa45ae1ed9e77792dc95dc3d3da024e06fa30bdd", kill_on_drop: false }`
[INFO] running `Command { std: "docker" "rm" "-f" "a928a8cdab160e415a9bcb2dfa45ae1ed9e77792dc95dc3d3da024e06fa30bdd", kill_on_drop: false }`
[INFO] [stdout] a928a8cdab160e415a9bcb2dfa45ae1ed9e77792dc95dc3d3da024e06fa30bdd
