[INFO] cloning repository https://github.com/AlecDusheck/wasm-thing
[INFO] running `Command { std: "git" "-c" "credential.helper=" "-c" "credential.helper=/workspace/cargo-home/bin/git-credential-null" "clone" "--bare" "https://github.com/AlecDusheck/wasm-thing" "/workspace/cache/git-repos/https%3A%2F%2Fgithub.com%2FAlecDusheck%2Fwasm-thing", kill_on_drop: false }`
[INFO] [stderr] Cloning into bare repository '/workspace/cache/git-repos/https%3A%2F%2Fgithub.com%2FAlecDusheck%2Fwasm-thing'...
[INFO] running `Command { std: "git" "rev-parse" "HEAD", kill_on_drop: false }`
[INFO] [stdout] f7b89ecfe4c721c5b38d3f64aa3be7b9aad3a8fa
[INFO] testing AlecDusheck/wasm-thing against 1.75.0 for beta-1.76-1
[INFO] running `Command { std: "git" "clone" "/workspace/cache/git-repos/https%3A%2F%2Fgithub.com%2FAlecDusheck%2Fwasm-thing" "/workspace/builds/worker-3-tc1/source", kill_on_drop: false }`
[INFO] [stderr] Cloning into '/workspace/builds/worker-3-tc1/source'...
[INFO] [stderr] done.
[INFO] validating manifest of git repo https://github.com/AlecDusheck/wasm-thing on toolchain 1.75.0
[INFO] running `Command { std: CARGO_HOME="/workspace/cargo-home" RUSTUP_HOME="/workspace/rustup-home" "/workspace/cargo-home/bin/cargo" "+1.75.0" "metadata" "--manifest-path" "Cargo.toml" "--no-deps", kill_on_drop: false }`
[INFO] started tweaking git repo https://github.com/AlecDusheck/wasm-thing
[INFO] finished tweaking git repo https://github.com/AlecDusheck/wasm-thing
[INFO] tweaked toml for git repo https://github.com/AlecDusheck/wasm-thing written to /workspace/builds/worker-3-tc1/source/Cargo.toml
[INFO] crate git repo https://github.com/AlecDusheck/wasm-thing already has a lockfile, it will not be regenerated
[INFO] running `Command { std: CARGO_HOME="/workspace/cargo-home" RUSTUP_HOME="/workspace/rustup-home" "/workspace/cargo-home/bin/cargo" "+1.75.0" "fetch" "--manifest-path" "Cargo.toml", kill_on_drop: false }`
[INFO] running `Command { std: "docker" "create" "-v" "/var/lib/crater-agent-workspace/builds/worker-3-tc1/target:/opt/rustwide/target:rw,Z" "-v" "/var/lib/crater-agent-workspace/builds/worker-3-tc1/source:/opt/rustwide/workdir:ro,Z" "-v" "/var/lib/crater-agent-workspace/cargo-home:/opt/rustwide/cargo-home:ro,Z" "-v" "/var/lib/crater-agent-workspace/rustup-home:/opt/rustwide/rustup-home:ro,Z" "-e" "SOURCE_DIR=/opt/rustwide/workdir" "-e" "CARGO_TARGET_DIR=/opt/rustwide/target" "-e" "CARGO_HOME=/opt/rustwide/cargo-home" "-e" "RUSTUP_HOME=/opt/rustwide/rustup-home" "-w" "/opt/rustwide/workdir" "-m" "1610612736" "--user" "0:0" "--network" "none" "ghcr.io/rust-lang/crates-build-env/linux@sha256:2788e3201cd34a07e3172128adcd8b3090168a8e3bcc40d7c032b9dda1df7d1c" "/opt/rustwide/cargo-home/bin/cargo" "+1.75.0" "metadata" "--no-deps" "--format-version=1", kill_on_drop: false }`
[INFO] [stdout] bcc35055bb71ce1ee216eb23be61857ae522be141c73afc0e87ea3dc65bf6c1a
[INFO] running `Command { std: "docker" "start" "-a" "bcc35055bb71ce1ee216eb23be61857ae522be141c73afc0e87ea3dc65bf6c1a", kill_on_drop: false }`
[INFO] running `Command { std: "docker" "inspect" "bcc35055bb71ce1ee216eb23be61857ae522be141c73afc0e87ea3dc65bf6c1a", kill_on_drop: false }`
[INFO] running `Command { std: "docker" "rm" "-f" "bcc35055bb71ce1ee216eb23be61857ae522be141c73afc0e87ea3dc65bf6c1a", kill_on_drop: false }`
[INFO] [stdout] bcc35055bb71ce1ee216eb23be61857ae522be141c73afc0e87ea3dc65bf6c1a
[INFO] running `Command { std: "docker" "create" "-v" "/var/lib/crater-agent-workspace/builds/worker-3-tc1/target:/opt/rustwide/target:rw,Z" "-v" "/var/lib/crater-agent-workspace/builds/worker-3-tc1/source:/opt/rustwide/workdir:ro,Z" "-v" "/var/lib/crater-agent-workspace/cargo-home:/opt/rustwide/cargo-home:ro,Z" "-v" "/var/lib/crater-agent-workspace/rustup-home:/opt/rustwide/rustup-home:ro,Z" "-e" "SOURCE_DIR=/opt/rustwide/workdir" "-e" "CARGO_TARGET_DIR=/opt/rustwide/target" "-e" "CARGO_INCREMENTAL=0" "-e" "RUST_BACKTRACE=full" "-e" "RUSTFLAGS=--cap-lints=warn" "-e" "RUSTDOCFLAGS=--cap-lints=warn" "-e" "CARGO_HOME=/opt/rustwide/cargo-home" "-e" "RUSTUP_HOME=/opt/rustwide/rustup-home" "-w" "/opt/rustwide/workdir" "-m" "1610612736" "--user" "0:0" "--network" "none" "ghcr.io/rust-lang/crates-build-env/linux@sha256:2788e3201cd34a07e3172128adcd8b3090168a8e3bcc40d7c032b9dda1df7d1c" "/opt/rustwide/cargo-home/bin/cargo" "+1.75.0" "build" "--frozen" "--message-format=json", kill_on_drop: false }`
[INFO] [stdout] 813a899ac5ed745253dac6b77e5c7bf64dc3198ed49c92cb9c03dd9bdcbe764b
[INFO] running `Command { std: "docker" "start" "-a" "813a899ac5ed745253dac6b77e5c7bf64dc3198ed49c92cb9c03dd9bdcbe764b", kill_on_drop: false }`
[INFO] [stderr]    Compiling proc-macro2 v1.0.58
[INFO] [stderr]    Compiling quote v1.0.27
[INFO] [stderr]    Compiling unicode-ident v1.0.8
[INFO] [stderr]    Compiling thiserror v1.0.40
[INFO] [stderr]    Compiling doc-comment v0.3.3
[INFO] [stderr]    Compiling anyhow v1.0.71
[INFO] [stderr]    Compiling syn v2.0.16
[INFO] [stderr]    Compiling thiserror-impl v1.0.40
[INFO] [stderr]    Compiling wasm-thing v0.1.0 (/opt/rustwide/workdir)
[INFO] [stdout] error[E0432]: unresolved import `crate::decode::error`
[INFO] [stdout]  --> src/wasm/opcodes.rs:1:20
[INFO] [stdout]   |
[INFO] [stdout] 1 | use crate::decode::error::DecodeError;
[INFO] [stdout]   |                    ^^^^^ could not find `error` in `decode`
[INFO] [stdout] 
[INFO] [stdout] 
[INFO] [stdout] error[E0609]: no field `version` on type `WasmModule`
[INFO] [stdout]   --> src/decode/mod.rs:47:12
[INFO] [stdout]    |
[INFO] [stdout] 47 |     module.version = decoder.read_version()?;
[INFO] [stdout]    |            ^^^^^^^ unknown field
[INFO] [stdout] 
[INFO] [stdout] 
[INFO] [stdout] error[E0609]: no field `is_end` on type `Decoder<'_>`
[INFO] [stdout]   --> src/decode/mod.rs:49:20
[INFO] [stdout]    |
[INFO] [stdout] 49 |     while !decoder.is_end {
[INFO] [stdout]    |                    ^^^^^^ unknown field
[INFO] [stdout] 
[INFO] [stdout] 
[INFO] [stdout] error[E0599]: no method named `decode_section_type` found for struct `Decoder` in the current scope
[INFO] [stdout]   --> src/decode/mod.rs:50:52
[INFO] [stdout]    |
[INFO] [stdout] 50 |         let (section_type, section_size) = decoder.decode_section_type()?;
[INFO] [stdout]    |                                                    ^^^^^^^^^^^^^^^^^^^ method not found in `Decoder<'_>`
[INFO] [stdout]    |
[INFO] [stdout]   ::: src/decode/decoder.rs:40:1
[INFO] [stdout]    |
[INFO] [stdout] 40 | pub(crate) struct Decoder<'a> {
[INFO] [stdout]    | ----------------------------- method `decode_section_type` not found for this struct
[INFO] [stdout] 
[INFO] [stdout] 
[INFO] [stdout] error[E0599]: no method named `decode_section` found for struct `Decoder` in the current scope
[INFO] [stdout]   --> src/decode/mod.rs:51:31
[INFO] [stdout]    |
[INFO] [stdout] 51 |         let section = decoder.decode_section(section_type, section_size)?;
[INFO] [stdout]    |                               ^^^^^^^^^^^^^^ method not found in `Decoder<'_>`
[INFO] [stdout]    |
[INFO] [stdout]   ::: src/decode/decoder.rs:40:1
[INFO] [stdout]    |
[INFO] [stdout] 40 | pub(crate) struct Decoder<'a> {
[INFO] [stdout]    | ----------------------------- method `decode_section` not found for this struct
[INFO] [stdout] 
[INFO] [stdout] 
[INFO] [stdout] error[E0599]: no method named `consume` found for struct `WasmModule` in the current scope
[INFO] [stdout]   --> src/decode/mod.rs:53:16
[INFO] [stdout]    |
[INFO] [stdout] 53 |         module.consume(section);
[INFO] [stdout]    |                ^^^^^^^ method not found in `WasmModule`
[INFO] [stdout]    |
[INFO] [stdout]   ::: src/module/mod.rs:2:1
[INFO] [stdout]    |
[INFO] [stdout] 2  | pub struct WasmModule {}
[INFO] [stdout]    | --------------------- method `consume` not found for this struct
[INFO] [stdout]    |
[INFO] [stdout]    = help: items from traits can only be used if the trait is implemented and in scope
[INFO] [stdout]    = note: the following trait defines an item `consume`, perhaps you need to implement it:
[INFO] [stdout]            candidate #1: `BufRead`
[INFO] [stdout] 
[INFO] [stdout] 
[INFO] [stdout] error: aborting due to 6 previous errors
[INFO] [stdout] 
[INFO] [stdout] 
[INFO] [stdout] Some errors have detailed explanations: E0432, E0599, E0609.
[INFO] [stdout] 
[INFO] [stdout] For more information about an error, try `rustc --explain E0432`.
[INFO] [stdout] 
[INFO] [stderr] error: could not compile `wasm-thing` (bin "wasm-thing") due to 7 previous errors
[INFO] running `Command { std: "docker" "inspect" "813a899ac5ed745253dac6b77e5c7bf64dc3198ed49c92cb9c03dd9bdcbe764b", kill_on_drop: false }`
[INFO] running `Command { std: "docker" "rm" "-f" "813a899ac5ed745253dac6b77e5c7bf64dc3198ed49c92cb9c03dd9bdcbe764b", kill_on_drop: false }`
[INFO] [stdout] 813a899ac5ed745253dac6b77e5c7bf64dc3198ed49c92cb9c03dd9bdcbe764b
[INFO] testing AlecDusheck/wasm-thing against beta-2023-12-22 for beta-1.76-1
[INFO] running `Command { std: "git" "clone" "/workspace/cache/git-repos/https%3A%2F%2Fgithub.com%2FAlecDusheck%2Fwasm-thing" "/workspace/builds/worker-3-tc2/source", kill_on_drop: false }`
[INFO] [stderr] Cloning into '/workspace/builds/worker-3-tc2/source'...
[INFO] [stderr] done.
[INFO] validating manifest of git repo https://github.com/AlecDusheck/wasm-thing on toolchain beta-2023-12-22
[INFO] running `Command { std: CARGO_HOME="/workspace/cargo-home" RUSTUP_HOME="/workspace/rustup-home" "/workspace/cargo-home/bin/cargo" "+beta-2023-12-22" "metadata" "--manifest-path" "Cargo.toml" "--no-deps", kill_on_drop: false }`
[INFO] started tweaking git repo https://github.com/AlecDusheck/wasm-thing
[INFO] finished tweaking git repo https://github.com/AlecDusheck/wasm-thing
[INFO] tweaked toml for git repo https://github.com/AlecDusheck/wasm-thing written to /workspace/builds/worker-3-tc2/source/Cargo.toml
[INFO] crate git repo https://github.com/AlecDusheck/wasm-thing already has a lockfile, it will not be regenerated
[INFO] running `Command { std: CARGO_HOME="/workspace/cargo-home" RUSTUP_HOME="/workspace/rustup-home" "/workspace/cargo-home/bin/cargo" "+beta-2023-12-22" "fetch" "--manifest-path" "Cargo.toml", kill_on_drop: false }`
[INFO] running `Command { std: "docker" "create" "-v" "/var/lib/crater-agent-workspace/builds/worker-3-tc2/target:/opt/rustwide/target:rw,Z" "-v" "/var/lib/crater-agent-workspace/builds/worker-3-tc2/source:/opt/rustwide/workdir:ro,Z" "-v" "/var/lib/crater-agent-workspace/cargo-home:/opt/rustwide/cargo-home:ro,Z" "-v" "/var/lib/crater-agent-workspace/rustup-home:/opt/rustwide/rustup-home:ro,Z" "-e" "SOURCE_DIR=/opt/rustwide/workdir" "-e" "CARGO_TARGET_DIR=/opt/rustwide/target" "-e" "CARGO_HOME=/opt/rustwide/cargo-home" "-e" "RUSTUP_HOME=/opt/rustwide/rustup-home" "-w" "/opt/rustwide/workdir" "-m" "1610612736" "--user" "0:0" "--network" "none" "ghcr.io/rust-lang/crates-build-env/linux@sha256:2788e3201cd34a07e3172128adcd8b3090168a8e3bcc40d7c032b9dda1df7d1c" "/opt/rustwide/cargo-home/bin/cargo" "+beta-2023-12-22" "metadata" "--no-deps" "--format-version=1", kill_on_drop: false }`
[INFO] [stdout] c1b333f51a4fdf9d1b2759f1dbe4c2c7367bc02d73ef3cd0f9158f9d6c84b2b3
[INFO] running `Command { std: "docker" "start" "-a" "c1b333f51a4fdf9d1b2759f1dbe4c2c7367bc02d73ef3cd0f9158f9d6c84b2b3", kill_on_drop: false }`
[INFO] running `Command { std: "docker" "inspect" "c1b333f51a4fdf9d1b2759f1dbe4c2c7367bc02d73ef3cd0f9158f9d6c84b2b3", kill_on_drop: false }`
[INFO] running `Command { std: "docker" "rm" "-f" "c1b333f51a4fdf9d1b2759f1dbe4c2c7367bc02d73ef3cd0f9158f9d6c84b2b3", kill_on_drop: false }`
[INFO] [stdout] c1b333f51a4fdf9d1b2759f1dbe4c2c7367bc02d73ef3cd0f9158f9d6c84b2b3
[INFO] running `Command { std: "docker" "create" "-v" "/var/lib/crater-agent-workspace/builds/worker-3-tc2/target:/opt/rustwide/target:rw,Z" "-v" "/var/lib/crater-agent-workspace/builds/worker-3-tc2/source:/opt/rustwide/workdir:ro,Z" "-v" "/var/lib/crater-agent-workspace/cargo-home:/opt/rustwide/cargo-home:ro,Z" "-v" "/var/lib/crater-agent-workspace/rustup-home:/opt/rustwide/rustup-home:ro,Z" "-e" "SOURCE_DIR=/opt/rustwide/workdir" "-e" "CARGO_TARGET_DIR=/opt/rustwide/target" "-e" "CARGO_INCREMENTAL=0" "-e" "RUST_BACKTRACE=full" "-e" "RUSTFLAGS=--cap-lints=warn" "-e" "RUSTDOCFLAGS=--cap-lints=warn" "-e" "CARGO_HOME=/opt/rustwide/cargo-home" "-e" "RUSTUP_HOME=/opt/rustwide/rustup-home" "-w" "/opt/rustwide/workdir" "-m" "1610612736" "--user" "0:0" "--network" "none" "ghcr.io/rust-lang/crates-build-env/linux@sha256:2788e3201cd34a07e3172128adcd8b3090168a8e3bcc40d7c032b9dda1df7d1c" "/opt/rustwide/cargo-home/bin/cargo" "+beta-2023-12-22" "build" "--frozen" "--message-format=json", kill_on_drop: false }`
[INFO] [stdout] 7dc585bcc697274c38c56b914336b1aecae3e6cd8d352e64a120f00168d2a4f1
[INFO] running `Command { std: "docker" "start" "-a" "7dc585bcc697274c38c56b914336b1aecae3e6cd8d352e64a120f00168d2a4f1", kill_on_drop: false }`
[INFO] [stderr]    Compiling proc-macro2 v1.0.58
[INFO] [stderr]    Compiling quote v1.0.27
[INFO] [stderr]    Compiling unicode-ident v1.0.8
[INFO] [stderr]    Compiling anyhow v1.0.71
[INFO] [stderr]    Compiling doc-comment v0.3.3
[INFO] [stderr]    Compiling thiserror v1.0.40
[INFO] [stderr]    Compiling syn v2.0.16
[INFO] [stderr]    Compiling thiserror-impl v1.0.40
[INFO] [stderr]    Compiling wasm-thing v0.1.0 (/opt/rustwide/workdir)
[INFO] [stdout] error[E0432]: unresolved import `crate::decode::error`
[INFO] [stdout]  --> src/wasm/opcodes.rs:1:20
[INFO] [stdout]   |
[INFO] [stdout] 1 | use crate::decode::error::DecodeError;
[INFO] [stdout]   |                    ^^^^^ could not find `error` in `decode`
[INFO] [stdout] 
[INFO] [stdout] 
[INFO] [stdout] error[E0609]: no field `version` on type `WasmModule`
[INFO] [stdout]   --> src/decode/mod.rs:47:12
[INFO] [stdout]    |
[INFO] [stdout] 47 |     module.version = decoder.read_version()?;
[INFO] [stdout]    |            ^^^^^^^ unknown field
[INFO] [stdout] 
[INFO] [stdout] 
[INFO] [stdout] error[E0609]: no field `is_end` on type `Decoder<'_>`
[INFO] [stdout]   --> src/decode/mod.rs:49:20
[INFO] [stdout]    |
[INFO] [stdout] 49 |     while !decoder.is_end {
[INFO] [stdout]    |                    ^^^^^^ unknown field
[INFO] [stdout] 
[INFO] [stdout] 
[INFO] [stdout] error[E0599]: no method named `decode_section_type` found for struct `Decoder` in the current scope
[INFO] [stdout]   --> src/decode/mod.rs:50:52
[INFO] [stdout]    |
[INFO] [stdout] 50 |         let (section_type, section_size) = decoder.decode_section_type()?;
[INFO] [stdout]    |                                                    ^^^^^^^^^^^^^^^^^^^ method not found in `Decoder<'_>`
[INFO] [stdout]    |
[INFO] [stdout]   ::: src/decode/decoder.rs:40:1
[INFO] [stdout]    |
[INFO] [stdout] 40 | pub(crate) struct Decoder<'a> {
[INFO] [stdout]    | ----------------------------- method `decode_section_type` not found for this struct
[INFO] [stdout] 
[INFO] [stdout] 
[INFO] [stdout] error[E0599]: no method named `decode_section` found for struct `Decoder` in the current scope
[INFO] [stdout]   --> src/decode/mod.rs:51:31
[INFO] [stdout]    |
[INFO] [stdout] 51 |         let section = decoder.decode_section(section_type, section_size)?;
[INFO] [stdout]    |                               ^^^^^^^^^^^^^^ method not found in `Decoder<'_>`
[INFO] [stdout]    |
[INFO] [stdout]   ::: src/decode/decoder.rs:40:1
[INFO] [stdout]    |
[INFO] [stdout] 40 | pub(crate) struct Decoder<'a> {
[INFO] [stdout]    | ----------------------------- method `decode_section` not found for this struct
[INFO] [stdout] 
[INFO] [stdout] 
[INFO] [stdout] error[E0599]: no method named `consume` found for struct `WasmModule` in the current scope
[INFO] [stdout]   --> src/decode/mod.rs:53:16
[INFO] [stdout]    |
[INFO] [stdout] 53 |         module.consume(section);
[INFO] [stdout]    |                ^^^^^^^ method not found in `WasmModule`
[INFO] [stdout]    |
[INFO] [stdout]   ::: src/module/mod.rs:2:1
[INFO] [stdout]    |
[INFO] [stdout] 2  | pub struct WasmModule {}
[INFO] [stdout]    | --------------------- method `consume` not found for this struct
[INFO] [stdout]    |
[INFO] [stdout]    = help: items from traits can only be used if the trait is implemented and in scope
[INFO] [stdout]    = note: the following trait defines an item `consume`, perhaps you need to implement it:
[INFO] [stdout]            candidate #1: `BufRead`
[INFO] [stdout] 
[INFO] [stdout] 
[INFO] [stdout] error: aborting due to 6 previous errors
[INFO] [stdout] 
[INFO] [stdout] 
[INFO] [stdout] Some errors have detailed explanations: E0432, E0599, E0609.
[INFO] [stdout] 
[INFO] [stdout] For more information about an error, try `rustc --explain E0432`.
[INFO] [stdout] 
[INFO] [stderr] error: could not compile `wasm-thing` (bin "wasm-thing") due to 7 previous errors
[INFO] running `Command { std: "docker" "inspect" "7dc585bcc697274c38c56b914336b1aecae3e6cd8d352e64a120f00168d2a4f1", kill_on_drop: false }`
[INFO] running `Command { std: "docker" "rm" "-f" "7dc585bcc697274c38c56b914336b1aecae3e6cd8d352e64a120f00168d2a4f1", kill_on_drop: false }`
[INFO] [stdout] 7dc585bcc697274c38c56b914336b1aecae3e6cd8d352e64a120f00168d2a4f1
