[INFO] cloning repository https://github.com/AidoP/Ley
[INFO] running `Command { std: "git" "-c" "credential.helper=" "-c" "credential.helper=/workspace/cargo-home/bin/git-credential-null" "clone" "--bare" "https://github.com/AidoP/Ley" "/workspace/cache/git-repos/https%3A%2F%2Fgithub.com%2FAidoP%2FLey", kill_on_drop: false }`
[INFO] [stderr] Cloning into bare repository '/workspace/cache/git-repos/https%3A%2F%2Fgithub.com%2FAidoP%2FLey'...
[INFO] running `Command { std: "git" "rev-parse" "HEAD", kill_on_drop: false }`
[INFO] [stdout] 1a9186333c6fc74aad1956805b7b760e8648eb0e
[INFO] testing AidoP/Ley against 1.75.0 for beta-1.76-1
[INFO] running `Command { std: "git" "clone" "/workspace/cache/git-repos/https%3A%2F%2Fgithub.com%2FAidoP%2FLey" "/workspace/builds/worker-1-tc1/source", kill_on_drop: false }`
[INFO] [stderr] Cloning into '/workspace/builds/worker-1-tc1/source'...
[INFO] [stderr] done.
[INFO] validating manifest of git repo https://github.com/AidoP/Ley on toolchain 1.75.0
[INFO] running `Command { std: CARGO_HOME="/workspace/cargo-home" RUSTUP_HOME="/workspace/rustup-home" "/workspace/cargo-home/bin/cargo" "+1.75.0" "metadata" "--manifest-path" "Cargo.toml" "--no-deps", kill_on_drop: false }`
[INFO] started tweaking git repo https://github.com/AidoP/Ley
[INFO] finished tweaking git repo https://github.com/AidoP/Ley
[INFO] tweaked toml for git repo https://github.com/AidoP/Ley written to /workspace/builds/worker-1-tc1/source/Cargo.toml
[INFO] crate git repo https://github.com/AidoP/Ley already has a lockfile, it will not be regenerated
[INFO] running `Command { std: CARGO_HOME="/workspace/cargo-home" RUSTUP_HOME="/workspace/rustup-home" "/workspace/cargo-home/bin/cargo" "+1.75.0" "fetch" "--manifest-path" "Cargo.toml", kill_on_drop: false }`
[INFO] running `Command { std: "docker" "create" "-v" "/var/lib/crater-agent-workspace/builds/worker-1-tc1/target:/opt/rustwide/target:rw,Z" "-v" "/var/lib/crater-agent-workspace/builds/worker-1-tc1/source:/opt/rustwide/workdir:ro,Z" "-v" "/var/lib/crater-agent-workspace/cargo-home:/opt/rustwide/cargo-home:ro,Z" "-v" "/var/lib/crater-agent-workspace/rustup-home:/opt/rustwide/rustup-home:ro,Z" "-e" "SOURCE_DIR=/opt/rustwide/workdir" "-e" "CARGO_TARGET_DIR=/opt/rustwide/target" "-e" "CARGO_HOME=/opt/rustwide/cargo-home" "-e" "RUSTUP_HOME=/opt/rustwide/rustup-home" "-w" "/opt/rustwide/workdir" "-m" "1610612736" "--user" "0:0" "--network" "none" "ghcr.io/rust-lang/crates-build-env/linux@sha256:2788e3201cd34a07e3172128adcd8b3090168a8e3bcc40d7c032b9dda1df7d1c" "/opt/rustwide/cargo-home/bin/cargo" "+1.75.0" "metadata" "--no-deps" "--format-version=1", kill_on_drop: false }`
[INFO] [stdout] d9ba2c9e4af75fa887d4f8fbf36853e582a8d1efda65e0576adf81b892d5b85e
[INFO] running `Command { std: "docker" "start" "-a" "d9ba2c9e4af75fa887d4f8fbf36853e582a8d1efda65e0576adf81b892d5b85e", kill_on_drop: false }`
[INFO] running `Command { std: "docker" "inspect" "d9ba2c9e4af75fa887d4f8fbf36853e582a8d1efda65e0576adf81b892d5b85e", kill_on_drop: false }`
[INFO] running `Command { std: "docker" "rm" "-f" "d9ba2c9e4af75fa887d4f8fbf36853e582a8d1efda65e0576adf81b892d5b85e", kill_on_drop: false }`
[INFO] [stdout] d9ba2c9e4af75fa887d4f8fbf36853e582a8d1efda65e0576adf81b892d5b85e
[INFO] running `Command { std: "docker" "create" "-v" "/var/lib/crater-agent-workspace/builds/worker-1-tc1/target:/opt/rustwide/target:rw,Z" "-v" "/var/lib/crater-agent-workspace/builds/worker-1-tc1/source:/opt/rustwide/workdir:ro,Z" "-v" "/var/lib/crater-agent-workspace/cargo-home:/opt/rustwide/cargo-home:ro,Z" "-v" "/var/lib/crater-agent-workspace/rustup-home:/opt/rustwide/rustup-home:ro,Z" "-e" "SOURCE_DIR=/opt/rustwide/workdir" "-e" "CARGO_TARGET_DIR=/opt/rustwide/target" "-e" "CARGO_INCREMENTAL=0" "-e" "RUST_BACKTRACE=full" "-e" "RUSTFLAGS=--cap-lints=warn" "-e" "RUSTDOCFLAGS=--cap-lints=warn" "-e" "CARGO_HOME=/opt/rustwide/cargo-home" "-e" "RUSTUP_HOME=/opt/rustwide/rustup-home" "-w" "/opt/rustwide/workdir" "-m" "1610612736" "--user" "0:0" "--network" "none" "ghcr.io/rust-lang/crates-build-env/linux@sha256:2788e3201cd34a07e3172128adcd8b3090168a8e3bcc40d7c032b9dda1df7d1c" "/opt/rustwide/cargo-home/bin/cargo" "+1.75.0" "build" "--frozen" "--message-format=json", kill_on_drop: false }`
[INFO] [stdout] 73e88ae780438cf3944d7b808cca0e06f4e62fbf2b0cb27fc63cad8bb0207366
[INFO] running `Command { std: "docker" "start" "-a" "73e88ae780438cf3944d7b808cca0e06f4e62fbf2b0cb27fc63cad8bb0207366", kill_on_drop: false }`
[INFO] [stderr]    Compiling ley v0.0.5 (/opt/rustwide/workdir)
[INFO] [stdout] error[E0412]: cannot find type `NoneError` in module `std::option`
[INFO] [stdout]    --> src/ley.rs:427:28
[INFO] [stdout]     |
[INFO] [stdout] 427 | impl<'a> From<std::option::NoneError> for ParseError<'a> {
[INFO] [stdout]     |                            ^^^^^^^^^ not found in `std::option`
[INFO] [stdout] 
[INFO] [stdout] 
[INFO] [stdout] error[E0412]: cannot find type `NoneError` in module `std::option`
[INFO] [stdout]    --> src/ley.rs:428:29
[INFO] [stdout]     |
[INFO] [stdout] 428 |     fn from(_: std::option::NoneError) -> Self {
[INFO] [stdout]     |                             ^^^^^^^^^ not found in `std::option`
[INFO] [stdout] 
[INFO] [stdout] 
[INFO] [stdout] warning: unused import: `collections::VecDeque`
[INFO] [stdout]  --> src/main.rs:3:11
[INFO] [stdout]   |
[INFO] [stdout] 3 | use std::{collections::VecDeque, env, fs::{File, read_dir}, io::{Read, Write}, path::Path};
[INFO] [stdout]   |           ^^^^^^^^^^^^^^^^^^^^^
[INFO] [stdout]   |
[INFO] [stdout]   = note: `#[warn(unused_imports)]` on by default
[INFO] [stdout] 
[INFO] [stdout] 
[INFO] [stdout] warning: unused import: `self`
[INFO] [stdout]  --> src/fmt.rs:1:40
[INFO] [stdout]   |
[INFO] [stdout] 1 | use std::{fmt::Display, fs::File, io::{self, Write}, path::PathBuf};
[INFO] [stdout]   |                                        ^^^^
[INFO] [stdout] 
[INFO] [stdout] 
[INFO] [stdout] warning: unused import: `std::collections::VecDeque`
[INFO] [stdout]  --> src/fmt.rs:2:5
[INFO] [stdout]   |
[INFO] [stdout] 2 | use std::collections::VecDeque;
[INFO] [stdout]   |     ^^^^^^^^^^^^^^^^^^^^^^^^^^
[INFO] [stdout] 
[INFO] [stdout] 
[INFO] [stdout] warning: unused import: `super::catch`
[INFO] [stdout]  --> src/fmt.rs:5:5
[INFO] [stdout]   |
[INFO] [stdout] 5 | use super::catch;
[INFO] [stdout]   |     ^^^^^^^^^^^^
[INFO] [stdout] 
[INFO] [stdout] 
[INFO] [stdout] error[E0554]: `#![feature]` may not be used on the stable release channel
[INFO] [stdout]  --> src/main.rs:1:12
[INFO] [stdout]   |
[INFO] [stdout] 1 | #![feature(try_trait)]
[INFO] [stdout]   |            ^^^^^^^^^
[INFO] [stdout] 
[INFO] [stdout] 
[INFO] [stdout] error[E0635]: unknown feature `try_trait`
[INFO] [stdout]  --> src/main.rs:1:12
[INFO] [stdout]   |
[INFO] [stdout] 1 | #![feature(try_trait)]
[INFO] [stdout]   |            ^^^^^^^^^
[INFO] [stdout] 
[INFO] [stdout] 
[INFO] [stdout] error: aborting due to 4 previous errors; 4 warnings emitted
[INFO] [stdout] 
[INFO] [stdout] 
[INFO] [stdout] Some errors have detailed explanations: E0412, E0554, E0635.
[INFO] [stdout] 
[INFO] [stdout] For more information about an error, try `rustc --explain E0412`.
[INFO] [stdout] 
[INFO] [stderr] error: could not compile `ley` (bin "ley") due to 5 previous errors; 4 warnings emitted
[INFO] running `Command { std: "docker" "inspect" "73e88ae780438cf3944d7b808cca0e06f4e62fbf2b0cb27fc63cad8bb0207366", kill_on_drop: false }`
[INFO] running `Command { std: "docker" "rm" "-f" "73e88ae780438cf3944d7b808cca0e06f4e62fbf2b0cb27fc63cad8bb0207366", kill_on_drop: false }`
[INFO] [stdout] 73e88ae780438cf3944d7b808cca0e06f4e62fbf2b0cb27fc63cad8bb0207366
[INFO] testing AidoP/Ley against beta-2023-12-22 for beta-1.76-1
[INFO] running `Command { std: "git" "clone" "/workspace/cache/git-repos/https%3A%2F%2Fgithub.com%2FAidoP%2FLey" "/workspace/builds/worker-1-tc2/source", kill_on_drop: false }`
[INFO] [stderr] Cloning into '/workspace/builds/worker-1-tc2/source'...
[INFO] [stderr] done.
[INFO] validating manifest of git repo https://github.com/AidoP/Ley on toolchain beta-2023-12-22
[INFO] running `Command { std: CARGO_HOME="/workspace/cargo-home" RUSTUP_HOME="/workspace/rustup-home" "/workspace/cargo-home/bin/cargo" "+beta-2023-12-22" "metadata" "--manifest-path" "Cargo.toml" "--no-deps", kill_on_drop: false }`
[INFO] started tweaking git repo https://github.com/AidoP/Ley
[INFO] finished tweaking git repo https://github.com/AidoP/Ley
[INFO] tweaked toml for git repo https://github.com/AidoP/Ley written to /workspace/builds/worker-1-tc2/source/Cargo.toml
[INFO] crate git repo https://github.com/AidoP/Ley already has a lockfile, it will not be regenerated
[INFO] running `Command { std: CARGO_HOME="/workspace/cargo-home" RUSTUP_HOME="/workspace/rustup-home" "/workspace/cargo-home/bin/cargo" "+beta-2023-12-22" "fetch" "--manifest-path" "Cargo.toml", kill_on_drop: false }`
[INFO] [stderr]     Blocking waiting for file lock on package cache
[INFO] running `Command { std: "docker" "create" "-v" "/var/lib/crater-agent-workspace/builds/worker-1-tc2/target:/opt/rustwide/target:rw,Z" "-v" "/var/lib/crater-agent-workspace/builds/worker-1-tc2/source:/opt/rustwide/workdir:ro,Z" "-v" "/var/lib/crater-agent-workspace/cargo-home:/opt/rustwide/cargo-home:ro,Z" "-v" "/var/lib/crater-agent-workspace/rustup-home:/opt/rustwide/rustup-home:ro,Z" "-e" "SOURCE_DIR=/opt/rustwide/workdir" "-e" "CARGO_TARGET_DIR=/opt/rustwide/target" "-e" "CARGO_HOME=/opt/rustwide/cargo-home" "-e" "RUSTUP_HOME=/opt/rustwide/rustup-home" "-w" "/opt/rustwide/workdir" "-m" "1610612736" "--user" "0:0" "--network" "none" "ghcr.io/rust-lang/crates-build-env/linux@sha256:2788e3201cd34a07e3172128adcd8b3090168a8e3bcc40d7c032b9dda1df7d1c" "/opt/rustwide/cargo-home/bin/cargo" "+beta-2023-12-22" "metadata" "--no-deps" "--format-version=1", kill_on_drop: false }`
[INFO] [stdout] c477d3bb9c573fcde60ca3241d2e623e8b6f85fa381a9af700bdd77a69b1b7d8
[INFO] running `Command { std: "docker" "start" "-a" "c477d3bb9c573fcde60ca3241d2e623e8b6f85fa381a9af700bdd77a69b1b7d8", kill_on_drop: false }`
[INFO] running `Command { std: "docker" "inspect" "c477d3bb9c573fcde60ca3241d2e623e8b6f85fa381a9af700bdd77a69b1b7d8", kill_on_drop: false }`
[INFO] running `Command { std: "docker" "rm" "-f" "c477d3bb9c573fcde60ca3241d2e623e8b6f85fa381a9af700bdd77a69b1b7d8", kill_on_drop: false }`
[INFO] [stdout] c477d3bb9c573fcde60ca3241d2e623e8b6f85fa381a9af700bdd77a69b1b7d8
[INFO] running `Command { std: "docker" "create" "-v" "/var/lib/crater-agent-workspace/builds/worker-1-tc2/target:/opt/rustwide/target:rw,Z" "-v" "/var/lib/crater-agent-workspace/builds/worker-1-tc2/source:/opt/rustwide/workdir:ro,Z" "-v" "/var/lib/crater-agent-workspace/cargo-home:/opt/rustwide/cargo-home:ro,Z" "-v" "/var/lib/crater-agent-workspace/rustup-home:/opt/rustwide/rustup-home:ro,Z" "-e" "SOURCE_DIR=/opt/rustwide/workdir" "-e" "CARGO_TARGET_DIR=/opt/rustwide/target" "-e" "CARGO_INCREMENTAL=0" "-e" "RUST_BACKTRACE=full" "-e" "RUSTFLAGS=--cap-lints=warn" "-e" "RUSTDOCFLAGS=--cap-lints=warn" "-e" "CARGO_HOME=/opt/rustwide/cargo-home" "-e" "RUSTUP_HOME=/opt/rustwide/rustup-home" "-w" "/opt/rustwide/workdir" "-m" "1610612736" "--user" "0:0" "--network" "none" "ghcr.io/rust-lang/crates-build-env/linux@sha256:2788e3201cd34a07e3172128adcd8b3090168a8e3bcc40d7c032b9dda1df7d1c" "/opt/rustwide/cargo-home/bin/cargo" "+beta-2023-12-22" "build" "--frozen" "--message-format=json", kill_on_drop: false }`
[INFO] [stdout] 41e45e0c9463d0fba3dcdd2178b372accd0458967b971326608a01152ab52c67
[INFO] running `Command { std: "docker" "start" "-a" "41e45e0c9463d0fba3dcdd2178b372accd0458967b971326608a01152ab52c67", kill_on_drop: false }`
[INFO] [stderr]    Compiling ley v0.0.5 (/opt/rustwide/workdir)
[INFO] [stdout] error[E0412]: cannot find type `NoneError` in module `std::option`
[INFO] [stdout]    --> src/ley.rs:427:28
[INFO] [stdout]     |
[INFO] [stdout] 427 | impl<'a> From<std::option::NoneError> for ParseError<'a> {
[INFO] [stdout]     |                            ^^^^^^^^^ not found in `std::option`
[INFO] [stdout] 
[INFO] [stdout] 
[INFO] [stdout] error[E0412]: cannot find type `NoneError` in module `std::option`
[INFO] [stdout]    --> src/ley.rs:428:29
[INFO] [stdout]     |
[INFO] [stdout] 428 |     fn from(_: std::option::NoneError) -> Self {
[INFO] [stdout]     |                             ^^^^^^^^^ not found in `std::option`
[INFO] [stdout] 
[INFO] [stdout] 
[INFO] [stdout] warning: unused import: `collections::VecDeque`
[INFO] [stdout]  --> src/main.rs:3:11
[INFO] [stdout]   |
[INFO] [stdout] 3 | use std::{collections::VecDeque, env, fs::{File, read_dir}, io::{Read, Write}, path::Path};
[INFO] [stdout]   |           ^^^^^^^^^^^^^^^^^^^^^
[INFO] [stdout]   |
[INFO] [stdout]   = note: `#[warn(unused_imports)]` on by default
[INFO] [stdout] 
[INFO] [stdout] 
[INFO] [stdout] warning: unused import: `self`
[INFO] [stdout]  --> src/fmt.rs:1:40
[INFO] [stdout]   |
[INFO] [stdout] 1 | use std::{fmt::Display, fs::File, io::{self, Write}, path::PathBuf};
[INFO] [stdout]   |                                        ^^^^
[INFO] [stdout] 
[INFO] [stdout] 
[INFO] [stdout] warning: unused import: `std::collections::VecDeque`
[INFO] [stdout]  --> src/fmt.rs:2:5
[INFO] [stdout]   |
[INFO] [stdout] 2 | use std::collections::VecDeque;
[INFO] [stdout]   |     ^^^^^^^^^^^^^^^^^^^^^^^^^^
[INFO] [stdout] 
[INFO] [stdout] 
[INFO] [stdout] warning: unused import: `super::catch`
[INFO] [stdout]  --> src/fmt.rs:5:5
[INFO] [stdout]   |
[INFO] [stdout] 5 | use super::catch;
[INFO] [stdout]   |     ^^^^^^^^^^^^
[INFO] [stdout] 
[INFO] [stdout] 
[INFO] [stdout] error[E0554]: `#![feature]` may not be used on the beta release channel
[INFO] [stdout]  --> src/main.rs:1:12
[INFO] [stdout]   |
[INFO] [stdout] 1 | #![feature(try_trait)]
[INFO] [stdout]   |            ^^^^^^^^^
[INFO] [stdout] 
[INFO] [stdout] 
[INFO] [stdout] error[E0635]: unknown feature `try_trait`
[INFO] [stdout]  --> src/main.rs:1:12
[INFO] [stdout]   |
[INFO] [stdout] 1 | #![feature(try_trait)]
[INFO] [stdout]   |            ^^^^^^^^^
[INFO] [stdout] 
[INFO] [stdout] 
[INFO] [stdout] error: aborting due to 4 previous errors; 4 warnings emitted
[INFO] [stdout] 
[INFO] [stdout] 
[INFO] [stdout] Some errors have detailed explanations: E0412, E0554, E0635.
[INFO] [stdout] 
[INFO] [stdout] For more information about an error, try `rustc --explain E0412`.
[INFO] [stdout] 
[INFO] [stderr] error: could not compile `ley` (bin "ley") due to 5 previous errors; 4 warnings emitted
[INFO] running `Command { std: "docker" "inspect" "41e45e0c9463d0fba3dcdd2178b372accd0458967b971326608a01152ab52c67", kill_on_drop: false }`
[INFO] running `Command { std: "docker" "rm" "-f" "41e45e0c9463d0fba3dcdd2178b372accd0458967b971326608a01152ab52c67", kill_on_drop: false }`
[INFO] [stdout] 41e45e0c9463d0fba3dcdd2178b372accd0458967b971326608a01152ab52c67
