[INFO] cloning repository https://github.com/AidenHadisi/transcribe-lifeoc
[INFO] running `Command { std: "git" "-c" "credential.helper=" "-c" "credential.helper=/workspace/cargo-home/bin/git-credential-null" "clone" "--bare" "https://github.com/AidenHadisi/transcribe-lifeoc" "/workspace/cache/git-repos/https%3A%2F%2Fgithub.com%2FAidenHadisi%2Ftranscribe-lifeoc", kill_on_drop: false }`
[INFO] [stderr] Cloning into bare repository '/workspace/cache/git-repos/https%3A%2F%2Fgithub.com%2FAidenHadisi%2Ftranscribe-lifeoc'...
[INFO] running `Command { std: "git" "rev-parse" "HEAD", kill_on_drop: false }`
[INFO] [stdout] d32e57c92e9d8a99377ea22b5c653b7fb284c58f
[INFO] testing AidenHadisi/transcribe-lifeoc against 1.75.0 for beta-1.76-1
[INFO] running `Command { std: "git" "clone" "/workspace/cache/git-repos/https%3A%2F%2Fgithub.com%2FAidenHadisi%2Ftranscribe-lifeoc" "/workspace/builds/worker-0-tc1/source", kill_on_drop: false }`
[INFO] [stderr] Cloning into '/workspace/builds/worker-0-tc1/source'...
[INFO] [stderr] done.
[INFO] validating manifest of git repo https://github.com/AidenHadisi/transcribe-lifeoc on toolchain 1.75.0
[INFO] running `Command { std: CARGO_HOME="/workspace/cargo-home" RUSTUP_HOME="/workspace/rustup-home" "/workspace/cargo-home/bin/cargo" "+1.75.0" "metadata" "--manifest-path" "Cargo.toml" "--no-deps", kill_on_drop: false }`
[INFO] started tweaking git repo https://github.com/AidenHadisi/transcribe-lifeoc
[INFO] finished tweaking git repo https://github.com/AidenHadisi/transcribe-lifeoc
[INFO] tweaked toml for git repo https://github.com/AidenHadisi/transcribe-lifeoc written to /workspace/builds/worker-0-tc1/source/Cargo.toml
[INFO] crate git repo https://github.com/AidenHadisi/transcribe-lifeoc already has a lockfile, it will not be regenerated
[INFO] running `Command { std: CARGO_HOME="/workspace/cargo-home" RUSTUP_HOME="/workspace/rustup-home" "/workspace/cargo-home/bin/cargo" "+1.75.0" "fetch" "--manifest-path" "Cargo.toml", kill_on_drop: false }`
[INFO] [stderr]     Updating crates.io index
[INFO] [stderr]  Downloading crates ...
[INFO] [stderr]   Downloaded log-derive v0.4.1
[INFO] [stderr]   Downloaded rustube v0.6.0
[INFO] [stderr]   Downloaded openssl-sys v0.9.84
[INFO] [stderr]   Downloaded openssl v0.10.49
[INFO] [stderr]   Downloaded rustix v0.37.8
[INFO] [stderr]   Downloaded chat-gpt-rs v1.4.0
[INFO] running `Command { std: "docker" "create" "-v" "/var/lib/crater-agent-workspace/builds/worker-0-tc1/target:/opt/rustwide/target:rw,Z" "-v" "/var/lib/crater-agent-workspace/builds/worker-0-tc1/source:/opt/rustwide/workdir:ro,Z" "-v" "/var/lib/crater-agent-workspace/cargo-home:/opt/rustwide/cargo-home:ro,Z" "-v" "/var/lib/crater-agent-workspace/rustup-home:/opt/rustwide/rustup-home:ro,Z" "-e" "SOURCE_DIR=/opt/rustwide/workdir" "-e" "CARGO_TARGET_DIR=/opt/rustwide/target" "-e" "CARGO_HOME=/opt/rustwide/cargo-home" "-e" "RUSTUP_HOME=/opt/rustwide/rustup-home" "-w" "/opt/rustwide/workdir" "-m" "1610612736" "--user" "0:0" "--network" "none" "ghcr.io/rust-lang/crates-build-env/linux@sha256:2788e3201cd34a07e3172128adcd8b3090168a8e3bcc40d7c032b9dda1df7d1c" "/opt/rustwide/cargo-home/bin/cargo" "+1.75.0" "metadata" "--no-deps" "--format-version=1", kill_on_drop: false }`
[INFO] [stdout] f1f36db5256acc1bee8b3c8738f02459fc54d6fbfef5e05347ae3ab361eb98f3
[INFO] running `Command { std: "docker" "start" "-a" "f1f36db5256acc1bee8b3c8738f02459fc54d6fbfef5e05347ae3ab361eb98f3", kill_on_drop: false }`
[INFO] running `Command { std: "docker" "inspect" "f1f36db5256acc1bee8b3c8738f02459fc54d6fbfef5e05347ae3ab361eb98f3", kill_on_drop: false }`
[INFO] running `Command { std: "docker" "rm" "-f" "f1f36db5256acc1bee8b3c8738f02459fc54d6fbfef5e05347ae3ab361eb98f3", kill_on_drop: false }`
[INFO] [stdout] f1f36db5256acc1bee8b3c8738f02459fc54d6fbfef5e05347ae3ab361eb98f3
[INFO] running `Command { std: "docker" "create" "-v" "/var/lib/crater-agent-workspace/builds/worker-0-tc1/target:/opt/rustwide/target:rw,Z" "-v" "/var/lib/crater-agent-workspace/builds/worker-0-tc1/source:/opt/rustwide/workdir:ro,Z" "-v" "/var/lib/crater-agent-workspace/cargo-home:/opt/rustwide/cargo-home:ro,Z" "-v" "/var/lib/crater-agent-workspace/rustup-home:/opt/rustwide/rustup-home:ro,Z" "-e" "SOURCE_DIR=/opt/rustwide/workdir" "-e" "CARGO_TARGET_DIR=/opt/rustwide/target" "-e" "CARGO_INCREMENTAL=0" "-e" "RUST_BACKTRACE=full" "-e" "RUSTFLAGS=--cap-lints=warn" "-e" "RUSTDOCFLAGS=--cap-lints=warn" "-e" "CARGO_HOME=/opt/rustwide/cargo-home" "-e" "RUSTUP_HOME=/opt/rustwide/rustup-home" "-w" "/opt/rustwide/workdir" "-m" "1610612736" "--user" "0:0" "--network" "none" "ghcr.io/rust-lang/crates-build-env/linux@sha256:2788e3201cd34a07e3172128adcd8b3090168a8e3bcc40d7c032b9dda1df7d1c" "/opt/rustwide/cargo-home/bin/cargo" "+1.75.0" "build" "--frozen" "--message-format=json", kill_on_drop: false }`
[INFO] [stdout] 405a2bcf414210c704d2ed52fc60062ba3ee352169944db5d5afec989e5f1a9e
[INFO] running `Command { std: "docker" "start" "-a" "405a2bcf414210c704d2ed52fc60062ba3ee352169944db5d5afec989e5f1a9e", kill_on_drop: false }`
[INFO] [stderr]    Compiling proc-macro2 v1.0.56
[INFO] [stderr]    Compiling quote v1.0.26
[INFO] [stderr]    Compiling unicode-ident v1.0.8
[INFO] [stderr]    Compiling libc v0.2.141
[INFO] [stderr]    Compiling syn v1.0.109
[INFO] [stderr]    Compiling parking_lot_core v0.9.7
[INFO] [stderr]    Compiling serde_derive v1.0.160
[INFO] [stderr]    Compiling lock_api v0.4.9
[INFO] [stderr]    Compiling tokio v1.27.0
[INFO] [stderr]    Compiling serde v1.0.160
[INFO] [stderr]    Compiling pkg-config v0.3.26
[INFO] [stderr]    Compiling once_cell v1.17.1
[INFO] [stderr]    Compiling ident_case v1.0.1
[INFO] [stderr]    Compiling percent-encoding v2.2.0
[INFO] [stderr]    Compiling futures-task v0.3.28
[INFO] [stderr]    Compiling futures-util v0.3.28
[INFO] [stderr]    Compiling openssl v0.10.49
[INFO] [stderr]    Compiling indexmap v1.9.3
[INFO] [stderr]    Compiling time-core v0.1.0
[INFO] [stderr]    Compiling tracing-core v0.1.30
[INFO] [stderr]    Compiling native-tls v0.2.11
[INFO] [stderr]    Compiling futures-channel v0.3.28
[INFO] [stderr]    Compiling crc32fast v1.3.2
[INFO] [stderr]    Compiling serde_json v1.0.96
[INFO] [stderr]    Compiling cookie v0.16.2
[INFO] [stderr]    Compiling time-macros v0.2.8
[INFO] [stderr]    Compiling form_urlencoded v1.1.0
[INFO] [stderr]    Compiling idna v0.3.0
[INFO] [stderr]    Compiling adler v1.0.2
[INFO] [stderr]    Compiling strsim v0.10.0
[INFO] [stderr]    Compiling want v0.3.0
[INFO] [stderr]    Compiling miniz_oxide v0.6.2
[INFO] [stderr]    Compiling num-traits v0.2.15
[INFO] [stderr]    Compiling tracing v0.1.37
[INFO] [stderr]    Compiling psl-types v2.0.11
[INFO] [stderr]    Compiling openssl-sys v0.9.84
[INFO] [stderr]    Compiling strsim v0.9.3
[INFO] [stderr]    Compiling idna v0.2.3
[INFO] [stderr]    Compiling aho-corasick v0.7.20
[INFO] [stderr]    Compiling num-integer v0.1.45
[INFO] [stderr]    Compiling regex-syntax v0.6.29
[INFO] [stderr]    Compiling encoding_rs v0.8.32
[INFO] [stderr]    Compiling flate2 v1.0.25
[INFO] [stderr]    Compiling publicsuffix v2.2.3
[INFO] [stderr]    Compiling syn v2.0.13
[INFO] [stderr]    Compiling mio v0.8.6
[INFO] [stderr]    Compiling socket2 v0.4.9
[INFO] [stderr]    Compiling num_cpus v1.15.0
[INFO] [stderr]    Compiling signal-hook-registry v1.4.1
[INFO] [stderr]    Compiling parking_lot v0.12.1
[INFO] [stderr]    Compiling base64 v0.21.0
[INFO] [stderr]    Compiling mime v0.3.17
[INFO] [stderr]    Compiling quick-error v1.2.3
[INFO] [stderr]    Compiling ipnet v2.7.2
[INFO] [stderr]    Compiling humantime v1.3.0
[INFO] [stderr]    Compiling atty v0.2.14
[INFO] [stderr]    Compiling time v0.1.45
[INFO] [stderr]    Compiling convert_case v0.4.0
[INFO] [stderr]    Compiling iana-time-zone v0.1.56
[INFO] [stderr]    Compiling termcolor v1.2.0
[INFO] [stderr]    Compiling dotenv v0.15.0
[INFO] [stderr]    Compiling time v0.3.20
[INFO] [stderr]    Compiling regex v1.7.3
[INFO] [stderr]    Compiling env_logger v0.7.1
[INFO] [stderr]    Compiling pretty_env_logger v0.4.0
[INFO] [stderr]    Compiling tokio-macros v2.0.0
[INFO] [stderr]    Compiling openssl-macros v0.1.1
[INFO] [stderr]    Compiling thiserror-impl v1.0.40
[INFO] [stderr]    Compiling darling_core v0.13.4
[INFO] [stderr]    Compiling darling_core v0.10.2
[INFO] [stderr]    Compiling thiserror v1.0.40
[INFO] [stderr]    Compiling derivative v2.2.0
[INFO] [stderr]    Compiling derive_more v0.99.17
[INFO] [stderr]    Compiling darling_macro v0.10.2
[INFO] [stderr]    Compiling darling_macro v0.13.4
[INFO] [stderr]    Compiling darling v0.10.2
[INFO] [stderr]    Compiling log-derive v0.4.1
[INFO] [stderr]    Compiling darling v0.13.4
[INFO] [stderr]    Compiling serde_with_macros v1.5.2
[INFO] [stderr]    Compiling tokio-util v0.7.7
[INFO] [stderr]    Compiling tokio-native-tls v0.3.1
[INFO] [stderr]    Compiling async-compression v0.3.15
[INFO] [stderr]    Compiling tokio-stream v0.1.12
[INFO] [stderr]    Compiling url v2.3.1
[INFO] [stderr]    Compiling serde_urlencoded v0.7.1
[INFO] [stderr]    Compiling chrono v0.4.24
[INFO] [stderr]    Compiling serde_qs v0.8.5
[INFO] [stderr]    Compiling h2 v0.3.16
[INFO] [stderr]    Compiling cookie_store v0.16.1
[INFO] [stderr]    Compiling serde_with v1.14.0
[INFO] [stderr]    Compiling hyper v0.14.25
[INFO] [stderr]    Compiling hyper-tls v0.5.0
[INFO] [stderr]    Compiling reqwest v0.11.16
[INFO] [stderr]    Compiling chat-gpt-rs v1.4.0
[INFO] [stderr]    Compiling rustube v0.6.0
[INFO] [stderr]    Compiling transcribe-lifeoc v0.1.0 (/opt/rustwide/workdir)
[INFO] [stdout] error[E0554]: `#![feature]` may not be used on the stable release channel
[INFO] [stdout]  --> src/main.rs:2:1
[INFO] [stdout]   |
[INFO] [stdout] 2 | #![feature(async_fn_in_trait)]
[INFO] [stdout]   | ^^^^^^^^^^^^^^^^^^^^^^^^^^^^^^ help: remove the attribute
[INFO] [stdout]   |
[INFO] [stdout]   = help: the feature `async_fn_in_trait` has been stable since `1.75.0` and no longer requires an attribute to enable
[INFO] [stdout] 
[INFO] [stdout] 
[INFO] [stdout] error[E0554]: `#![feature]` may not be used on the stable release channel
[INFO] [stdout]  --> src/main.rs:3:1
[INFO] [stdout]   |
[INFO] [stdout] 3 | #![feature(let_chains)]
[INFO] [stdout]   | ^^^^^^^^^^^^^^^^^^^^^^^
[INFO] [stdout] 
[INFO] [stdout] 
[INFO] [stdout] warning: the feature `async_fn_in_trait` has been stable since 1.75.0 and no longer requires an attribute to enable
[INFO] [stdout]  --> src/main.rs:2:12
[INFO] [stdout]   |
[INFO] [stdout] 2 | #![feature(async_fn_in_trait)]
[INFO] [stdout]   |            ^^^^^^^^^^^^^^^^^
[INFO] [stdout]   |
[INFO] [stdout]   = note: `#[warn(stable_features)]` on by default
[INFO] [stdout] 
[INFO] [stdout] 
[INFO] [stdout] error: aborting due to 2 previous errors; 1 warning emitted
[INFO] [stdout] 
[INFO] [stdout] 
[INFO] [stdout] For more information about this error, try `rustc --explain E0554`.
[INFO] [stdout] 
[INFO] [stderr] error: could not compile `transcribe-lifeoc` (bin "transcribe-lifeoc") due to 3 previous errors; 1 warning emitted
[INFO] running `Command { std: "docker" "inspect" "405a2bcf414210c704d2ed52fc60062ba3ee352169944db5d5afec989e5f1a9e", kill_on_drop: false }`
[INFO] running `Command { std: "docker" "rm" "-f" "405a2bcf414210c704d2ed52fc60062ba3ee352169944db5d5afec989e5f1a9e", kill_on_drop: false }`
[INFO] [stdout] 405a2bcf414210c704d2ed52fc60062ba3ee352169944db5d5afec989e5f1a9e
[INFO] testing AidenHadisi/transcribe-lifeoc against beta-2023-12-22 for beta-1.76-1
[INFO] running `Command { std: "git" "clone" "/workspace/cache/git-repos/https%3A%2F%2Fgithub.com%2FAidenHadisi%2Ftranscribe-lifeoc" "/workspace/builds/worker-0-tc2/source", kill_on_drop: false }`
[INFO] [stderr] Cloning into '/workspace/builds/worker-0-tc2/source'...
[INFO] [stderr] done.
[INFO] validating manifest of git repo https://github.com/AidenHadisi/transcribe-lifeoc on toolchain beta-2023-12-22
[INFO] running `Command { std: CARGO_HOME="/workspace/cargo-home" RUSTUP_HOME="/workspace/rustup-home" "/workspace/cargo-home/bin/cargo" "+beta-2023-12-22" "metadata" "--manifest-path" "Cargo.toml" "--no-deps", kill_on_drop: false }`
[INFO] started tweaking git repo https://github.com/AidenHadisi/transcribe-lifeoc
[INFO] finished tweaking git repo https://github.com/AidenHadisi/transcribe-lifeoc
[INFO] tweaked toml for git repo https://github.com/AidenHadisi/transcribe-lifeoc written to /workspace/builds/worker-0-tc2/source/Cargo.toml
[INFO] crate git repo https://github.com/AidenHadisi/transcribe-lifeoc already has a lockfile, it will not be regenerated
[INFO] running `Command { std: CARGO_HOME="/workspace/cargo-home" RUSTUP_HOME="/workspace/rustup-home" "/workspace/cargo-home/bin/cargo" "+beta-2023-12-22" "fetch" "--manifest-path" "Cargo.toml", kill_on_drop: false }`
[INFO] [stderr]     Blocking waiting for file lock on package cache
[INFO] [stderr]     Blocking waiting for file lock on package cache
[INFO] running `Command { std: "docker" "create" "-v" "/var/lib/crater-agent-workspace/builds/worker-0-tc2/target:/opt/rustwide/target:rw,Z" "-v" "/var/lib/crater-agent-workspace/builds/worker-0-tc2/source:/opt/rustwide/workdir:ro,Z" "-v" "/var/lib/crater-agent-workspace/cargo-home:/opt/rustwide/cargo-home:ro,Z" "-v" "/var/lib/crater-agent-workspace/rustup-home:/opt/rustwide/rustup-home:ro,Z" "-e" "SOURCE_DIR=/opt/rustwide/workdir" "-e" "CARGO_TARGET_DIR=/opt/rustwide/target" "-e" "CARGO_HOME=/opt/rustwide/cargo-home" "-e" "RUSTUP_HOME=/opt/rustwide/rustup-home" "-w" "/opt/rustwide/workdir" "-m" "1610612736" "--user" "0:0" "--network" "none" "ghcr.io/rust-lang/crates-build-env/linux@sha256:2788e3201cd34a07e3172128adcd8b3090168a8e3bcc40d7c032b9dda1df7d1c" "/opt/rustwide/cargo-home/bin/cargo" "+beta-2023-12-22" "metadata" "--no-deps" "--format-version=1", kill_on_drop: false }`
[INFO] [stdout] 245e545d65857448621c7821899e3b72b62ae6bd8312d8dfe73e371ffb276356
[INFO] running `Command { std: "docker" "start" "-a" "245e545d65857448621c7821899e3b72b62ae6bd8312d8dfe73e371ffb276356", kill_on_drop: false }`
[INFO] running `Command { std: "docker" "inspect" "245e545d65857448621c7821899e3b72b62ae6bd8312d8dfe73e371ffb276356", kill_on_drop: false }`
[INFO] running `Command { std: "docker" "rm" "-f" "245e545d65857448621c7821899e3b72b62ae6bd8312d8dfe73e371ffb276356", kill_on_drop: false }`
[INFO] [stdout] 245e545d65857448621c7821899e3b72b62ae6bd8312d8dfe73e371ffb276356
[INFO] running `Command { std: "docker" "create" "-v" "/var/lib/crater-agent-workspace/builds/worker-0-tc2/target:/opt/rustwide/target:rw,Z" "-v" "/var/lib/crater-agent-workspace/builds/worker-0-tc2/source:/opt/rustwide/workdir:ro,Z" "-v" "/var/lib/crater-agent-workspace/cargo-home:/opt/rustwide/cargo-home:ro,Z" "-v" "/var/lib/crater-agent-workspace/rustup-home:/opt/rustwide/rustup-home:ro,Z" "-e" "SOURCE_DIR=/opt/rustwide/workdir" "-e" "CARGO_TARGET_DIR=/opt/rustwide/target" "-e" "CARGO_INCREMENTAL=0" "-e" "RUST_BACKTRACE=full" "-e" "RUSTFLAGS=--cap-lints=warn" "-e" "RUSTDOCFLAGS=--cap-lints=warn" "-e" "CARGO_HOME=/opt/rustwide/cargo-home" "-e" "RUSTUP_HOME=/opt/rustwide/rustup-home" "-w" "/opt/rustwide/workdir" "-m" "1610612736" "--user" "0:0" "--network" "none" "ghcr.io/rust-lang/crates-build-env/linux@sha256:2788e3201cd34a07e3172128adcd8b3090168a8e3bcc40d7c032b9dda1df7d1c" "/opt/rustwide/cargo-home/bin/cargo" "+beta-2023-12-22" "build" "--frozen" "--message-format=json", kill_on_drop: false }`
[INFO] [stdout] e8d1525bce9b0487764823a0b4b580e5101c04052c5dd17e233d3644930bbd31
[INFO] running `Command { std: "docker" "start" "-a" "e8d1525bce9b0487764823a0b4b580e5101c04052c5dd17e233d3644930bbd31", kill_on_drop: false }`
[INFO] [stderr]    Compiling proc-macro2 v1.0.56
[INFO] [stderr]    Compiling quote v1.0.26
[INFO] [stderr]    Compiling unicode-ident v1.0.8
[INFO] [stderr]    Compiling libc v0.2.141
[INFO] [stderr]    Compiling syn v1.0.109
[INFO] [stderr]    Compiling parking_lot_core v0.9.7
[INFO] [stderr]    Compiling serde_derive v1.0.160
[INFO] [stderr]    Compiling lock_api v0.4.9
[INFO] [stderr]    Compiling tokio v1.27.0
[INFO] [stderr]    Compiling serde v1.0.160
[INFO] [stderr]    Compiling pkg-config v0.3.26
[INFO] [stderr]    Compiling once_cell v1.17.1
[INFO] [stderr]    Compiling ident_case v1.0.1
[INFO] [stderr]    Compiling percent-encoding v2.2.0
[INFO] [stderr]    Compiling futures-task v0.3.28
[INFO] [stderr]    Compiling openssl v0.10.49
[INFO] [stderr]    Compiling futures-util v0.3.28
[INFO] [stderr]    Compiling indexmap v1.9.3
[INFO] [stderr]    Compiling native-tls v0.2.11
[INFO] [stderr]    Compiling crc32fast v1.3.2
[INFO] [stderr]    Compiling tracing-core v0.1.30
[INFO] [stderr]    Compiling serde_json v1.0.96
[INFO] [stderr]    Compiling futures-channel v0.3.28
[INFO] [stderr]    Compiling time-core v0.1.0
[INFO] [stderr]    Compiling cookie v0.16.2
[INFO] [stderr]    Compiling form_urlencoded v1.1.0
[INFO] [stderr]    Compiling idna v0.3.0
[INFO] [stderr]    Compiling strsim v0.10.0
[INFO] [stderr]    Compiling time-macros v0.2.8
[INFO] [stderr]    Compiling adler v1.0.2
[INFO] [stderr]    Compiling miniz_oxide v0.6.2
[INFO] [stderr]    Compiling want v0.3.0
[INFO] [stderr]    Compiling num-traits v0.2.15
[INFO] [stderr]    Compiling strsim v0.9.3
[INFO] [stderr]    Compiling tracing v0.1.37
[INFO] [stderr]    Compiling psl-types v2.0.11
[INFO] [stderr]    Compiling idna v0.2.3
[INFO] [stderr]    Compiling aho-corasick v0.7.20
[INFO] [stderr]    Compiling openssl-sys v0.9.84
[INFO] [stderr]    Compiling num-integer v0.1.45
[INFO] [stderr]    Compiling regex-syntax v0.6.29
[INFO] [stderr]    Compiling encoding_rs v0.8.32
[INFO] [stderr]    Compiling publicsuffix v2.2.3
[INFO] [stderr]    Compiling flate2 v1.0.25
[INFO] [stderr]    Compiling syn v2.0.13
[INFO] [stderr]    Compiling signal-hook-registry v1.4.1
[INFO] [stderr]    Compiling num_cpus v1.15.0
[INFO] [stderr]    Compiling socket2 v0.4.9
[INFO] [stderr]    Compiling mio v0.8.6
[INFO] [stderr]    Compiling parking_lot v0.12.1
[INFO] [stderr]    Compiling ipnet v2.7.2
[INFO] [stderr]    Compiling quick-error v1.2.3
[INFO] [stderr]    Compiling mime v0.3.17
[INFO] [stderr]    Compiling base64 v0.21.0
[INFO] [stderr]    Compiling humantime v1.3.0
[INFO] [stderr]    Compiling time v0.1.45
[INFO] [stderr]    Compiling atty v0.2.14
[INFO] [stderr]    Compiling iana-time-zone v0.1.56
[INFO] [stderr]    Compiling convert_case v0.4.0
[INFO] [stderr]    Compiling termcolor v1.2.0
[INFO] [stderr]    Compiling dotenv v0.15.0
[INFO] [stderr]    Compiling time v0.3.20
[INFO] [stderr]    Compiling regex v1.7.3
[INFO] [stderr]    Compiling env_logger v0.7.1
[INFO] [stderr]    Compiling pretty_env_logger v0.4.0
[INFO] [stderr]    Compiling tokio-macros v2.0.0
[INFO] [stderr]    Compiling openssl-macros v0.1.1
[INFO] [stderr]    Compiling thiserror-impl v1.0.40
[INFO] [stderr]    Compiling darling_core v0.13.4
[INFO] [stderr]    Compiling darling_core v0.10.2
[INFO] [stderr]    Compiling derive_more v0.99.17
[INFO] [stderr]    Compiling derivative v2.2.0
[INFO] [stderr]    Compiling thiserror v1.0.40
[INFO] [stderr]    Compiling darling_macro v0.10.2
[INFO] [stderr]    Compiling darling_macro v0.13.4
[INFO] [stderr]    Compiling darling v0.10.2
[INFO] [stderr]    Compiling log-derive v0.4.1
[INFO] [stderr]    Compiling darling v0.13.4
[INFO] [stderr]    Compiling serde_with_macros v1.5.2
[INFO] [stderr]    Compiling tokio-util v0.7.7
[INFO] [stderr]    Compiling tokio-native-tls v0.3.1
[INFO] [stderr]    Compiling async-compression v0.3.15
[INFO] [stderr]    Compiling tokio-stream v0.1.12
[INFO] [stderr]    Compiling h2 v0.3.16
[INFO] [stderr]    Compiling url v2.3.1
[INFO] [stderr]    Compiling serde_urlencoded v0.7.1
[INFO] [stderr]    Compiling serde_qs v0.8.5
[INFO] [stderr]    Compiling chrono v0.4.24
[INFO] [stderr]    Compiling cookie_store v0.16.1
[INFO] [stderr]    Compiling serde_with v1.14.0
[INFO] [stderr]    Compiling hyper v0.14.25
[INFO] [stderr]    Compiling hyper-tls v0.5.0
[INFO] [stderr]    Compiling reqwest v0.11.16
[INFO] [stderr]    Compiling chat-gpt-rs v1.4.0
[INFO] [stderr]    Compiling rustube v0.6.0
[INFO] [stderr]    Compiling transcribe-lifeoc v0.1.0 (/opt/rustwide/workdir)
[INFO] [stdout] error[E0554]: `#![feature]` may not be used on the beta release channel
[INFO] [stdout]  --> src/main.rs:2:1
[INFO] [stdout]   |
[INFO] [stdout] 2 | #![feature(async_fn_in_trait)]
[INFO] [stdout]   | ^^^^^^^^^^^^^^^^^^^^^^^^^^^^^^ help: remove the attribute
[INFO] [stdout]   |
[INFO] [stdout]   = help: the feature `async_fn_in_trait` has been stable since `1.75.0` and no longer requires an attribute to enable
[INFO] [stdout] 
[INFO] [stdout] 
[INFO] [stdout] error[E0554]: `#![feature]` may not be used on the beta release channel
[INFO] [stdout]  --> src/main.rs:3:1
[INFO] [stdout]   |
[INFO] [stdout] 3 | #![feature(let_chains)]
[INFO] [stdout]   | ^^^^^^^^^^^^^^^^^^^^^^^
[INFO] [stdout] 
[INFO] [stdout] 
[INFO] [stdout] warning: the feature `async_fn_in_trait` has been stable since 1.75.0 and no longer requires an attribute to enable
[INFO] [stdout]  --> src/main.rs:2:12
[INFO] [stdout]   |
[INFO] [stdout] 2 | #![feature(async_fn_in_trait)]
[INFO] [stdout]   |            ^^^^^^^^^^^^^^^^^
[INFO] [stdout]   |
[INFO] [stdout]   = note: `#[warn(stable_features)]` on by default
[INFO] [stdout] 
[INFO] [stdout] 
[INFO] [stdout] error: aborting due to 2 previous errors; 1 warning emitted
[INFO] [stdout] 
[INFO] [stdout] 
[INFO] [stdout] For more information about this error, try `rustc --explain E0554`.
[INFO] [stdout] 
[INFO] [stderr] error: could not compile `transcribe-lifeoc` (bin "transcribe-lifeoc") due to 3 previous errors; 1 warning emitted
[INFO] running `Command { std: "docker" "inspect" "e8d1525bce9b0487764823a0b4b580e5101c04052c5dd17e233d3644930bbd31", kill_on_drop: false }`
[INFO] running `Command { std: "docker" "rm" "-f" "e8d1525bce9b0487764823a0b4b580e5101c04052c5dd17e233d3644930bbd31", kill_on_drop: false }`
[INFO] [stdout] e8d1525bce9b0487764823a0b4b580e5101c04052c5dd17e233d3644930bbd31
