[INFO] cloning repository https://github.com/AdrianEdelen/physics
[INFO] running `Command { std: "git" "-c" "credential.helper=" "-c" "credential.helper=/workspace/cargo-home/bin/git-credential-null" "clone" "--bare" "https://github.com/AdrianEdelen/physics" "/workspace/cache/git-repos/https%3A%2F%2Fgithub.com%2FAdrianEdelen%2Fphysics", kill_on_drop: false }`
[INFO] [stderr] Cloning into bare repository '/workspace/cache/git-repos/https%3A%2F%2Fgithub.com%2FAdrianEdelen%2Fphysics'...
[INFO] running `Command { std: "git" "rev-parse" "HEAD", kill_on_drop: false }`
[INFO] [stdout] a02ecafd97a34ecb53b7fbae7b4694db3d6039b4
[INFO] testing AdrianEdelen/physics against 1.75.0 for beta-1.76-1
[INFO] running `Command { std: "git" "clone" "/workspace/cache/git-repos/https%3A%2F%2Fgithub.com%2FAdrianEdelen%2Fphysics" "/workspace/builds/worker-0-tc1/source", kill_on_drop: false }`
[INFO] [stderr] Cloning into '/workspace/builds/worker-0-tc1/source'...
[INFO] [stderr] done.
[INFO] validating manifest of git repo https://github.com/AdrianEdelen/physics on toolchain 1.75.0
[INFO] running `Command { std: CARGO_HOME="/workspace/cargo-home" RUSTUP_HOME="/workspace/rustup-home" "/workspace/cargo-home/bin/cargo" "+1.75.0" "metadata" "--manifest-path" "Cargo.toml" "--no-deps", kill_on_drop: false }`
[INFO] started tweaking git repo https://github.com/AdrianEdelen/physics
[INFO] finished tweaking git repo https://github.com/AdrianEdelen/physics
[INFO] tweaked toml for git repo https://github.com/AdrianEdelen/physics written to /workspace/builds/worker-0-tc1/source/Cargo.toml
[INFO] crate git repo https://github.com/AdrianEdelen/physics already has a lockfile, it will not be regenerated
[INFO] running `Command { std: CARGO_HOME="/workspace/cargo-home" RUSTUP_HOME="/workspace/rustup-home" "/workspace/cargo-home/bin/cargo" "+1.75.0" "fetch" "--manifest-path" "Cargo.toml", kill_on_drop: false }`
[INFO] [stderr]     Updating crates.io index
[INFO] [stderr]  Downloading crates ...
[INFO] [stderr]   Downloaded piston-graphics_api_version v1.0.1
[INFO] [stderr]   Downloaded glutin-winit v0.3.0
[INFO] [stderr]   Downloaded shader_version v0.7.0
[INFO] [stderr]   Downloaded gfx v0.18.3
[INFO] [stderr]   Downloaded piston-shaders_graphics2d v0.4.0
[INFO] [stderr]   Downloaded read_color v1.0.0
[INFO] [stderr]   Downloaded vecmath v1.0.0
[INFO] [stderr]   Downloaded interpolation v0.3.0
[INFO] [stderr]   Downloaded piston-gfx_texture v0.44.0
[INFO] [stderr]   Downloaded piston-texture v0.9.0
[INFO] [stderr]   Downloaded piston v0.54.0
[INFO] [stderr]   Downloaded pistoncore-window v1.0.0
[INFO] [stderr]   Downloaded pistoncore-event_loop v0.54.0
[INFO] [stderr]   Downloaded piston2d-graphics v0.44.0
[INFO] [stderr]   Downloaded piston2d-gfx_graphics v0.80.0
[INFO] [stderr]   Downloaded piston_window v0.130.0
[INFO] [stderr]   Downloaded pistoncore-glutin_window v0.72.0
[INFO] running `Command { std: "docker" "create" "-v" "/var/lib/crater-agent-workspace/builds/worker-0-tc1/target:/opt/rustwide/target:rw,Z" "-v" "/var/lib/crater-agent-workspace/builds/worker-0-tc1/source:/opt/rustwide/workdir:ro,Z" "-v" "/var/lib/crater-agent-workspace/cargo-home:/opt/rustwide/cargo-home:ro,Z" "-v" "/var/lib/crater-agent-workspace/rustup-home:/opt/rustwide/rustup-home:ro,Z" "-e" "SOURCE_DIR=/opt/rustwide/workdir" "-e" "CARGO_TARGET_DIR=/opt/rustwide/target" "-e" "CARGO_HOME=/opt/rustwide/cargo-home" "-e" "RUSTUP_HOME=/opt/rustwide/rustup-home" "-w" "/opt/rustwide/workdir" "-m" "1610612736" "--user" "0:0" "--network" "none" "ghcr.io/rust-lang/crates-build-env/linux@sha256:2788e3201cd34a07e3172128adcd8b3090168a8e3bcc40d7c032b9dda1df7d1c" "/opt/rustwide/cargo-home/bin/cargo" "+1.75.0" "metadata" "--no-deps" "--format-version=1", kill_on_drop: false }`
[INFO] [stdout] 1bcd364e8a77a90ce076705a29e3a76e779893f281efe11125574ec93700639c
[INFO] running `Command { std: "docker" "start" "-a" "1bcd364e8a77a90ce076705a29e3a76e779893f281efe11125574ec93700639c", kill_on_drop: false }`
[INFO] running `Command { std: "docker" "inspect" "1bcd364e8a77a90ce076705a29e3a76e779893f281efe11125574ec93700639c", kill_on_drop: false }`
[INFO] running `Command { std: "docker" "rm" "-f" "1bcd364e8a77a90ce076705a29e3a76e779893f281efe11125574ec93700639c", kill_on_drop: false }`
[INFO] [stdout] 1bcd364e8a77a90ce076705a29e3a76e779893f281efe11125574ec93700639c
[INFO] running `Command { std: "docker" "create" "-v" "/var/lib/crater-agent-workspace/builds/worker-0-tc1/target:/opt/rustwide/target:rw,Z" "-v" "/var/lib/crater-agent-workspace/builds/worker-0-tc1/source:/opt/rustwide/workdir:ro,Z" "-v" "/var/lib/crater-agent-workspace/cargo-home:/opt/rustwide/cargo-home:ro,Z" "-v" "/var/lib/crater-agent-workspace/rustup-home:/opt/rustwide/rustup-home:ro,Z" "-e" "SOURCE_DIR=/opt/rustwide/workdir" "-e" "CARGO_TARGET_DIR=/opt/rustwide/target" "-e" "CARGO_INCREMENTAL=0" "-e" "RUST_BACKTRACE=full" "-e" "RUSTFLAGS=--cap-lints=warn" "-e" "RUSTDOCFLAGS=--cap-lints=warn" "-e" "CARGO_HOME=/opt/rustwide/cargo-home" "-e" "RUSTUP_HOME=/opt/rustwide/rustup-home" "-w" "/opt/rustwide/workdir" "-m" "1610612736" "--user" "0:0" "--network" "none" "ghcr.io/rust-lang/crates-build-env/linux@sha256:2788e3201cd34a07e3172128adcd8b3090168a8e3bcc40d7c032b9dda1df7d1c" "/opt/rustwide/cargo-home/bin/cargo" "+1.75.0" "build" "--frozen" "--message-format=json", kill_on_drop: false }`
[INFO] [stdout] ca1e58bdc00a31f269b1d0c1b0ea8dc44202366de13e48f781db215a1900d017
[INFO] running `Command { std: "docker" "start" "-a" "ca1e58bdc00a31f269b1d0c1b0ea8dc44202366de13e48f781db215a1900d017", kill_on_drop: false }`
[INFO] [stderr]    Compiling xml-rs v0.8.19
[INFO] [stderr]    Compiling log v0.4.20
[INFO] [stderr]    Compiling proc-macro2 v1.0.69
[INFO] [stderr]    Compiling libc v0.2.149
[INFO] [stderr]    Compiling pkg-config v0.3.27
[INFO] [stderr]    Compiling simd-adler32 v0.3.7
[INFO] [stderr]    Compiling libloading v0.8.1
[INFO] [stderr]    Compiling smallvec v1.11.1
[INFO] [stderr]    Compiling dlib v0.5.2
[INFO] [stderr]    Compiling miniz_oxide v0.7.1
[INFO] [stderr]    Compiling memoffset v0.9.0
[INFO] [stderr]    Compiling crossbeam-utils v0.8.16
[INFO] [stderr]    Compiling once_cell v1.18.0
[INFO] [stderr]    Compiling crossbeam-epoch v0.9.15
[INFO] [stderr]    Compiling wayland-sys v0.29.5
[INFO] [stderr]    Compiling flate2 v1.0.27
[INFO] [stderr]    Compiling cfg_aliases v0.1.1
[INFO] [stderr]    Compiling gl_generator v0.14.0
[INFO] [stderr]    Compiling bytemuck v1.14.0
[INFO] [stderr]    Compiling quote v1.0.33
[INFO] [stderr]    Compiling fdeflate v0.3.0
[INFO] [stderr]    Compiling version_check v0.9.4
[INFO] [stderr]    Compiling wayland-scanner v0.29.5
[INFO] [stderr]    Compiling syn v2.0.38
[INFO] [stderr]    Compiling piston-float v1.0.1
[INFO] [stderr]    Compiling crossbeam-deque v0.8.3
[INFO] [stderr]    Compiling lock_api v0.4.10
[INFO] [stderr]    Compiling slotmap v1.0.6
[INFO] [stderr]    Compiling thiserror v1.0.49
[INFO] [stderr]    Compiling png v0.17.10
[INFO] [stderr]    Compiling scoped-tls v1.0.1
[INFO] [stderr]    Compiling memchr v2.6.4
[INFO] [stderr]    Compiling ab_glyph_rasterizer v0.1.8
[INFO] [stderr]    Compiling nix v0.24.3
[INFO] [stderr]    Compiling rayon-core v1.12.0
[INFO] [stderr]    Compiling piston-viewport v1.0.2
[INFO] [stderr]    Compiling x11-dl v2.21.0
[INFO] [stderr]    Compiling num-traits v0.2.17
[INFO] [stderr]    Compiling serde v1.0.188
[INFO] [stderr]    Compiling nom v7.1.3
[INFO] [stderr]    Compiling wayland-client v0.29.5
[INFO] [stderr]    Compiling wayland-protocols v0.29.5
[INFO] [stderr]    Compiling nix v0.25.1
[INFO] [stderr]    Compiling smithay-client-toolkit v0.16.1
[INFO] [stderr]    Compiling num-integer v0.1.45
[INFO] [stderr]    Compiling arrayref v0.3.7
[INFO] [stderr]    Compiling wayland-commons v0.29.5
[INFO] [stderr]    Compiling either v1.9.0
[INFO] [stderr]    Compiling ttf-parser v0.19.2
[INFO] [stderr]    Compiling piston-graphics_api_version v1.0.1
[INFO] [stderr]    Compiling vec_map v0.8.2
[INFO] [stderr]    Compiling strict-num v0.1.1
[INFO] [stderr]    Compiling thiserror-impl v1.0.49
[INFO] [stderr]    Compiling tiny-skia-path v0.8.4
[INFO] [stderr]    Compiling serde_derive v1.0.188
[INFO] [stderr]    Compiling xcursor v0.3.4
[INFO] [stderr]    Compiling rayon v1.8.0
[INFO] [stderr]    Compiling spin v0.9.8
[INFO] [stderr]    Compiling owned_ttf_parser v0.19.0
[INFO] [stderr]    Compiling calloop v0.10.6
[INFO] [stderr]    Compiling wayland-cursor v0.29.5
[INFO] [stderr]    Compiling memmap2 v0.5.10
[INFO] [stderr]    Compiling glutin_egl_sys v0.5.1
[INFO] [stderr]    Compiling glutin_glx_sys v0.4.0
[INFO] [stderr]    Compiling wayland-sys v0.30.1
[INFO] [stderr]    Compiling draw_state v0.8.0
[INFO] [stderr]    Compiling num-rational v0.4.1
[INFO] [stderr]    Compiling arrayvec v0.7.4
[INFO] [stderr]    Compiling weezl v0.1.7
[INFO] [stderr]    Compiling tiny-skia v0.8.4
[INFO] [stderr]    Compiling gfx_core v0.9.2
[INFO] [stderr]    Compiling jpeg-decoder v0.3.0
[INFO] [stderr]    Compiling ab_glyph v0.2.22
[INFO] [stderr]    Compiling flume v0.11.0
[INFO] [stderr]    Compiling winit v0.28.7
[INFO] [stderr]    Compiling glutin v0.30.10
[INFO] [stderr]    Compiling gl_generator v0.13.1
[INFO] [stderr]    Compiling zune-inflate v0.2.54
[INFO] [stderr]    Compiling ttf-parser v0.15.2
[INFO] [stderr]    Compiling pistoncore-input v1.0.1
[INFO] [stderr]    Compiling half v2.2.1
[INFO] [stderr]    Compiling bit_field v0.10.2
[INFO] [stderr]    Compiling raw-window-handle v0.5.2
[INFO] [stderr]    Compiling lebe v0.5.2
[INFO] [stderr]    Compiling exr v1.71.0
[INFO] [stderr]    Compiling gl v0.13.0
[INFO] [stderr]    Compiling gif v0.12.0
[INFO] [stderr]    Compiling pistoncore-window v1.0.0
[INFO] [stderr]    Compiling tiff v0.9.0
[INFO] [stderr]    Compiling mio v0.8.8
[INFO] [stderr]    Compiling gfx_gl v0.6.1
[INFO] [stderr]    Compiling owned_ttf_parser v0.15.2
[INFO] [stderr]    Compiling qoi v0.4.1
[INFO] [stderr]    Compiling glutin-winit v0.3.0
[INFO] [stderr]    Compiling instant v0.1.12
[INFO] [stderr]    Compiling libloading v0.7.4
[INFO] [stderr]    Compiling piston-texture v0.9.0
[INFO] [stderr]    Compiling percent-encoding v2.3.0
[INFO] [stderr]    Compiling byteorder v1.5.0
[INFO] [stderr]    Compiling rusttype v0.9.3
[INFO] [stderr]    Compiling gfx v0.18.3
[INFO] [stderr]    Compiling shader_version v0.7.0
[INFO] [stderr]    Compiling getrandom v0.2.10
[INFO] [stderr]    Compiling vecmath v1.0.0
[INFO] [stderr]    Compiling interpolation v0.3.0
[INFO] [stderr]    Compiling spin_sleep v1.1.1
[INFO] [stderr]    Compiling read_color v1.0.0
[INFO] [stderr]    Compiling fnv v1.0.7
[INFO] [stderr]    Compiling image v0.24.7
[INFO] [stderr]    Compiling pistoncore-event_loop v0.54.0
[INFO] [stderr]    Compiling piston2d-graphics v0.44.0
[INFO] [stderr]    Compiling rand_core v0.6.4
[INFO] [stderr]    Compiling piston-shaders_graphics2d v0.4.0
[INFO] [stderr]    Compiling rand_chacha v0.3.1
[INFO] [stderr]    Compiling piston v0.54.0
[INFO] [stderr]    Compiling rand v0.8.5
[INFO] [stderr]    Compiling find_folder v0.3.0
[INFO] [stderr]    Compiling gfx_device_gl v0.16.2
[INFO] [stderr]    Compiling piston-gfx_texture v0.44.0
[INFO] [stderr]    Compiling piston2d-gfx_graphics v0.80.0
[INFO] [stderr]    Compiling sctk-adwaita v0.5.4
[INFO] [stderr]    Compiling pistoncore-glutin_window v0.72.0
[INFO] [stderr]    Compiling piston_window v0.130.0
[INFO] [stderr]    Compiling physics v0.1.0 (/opt/rustwide/workdir)
[INFO] [stdout] error[E0425]: cannot find value `scale_factor` in this scope
[INFO] [stdout]    --> src/main.rs:298:48
[INFO] [stdout]     |
[INFO] [stdout] 16  | const SCALE_FACTOR: f64 = 100.0; //100 pizels per unit
[INFO] [stdout]     | -------------------------------- similarly named constant `SCALE_FACTOR` defined here
[INFO] [stdout] ...
[INFO] [stdout] 298 |         if self.position[1] >= window_height / scale_factor - self.size[1] {
[INFO] [stdout]     |                                                ^^^^^^^^^^^^ help: a constant with a similar name exists: `SCALE_FACTOR`
[INFO] [stdout] 
[INFO] [stdout] 
[INFO] [stdout] error[E0425]: cannot find value `scale_factor` in this scope
[INFO] [stdout]    --> src/main.rs:299:48
[INFO] [stdout]     |
[INFO] [stdout] 16  | const SCALE_FACTOR: f64 = 100.0; //100 pizels per unit
[INFO] [stdout]     | -------------------------------- similarly named constant `SCALE_FACTOR` defined here
[INFO] [stdout] ...
[INFO] [stdout] 299 |             self.position[1] = window_height / scale_factor - self.size[1];
[INFO] [stdout]     |                                                ^^^^^^^^^^^^ help: a constant with a similar name exists: `SCALE_FACTOR`
[INFO] [stdout] 
[INFO] [stdout] 
[INFO] [stdout] error[E0425]: cannot find value `scale_factor` in this scope
[INFO] [stdout]    --> src/main.rs:303:74
[INFO] [stdout]     |
[INFO] [stdout] 16  | const SCALE_FACTOR: f64 = 100.0; //100 pizels per unit
[INFO] [stdout]     | -------------------------------- similarly named constant `SCALE_FACTOR` defined here
[INFO] [stdout] ...
[INFO] [stdout] 303 |         if self.position[0] <= 0.0 || self.position[0] >= window_width / scale_factor {
[INFO] [stdout]     |                                                                          ^^^^^^^^^^^^ help: a constant with a similar name exists: `SCALE_FACTOR`
[INFO] [stdout] 
[INFO] [stdout] 
[INFO] [stdout] error: aborting due to 3 previous errors
[INFO] [stdout] 
[INFO] [stdout] 
[INFO] [stdout] For more information about this error, try `rustc --explain E0425`.
[INFO] [stdout] 
[INFO] [stderr] error: could not compile `physics` (bin "physics") due to 4 previous errors
[INFO] running `Command { std: "docker" "inspect" "ca1e58bdc00a31f269b1d0c1b0ea8dc44202366de13e48f781db215a1900d017", kill_on_drop: false }`
[INFO] running `Command { std: "docker" "rm" "-f" "ca1e58bdc00a31f269b1d0c1b0ea8dc44202366de13e48f781db215a1900d017", kill_on_drop: false }`
[INFO] [stdout] ca1e58bdc00a31f269b1d0c1b0ea8dc44202366de13e48f781db215a1900d017
