[INFO] cloning repository https://github.com/Adlemas/platformer-2d-bevy
[INFO] running `Command { std: "git" "-c" "credential.helper=" "-c" "credential.helper=/workspace/cargo-home/bin/git-credential-null" "clone" "--bare" "https://github.com/Adlemas/platformer-2d-bevy" "/workspace/cache/git-repos/https%3A%2F%2Fgithub.com%2FAdlemas%2Fplatformer-2d-bevy", kill_on_drop: false }`
[INFO] [stderr] Cloning into bare repository '/workspace/cache/git-repos/https%3A%2F%2Fgithub.com%2FAdlemas%2Fplatformer-2d-bevy'...
[INFO] running `Command { std: "git" "rev-parse" "HEAD", kill_on_drop: false }`
[INFO] [stdout] ba5daf758ef3925c73d6dd4d97294d588cd020e3
[INFO] testing Adlemas/platformer-2d-bevy against 1.75.0 for beta-1.76-1
[INFO] running `Command { std: "git" "clone" "/workspace/cache/git-repos/https%3A%2F%2Fgithub.com%2FAdlemas%2Fplatformer-2d-bevy" "/workspace/builds/worker-7-tc1/source", kill_on_drop: false }`
[INFO] [stderr] Cloning into '/workspace/builds/worker-7-tc1/source'...
[INFO] [stderr] done.
[INFO] validating manifest of git repo https://github.com/Adlemas/platformer-2d-bevy on toolchain 1.75.0
[INFO] running `Command { std: CARGO_HOME="/workspace/cargo-home" RUSTUP_HOME="/workspace/rustup-home" "/workspace/cargo-home/bin/cargo" "+1.75.0" "metadata" "--manifest-path" "Cargo.toml" "--no-deps", kill_on_drop: false }`
[INFO] started tweaking git repo https://github.com/Adlemas/platformer-2d-bevy
[INFO] finished tweaking git repo https://github.com/Adlemas/platformer-2d-bevy
[INFO] tweaked toml for git repo https://github.com/Adlemas/platformer-2d-bevy written to /workspace/builds/worker-7-tc1/source/Cargo.toml
[INFO] crate git repo https://github.com/Adlemas/platformer-2d-bevy already has a lockfile, it will not be regenerated
[INFO] running `Command { std: CARGO_HOME="/workspace/cargo-home" RUSTUP_HOME="/workspace/rustup-home" "/workspace/cargo-home/bin/cargo" "+1.75.0" "fetch" "--manifest-path" "Cargo.toml", kill_on_drop: false }`
[INFO] [stderr]     Updating crates.io index
[INFO] [stderr]  Downloading crates ...
[INFO] [stderr]   Downloaded bevy_reflect_derive v0.8.1
[INFO] [stderr]   Downloaded spade v2.0.0
[INFO] [stderr]   Downloaded bevy_derive v0.8.1
[INFO] [stderr]   Downloaded bevy_diagnostic v0.8.1
[INFO] [stderr]   Downloaded ab_glyph_rasterizer v0.1.6
[INFO] [stderr]   Downloaded hexasphere v7.2.1
[INFO] [stderr]   Downloaded bevy_window v0.8.1
[INFO] [stderr]   Downloaded inplace_it v0.3.5
[INFO] [stderr]   Downloaded bevy_ecs v0.8.1
[INFO] [stderr]   Downloaded nalgebra v0.31.1
[INFO] [stderr]   Downloaded bevy v0.8.1
[INFO] [stderr]   Downloaded parry2d v0.9.0
[INFO] [stderr]   Downloaded bevy_encase_derive v0.8.1
[INFO] [stderr]   Downloaded bevy_render v0.8.1
[INFO] [stderr]   Downloaded bevy_ecs_tilemap v0.7.0
[INFO] [stderr]   Downloaded rapier2d v0.14.0
[INFO] [stderr]   Downloaded bevy_ecs_ldtk_macros v0.4.0
[INFO] [stderr]   Downloaded bevy_reflect v0.8.1
[INFO] [stderr]   Downloaded bevy_pbr v0.8.1
[INFO] [stderr]   Downloaded bevy_rapier2d v0.16.2
[INFO] [stderr]   Downloaded libm v0.2.5
[INFO] [stderr]   Downloaded bevy_asset v0.8.1
[INFO] [stderr]   Downloaded bevy_ui v0.8.1
[INFO] [stderr]   Downloaded thiserror-impl v1.0.35
[INFO] [stderr]   Downloaded bevy_sprite v0.8.1
[INFO] [stderr]   Downloaded bevy_input v0.8.1
[INFO] [stderr]   Downloaded bevy_audio v0.8.1
[INFO] [stderr]   Downloaded ab_glyph v0.2.17
[INFO] [stderr]   Downloaded bevy_core_pipeline v0.8.1
[INFO] [stderr]   Downloaded bevy_internal v0.8.1
[INFO] [stderr]   Downloaded bevy_hierarchy v0.8.1
[INFO] [stderr]   Downloaded bevy_winit v0.8.1
[INFO] [stderr]   Downloaded bevy_app v0.8.1
[INFO] [stderr]   Downloaded bevy_render_macros v0.8.1
[INFO] [stderr]   Downloaded bevy_ecs_macros v0.8.1
[INFO] [stderr]   Downloaded bevy_gltf v0.8.1
[INFO] [stderr]   Downloaded bevy_text v0.8.1
[INFO] [stderr]   Downloaded bevy_transform v0.8.1
[INFO] [stderr]   Downloaded bevy_gilrs v0.8.1
[INFO] [stderr]   Downloaded bevy_core v0.8.1
[INFO] [stderr]   Downloaded bevy_ecs_ldtk v0.4.0
[INFO] [stderr]   Downloaded bevy_ptr v0.8.1
[INFO] [stderr]   Downloaded thiserror v1.0.35
[INFO] [stderr]   Downloaded bevy_dylib v0.8.1
[INFO] [stderr]   Downloaded bevy_scene v0.8.1
[INFO] [stderr]   Downloaded bevy_mikktspace v0.8.1
[INFO] [stderr]   Downloaded bevy_macro_utils v0.8.1
[INFO] [stderr]   Downloaded bevy_tasks v0.8.1
[INFO] [stderr]   Downloaded bevy_math v0.8.1
[INFO] [stderr]   Downloaded bevy_animation v0.8.1
[INFO] [stderr]   Downloaded bevy_log v0.8.1
[INFO] [stderr]   Downloaded bevy_utils v0.8.1
[INFO] [stderr]   Downloaded bevy_time v0.8.1
[INFO] running `Command { std: "docker" "create" "-v" "/var/lib/crater-agent-workspace/builds/worker-7-tc1/target:/opt/rustwide/target:rw,Z" "-v" "/var/lib/crater-agent-workspace/builds/worker-7-tc1/source:/opt/rustwide/workdir:ro,Z" "-v" "/var/lib/crater-agent-workspace/cargo-home:/opt/rustwide/cargo-home:ro,Z" "-v" "/var/lib/crater-agent-workspace/rustup-home:/opt/rustwide/rustup-home:ro,Z" "-e" "SOURCE_DIR=/opt/rustwide/workdir" "-e" "CARGO_TARGET_DIR=/opt/rustwide/target" "-e" "CARGO_HOME=/opt/rustwide/cargo-home" "-e" "RUSTUP_HOME=/opt/rustwide/rustup-home" "-w" "/opt/rustwide/workdir" "-m" "1610612736" "--user" "0:0" "--network" "none" "ghcr.io/rust-lang/crates-build-env/linux@sha256:2788e3201cd34a07e3172128adcd8b3090168a8e3bcc40d7c032b9dda1df7d1c" "/opt/rustwide/cargo-home/bin/cargo" "+1.75.0" "metadata" "--no-deps" "--format-version=1", kill_on_drop: false }`
[INFO] [stdout] e1aa058e9e65d039954668572010183d0b83b97ca0decaac0792eec2cb23f404
[INFO] running `Command { std: "docker" "start" "-a" "e1aa058e9e65d039954668572010183d0b83b97ca0decaac0792eec2cb23f404", kill_on_drop: false }`
[INFO] running `Command { std: "docker" "inspect" "e1aa058e9e65d039954668572010183d0b83b97ca0decaac0792eec2cb23f404", kill_on_drop: false }`
[INFO] running `Command { std: "docker" "rm" "-f" "e1aa058e9e65d039954668572010183d0b83b97ca0decaac0792eec2cb23f404", kill_on_drop: false }`
[INFO] [stdout] e1aa058e9e65d039954668572010183d0b83b97ca0decaac0792eec2cb23f404
[INFO] running `Command { std: "docker" "create" "-v" "/var/lib/crater-agent-workspace/builds/worker-7-tc1/target:/opt/rustwide/target:rw,Z" "-v" "/var/lib/crater-agent-workspace/builds/worker-7-tc1/source:/opt/rustwide/workdir:ro,Z" "-v" "/var/lib/crater-agent-workspace/cargo-home:/opt/rustwide/cargo-home:ro,Z" "-v" "/var/lib/crater-agent-workspace/rustup-home:/opt/rustwide/rustup-home:ro,Z" "-e" "SOURCE_DIR=/opt/rustwide/workdir" "-e" "CARGO_TARGET_DIR=/opt/rustwide/target" "-e" "CARGO_INCREMENTAL=0" "-e" "RUST_BACKTRACE=full" "-e" "RUSTFLAGS=--cap-lints=warn" "-e" "RUSTDOCFLAGS=--cap-lints=warn" "-e" "CARGO_HOME=/opt/rustwide/cargo-home" "-e" "RUSTUP_HOME=/opt/rustwide/rustup-home" "-w" "/opt/rustwide/workdir" "-m" "1610612736" "--user" "0:0" "--network" "none" "ghcr.io/rust-lang/crates-build-env/linux@sha256:2788e3201cd34a07e3172128adcd8b3090168a8e3bcc40d7c032b9dda1df7d1c" "/opt/rustwide/cargo-home/bin/cargo" "+1.75.0" "build" "--frozen" "--message-format=json", kill_on_drop: false }`
[INFO] [stdout] fb322e29b9ccc6194f76a567d9c0e6a33f18956640b81c2888a594e01dc11661
[INFO] running `Command { std: "docker" "start" "-a" "fb322e29b9ccc6194f76a567d9c0e6a33f18956640b81c2888a594e01dc11661", kill_on_drop: false }`
[INFO] [stderr]    Compiling proc-macro2 v1.0.43
[INFO] [stderr]    Compiling unicode-ident v1.0.4
[INFO] [stderr]    Compiling syn v1.0.99
[INFO] [stderr]    Compiling serde_derive v1.0.144
[INFO] [stderr]    Compiling libc v0.2.132
[INFO] [stderr]    Compiling serde v1.0.144
[INFO] [stderr]    Compiling once_cell v1.14.0
[INFO] [stderr]    Compiling ahash v0.7.6
[INFO] [stderr]    Compiling lock_api v0.4.8
[INFO] [stderr]    Compiling thiserror v1.0.35
[INFO] [stderr]    Compiling libm v0.2.5
[INFO] [stderr]    Compiling instant v0.1.12
[INFO] [stderr]    Compiling num-traits v0.2.15
[INFO] [stderr]    Compiling parking_lot_core v0.9.3
[INFO] [stderr]    Compiling futures-core v0.3.24
[INFO] [stderr]    Compiling tracing-core v0.1.29
[INFO] [stderr]    Compiling quote v1.0.21
[INFO] [stderr]    Compiling fixedbitset v0.4.2
[INFO] [stderr]    Compiling log v0.4.17
[INFO] [stderr]    Compiling concurrent-queue v1.2.4
[INFO] [stderr]    Compiling tracing v0.1.36
[INFO] [stderr]    Compiling getrandom v0.2.7
[INFO] [stderr]    Compiling futures-io v0.3.24
[INFO] [stderr]    Compiling erased-serde v0.3.23
[INFO] [stderr]    Compiling downcast-rs v1.2.0
[INFO] [stderr]    Compiling futures-lite v1.12.0
[INFO] [stderr]    Compiling async-channel v1.7.1
[INFO] [stderr]    Compiling num_cpus v1.13.1
[INFO] [stderr]    Compiling uuid v1.1.2
[INFO] [stderr]    Compiling thread_local v1.1.4
[INFO] [stderr]    Compiling bevy_ptr v0.8.1
[INFO] [stderr]    Compiling crossbeam-utils v0.8.11
[INFO] [stderr]    Compiling pkg-config v0.3.25
[INFO] [stderr]    Compiling regex-syntax v0.6.27
[INFO] [stderr]    Compiling aho-corasick v0.7.19
[INFO] [stderr]    Compiling indexmap v1.9.1
[INFO] [stderr]    Compiling crossbeam-channel v0.5.6
[INFO] [stderr]    Compiling async-executor v1.4.1
[INFO] [stderr]    Compiling num-integer v0.1.45
[INFO] [stderr]    Compiling raw-window-handle v0.4.3
[INFO] [stderr]    Compiling bevy_tasks v0.8.1
[INFO] [stderr]    Compiling tracing-log v0.1.3
[INFO] [stderr]    Compiling mio v0.8.4
[INFO] [stderr]    Compiling num-rational v0.4.1
[INFO] [stderr]    Compiling toml v0.5.9
[INFO] [stderr]    Compiling bit-vec v0.6.3
[INFO] [stderr]    Compiling inotify-sys v0.1.5
[INFO] [stderr]    Compiling libloading v0.7.3
[INFO] [stderr]    Compiling unicode-xid v0.2.4
[INFO] [stderr]    Compiling ash v0.37.0+1.3.209
[INFO] [stderr]    Compiling unicode-width v0.1.10
[INFO] [stderr]    Compiling termcolor v1.1.3
[INFO] [stderr]    Compiling regex-automata v0.1.10
[INFO] [stderr]    Compiling regex v1.6.0
[INFO] [stderr]    Compiling khronos-egl v4.1.0
[INFO] [stderr]    Compiling anyhow v1.0.65
[INFO] [stderr]    Compiling codespan-reporting v0.11.1
[INFO] [stderr]    Compiling bevy_macro_utils v0.8.1
[INFO] [stderr]    Compiling matchers v0.1.0
[INFO] [stderr]    Compiling pp-rs v0.2.1
[INFO] [stderr]    Compiling inotify v0.9.6
[INFO] [stderr]    Compiling bit-set v0.5.3
[INFO] [stderr]    Compiling spirv v0.2.0+1.5.4
[INFO] [stderr]    Compiling filetime v0.2.17
[INFO] [stderr]    Compiling bytemuck_derive v1.2.1
[INFO] [stderr]    Compiling thiserror-impl v1.0.35
[INFO] [stderr]    Compiling bevy_reflect_derive v0.8.1
[INFO] [stderr]    Compiling bevy_ecs_macros v0.8.1
[INFO] [stderr]    Compiling bevy_derive v0.8.1
[INFO] [stderr]    Compiling gpu-alloc-types v0.2.0
[INFO] [stderr]    Compiling gpu-descriptor-types v0.1.1
[INFO] [stderr]    Compiling hexf-parse v0.2.1
[INFO] [stderr]    Compiling cfg_aliases v0.1.1
[INFO] [stderr]    Compiling wgpu-core v0.13.2
[INFO] [stderr]    Compiling miniz_oxide v0.5.4
[INFO] [stderr]    Compiling bytemuck v1.12.1
[INFO] [stderr]    Compiling gpu-alloc v0.5.3
[INFO] [stderr]    Compiling notify v5.0.0-pre.15
[INFO] [stderr]    Compiling encase_derive_impl v0.3.0
[INFO] [stderr]    Compiling wgpu-types v0.13.2
[INFO] [stderr]    Compiling glow v0.11.2
[INFO] [stderr]    Compiling renderdoc-sys v0.7.1
[INFO] [stderr]    Compiling profiling v1.0.6
[INFO] [stderr]    Compiling inplace_it v0.3.5
[INFO] [stderr]    Compiling flate2 v1.0.24
[INFO] [stderr]    Compiling copyless v0.1.5
[INFO] [stderr]    Compiling png v0.17.6
[INFO] [stderr]    Compiling encase_derive v0.3.0
[INFO] [stderr]    Compiling const_panic v0.2.4
[INFO] [stderr]    Compiling scoped_threadpool v0.1.9
[INFO] [stderr]    Compiling color_quant v1.1.0
[INFO] [stderr]    Compiling bevy_encase_derive v0.8.1
[INFO] [stderr]    Compiling bevy_render_macros v0.8.1
[INFO] [stderr]    Compiling approx v0.5.1
[INFO] [stderr]    Compiling image v0.24.3
[INFO] [stderr]    Compiling alsa-sys v0.3.1
[INFO] [stderr]    Compiling radsort v0.1.0
[INFO] [stderr]    Compiling libudev-sys v0.1.4
[INFO] [stderr]    Compiling serde_json v1.0.85
[INFO] [stderr]    Compiling ttf-parser v0.15.2
[INFO] [stderr]    Compiling nix v0.23.1
[INFO] [stderr]    Compiling x11-dl v2.20.0
[INFO] [stderr]    Compiling euclid v0.22.7
[INFO] [stderr]    Compiling cpal v0.13.5
[INFO] [stderr]    Compiling svg_fmt v0.4.1
[INFO] [stderr]    Compiling ab_glyph_rasterizer v0.1.6
[INFO] [stderr]    Compiling itoa v1.0.3
[INFO] [stderr]    Compiling inflections v1.1.1
[INFO] [stderr]    Compiling nix v0.24.2
[INFO] [stderr]    Compiling gltf-derive v1.0.0
[INFO] [stderr]    Compiling guillotiere v0.6.2
[INFO] [stderr]    Compiling ogg v0.8.0
[INFO] [stderr]    Compiling owned_ttf_parser v0.15.2
[INFO] [stderr]    Compiling xi-unicode v0.3.0
[INFO] [stderr]    Compiling vec_map v0.8.2
[INFO] [stderr]    Compiling ab_glyph v0.2.17
[INFO] [stderr]    Compiling winit v0.26.1
[INFO] [stderr]    Compiling base64 v0.13.0
[INFO] [stderr]    Compiling rectangle-pack v0.4.2
[INFO] [stderr]    Compiling glyph_brush_layout v0.2.3
[INFO] [stderr]    Compiling lewton v0.10.2
[INFO] [stderr]    Compiling hash32-derive v0.1.1
[INFO] [stderr]    Compiling hash32 v0.2.1
[INFO] [stderr]    Compiling smallvec v1.9.0
[INFO] [stderr]    Compiling hashbrown v0.12.3
[INFO] [stderr]    Compiling glam v0.21.3
[INFO] [stderr]    Compiling parking_lot v0.12.1
[INFO] [stderr]    Compiling bevy_utils v0.8.1
[INFO] [stderr]    Compiling tracing-subscriber v0.3.15
[INFO] [stderr]    Compiling gpu-descriptor v0.2.3
[INFO] [stderr]    Compiling parking_lot_core v0.8.5
[INFO] [stderr]    Compiling alsa v0.6.0
[INFO] [stderr]    Compiling petgraph v0.6.2
[INFO] [stderr]    Compiling parking_lot v0.11.2
[INFO] [stderr]    Compiling bevy_reflect v0.8.1
[INFO] [stderr]    Compiling bevy_math v0.8.1
[INFO] [stderr]    Compiling hexasphere v7.2.1
[INFO] [stderr]    Compiling bevy_mikktspace v0.8.1
[INFO] [stderr]    Compiling encase v0.3.0
[INFO] [stderr]    Compiling gilrs-core v0.4.1
[INFO] [stderr]    Compiling ron v0.7.1
[INFO] [stderr]    Compiling gilrs v0.9.0
[INFO] [stderr]    Compiling gltf-json v1.0.0
[INFO] [stderr]    Compiling naga v0.9.0
[INFO] [stderr]    Compiling rodio v0.15.0
[INFO] [stderr]    Compiling bevy_ecs v0.8.1
[INFO] [stderr]    Compiling taffy v0.1.0
[INFO] [stderr]    Compiling safe_arch v0.6.0
[INFO] [stderr]    Compiling crossbeam-epoch v0.9.10
[INFO] [stderr]    Compiling wide v0.7.4
[INFO] [stderr]    Compiling num-complex v0.4.2
[INFO] [stderr]    Compiling gltf v1.0.0
[INFO] [stderr]    Compiling paste v1.0.9
[INFO] [stderr]    Compiling rawpointer v0.2.1
[INFO] [stderr]    Compiling crossbeam-queue v0.3.6
[INFO] [stderr]    Compiling matrixmultiply v0.3.2
[INFO] [stderr]    Compiling simba v0.7.2
[INFO] [stderr]    Compiling nalgebra-macros v0.1.0
[INFO] [stderr]    Compiling optional v0.5.0
[INFO] [stderr]    Compiling robust v0.2.3
[INFO] [stderr]    Compiling crossbeam-deque v0.8.2
[INFO] [stderr]    Compiling spade v2.0.0
[INFO] [stderr]    Compiling num-derive v0.3.3
[INFO] [stderr]    Compiling either v1.8.0
[INFO] [stderr]    Compiling crossbeam v0.8.2
[INFO] [stderr]    Compiling bevy_ecs_ldtk_macros v0.4.0
[INFO] [stderr]    Compiling wgpu-hal v0.13.2
[INFO] [stderr]    Compiling bevy_app v0.8.1
[INFO] [stderr]    Compiling bevy_time v0.8.1
[INFO] [stderr]    Compiling bevy_log v0.8.1
[INFO] [stderr]    Compiling bevy_input v0.8.1
[INFO] [stderr]    Compiling bevy_diagnostic v0.8.1
[INFO] [stderr]    Compiling bevy_hierarchy v0.8.1
[INFO] [stderr]    Compiling bevy_asset v0.8.1
[INFO] [stderr]    Compiling bevy_transform v0.8.1
[INFO] [stderr]    Compiling bevy_window v0.8.1
[INFO] [stderr]    Compiling bevy_core v0.8.1
[INFO] [stderr]    Compiling bevy_animation v0.8.1
[INFO] [stderr]    Compiling bevy_audio v0.8.1
[INFO] [stderr]    Compiling bevy_winit v0.8.1
[INFO] [stderr]    Compiling bevy_gilrs v0.8.1
[INFO] [stderr]    Compiling nalgebra v0.31.1
[INFO] [stderr]    Compiling wgpu v0.13.1
[INFO] [stderr]    Compiling bevy_render v0.8.1
[INFO] [stderr]    Compiling parry2d v0.9.0
[INFO] [stderr]    Compiling rapier2d v0.14.0
[INFO] [stderr]    Compiling bevy_core_pipeline v0.8.1
[INFO] [stderr]    Compiling bevy_scene v0.8.1
[INFO] [stderr]    Compiling bevy_sprite v0.8.1
[INFO] [stderr]    Compiling bevy_pbr v0.8.1
[INFO] [stderr]    Compiling bevy_text v0.8.1
[INFO] [stderr]    Compiling bevy_gltf v0.8.1
[INFO] [stderr]    Compiling bevy_ui v0.8.1
[INFO] [stderr]    Compiling bevy_internal v0.8.1
[INFO] [stderr]    Compiling bevy_dylib v0.8.1
[INFO] [stderr]    Compiling bevy v0.8.1
[INFO] [stderr]    Compiling bevy_ecs_tilemap v0.7.0
[INFO] [stderr]    Compiling bevy_rapier2d v0.16.2
[INFO] [stderr]    Compiling bevy_ecs_ldtk v0.4.0
[INFO] [stderr]    Compiling platformer-2d-bevy v0.1.0 (/opt/rustwide/workdir)
[INFO] [stdout] error[E0412]: cannot find type `RigidBodyBundle` in this scope
[INFO] [stdout]   --> src/constants.rs:29:17
[INFO] [stdout]    |
[INFO] [stdout] 29 |     rigid_body: RigidBodyBundle,
[INFO] [stdout]    |                 ^^^^^^^^^^^^^^^ not found in this scope
[INFO] [stdout] 
[INFO] [stdout] 
[INFO] [stdout] error[E0412]: cannot find type `RigidBodyBundle` in this scope
[INFO] [stdout]   --> src/constants.rs:29:17
[INFO] [stdout]    |
[INFO] [stdout] 29 |     rigid_body: RigidBodyBundle,
[INFO] [stdout]    |                 ^^^^^^^^^^^^^^^ not found in this scope
[INFO] [stdout]    |
[INFO] [stdout] help: you might be missing a type parameter
[INFO] [stdout]    |
[INFO] [stdout] 25 | #[derive(Bundle<RigidBodyBundle>, LdtkEntity)]
[INFO] [stdout]    |                +++++++++++++++++
[INFO] [stdout] 
[INFO] [stdout] 
[INFO] [stdout] error[E0277]: the trait bound `bevy::prelude::Timer: bevy::prelude::Component` is not satisfied
[INFO] [stdout]    --> src/systems/movement.rs:16:16
[INFO] [stdout]     |
[INFO] [stdout] 16  |     mut query: Query<(&mut Velocity, &mut Transform, &mut Timer)>,
[INFO] [stdout]     |                ^^^^^^^^^^^^^^^^^^^^^^^^^^^^^^^^^^^^^^^^^^^^^^^^^^ the trait `bevy::prelude::Component` is not implemented for `bevy::prelude::Timer`
[INFO] [stdout]     |
[INFO] [stdout]     = help: the following other types implement trait `bevy::prelude::Component`:
[INFO] [stdout]               constants::Velocity
[INFO] [stdout]               Jumper
[INFO] [stdout]               bevy::prelude::Name
[INFO] [stdout]               AnimationPlayer
[INFO] [stdout]               bevy::prelude::GlobalTransform
[INFO] [stdout]               bevy::prelude::Transform
[INFO] [stdout]               Children
[INFO] [stdout]               SceneInstance
[INFO] [stdout]             and 141 others
[INFO] [stdout]     = note: required for `&mut bevy::prelude::Timer` to implement `WorldQuery`
[INFO] [stdout]     = note: 1 redundant requirement hidden
[INFO] [stdout]     = note: required for `(&mut constants::Velocity, &mut bevy::prelude::Transform, &mut bevy::prelude::Timer)` to implement `WorldQuery`
[INFO] [stdout] note: required by a bound in `bevy::prelude::Query`
[INFO] [stdout]    --> /opt/rustwide/cargo-home/registry/src/index.crates.io-6f17d22bba15001f/bevy_ecs-0.8.1/src/system/query.rs:252:37
[INFO] [stdout]     |
[INFO] [stdout] 252 | pub struct Query<'world, 'state, Q: WorldQuery, F: WorldQuery = ()> {
[INFO] [stdout]     |                                     ^^^^^^^^^^ required by this bound in `Query`
[INFO] [stdout] 
[INFO] [stdout] 
[INFO] [stdout] error: aborting due to 3 previous errors
[INFO] [stdout] 
[INFO] [stdout] 
[INFO] [stdout] Some errors have detailed explanations: E0277, E0412.
[INFO] [stdout] 
[INFO] [stdout] For more information about an error, try `rustc --explain E0277`.
[INFO] [stdout] 
[INFO] [stderr] error: could not compile `platformer-2d-bevy` (bin "platformer-2d-bevy") due to 4 previous errors
[INFO] running `Command { std: "docker" "inspect" "fb322e29b9ccc6194f76a567d9c0e6a33f18956640b81c2888a594e01dc11661", kill_on_drop: false }`
[INFO] running `Command { std: "docker" "rm" "-f" "fb322e29b9ccc6194f76a567d9c0e6a33f18956640b81c2888a594e01dc11661", kill_on_drop: false }`
[INFO] [stdout] fb322e29b9ccc6194f76a567d9c0e6a33f18956640b81c2888a594e01dc11661
[INFO] testing Adlemas/platformer-2d-bevy against beta-2023-12-22 for beta-1.76-1
[INFO] running `Command { std: "git" "clone" "/workspace/cache/git-repos/https%3A%2F%2Fgithub.com%2FAdlemas%2Fplatformer-2d-bevy" "/workspace/builds/worker-7-tc2/source", kill_on_drop: false }`
[INFO] [stderr] Cloning into '/workspace/builds/worker-7-tc2/source'...
[INFO] [stderr] done.
[INFO] validating manifest of git repo https://github.com/Adlemas/platformer-2d-bevy on toolchain beta-2023-12-22
[INFO] running `Command { std: CARGO_HOME="/workspace/cargo-home" RUSTUP_HOME="/workspace/rustup-home" "/workspace/cargo-home/bin/cargo" "+beta-2023-12-22" "metadata" "--manifest-path" "Cargo.toml" "--no-deps", kill_on_drop: false }`
[INFO] started tweaking git repo https://github.com/Adlemas/platformer-2d-bevy
[INFO] finished tweaking git repo https://github.com/Adlemas/platformer-2d-bevy
[INFO] tweaked toml for git repo https://github.com/Adlemas/platformer-2d-bevy written to /workspace/builds/worker-7-tc2/source/Cargo.toml
[INFO] crate git repo https://github.com/Adlemas/platformer-2d-bevy already has a lockfile, it will not be regenerated
[INFO] running `Command { std: CARGO_HOME="/workspace/cargo-home" RUSTUP_HOME="/workspace/rustup-home" "/workspace/cargo-home/bin/cargo" "+beta-2023-12-22" "fetch" "--manifest-path" "Cargo.toml", kill_on_drop: false }`
[INFO] running `Command { std: "docker" "create" "-v" "/var/lib/crater-agent-workspace/builds/worker-7-tc2/target:/opt/rustwide/target:rw,Z" "-v" "/var/lib/crater-agent-workspace/builds/worker-7-tc2/source:/opt/rustwide/workdir:ro,Z" "-v" "/var/lib/crater-agent-workspace/cargo-home:/opt/rustwide/cargo-home:ro,Z" "-v" "/var/lib/crater-agent-workspace/rustup-home:/opt/rustwide/rustup-home:ro,Z" "-e" "SOURCE_DIR=/opt/rustwide/workdir" "-e" "CARGO_TARGET_DIR=/opt/rustwide/target" "-e" "CARGO_HOME=/opt/rustwide/cargo-home" "-e" "RUSTUP_HOME=/opt/rustwide/rustup-home" "-w" "/opt/rustwide/workdir" "-m" "1610612736" "--user" "0:0" "--network" "none" "ghcr.io/rust-lang/crates-build-env/linux@sha256:2788e3201cd34a07e3172128adcd8b3090168a8e3bcc40d7c032b9dda1df7d1c" "/opt/rustwide/cargo-home/bin/cargo" "+beta-2023-12-22" "metadata" "--no-deps" "--format-version=1", kill_on_drop: false }`
[INFO] [stdout] d132647599e68b4d5f2a508415e73de47dd37392e0ee2d2951960c294042137c
[INFO] running `Command { std: "docker" "start" "-a" "d132647599e68b4d5f2a508415e73de47dd37392e0ee2d2951960c294042137c", kill_on_drop: false }`
[INFO] running `Command { std: "docker" "inspect" "d132647599e68b4d5f2a508415e73de47dd37392e0ee2d2951960c294042137c", kill_on_drop: false }`
[INFO] running `Command { std: "docker" "rm" "-f" "d132647599e68b4d5f2a508415e73de47dd37392e0ee2d2951960c294042137c", kill_on_drop: false }`
[INFO] [stdout] d132647599e68b4d5f2a508415e73de47dd37392e0ee2d2951960c294042137c
[INFO] running `Command { std: "docker" "create" "-v" "/var/lib/crater-agent-workspace/builds/worker-7-tc2/target:/opt/rustwide/target:rw,Z" "-v" "/var/lib/crater-agent-workspace/builds/worker-7-tc2/source:/opt/rustwide/workdir:ro,Z" "-v" "/var/lib/crater-agent-workspace/cargo-home:/opt/rustwide/cargo-home:ro,Z" "-v" "/var/lib/crater-agent-workspace/rustup-home:/opt/rustwide/rustup-home:ro,Z" "-e" "SOURCE_DIR=/opt/rustwide/workdir" "-e" "CARGO_TARGET_DIR=/opt/rustwide/target" "-e" "CARGO_INCREMENTAL=0" "-e" "RUST_BACKTRACE=full" "-e" "RUSTFLAGS=--cap-lints=warn" "-e" "RUSTDOCFLAGS=--cap-lints=warn" "-e" "CARGO_HOME=/opt/rustwide/cargo-home" "-e" "RUSTUP_HOME=/opt/rustwide/rustup-home" "-w" "/opt/rustwide/workdir" "-m" "1610612736" "--user" "0:0" "--network" "none" "ghcr.io/rust-lang/crates-build-env/linux@sha256:2788e3201cd34a07e3172128adcd8b3090168a8e3bcc40d7c032b9dda1df7d1c" "/opt/rustwide/cargo-home/bin/cargo" "+beta-2023-12-22" "build" "--frozen" "--message-format=json", kill_on_drop: false }`
[INFO] [stdout] 98a326ec19f29f420f5a81562a697ef6dd57738d46b8c836c9ff6af1690e9e13
[INFO] running `Command { std: "docker" "start" "-a" "98a326ec19f29f420f5a81562a697ef6dd57738d46b8c836c9ff6af1690e9e13", kill_on_drop: false }`
[INFO] [stderr]    Compiling proc-macro2 v1.0.43
[INFO] [stderr]    Compiling unicode-ident v1.0.4
[INFO] [stderr]    Compiling syn v1.0.99
[INFO] [stderr]    Compiling serde_derive v1.0.144
[INFO] [stderr]    Compiling libc v0.2.132
[INFO] [stderr]    Compiling serde v1.0.144
[INFO] [stderr]    Compiling once_cell v1.14.0
[INFO] [stderr]    Compiling ahash v0.7.6
[INFO] [stderr]    Compiling lock_api v0.4.8
[INFO] [stderr]    Compiling thiserror v1.0.35
[INFO] [stderr]    Compiling libm v0.2.5
[INFO] [stderr]    Compiling num-traits v0.2.15
[INFO] [stderr]    Compiling instant v0.1.12
[INFO] [stderr]    Compiling parking_lot_core v0.9.3
[INFO] [stderr]    Compiling futures-core v0.3.24
[INFO] [stderr]    Compiling tracing-core v0.1.29
[INFO] [stderr]    Compiling log v0.4.17
[INFO] [stderr]    Compiling quote v1.0.21
[INFO] [stderr]    Compiling fixedbitset v0.4.2
[INFO] [stderr]    Compiling concurrent-queue v1.2.4
[INFO] [stderr]    Compiling tracing v0.1.36
[INFO] [stderr]    Compiling futures-io v0.3.24
[INFO] [stderr]    Compiling downcast-rs v1.2.0
[INFO] [stderr]    Compiling erased-serde v0.3.23
[INFO] [stderr]    Compiling futures-lite v1.12.0
[INFO] [stderr]    Compiling async-channel v1.7.1
[INFO] [stderr]    Compiling getrandom v0.2.7
[INFO] [stderr]    Compiling uuid v1.1.2
[INFO] [stderr]    Compiling num_cpus v1.13.1
[INFO] [stderr]    Compiling thread_local v1.1.4
[INFO] [stderr]    Compiling bevy_ptr v0.8.1
[INFO] [stderr]    Compiling crossbeam-utils v0.8.11
[INFO] [stderr]    Compiling pkg-config v0.3.25
[INFO] [stderr]    Compiling regex-syntax v0.6.27
[INFO] [stderr]    Compiling aho-corasick v0.7.19
[INFO] [stderr]    Compiling async-executor v1.4.1
[INFO] [stderr]    Compiling indexmap v1.9.1
[INFO] [stderr]    Compiling bevy_tasks v0.8.1
[INFO] [stderr]    Compiling crossbeam-channel v0.5.6
[INFO] [stderr]    Compiling num-integer v0.1.45
[INFO] [stderr]    Compiling raw-window-handle v0.4.3
[INFO] [stderr]    Compiling tracing-log v0.1.3
[INFO] [stderr]    Compiling mio v0.8.4
[INFO] [stderr]    Compiling num-rational v0.4.1
[INFO] [stderr]    Compiling bit-vec v0.6.3
[INFO] [stderr]    Compiling inotify-sys v0.1.5
[INFO] [stderr]    Compiling libloading v0.7.3
[INFO] [stderr]    Compiling unicode-width v0.1.10
[INFO] [stderr]    Compiling khronos-egl v4.1.0
[INFO] [stderr]    Compiling unicode-xid v0.2.4
[INFO] [stderr]    Compiling ash v0.37.0+1.3.209
[INFO] [stderr]    Compiling anyhow v1.0.65
[INFO] [stderr]    Compiling termcolor v1.1.3
[INFO] [stderr]    Compiling pp-rs v0.2.1
[INFO] [stderr]    Compiling regex-automata v0.1.10
[INFO] [stderr]    Compiling regex v1.6.0
[INFO] [stderr]    Compiling toml v0.5.9
[INFO] [stderr]    Compiling codespan-reporting v0.11.1
[INFO] [stderr]    Compiling inotify v0.9.6
[INFO] [stderr]    Compiling matchers v0.1.0
[INFO] [stderr]    Compiling bit-set v0.5.3
[INFO] [stderr]    Compiling spirv v0.2.0+1.5.4
[INFO] [stderr]    Compiling filetime v0.2.17
[INFO] [stderr]    Compiling gpu-alloc-types v0.2.0
[INFO] [stderr]    Compiling bevy_macro_utils v0.8.1
[INFO] [stderr]    Compiling gpu-descriptor-types v0.1.1
[INFO] [stderr]    Compiling cfg_aliases v0.1.1
[INFO] [stderr]    Compiling hexf-parse v0.2.1
[INFO] [stderr]    Compiling wgpu-core v0.13.2
[INFO] [stderr]    Compiling miniz_oxide v0.5.4
[INFO] [stderr]    Compiling gpu-alloc v0.5.3
[INFO] [stderr]    Compiling notify v5.0.0-pre.15
[INFO] [stderr]    Compiling bytemuck_derive v1.2.1
[INFO] [stderr]    Compiling thiserror-impl v1.0.35
[INFO] [stderr]    Compiling bevy_reflect_derive v0.8.1
[INFO] [stderr]    Compiling bevy_ecs_macros v0.8.1
[INFO] [stderr]    Compiling bevy_derive v0.8.1
[INFO] [stderr]    Compiling bytemuck v1.12.1
[INFO] [stderr]    Compiling encase_derive_impl v0.3.0
[INFO] [stderr]    Compiling wgpu-types v0.13.2
[INFO] [stderr]    Compiling profiling v1.0.6
[INFO] [stderr]    Compiling inplace_it v0.3.5
[INFO] [stderr]    Compiling renderdoc-sys v0.7.1
[INFO] [stderr]    Compiling glow v0.11.2
[INFO] [stderr]    Compiling flate2 v1.0.24
[INFO] [stderr]    Compiling copyless v0.1.5
[INFO] [stderr]    Compiling encase_derive v0.3.0
[INFO] [stderr]    Compiling const_panic v0.2.4
[INFO] [stderr]    Compiling scoped_threadpool v0.1.9
[INFO] [stderr]    Compiling png v0.17.6
[INFO] [stderr]    Compiling color_quant v1.1.0
[INFO] [stderr]    Compiling bevy_encase_derive v0.8.1
[INFO] [stderr]    Compiling bevy_render_macros v0.8.1
[INFO] [stderr]    Compiling approx v0.5.1
[INFO] [stderr]    Compiling alsa-sys v0.3.1
[INFO] [stderr]    Compiling radsort v0.1.0
[INFO] [stderr]    Compiling libudev-sys v0.1.4
[INFO] [stderr]    Compiling serde_json v1.0.85
[INFO] [stderr]    Compiling image v0.24.3
[INFO] [stderr]    Compiling ttf-parser v0.15.2
[INFO] [stderr]    Compiling nix v0.23.1
[INFO] [stderr]    Compiling x11-dl v2.20.0
[INFO] [stderr]    Compiling euclid v0.22.7
[INFO] [stderr]    Compiling ab_glyph_rasterizer v0.1.6
[INFO] [stderr]    Compiling cpal v0.13.5
[INFO] [stderr]    Compiling itoa v1.0.3
[INFO] [stderr]    Compiling svg_fmt v0.4.1
[INFO] [stderr]    Compiling inflections v1.1.1
[INFO] [stderr]    Compiling gltf-derive v1.0.0
[INFO] [stderr]    Compiling guillotiere v0.6.2
[INFO] [stderr]    Compiling nix v0.24.2
[INFO] [stderr]    Compiling ogg v0.8.0
[INFO] [stderr]    Compiling owned_ttf_parser v0.15.2
[INFO] [stderr]    Compiling xi-unicode v0.3.0
[INFO] [stderr]    Compiling ab_glyph v0.2.17
[INFO] [stderr]    Compiling rectangle-pack v0.4.2
[INFO] [stderr]    Compiling base64 v0.13.0
[INFO] [stderr]    Compiling vec_map v0.8.2
[INFO] [stderr]    Compiling winit v0.26.1
[INFO] [stderr]    Compiling glyph_brush_layout v0.2.3
[INFO] [stderr]    Compiling lewton v0.10.2
[INFO] [stderr]    Compiling hash32-derive v0.1.1
[INFO] [stderr]    Compiling hash32 v0.2.1
[INFO] [stderr]    Compiling safe_arch v0.6.0
[INFO] [stderr]    Compiling crossbeam-epoch v0.9.10
[INFO] [stderr]    Compiling taffy v0.1.0
[INFO] [stderr]    Compiling alsa v0.6.0
[INFO] [stderr]    Compiling wide v0.7.4
[INFO] [stderr]    Compiling smallvec v1.9.0
[INFO] [stderr]    Compiling hashbrown v0.12.3
[INFO] [stderr]    Compiling glam v0.21.3
[INFO] [stderr]    Compiling parking_lot v0.12.1
[INFO] [stderr]    Compiling bevy_utils v0.8.1
[INFO] [stderr]    Compiling tracing-subscriber v0.3.15
[INFO] [stderr]    Compiling gpu-descriptor v0.2.3
[INFO] [stderr]    Compiling parking_lot_core v0.8.5
[INFO] [stderr]    Compiling petgraph v0.6.2
[INFO] [stderr]    Compiling parking_lot v0.11.2
[INFO] [stderr]    Compiling gilrs-core v0.4.1
[INFO] [stderr]    Compiling ron v0.7.1
[INFO] [stderr]    Compiling gilrs v0.9.0
[INFO] [stderr]    Compiling bevy_reflect v0.8.1
[INFO] [stderr]    Compiling bevy_math v0.8.1
[INFO] [stderr]    Compiling bevy_mikktspace v0.8.1
[INFO] [stderr]    Compiling encase v0.3.0
[INFO] [stderr]    Compiling naga v0.9.0
[INFO] [stderr]    Compiling hexasphere v7.2.1
[INFO] [stderr]    Compiling gltf-json v1.0.0
[INFO] [stderr]    Compiling rodio v0.15.0
[INFO] [stderr]    Compiling num-complex v0.4.2
[INFO] [stderr]    Compiling paste v1.0.9
[INFO] [stderr]    Compiling crossbeam-queue v0.3.6
[INFO] [stderr]    Compiling bevy_ecs v0.8.1
[INFO] [stderr]    Compiling rawpointer v0.2.1
[INFO] [stderr]    Compiling simba v0.7.2
[INFO] [stderr]    Compiling matrixmultiply v0.3.2
[INFO] [stderr]    Compiling gltf v1.0.0
[INFO] [stderr]    Compiling nalgebra-macros v0.1.0
[INFO] [stderr]    Compiling robust v0.2.3
[INFO] [stderr]    Compiling optional v0.5.0
[INFO] [stderr]    Compiling spade v2.0.0
[INFO] [stderr]    Compiling crossbeam-deque v0.8.2
[INFO] [stderr]    Compiling num-derive v0.3.3
[INFO] [stderr]    Compiling either v1.8.0
[INFO] [stderr]    Compiling crossbeam v0.8.2
[INFO] [stderr]    Compiling bevy_ecs_ldtk_macros v0.4.0
[INFO] [stderr]    Compiling wgpu-hal v0.13.2
[INFO] [stderr]    Compiling bevy_app v0.8.1
[INFO] [stderr]    Compiling nalgebra v0.31.1
[INFO] [stderr]    Compiling bevy_log v0.8.1
[INFO] [stderr]    Compiling bevy_time v0.8.1
[INFO] [stderr]    Compiling bevy_diagnostic v0.8.1
[INFO] [stderr]    Compiling bevy_input v0.8.1
[INFO] [stderr]    Compiling bevy_hierarchy v0.8.1
[INFO] [stderr]    Compiling bevy_core v0.8.1
[INFO] [stderr]    Compiling bevy_asset v0.8.1
[INFO] [stderr]    Compiling bevy_window v0.8.1
[INFO] [stderr]    Compiling bevy_transform v0.8.1
[INFO] [stderr]    Compiling bevy_winit v0.8.1
[INFO] [stderr]    Compiling bevy_gilrs v0.8.1
[INFO] [stderr]    Compiling bevy_animation v0.8.1
[INFO] [stderr]    Compiling bevy_audio v0.8.1
[INFO] [stderr]    Compiling wgpu v0.13.1
[INFO] [stderr]    Compiling parry2d v0.9.0
[INFO] [stderr]    Compiling bevy_render v0.8.1
[INFO] [stderr]    Compiling rapier2d v0.14.0
[INFO] [stderr]    Compiling bevy_core_pipeline v0.8.1
[INFO] [stderr]    Compiling bevy_scene v0.8.1
[INFO] [stderr]    Compiling bevy_sprite v0.8.1
[INFO] [stderr]    Compiling bevy_pbr v0.8.1
[INFO] [stderr]    Compiling bevy_text v0.8.1
[INFO] [stderr]    Compiling bevy_ui v0.8.1
[INFO] [stderr]    Compiling bevy_gltf v0.8.1
[INFO] [stderr]    Compiling bevy_internal v0.8.1
[INFO] [stderr]    Compiling bevy_dylib v0.8.1
[INFO] [stderr]    Compiling bevy v0.8.1
[INFO] [stderr]    Compiling bevy_ecs_tilemap v0.7.0
[INFO] [stderr]    Compiling bevy_rapier2d v0.16.2
[INFO] [stderr]    Compiling bevy_ecs_ldtk v0.4.0
[INFO] [stderr]    Compiling platformer-2d-bevy v0.1.0 (/opt/rustwide/workdir)
[INFO] [stdout] error[E0412]: cannot find type `RigidBodyBundle` in this scope
[INFO] [stdout]   --> src/constants.rs:29:17
[INFO] [stdout]    |
[INFO] [stdout] 29 |     rigid_body: RigidBodyBundle,
[INFO] [stdout]    |                 ^^^^^^^^^^^^^^^ not found in this scope
[INFO] [stdout] 
[INFO] [stdout] 
[INFO] [stdout] error[E0412]: cannot find type `RigidBodyBundle` in this scope
[INFO] [stdout]   --> src/constants.rs:29:17
[INFO] [stdout]    |
[INFO] [stdout] 29 |     rigid_body: RigidBodyBundle,
[INFO] [stdout]    |                 ^^^^^^^^^^^^^^^ not found in this scope
[INFO] [stdout]    |
[INFO] [stdout] help: you might be missing a type parameter
[INFO] [stdout]    |
[INFO] [stdout] 25 | #[derive(Bundle<RigidBodyBundle>, LdtkEntity)]
[INFO] [stdout]    |                +++++++++++++++++
[INFO] [stdout] 
[INFO] [stdout] 
[INFO] [stdout] error[E0277]: the trait bound `bevy::prelude::Timer: bevy::prelude::Component` is not satisfied
[INFO] [stdout]    --> src/systems/movement.rs:16:16
[INFO] [stdout]     |
[INFO] [stdout] 16  |     mut query: Query<(&mut Velocity, &mut Transform, &mut Timer)>,
[INFO] [stdout]     |                ^^^^^^^^^^^^^^^^^^^^^^^^^^^^^^^^^^^^^^^^^^^^^^^^^^ the trait `bevy::prelude::Component` is not implemented for `bevy::prelude::Timer`
[INFO] [stdout]     |
[INFO] [stdout]     = help: the following other types implement trait `bevy::prelude::Component`:
[INFO] [stdout]               constants::Velocity
[INFO] [stdout]               Jumper
[INFO] [stdout]               bevy::prelude::Name
[INFO] [stdout]               AnimationPlayer
[INFO] [stdout]               bevy::prelude::GlobalTransform
[INFO] [stdout]               bevy::prelude::Transform
[INFO] [stdout]               Children
[INFO] [stdout]               SceneInstance
[INFO] [stdout]             and 141 others
[INFO] [stdout]     = note: required for `&mut bevy::prelude::Timer` to implement `WorldQuery`
[INFO] [stdout]     = note: 1 redundant requirement hidden
[INFO] [stdout]     = note: required for `(&mut constants::Velocity, &mut bevy::prelude::Transform, &mut bevy::prelude::Timer)` to implement `WorldQuery`
[INFO] [stdout] note: required by a bound in `bevy::prelude::Query`
[INFO] [stdout]    --> /opt/rustwide/cargo-home/registry/src/index.crates.io-6f17d22bba15001f/bevy_ecs-0.8.1/src/system/query.rs:252:37
[INFO] [stdout]     |
[INFO] [stdout] 252 | pub struct Query<'world, 'state, Q: WorldQuery, F: WorldQuery = ()> {
[INFO] [stdout]     |                                     ^^^^^^^^^^ required by this bound in `Query`
[INFO] [stdout] 
[INFO] [stdout] 
[INFO] [stdout] error: aborting due to 3 previous errors
[INFO] [stdout] 
[INFO] [stdout] 
[INFO] [stdout] Some errors have detailed explanations: E0277, E0412.
[INFO] [stdout] 
[INFO] [stdout] For more information about an error, try `rustc --explain E0277`.
[INFO] [stdout] 
[INFO] [stderr] error: could not compile `platformer-2d-bevy` (bin "platformer-2d-bevy") due to 4 previous errors
[INFO] running `Command { std: "docker" "inspect" "98a326ec19f29f420f5a81562a697ef6dd57738d46b8c836c9ff6af1690e9e13", kill_on_drop: false }`
[INFO] running `Command { std: "docker" "rm" "-f" "98a326ec19f29f420f5a81562a697ef6dd57738d46b8c836c9ff6af1690e9e13", kill_on_drop: false }`
[INFO] [stdout] 98a326ec19f29f420f5a81562a697ef6dd57738d46b8c836c9ff6af1690e9e13
