[INFO] cloning repository https://github.com/AddingBurritos/EvtRustler
[INFO] running `Command { std: "git" "-c" "credential.helper=" "-c" "credential.helper=/workspace/cargo-home/bin/git-credential-null" "clone" "--bare" "https://github.com/AddingBurritos/EvtRustler" "/workspace/cache/git-repos/https%3A%2F%2Fgithub.com%2FAddingBurritos%2FEvtRustler", kill_on_drop: false }`
[INFO] [stderr] Cloning into bare repository '/workspace/cache/git-repos/https%3A%2F%2Fgithub.com%2FAddingBurritos%2FEvtRustler'...
[INFO] running `Command { std: "git" "rev-parse" "HEAD", kill_on_drop: false }`
[INFO] [stdout] 71c0acb5ea7939a678486e8dc585a87ff40af15e
[INFO] testing AddingBurritos/EvtRustler against 1.75.0 for beta-1.76-1
[INFO] running `Command { std: "git" "clone" "/workspace/cache/git-repos/https%3A%2F%2Fgithub.com%2FAddingBurritos%2FEvtRustler" "/workspace/builds/worker-0-tc1/source", kill_on_drop: false }`
[INFO] [stderr] Cloning into '/workspace/builds/worker-0-tc1/source'...
[INFO] [stderr] done.
[INFO] validating manifest of git repo https://github.com/AddingBurritos/EvtRustler on toolchain 1.75.0
[INFO] running `Command { std: CARGO_HOME="/workspace/cargo-home" RUSTUP_HOME="/workspace/rustup-home" "/workspace/cargo-home/bin/cargo" "+1.75.0" "metadata" "--manifest-path" "Cargo.toml" "--no-deps", kill_on_drop: false }`
[INFO] started tweaking git repo https://github.com/AddingBurritos/EvtRustler
[INFO] finished tweaking git repo https://github.com/AddingBurritos/EvtRustler
[INFO] tweaked toml for git repo https://github.com/AddingBurritos/EvtRustler written to /workspace/builds/worker-0-tc1/source/Cargo.toml
[INFO] crate git repo https://github.com/AddingBurritos/EvtRustler already has a lockfile, it will not be regenerated
[INFO] running `Command { std: CARGO_HOME="/workspace/cargo-home" RUSTUP_HOME="/workspace/rustup-home" "/workspace/cargo-home/bin/cargo" "+1.75.0" "fetch" "--manifest-path" "Cargo.toml", kill_on_drop: false }`
[INFO] [stderr]  Downloading crates ...
[INFO] [stderr]   Downloaded xml-rs v0.8.9
[INFO] running `Command { std: "docker" "create" "-v" "/var/lib/crater-agent-workspace/builds/worker-0-tc1/target:/opt/rustwide/target:rw,Z" "-v" "/var/lib/crater-agent-workspace/builds/worker-0-tc1/source:/opt/rustwide/workdir:ro,Z" "-v" "/var/lib/crater-agent-workspace/cargo-home:/opt/rustwide/cargo-home:ro,Z" "-v" "/var/lib/crater-agent-workspace/rustup-home:/opt/rustwide/rustup-home:ro,Z" "-e" "SOURCE_DIR=/opt/rustwide/workdir" "-e" "CARGO_TARGET_DIR=/opt/rustwide/target" "-e" "CARGO_HOME=/opt/rustwide/cargo-home" "-e" "RUSTUP_HOME=/opt/rustwide/rustup-home" "-w" "/opt/rustwide/workdir" "-m" "1610612736" "--user" "0:0" "--network" "none" "ghcr.io/rust-lang/crates-build-env/linux@sha256:2788e3201cd34a07e3172128adcd8b3090168a8e3bcc40d7c032b9dda1df7d1c" "/opt/rustwide/cargo-home/bin/cargo" "+1.75.0" "metadata" "--no-deps" "--format-version=1", kill_on_drop: false }`
[INFO] [stdout] b621312767c9a465362279fb5ff641ace372e0bc97e1fa898e95112b7eef172b
[INFO] running `Command { std: "docker" "start" "-a" "b621312767c9a465362279fb5ff641ace372e0bc97e1fa898e95112b7eef172b", kill_on_drop: false }`
[INFO] running `Command { std: "docker" "inspect" "b621312767c9a465362279fb5ff641ace372e0bc97e1fa898e95112b7eef172b", kill_on_drop: false }`
[INFO] running `Command { std: "docker" "rm" "-f" "b621312767c9a465362279fb5ff641ace372e0bc97e1fa898e95112b7eef172b", kill_on_drop: false }`
[INFO] [stdout] b621312767c9a465362279fb5ff641ace372e0bc97e1fa898e95112b7eef172b
[INFO] running `Command { std: "docker" "create" "-v" "/var/lib/crater-agent-workspace/builds/worker-0-tc1/target:/opt/rustwide/target:rw,Z" "-v" "/var/lib/crater-agent-workspace/builds/worker-0-tc1/source:/opt/rustwide/workdir:ro,Z" "-v" "/var/lib/crater-agent-workspace/cargo-home:/opt/rustwide/cargo-home:ro,Z" "-v" "/var/lib/crater-agent-workspace/rustup-home:/opt/rustwide/rustup-home:ro,Z" "-e" "SOURCE_DIR=/opt/rustwide/workdir" "-e" "CARGO_TARGET_DIR=/opt/rustwide/target" "-e" "CARGO_INCREMENTAL=0" "-e" "RUST_BACKTRACE=full" "-e" "RUSTFLAGS=--cap-lints=warn" "-e" "RUSTDOCFLAGS=--cap-lints=warn" "-e" "CARGO_HOME=/opt/rustwide/cargo-home" "-e" "RUSTUP_HOME=/opt/rustwide/rustup-home" "-w" "/opt/rustwide/workdir" "-m" "1610612736" "--user" "0:0" "--network" "none" "ghcr.io/rust-lang/crates-build-env/linux@sha256:2788e3201cd34a07e3172128adcd8b3090168a8e3bcc40d7c032b9dda1df7d1c" "/opt/rustwide/cargo-home/bin/cargo" "+1.75.0" "build" "--frozen" "--message-format=json", kill_on_drop: false }`
[INFO] [stdout] d75f1c22bb8aa3543996a9b59f13f7d53bb0158910d39fad0ceacd3258e7947c
[INFO] running `Command { std: "docker" "start" "-a" "d75f1c22bb8aa3543996a9b59f13f7d53bb0158910d39fad0ceacd3258e7947c", kill_on_drop: false }`
[INFO] [stderr]    Compiling proc-macro2 v1.0.56
[INFO] [stderr]    Compiling quote v1.0.27
[INFO] [stderr]    Compiling unicode-ident v1.0.8
[INFO] [stderr]    Compiling crossbeam-utils v0.8.15
[INFO] [stderr]    Compiling io-lifetimes v1.0.10
[INFO] [stderr]    Compiling memoffset v0.8.0
[INFO] [stderr]    Compiling rustix v0.37.19
[INFO] [stderr]    Compiling crossbeam-epoch v0.9.14
[INFO] [stderr]    Compiling linux-raw-sys v0.3.7
[INFO] [stderr]    Compiling windows_x86_64_gnu v0.48.0
[INFO] [stderr]    Compiling serde v1.0.164
[INFO] [stderr]    Compiling log v0.4.17
[INFO] [stderr]    Compiling anstyle-parse v0.2.0
[INFO] [stderr]    Compiling num_cpus v1.15.0
[INFO] [stderr]    Compiling num-traits v0.2.15
[INFO] [stderr]    Compiling rayon-core v1.11.0
[INFO] [stderr]    Compiling anstyle v1.0.0
[INFO] [stderr]    Compiling smallvec v1.10.0
[INFO] [stderr]    Compiling tokio v1.28.0
[INFO] [stderr]    Compiling serde_json v1.0.96
[INFO] [stderr]    Compiling clap_lex v0.4.1
[INFO] [stderr]    Compiling windows-targets v0.48.0
[INFO] [stderr]    Compiling signal-hook-registry v1.4.1
[INFO] [stderr]    Compiling aho-corasick v1.0.1
[INFO] [stderr]    Compiling csv-core v0.1.10
[INFO] [stderr]    Compiling parking_lot_core v0.9.7
[INFO] [stderr]    Compiling mio v0.8.6
[INFO] [stderr]    Compiling socket2 v0.4.9
[INFO] [stderr]    Compiling time v0.1.45
[INFO] [stderr]    Compiling either v1.8.1
[INFO] [stderr]    Compiling regex-syntax v0.7.1
[INFO] [stderr]    Compiling iana-time-zone v0.1.56
[INFO] [stderr]    Compiling bytes v1.4.0
[INFO] [stderr]    Compiling xml-rs v0.8.9
[INFO] [stderr]    Compiling crossbeam-channel v0.5.8
[INFO] [stderr]    Compiling parking_lot v0.12.1
[INFO] [stderr]    Compiling syn v2.0.15
[INFO] [stderr]    Compiling crossbeam-deque v0.8.3
[INFO] [stderr]    Compiling once_cell v1.17.1
[INFO] [stderr]    Compiling windows v0.48.0
[INFO] [stderr]    Compiling xmltree v0.10.3
[INFO] [stderr]    Compiling chrono v0.4.26
[INFO] [stderr]    Compiling rayon v1.7.0
[INFO] [stderr]    Compiling is-terminal v0.4.7
[INFO] [stderr]    Compiling regex v1.8.1
[INFO] [stderr]    Compiling anstream v0.3.2
[INFO] [stderr]    Compiling clap_builder v4.2.7
[INFO] [stderr]    Compiling serde_derive v1.0.164
[INFO] [stderr]    Compiling tokio-macros v2.1.0
[INFO] [stderr]    Compiling clap_derive v4.2.0
[INFO] [stderr]    Compiling clap v4.2.7
[INFO] [stderr]    Compiling csv v1.2.1
[INFO] [stderr]    Compiling EvtRustler v0.1.0 (/opt/rustwide/workdir)
[INFO] [stdout] error[E0433]: failed to resolve: could not find `windows` in `os`
[INFO] [stdout]   --> src/provider.rs:10:14
[INFO] [stdout]    |
[INFO] [stdout] 10 | use std::os::windows::ffi::OsStrExt;
[INFO] [stdout]    |              ^^^^^^^ could not find `windows` in `os`
[INFO] [stdout] 
[INFO] [stdout] 
[INFO] [stdout] error[E0433]: failed to resolve: could not find `windows` in `os`
[INFO] [stdout]  --> src/events.rs:9:14
[INFO] [stdout]   |
[INFO] [stdout] 9 | use std::os::windows::ffi::OsStrExt;
[INFO] [stdout]   |              ^^^^^^^ could not find `windows` in `os`
[INFO] [stdout] 
[INFO] [stdout] 
[INFO] [stdout] error[E0433]: failed to resolve: could not find `windows` in `os`
[INFO] [stdout]   --> src/main.rs:25:14
[INFO] [stdout]    |
[INFO] [stdout] 25 | use std::os::windows::ffi::OsStrExt;
[INFO] [stdout]    |              ^^^^^^^ could not find `windows` in `os`
[INFO] [stdout] 
[INFO] [stdout] 
[INFO] [stdout] warning: unused import: `ptr`
[INFO] [stdout]  --> src/winevt.rs:4:16
[INFO] [stdout]   |
[INFO] [stdout] 4 | use std::{mem, ptr};
[INFO] [stdout]   |                ^^^
[INFO] [stdout]   |
[INFO] [stdout]   = note: `#[warn(unused_imports)]` on by default
[INFO] [stdout] 
[INFO] [stdout] 
[INFO] [stdout] warning: unused import: `crate::provider::*`
[INFO] [stdout]  --> src/winevt.rs:7:5
[INFO] [stdout]   |
[INFO] [stdout] 7 | use crate::provider::*;
[INFO] [stdout]   |     ^^^^^^^^^^^^^^^^^^
[INFO] [stdout] 
[INFO] [stdout] 
[INFO] [stdout] warning: unused import: `HashSet`
[INFO] [stdout]  --> src/provider.rs:6:24
[INFO] [stdout]   |
[INFO] [stdout] 6 | use std::collections::{HashSet,HashMap};
[INFO] [stdout]   |                        ^^^^^^^
[INFO] [stdout] 
[INFO] [stdout] 
[INFO] [stdout] warning: unused imports: `HashMap`, `HashSet`
[INFO] [stdout]  --> src/event_meta.rs:2:24
[INFO] [stdout]   |
[INFO] [stdout] 2 | use std::collections::{HashSet,HashMap};
[INFO] [stdout]   |                        ^^^^^^^ ^^^^^^^
[INFO] [stdout] 
[INFO] [stdout] 
[INFO] [stdout] warning: variant `u32_val` should have an upper camel case name
[INFO] [stdout]   --> src/event_meta.rs:12:5
[INFO] [stdout]    |
[INFO] [stdout] 12 |     u32_val(u32),
[INFO] [stdout]    |     ^^^^^^^ help: convert the identifier to upper camel case: `U32Val`
[INFO] [stdout]    |
[INFO] [stdout]    = note: `#[warn(non_camel_case_types)]` on by default
[INFO] [stdout] 
[INFO] [stdout] 
[INFO] [stdout] warning: variant `string_val` should have an upper camel case name
[INFO] [stdout]   --> src/event_meta.rs:13:5
[INFO] [stdout]    |
[INFO] [stdout] 13 |     string_val(String),
[INFO] [stdout]    |     ^^^^^^^^^^ help: convert the identifier to upper camel case: `StringVal`
[INFO] [stdout] 
[INFO] [stdout] 
[INFO] [stdout] warning: variant `string_vec` should have an upper camel case name
[INFO] [stdout]   --> src/event_meta.rs:14:5
[INFO] [stdout]    |
[INFO] [stdout] 14 |     string_vec(Vec<String>),
[INFO] [stdout]    |     ^^^^^^^^^^ help: convert the identifier to upper camel case: `StringVec`
[INFO] [stdout] 
[INFO] [stdout] 
[INFO] [stdout] warning: unused import: `managed_variant::*`
[INFO] [stdout]   --> src/main.rs:10:5
[INFO] [stdout]    |
[INFO] [stdout] 10 | use managed_variant::*;
[INFO] [stdout]    |     ^^^^^^^^^^^^^^^^^^
[INFO] [stdout] 
[INFO] [stdout] 
[INFO] [stdout] error[E0599]: no method named `encode_wide` found for struct `OsString` in the current scope
[INFO] [stdout]    --> src/provider.rs:148:63
[INFO] [stdout]     |
[INFO] [stdout] 148 |         let provider_pcwstr: Vec<u16> = OsString::from(&name).encode_wide().chain(once(0)).collect();
[INFO] [stdout]     |                                                               ^^^^^^^^^^^ method not found in `OsString`
[INFO] [stdout] 
[INFO] [stdout] 
[INFO] [stdout] error[E0599]: no method named `encode_wide` found for struct `OsString` in the current scope
[INFO] [stdout]    --> src/events.rs:157:53
[INFO] [stdout]     |
[INFO] [stdout] 157 |         let provider_vec = OsString::from(provider).encode_wide().chain(once(0)).collect();
[INFO] [stdout]     |                                                     ^^^^^^^^^^^ method not found in `OsString`
[INFO] [stdout] 
[INFO] [stdout] 
[INFO] [stdout] error[E0599]: no method named `encode_wide` found for struct `OsString` in the current scope
[INFO] [stdout]   --> src/main.rs:53:70
[INFO] [stdout]    |
[INFO] [stdout] 53 |                 let channel_vec: Vec<u16> = OsString::from(&channel).encode_wide().chain(once(0)).collect();
[INFO] [stdout]    |                                                                      ^^^^^^^^^^^ method not found in `OsString`
[INFO] [stdout] 
[INFO] [stdout] 
[INFO] [stdout] error[E0599]: no method named `encode_wide` found for struct `OsString` in the current scope
[INFO] [stdout]   --> src/main.rs:55:70
[INFO] [stdout]    |
[INFO] [stdout] 55 |                 let query_vec: Vec<u16> = OsString::from(&query_str).encode_wide().chain(once(0)).collect();
[INFO] [stdout]    |                                                                      ^^^^^^^^^^^ method not found in `OsString`
[INFO] [stdout] 
[INFO] [stdout] 
[INFO] [stdout] error: aborting due to 7 previous errors; 8 warnings emitted
[INFO] [stdout] 
[INFO] [stdout] 
[INFO] [stdout] Some errors have detailed explanations: E0433, E0599.
[INFO] [stdout] 
[INFO] [stdout] For more information about an error, try `rustc --explain E0433`.
[INFO] [stdout] 
[INFO] [stderr] error: could not compile `EvtRustler` (bin "EvtRustler") due to 8 previous errors; 8 warnings emitted
[INFO] running `Command { std: "docker" "inspect" "d75f1c22bb8aa3543996a9b59f13f7d53bb0158910d39fad0ceacd3258e7947c", kill_on_drop: false }`
[INFO] running `Command { std: "docker" "rm" "-f" "d75f1c22bb8aa3543996a9b59f13f7d53bb0158910d39fad0ceacd3258e7947c", kill_on_drop: false }`
[INFO] [stdout] d75f1c22bb8aa3543996a9b59f13f7d53bb0158910d39fad0ceacd3258e7947c
