[INFO] cloning repository https://github.com/AdamKinnell/AdventOfCode2018
[INFO] running `Command { std: "git" "-c" "credential.helper=" "-c" "credential.helper=/workspace/cargo-home/bin/git-credential-null" "clone" "--bare" "https://github.com/AdamKinnell/AdventOfCode2018" "/workspace/cache/git-repos/https%3A%2F%2Fgithub.com%2FAdamKinnell%2FAdventOfCode2018", kill_on_drop: false }`
[INFO] [stderr] Cloning into bare repository '/workspace/cache/git-repos/https%3A%2F%2Fgithub.com%2FAdamKinnell%2FAdventOfCode2018'...
[INFO] running `Command { std: "git" "rev-parse" "HEAD", kill_on_drop: false }`
[INFO] [stdout] 59c08a978a0ce516180642c0306671d045a99085
[INFO] testing AdamKinnell/AdventOfCode2018 against 1.75.0 for beta-1.76-1
[INFO] running `Command { std: "git" "clone" "/workspace/cache/git-repos/https%3A%2F%2Fgithub.com%2FAdamKinnell%2FAdventOfCode2018" "/workspace/builds/worker-5-tc1/source", kill_on_drop: false }`
[INFO] [stderr] Cloning into '/workspace/builds/worker-5-tc1/source'...
[INFO] [stderr] done.
[INFO] validating manifest of git repo https://github.com/AdamKinnell/AdventOfCode2018 on toolchain 1.75.0
[INFO] running `Command { std: CARGO_HOME="/workspace/cargo-home" RUSTUP_HOME="/workspace/rustup-home" "/workspace/cargo-home/bin/cargo" "+1.75.0" "metadata" "--manifest-path" "Cargo.toml" "--no-deps", kill_on_drop: false }`
[INFO] started tweaking git repo https://github.com/AdamKinnell/AdventOfCode2018
[INFO] finished tweaking git repo https://github.com/AdamKinnell/AdventOfCode2018
[INFO] tweaked toml for git repo https://github.com/AdamKinnell/AdventOfCode2018 written to /workspace/builds/worker-5-tc1/source/Cargo.toml
[INFO] crate git repo https://github.com/AdamKinnell/AdventOfCode2018 already has a lockfile, it will not be regenerated
[INFO] running `Command { std: CARGO_HOME="/workspace/cargo-home" RUSTUP_HOME="/workspace/rustup-home" "/workspace/cargo-home/bin/cargo" "+1.75.0" "fetch" "--manifest-path" "Cargo.toml", kill_on_drop: false }`
[INFO] [stderr]     Updating crates.io index
[INFO] [stderr]  Downloading crates ...
[INFO] [stderr]   Downloaded failure_derive v0.1.3
[INFO] [stderr]   Downloaded csv-core v0.1.5
[INFO] [stderr]   Downloaded rustc-demangle v0.1.11
[INFO] [stderr]   Downloaded either v1.5.0
[INFO] [stderr]   Downloaded criterion-plot v0.2.5
[INFO] [stderr]   Downloaded walkdir v2.2.7
[INFO] [stderr]   Downloaded failure v0.1.3
[INFO] [stderr]   Downloaded regex-syntax v0.6.4
[INFO] [stderr]   Downloaded csv v1.0.5
[INFO] [stderr]   Downloaded backtrace-sys v0.1.26
[INFO] [stderr]   Downloaded serde v1.0.82
[INFO] [stderr]   Downloaded regex v1.1.0
[INFO] [stderr]   Downloaded handlebars v0.32.4
[INFO] [stderr]   Downloaded autocfg v0.1.1
[INFO] [stderr]   Downloaded quote v0.6.10
[INFO] [stderr]   Downloaded backtrace v0.3.13
[INFO] [stderr]   Downloaded serde_json v1.0.33
[INFO] [stderr]   Downloaded redox_syscall v0.1.44
[INFO] [stderr]   Downloaded term v0.5.1
[INFO] [stderr]   Downloaded proc-macro2 v0.4.24
[INFO] [stderr]   Downloaded memchr v2.1.2
[INFO] [stderr]   Downloaded syn v0.15.23
[INFO] [stderr]   Downloaded cc v1.0.27
[INFO] [stderr]   Downloaded thread-scoped v1.0.2
[INFO] [stderr]   Downloaded num_cpus v1.9.0
[INFO] [stderr]   Downloaded criterion-stats v0.2.5
[INFO] [stderr]   Downloaded time v0.1.41
[INFO] [stderr]   Downloaded serde_derive v1.0.82
[INFO] [stderr]   Downloaded criterion v0.2.5
[INFO] running `Command { std: "docker" "create" "-v" "/var/lib/crater-agent-workspace/builds/worker-5-tc1/target:/opt/rustwide/target:rw,Z" "-v" "/var/lib/crater-agent-workspace/builds/worker-5-tc1/source:/opt/rustwide/workdir:ro,Z" "-v" "/var/lib/crater-agent-workspace/cargo-home:/opt/rustwide/cargo-home:ro,Z" "-v" "/var/lib/crater-agent-workspace/rustup-home:/opt/rustwide/rustup-home:ro,Z" "-e" "SOURCE_DIR=/opt/rustwide/workdir" "-e" "CARGO_TARGET_DIR=/opt/rustwide/target" "-e" "CARGO_HOME=/opt/rustwide/cargo-home" "-e" "RUSTUP_HOME=/opt/rustwide/rustup-home" "-w" "/opt/rustwide/workdir" "-m" "1610612736" "--user" "0:0" "--network" "none" "ghcr.io/rust-lang/crates-build-env/linux@sha256:2788e3201cd34a07e3172128adcd8b3090168a8e3bcc40d7c032b9dda1df7d1c" "/opt/rustwide/cargo-home/bin/cargo" "+1.75.0" "metadata" "--no-deps" "--format-version=1", kill_on_drop: false }`
[INFO] [stdout] 6047e66c19ef0127ee477a48c18b50c03905bdfc3325447b0af397c8a65f678f
[INFO] running `Command { std: "docker" "start" "-a" "6047e66c19ef0127ee477a48c18b50c03905bdfc3325447b0af397c8a65f678f", kill_on_drop: false }`
[INFO] running `Command { std: "docker" "inspect" "6047e66c19ef0127ee477a48c18b50c03905bdfc3325447b0af397c8a65f678f", kill_on_drop: false }`
[INFO] running `Command { std: "docker" "rm" "-f" "6047e66c19ef0127ee477a48c18b50c03905bdfc3325447b0af397c8a65f678f", kill_on_drop: false }`
[INFO] [stdout] 6047e66c19ef0127ee477a48c18b50c03905bdfc3325447b0af397c8a65f678f
[INFO] running `Command { std: "docker" "create" "-v" "/var/lib/crater-agent-workspace/builds/worker-5-tc1/target:/opt/rustwide/target:rw,Z" "-v" "/var/lib/crater-agent-workspace/builds/worker-5-tc1/source:/opt/rustwide/workdir:ro,Z" "-v" "/var/lib/crater-agent-workspace/cargo-home:/opt/rustwide/cargo-home:ro,Z" "-v" "/var/lib/crater-agent-workspace/rustup-home:/opt/rustwide/rustup-home:ro,Z" "-e" "SOURCE_DIR=/opt/rustwide/workdir" "-e" "CARGO_TARGET_DIR=/opt/rustwide/target" "-e" "CARGO_INCREMENTAL=0" "-e" "RUST_BACKTRACE=full" "-e" "RUSTFLAGS=--cap-lints=warn" "-e" "RUSTDOCFLAGS=--cap-lints=warn" "-e" "CARGO_HOME=/opt/rustwide/cargo-home" "-e" "RUSTUP_HOME=/opt/rustwide/rustup-home" "-w" "/opt/rustwide/workdir" "-m" "1610612736" "--user" "0:0" "--network" "none" "ghcr.io/rust-lang/crates-build-env/linux@sha256:2788e3201cd34a07e3172128adcd8b3090168a8e3bcc40d7c032b9dda1df7d1c" "/opt/rustwide/cargo-home/bin/cargo" "+1.75.0" "build" "--frozen" "--message-format=json", kill_on_drop: false }`
[INFO] [stdout] f353e104e80627544b85e6121a7ff02d8e716af2c4d17796c48ce6de008daca3
[INFO] running `Command { std: "docker" "start" "-a" "f353e104e80627544b85e6121a7ff02d8e716af2c4d17796c48ce6de008daca3", kill_on_drop: false }`
[INFO] [stderr]    Compiling libc v0.2.45
[INFO] [stderr]    Compiling cfg-if v0.1.6
[INFO] [stderr]    Compiling proc-macro2 v0.4.24
[INFO] [stderr]    Compiling memchr v2.1.2
[INFO] [stderr]    Compiling num-traits v0.2.6
[INFO] [stderr]    Compiling cc v1.0.27
[INFO] [stderr]    Compiling serde v1.0.82
[INFO] [stderr]    Compiling autocfg v0.1.1
[INFO] [stderr]    Compiling ryu v0.2.7
[INFO] [stderr]    Compiling num-integer v0.1.39
[INFO] [stderr]    Compiling either v1.5.0
[INFO] [stderr]    Compiling lazy_static v1.2.0
[INFO] [stderr]    Compiling byteorder v1.2.7
[INFO] [stderr]    Compiling ucd-util v0.1.3
[INFO] [stderr]    Compiling regex v1.1.0
[INFO] [stderr]    Compiling failure_derive v0.1.3
[INFO] [stderr]    Compiling log v0.4.6
[INFO] [stderr]    Compiling thread_local v0.3.6
[INFO] [stderr]    Compiling syn v0.11.11
[INFO] [stderr]    Compiling regex-syntax v0.6.4
[INFO] [stderr]    Compiling pest v1.0.6
[INFO] [stderr]    Compiling backtrace v0.3.13
[INFO] [stderr]    Compiling cast v0.2.2
[INFO] [stderr]    Compiling itoa v0.4.3
[INFO] [stderr]    Compiling utf8-ranges v1.0.2
[INFO] [stderr]    Compiling rustc-demangle v0.1.11
[INFO] [stderr]    Compiling unicode-width v0.1.5
[INFO] [stderr]    Compiling term v0.5.1
[INFO] [stderr]    Compiling itertools v0.7.11
[INFO] [stderr]    Compiling textwrap v0.10.0
[INFO] [stderr]    Compiling bitflags v1.0.4
[INFO] [stderr]    Compiling same-file v1.0.4
[INFO] [stderr]    Compiling thread-scoped v1.0.2
[INFO] [stderr]    Compiling vec_map v0.8.1
[INFO] [stderr]    Compiling strsim v0.7.0
[INFO] [stderr]    Compiling quick-error v1.2.2
[INFO] [stderr]    Compiling itertools v0.8.0
[INFO] [stderr]    Compiling walkdir v2.2.7
[INFO] [stderr]    Compiling quote v0.6.10
[INFO] [stderr]    Compiling backtrace-sys v0.1.26
[INFO] [stderr]    Compiling syn v0.15.23
[INFO] [stderr]    Compiling time v0.1.41
[INFO] [stderr]    Compiling rand v0.4.3
[INFO] [stderr]    Compiling num_cpus v1.9.0
[INFO] [stderr]    Compiling atty v0.2.11
[INFO] [stderr]    Compiling criterion-plot v0.2.5
[INFO] [stderr]    Compiling clap v2.32.0
[INFO] [stderr]    Compiling aho-corasick v0.6.9
[INFO] [stderr]    Compiling csv-core v0.1.5
[INFO] [stderr]    Compiling itertools-num v0.1.3
[INFO] [stderr]    Compiling pest_derive v1.0.8
[INFO] [stderr]    Compiling chrono v0.4.6
[INFO] [stderr]    Compiling criterion-stats v0.2.5
[INFO] [stderr]    Compiling simplelog v0.5.3
[INFO] [stderr]    Compiling synstructure v0.10.1
[INFO] [stderr]    Compiling serde_derive v1.0.82
[INFO] [stderr]    Compiling serde_json v1.0.33
[INFO] [stderr]    Compiling csv v1.0.5
[INFO] [stderr]    Compiling failure v0.1.3
[INFO] [stderr]    Compiling handlebars v0.32.4
[INFO] [stderr]    Compiling criterion v0.2.5
[INFO] [stderr]    Compiling AdventOfCode2018 v0.1.0 (/opt/rustwide/workdir)
[INFO] [stdout] error: linking with `cc` failed: exit status: 1
[INFO] [stdout]   |
[INFO] [stdout]   = note: LC_ALL="C" PATH="/opt/rustwide/rustup-home/toolchains/1.75.0-x86_64-unknown-linux-gnu/lib/rustlib/x86_64-unknown-linux-gnu/bin:/opt/rustwide/cargo-home/bin:/usr/local/sbin:/usr/local/bin:/usr/sbin:/usr/bin:/sbin:/bin" VSLANG="1033" "cc" "-m64" "/tmp/rustclqzTsf/symbols.o" "/opt/rustwide/target/debug/deps/day5_part1-97c73bd54b4781aa.day5_part1.ef0853fc668c78fc-cgu.0.rcgu.o" "/opt/rustwide/target/debug/deps/day5_part1-97c73bd54b4781aa.306bcr0hn1j16yut.rcgu.o" "-Wl,--as-needed" "-L" "/opt/rustwide/target/debug/deps" "-L" "/opt/rustwide/target/debug/build/backtrace-sys-a425088843b8e8cc/out" "-L" "/opt/rustwide/rustup-home/toolchains/1.75.0-x86_64-unknown-linux-gnu/lib/rustlib/x86_64-unknown-linux-gnu/lib" "-Wl,-Bstatic" "/opt/rustwide/target/debug/deps/libcriterion-742272c167004a1b.rlib" "/opt/rustwide/target/debug/deps/libhandlebars-45c3976f35cdf59c.rlib" "/opt/rustwide/target/debug/deps/libregex-dbffec5fd4e24f44.rlib" "/opt/rustwide/target/debug/deps/libutf8_ranges-0a1987740a462c77.rlib" "/opt/rustwide/target/debug/deps/libregex_syntax-68207671ff1bd161.rlib" "/opt/rustwide/target/debug/deps/libucd_util-b6a577004ae2c993.rlib" "/opt/rustwide/target/debug/deps/libthread_local-6ac36aee7b036bc7.rlib" "/opt/rustwide/target/debug/deps/libaho_corasick-8fbc4d3ff98be95d.rlib" "/opt/rustwide/target/debug/deps/libquick_error-7252ef3b6312d9d6.rlib" "/opt/rustwide/target/debug/deps/libpest-f7f99fc0cabbda42.rlib" "/opt/rustwide/target/debug/deps/liblazy_static-a0c3ff5f641b43db.rlib" "/opt/rustwide/target/debug/deps/libcriterion_plot-bc2454255e813e5d.rlib" "/opt/rustwide/target/debug/deps/libwalkdir-397856ab4a3543b4.rlib" "/opt/rustwide/target/debug/deps/libsame_file-20d98c0283f542a7.rlib" "/opt/rustwide/target/debug/deps/libsimplelog-8318daa1e5ae68fa.rlib" "/opt/rustwide/target/debug/deps/libchrono-97a28a02a14e9115.rlib" "/opt/rustwide/target/debug/deps/libnum_integer-f477f5b185c2647c.rlib" "/opt/rustwide/target/debug/deps/libtime-e4db6582c34ec43b.rlib" "/opt/rustwide/target/debug/deps/libterm-7da01ef9b0517717.rlib" "/opt/rustwide/target/debug/deps/libbyteorder-14ac30d7d509e1d5.rlib" "/opt/rustwide/target/debug/deps/liblog-4cf06ecf6c38c1e1.rlib" "/opt/rustwide/target/debug/deps/libserde_json-7cbf4331502f0860.rlib" "/opt/rustwide/target/debug/deps/libryu-b2aef7f28a5e5c6e.rlib" "/opt/rustwide/target/debug/deps/libitoa-444b0a805ffdc3aa.rlib" "/opt/rustwide/target/debug/deps/libitertools_num-2c1478b43e8f9007.rlib" "/opt/rustwide/target/debug/deps/libitertools-347fd7d28f3ea08a.rlib" "/opt/rustwide/target/debug/deps/libeither-e0906e5d291faf39.rlib" "/opt/rustwide/target/debug/deps/libfailure-1c984abcc2988ace.rlib" "/opt/rustwide/target/debug/deps/libbacktrace-0eec32dcd60ab0e8.rlib" "/opt/rustwide/target/debug/deps/libbacktrace_sys-6df5e1ce8881ca62.rlib" "/opt/rustwide/target/debug/deps/librustc_demangle-11628fb08218402f.rlib" "/opt/rustwide/target/debug/deps/libcsv-04669ebfc6b9ce34.rlib" "/opt/rustwide/target/debug/deps/libserde-93fb0dd557098855.rlib" "/opt/rustwide/target/debug/deps/libcsv_core-9e235ad2563d9cf4.rlib" "/opt/rustwide/target/debug/deps/libmemchr-e9daed3964cf2223.rlib" "/opt/rustwide/target/debug/deps/libcfg_if-2ab1ad450d416077.rlib" "/opt/rustwide/target/debug/deps/libcriterion_stats-f2b2a341bdb8c56b.rlib" "/opt/rustwide/target/debug/deps/libthread_scoped-a3a09b634cf5244d.rlib" "/opt/rustwide/target/debug/deps/librand-1c2f4a5305af5a8e.rlib" "/opt/rustwide/target/debug/deps/libnum_traits-adfc9bf3ccb4d92e.rlib" "/opt/rustwide/target/debug/deps/libnum_cpus-9c56153a91712d70.rlib" "/opt/rustwide/target/debug/deps/libcast-6f5b7b06550d2785.rlib" "/opt/rustwide/target/debug/deps/libclap-05ba31c7d226d3ca.rlib" "/opt/rustwide/target/debug/deps/libvec_map-cd453681522fdfd0.rlib" "/opt/rustwide/target/debug/deps/libtextwrap-daf23e15e139c4f5.rlib" "/opt/rustwide/target/debug/deps/libunicode_width-8a4232e2af8ac8dd.rlib" "/opt/rustwide/target/debug/deps/libstrsim-24c63a3971c7f095.rlib" "/opt/rustwide/target/debug/deps/libbitflags-9f971f9248a42c04.rlib" "/opt/rustwide/target/debug/deps/libansi_term-c26f08fd4ca88f9f.rlib" "/opt/rustwide/target/debug/deps/libatty-9eb204beb8a3324e.rlib" "/opt/rustwide/target/debug/deps/liblibc-11321be6a46afa65.rlib" "/opt/rustwide/rustup-home/toolchains/1.75.0-x86_64-unknown-linux-gnu/lib/rustlib/x86_64-unknown-linux-gnu/lib/libstd-90f6ddbf82de36ec.rlib" "/opt/rustwide/rustup-home/toolchains/1.75.0-x86_64-unknown-linux-gnu/lib/rustlib/x86_64-unknown-linux-gnu/lib/libpanic_unwind-480c41e9d4e1f677.rlib" "/opt/rustwide/rustup-home/toolchains/1.75.0-x86_64-unknown-linux-gnu/lib/rustlib/x86_64-unknown-linux-gnu/lib/libobject-db744c0ca03eed1d.rlib" "/opt/rustwide/rustup-home/toolchains/1.75.0-x86_64-unknown-linux-gnu/lib/rustlib/x86_64-unknown-linux-gnu/lib/libmemchr-8ba652dc7d4b285a.rlib" "/opt/rustwide/rustup-home/toolchains/1.75.0-x86_64-unknown-linux-gnu/lib/rustlib/x86_64-unknown-linux-gnu/lib/libaddr2line-d5f4520a9ebc0d58.rlib" "/opt/rustwide/rustup-home/toolchains/1.75.0-x86_64-unknown-linux-gnu/lib/rustlib/x86_64-unknown-linux-gnu/lib/libgimli-4ad84de58f0cb463.rlib" "/opt/rustwide/rustup-home/toolchains/1.75.0-x86_64-unknown-linux-gnu/lib/rustlib/x86_64-unknown-linux-gnu/lib/librustc_demangle-0d10aae2e0f38735.rlib" "/opt/rustwide/rustup-home/toolchains/1.75.0-x86_64-unknown-linux-gnu/lib/rustlib/x86_64-unknown-linux-gnu/lib/libstd_detect-0c17cff739e6745b.rlib" "/opt/rustwide/rustup-home/toolchains/1.75.0-x86_64-unknown-linux-gnu/lib/rustlib/x86_64-unknown-linux-gnu/lib/libhashbrown-b29e17139dde1aa8.rlib" "/opt/rustwide/rustup-home/toolchains/1.75.0-x86_64-unknown-linux-gnu/lib/rustlib/x86_64-unknown-linux-gnu/lib/librustc_std_workspace_alloc-1f975299829cc7bd.rlib" "/opt/rustwide/rustup-home/toolchains/1.75.0-x86_64-unknown-linux-gnu/lib/rustlib/x86_64-unknown-linux-gnu/lib/libminiz_oxide-86bae3bc3079f89b.rlib" "/opt/rustwide/rustup-home/toolchains/1.75.0-x86_64-unknown-linux-gnu/lib/rustlib/x86_64-unknown-linux-gnu/lib/libadler-321b82c30dffdf5f.rlib" "/opt/rustwide/rustup-home/toolchains/1.75.0-x86_64-unknown-linux-gnu/lib/rustlib/x86_64-unknown-linux-gnu/lib/libunwind-3dd8a6810a0bdfef.rlib" "/opt/rustwide/rustup-home/toolchains/1.75.0-x86_64-unknown-linux-gnu/lib/rustlib/x86_64-unknown-linux-gnu/lib/libcfg_if-eb39a61c0c879984.rlib" "/opt/rustwide/rustup-home/toolchains/1.75.0-x86_64-unknown-linux-gnu/lib/rustlib/x86_64-unknown-linux-gnu/lib/liblibc-aa769569f91c3548.rlib" "/opt/rustwide/rustup-home/toolchains/1.75.0-x86_64-unknown-linux-gnu/lib/rustlib/x86_64-unknown-linux-gnu/lib/liballoc-510a192a50a983ed.rlib" "/opt/rustwide/rustup-home/toolchains/1.75.0-x86_64-unknown-linux-gnu/lib/rustlib/x86_64-unknown-linux-gnu/lib/librustc_std_workspace_core-0577018320f99037.rlib" "/opt/rustwide/rustup-home/toolchains/1.75.0-x86_64-unknown-linux-gnu/lib/rustlib/x86_64-unknown-linux-gnu/lib/libcore-193cf992125ccd4c.rlib" "/opt/rustwide/rustup-home/toolchains/1.75.0-x86_64-unknown-linux-gnu/lib/rustlib/x86_64-unknown-linux-gnu/lib/libcompiler_builtins-8e138eaf26ebb4a8.rlib" "-Wl,-Bdynamic" "-lutil" "-lgcc_s" "-lutil" "-lrt" "-lpthread" "-lm" "-ldl" "-lc" "-Wl,--eh-frame-hdr" "-Wl,-z,noexecstack" "-L" "/opt/rustwide/rustup-home/toolchains/1.75.0-x86_64-unknown-linux-gnu/lib/rustlib/x86_64-unknown-linux-gnu/lib" "-o" "/opt/rustwide/target/debug/deps/day5_part1-97c73bd54b4781aa" "-Wl,--gc-sections" "-pie" "-Wl,-z,relro,-z,now" "-nodefaultlibs"
[INFO] [stdout]   = note: collect2: fatal error: ld terminated with signal 9 [Killed]
[INFO] [stdout]           compilation terminated.
[INFO] [stdout]           
[INFO] [stdout] 
[INFO] [stdout] 
[INFO] [stdout] error: aborting due to previous error
[INFO] [stdout] 
[INFO] [stdout] 
[INFO] [stderr] error: could not compile `AdventOfCode2018` (bin "day5_part1") due to 2 previous errors
[INFO] [stderr] warning: build failed, waiting for other jobs to finish...
[INFO] [stdout] warning: unused label
[INFO] [stdout]   --> src/bin/day6_part1.rs:40:9
[INFO] [stdout]    |
[INFO] [stdout] 40 |         'row: for y in (self.from.y)..=(self.to.y) {
[INFO] [stdout]    |         ^^^^
[INFO] [stdout]    |
[INFO] [stdout]    = note: `#[warn(unused_labels)]` on by default
[INFO] [stdout] 
[INFO] [stdout] 
[INFO] [stdout] warning: unused label
[INFO] [stdout]   --> src/bin/day6_part1.rs:41:13
[INFO] [stdout]    |
[INFO] [stdout] 41 |             'col: for x in (self.from.x)..=(self.to.x) {
[INFO] [stdout]    |             ^^^^
[INFO] [stdout] 
[INFO] [stdout] 
[INFO] [stdout] warning: trait objects without an explicit `dyn` are deprecated
[INFO] [stdout]   --> src/bin/day6_part1.rs:39:43
[INFO] [stdout]    |
[INFO] [stdout] 39 |     fn for_each_coordinate(&self, f: &mut FnMut(Point)) {
[INFO] [stdout]    |                                           ^^^^^^^^^^^^
[INFO] [stdout]    |
[INFO] [stdout]    = warning: this is accepted in the current edition (Rust 2018) but is a hard error in Rust 2021!
[INFO] [stdout]    = note: for more information, see <https://doc.rust-lang.org/nightly/edition-guide/rust-2021/warnings-promoted-to-error.html>
[INFO] [stdout]    = note: `#[warn(bare_trait_objects)]` on by default
[INFO] [stdout] help: use `dyn`
[INFO] [stdout]    |
[INFO] [stdout] 39 |     fn for_each_coordinate(&self, f: &mut dyn FnMut(Point)) {
[INFO] [stdout]    |                                           +++
[INFO] [stdout] 
[INFO] [stdout] 
[INFO] [stdout] error: linking with `cc` failed: exit status: 1
[INFO] [stdout]   |
[INFO] [stdout]   = note: LC_ALL="C" PATH="/opt/rustwide/rustup-home/toolchains/1.75.0-x86_64-unknown-linux-gnu/lib/rustlib/x86_64-unknown-linux-gnu/bin:/opt/rustwide/cargo-home/bin:/usr/local/sbin:/usr/local/bin:/usr/sbin:/usr/bin:/sbin:/bin" VSLANG="1033" "cc" "-m64" "/tmp/rustcIeKG4v/symbols.o" "/opt/rustwide/target/debug/deps/day3_part1-79efea9dac6c0deb.day3_part1.ab54e0ab41609596-cgu.0.rcgu.o" "/opt/rustwide/target/debug/deps/day3_part1-79efea9dac6c0deb.day3_part1.ab54e0ab41609596-cgu.1.rcgu.o" "/opt/rustwide/target/debug/deps/day3_part1-79efea9dac6c0deb.41srodcm8v1xggqv.rcgu.o" "-Wl,--as-needed" "-L" "/opt/rustwide/target/debug/deps" "-L" "/opt/rustwide/target/debug/build/backtrace-sys-a425088843b8e8cc/out" "-L" "/opt/rustwide/rustup-home/toolchains/1.75.0-x86_64-unknown-linux-gnu/lib/rustlib/x86_64-unknown-linux-gnu/lib" "-Wl,-Bstatic" "/opt/rustwide/target/debug/deps/libcriterion-742272c167004a1b.rlib" "/opt/rustwide/target/debug/deps/libhandlebars-45c3976f35cdf59c.rlib" "/opt/rustwide/target/debug/deps/libregex-dbffec5fd4e24f44.rlib" "/opt/rustwide/target/debug/deps/libutf8_ranges-0a1987740a462c77.rlib" "/opt/rustwide/target/debug/deps/libregex_syntax-68207671ff1bd161.rlib" "/opt/rustwide/target/debug/deps/libucd_util-b6a577004ae2c993.rlib" "/opt/rustwide/target/debug/deps/libthread_local-6ac36aee7b036bc7.rlib" "/opt/rustwide/target/debug/deps/libaho_corasick-8fbc4d3ff98be95d.rlib" "/opt/rustwide/target/debug/deps/libquick_error-7252ef3b6312d9d6.rlib" "/opt/rustwide/target/debug/deps/libpest-f7f99fc0cabbda42.rlib" "/opt/rustwide/target/debug/deps/liblazy_static-a0c3ff5f641b43db.rlib" "/opt/rustwide/target/debug/deps/libcriterion_plot-bc2454255e813e5d.rlib" "/opt/rustwide/target/debug/deps/libwalkdir-397856ab4a3543b4.rlib" "/opt/rustwide/target/debug/deps/libsame_file-20d98c0283f542a7.rlib" "/opt/rustwide/target/debug/deps/libsimplelog-8318daa1e5ae68fa.rlib" "/opt/rustwide/target/debug/deps/libchrono-97a28a02a14e9115.rlib" "/opt/rustwide/target/debug/deps/libnum_integer-f477f5b185c2647c.rlib" "/opt/rustwide/target/debug/deps/libtime-e4db6582c34ec43b.rlib" "/opt/rustwide/target/debug/deps/libterm-7da01ef9b0517717.rlib" "/opt/rustwide/target/debug/deps/libbyteorder-14ac30d7d509e1d5.rlib" "/opt/rustwide/target/debug/deps/liblog-4cf06ecf6c38c1e1.rlib" "/opt/rustwide/target/debug/deps/libserde_json-7cbf4331502f0860.rlib" "/opt/rustwide/target/debug/deps/libryu-b2aef7f28a5e5c6e.rlib" "/opt/rustwide/target/debug/deps/libitoa-444b0a805ffdc3aa.rlib" "/opt/rustwide/target/debug/deps/libitertools_num-2c1478b43e8f9007.rlib" "/opt/rustwide/target/debug/deps/libitertools-347fd7d28f3ea08a.rlib" "/opt/rustwide/target/debug/deps/libeither-e0906e5d291faf39.rlib" "/opt/rustwide/target/debug/deps/libfailure-1c984abcc2988ace.rlib" "/opt/rustwide/target/debug/deps/libbacktrace-0eec32dcd60ab0e8.rlib" "/opt/rustwide/target/debug/deps/libbacktrace_sys-6df5e1ce8881ca62.rlib" "/opt/rustwide/target/debug/deps/librustc_demangle-11628fb08218402f.rlib" "/opt/rustwide/target/debug/deps/libcsv-04669ebfc6b9ce34.rlib" "/opt/rustwide/target/debug/deps/libserde-93fb0dd557098855.rlib" "/opt/rustwide/target/debug/deps/libcsv_core-9e235ad2563d9cf4.rlib" "/opt/rustwide/target/debug/deps/libmemchr-e9daed3964cf2223.rlib" "/opt/rustwide/target/debug/deps/libcfg_if-2ab1ad450d416077.rlib" "/opt/rustwide/target/debug/deps/libcriterion_stats-f2b2a341bdb8c56b.rlib" "/opt/rustwide/target/debug/deps/libthread_scoped-a3a09b634cf5244d.rlib" "/opt/rustwide/target/debug/deps/librand-1c2f4a5305af5a8e.rlib" "/opt/rustwide/target/debug/deps/libnum_traits-adfc9bf3ccb4d92e.rlib" "/opt/rustwide/target/debug/deps/libnum_cpus-9c56153a91712d70.rlib" "/opt/rustwide/target/debug/deps/libcast-6f5b7b06550d2785.rlib" "/opt/rustwide/target/debug/deps/libclap-05ba31c7d226d3ca.rlib" "/opt/rustwide/target/debug/deps/libvec_map-cd453681522fdfd0.rlib" "/opt/rustwide/target/debug/deps/libtextwrap-daf23e15e139c4f5.rlib" "/opt/rustwide/target/debug/deps/libunicode_width-8a4232e2af8ac8dd.rlib" "/opt/rustwide/target/debug/deps/libstrsim-24c63a3971c7f095.rlib" "/opt/rustwide/target/debug/deps/libbitflags-9f971f9248a42c04.rlib" "/opt/rustwide/target/debug/deps/libansi_term-c26f08fd4ca88f9f.rlib" "/opt/rustwide/target/debug/deps/libatty-9eb204beb8a3324e.rlib" "/opt/rustwide/target/debug/deps/liblibc-11321be6a46afa65.rlib" "/opt/rustwide/rustup-home/toolchains/1.75.0-x86_64-unknown-linux-gnu/lib/rustlib/x86_64-unknown-linux-gnu/lib/libstd-90f6ddbf82de36ec.rlib" "/opt/rustwide/rustup-home/toolchains/1.75.0-x86_64-unknown-linux-gnu/lib/rustlib/x86_64-unknown-linux-gnu/lib/libpanic_unwind-480c41e9d4e1f677.rlib" "/opt/rustwide/rustup-home/toolchains/1.75.0-x86_64-unknown-linux-gnu/lib/rustlib/x86_64-unknown-linux-gnu/lib/libobject-db744c0ca03eed1d.rlib" "/opt/rustwide/rustup-home/toolchains/1.75.0-x86_64-unknown-linux-gnu/lib/rustlib/x86_64-unknown-linux-gnu/lib/libmemchr-8ba652dc7d4b285a.rlib" "/opt/rustwide/rustup-home/toolchains/1.75.0-x86_64-unknown-linux-gnu/lib/rustlib/x86_64-unknown-linux-gnu/lib/libaddr2line-d5f4520a9ebc0d58.rlib" "/opt/rustwide/rustup-home/toolchains/1.75.0-x86_64-unknown-linux-gnu/lib/rustlib/x86_64-unknown-linux-gnu/lib/libgimli-4ad84de58f0cb463.rlib" "/opt/rustwide/rustup-home/toolchains/1.75.0-x86_64-unknown-linux-gnu/lib/rustlib/x86_64-unknown-linux-gnu/lib/librustc_demangle-0d10aae2e0f38735.rlib" "/opt/rustwide/rustup-home/toolchains/1.75.0-x86_64-unknown-linux-gnu/lib/rustlib/x86_64-unknown-linux-gnu/lib/libstd_detect-0c17cff739e6745b.rlib" "/opt/rustwide/rustup-home/toolchains/1.75.0-x86_64-unknown-linux-gnu/lib/rustlib/x86_64-unknown-linux-gnu/lib/libhashbrown-b29e17139dde1aa8.rlib" "/opt/rustwide/rustup-home/toolchains/1.75.0-x86_64-unknown-linux-gnu/lib/rustlib/x86_64-unknown-linux-gnu/lib/librustc_std_workspace_alloc-1f975299829cc7bd.rlib" "/opt/rustwide/rustup-home/toolchains/1.75.0-x86_64-unknown-linux-gnu/lib/rustlib/x86_64-unknown-linux-gnu/lib/libminiz_oxide-86bae3bc3079f89b.rlib" "/opt/rustwide/rustup-home/toolchains/1.75.0-x86_64-unknown-linux-gnu/lib/rustlib/x86_64-unknown-linux-gnu/lib/libadler-321b82c30dffdf5f.rlib" "/opt/rustwide/rustup-home/toolchains/1.75.0-x86_64-unknown-linux-gnu/lib/rustlib/x86_64-unknown-linux-gnu/lib/libunwind-3dd8a6810a0bdfef.rlib" "/opt/rustwide/rustup-home/toolchains/1.75.0-x86_64-unknown-linux-gnu/lib/rustlib/x86_64-unknown-linux-gnu/lib/libcfg_if-eb39a61c0c879984.rlib" "/opt/rustwide/rustup-home/toolchains/1.75.0-x86_64-unknown-linux-gnu/lib/rustlib/x86_64-unknown-linux-gnu/lib/liblibc-aa769569f91c3548.rlib" "/opt/rustwide/rustup-home/toolchains/1.75.0-x86_64-unknown-linux-gnu/lib/rustlib/x86_64-unknown-linux-gnu/lib/liballoc-510a192a50a983ed.rlib" "/opt/rustwide/rustup-home/toolchains/1.75.0-x86_64-unknown-linux-gnu/lib/rustlib/x86_64-unknown-linux-gnu/lib/librustc_std_workspace_core-0577018320f99037.rlib" "/opt/rustwide/rustup-home/toolchains/1.75.0-x86_64-unknown-linux-gnu/lib/rustlib/x86_64-unknown-linux-gnu/lib/libcore-193cf992125ccd4c.rlib" "/opt/rustwide/rustup-home/toolchains/1.75.0-x86_64-unknown-linux-gnu/lib/rustlib/x86_64-unknown-linux-gnu/lib/libcompiler_builtins-8e138eaf26ebb4a8.rlib" "-Wl,-Bdynamic" "-lutil" "-lgcc_s" "-lutil" "-lrt" "-lpthread" "-lm" "-ldl" "-lc" "-Wl,--eh-frame-hdr" "-Wl,-z,noexecstack" "-L" "/opt/rustwide/rustup-home/toolchains/1.75.0-x86_64-unknown-linux-gnu/lib/rustlib/x86_64-unknown-linux-gnu/lib" "-o" "/opt/rustwide/target/debug/deps/day3_part1-79efea9dac6c0deb" "-Wl,--gc-sections" "-pie" "-Wl,-z,relro,-z,now" "-nodefaultlibs"
[INFO] [stdout]   = note: collect2: fatal error: ld terminated with signal 9 [Killed]
[INFO] [stdout]           compilation terminated.
[INFO] [stdout]           
[INFO] [stdout] 
[INFO] [stdout] 
[INFO] [stdout] error: aborting due to previous error
[INFO] [stdout] 
[INFO] [stdout] 
[INFO] [stderr] error: could not compile `AdventOfCode2018` (bin "day3_part1") due to 2 previous errors
[INFO] [stdout] warning: function `print_ownership_map` is never used
[INFO] [stdout]    --> src/bin/day6_part1.rs:124:4
[INFO] [stdout]     |
[INFO] [stdout] 124 | fn print_ownership_map(points: &Vec<Point>) {
[INFO] [stdout]     |    ^^^^^^^^^^^^^^^^^^^
[INFO] [stdout]     |
[INFO] [stdout]     = note: `#[warn(dead_code)]` on by default
[INFO] [stdout] 
[INFO] [stdout] 
[INFO] [stdout] error: linking with `cc` failed: exit status: 1
[INFO] [stdout]   |
[INFO] [stdout]   = note: LC_ALL="C" PATH="/opt/rustwide/rustup-home/toolchains/1.75.0-x86_64-unknown-linux-gnu/lib/rustlib/x86_64-unknown-linux-gnu/bin:/opt/rustwide/cargo-home/bin:/usr/local/sbin:/usr/local/bin:/usr/sbin:/usr/bin:/sbin:/bin" VSLANG="1033" "cc" "-m64" "/tmp/rustcYjuNbY/symbols.o" "/opt/rustwide/target/debug/deps/day6_part2-4a503fcdf33140f7.day6_part2.7eb74363087eea0f-cgu.0.rcgu.o" "/opt/rustwide/target/debug/deps/day6_part2-4a503fcdf33140f7.day6_part2.7eb74363087eea0f-cgu.1.rcgu.o" "/opt/rustwide/target/debug/deps/day6_part2-4a503fcdf33140f7.1eb6d4d0j2d9bfy.rcgu.o" "-Wl,--as-needed" "-L" "/opt/rustwide/target/debug/deps" "-L" "/opt/rustwide/target/debug/build/backtrace-sys-a425088843b8e8cc/out" "-L" "/opt/rustwide/rustup-home/toolchains/1.75.0-x86_64-unknown-linux-gnu/lib/rustlib/x86_64-unknown-linux-gnu/lib" "-Wl,-Bstatic" "/opt/rustwide/target/debug/deps/libcriterion-742272c167004a1b.rlib" "/opt/rustwide/target/debug/deps/libhandlebars-45c3976f35cdf59c.rlib" "/opt/rustwide/target/debug/deps/libregex-dbffec5fd4e24f44.rlib" "/opt/rustwide/target/debug/deps/libutf8_ranges-0a1987740a462c77.rlib" "/opt/rustwide/target/debug/deps/libregex_syntax-68207671ff1bd161.rlib" "/opt/rustwide/target/debug/deps/libucd_util-b6a577004ae2c993.rlib" "/opt/rustwide/target/debug/deps/libthread_local-6ac36aee7b036bc7.rlib" "/opt/rustwide/target/debug/deps/libaho_corasick-8fbc4d3ff98be95d.rlib" "/opt/rustwide/target/debug/deps/libquick_error-7252ef3b6312d9d6.rlib" "/opt/rustwide/target/debug/deps/libpest-f7f99fc0cabbda42.rlib" "/opt/rustwide/target/debug/deps/liblazy_static-a0c3ff5f641b43db.rlib" "/opt/rustwide/target/debug/deps/libcriterion_plot-bc2454255e813e5d.rlib" "/opt/rustwide/target/debug/deps/libwalkdir-397856ab4a3543b4.rlib" "/opt/rustwide/target/debug/deps/libsame_file-20d98c0283f542a7.rlib" "/opt/rustwide/target/debug/deps/libsimplelog-8318daa1e5ae68fa.rlib" "/opt/rustwide/target/debug/deps/libchrono-97a28a02a14e9115.rlib" "/opt/rustwide/target/debug/deps/libnum_integer-f477f5b185c2647c.rlib" "/opt/rustwide/target/debug/deps/libtime-e4db6582c34ec43b.rlib" "/opt/rustwide/target/debug/deps/libterm-7da01ef9b0517717.rlib" "/opt/rustwide/target/debug/deps/libbyteorder-14ac30d7d509e1d5.rlib" "/opt/rustwide/target/debug/deps/liblog-4cf06ecf6c38c1e1.rlib" "/opt/rustwide/target/debug/deps/libserde_json-7cbf4331502f0860.rlib" "/opt/rustwide/target/debug/deps/libryu-b2aef7f28a5e5c6e.rlib" "/opt/rustwide/target/debug/deps/libitoa-444b0a805ffdc3aa.rlib" "/opt/rustwide/target/debug/deps/libitertools_num-2c1478b43e8f9007.rlib" "/opt/rustwide/target/debug/deps/libitertools-347fd7d28f3ea08a.rlib" "/opt/rustwide/target/debug/deps/libfailure-1c984abcc2988ace.rlib" "/opt/rustwide/target/debug/deps/libbacktrace-0eec32dcd60ab0e8.rlib" "/opt/rustwide/target/debug/deps/libbacktrace_sys-6df5e1ce8881ca62.rlib" "/opt/rustwide/target/debug/deps/librustc_demangle-11628fb08218402f.rlib" "/opt/rustwide/target/debug/deps/libcsv-04669ebfc6b9ce34.rlib" "/opt/rustwide/target/debug/deps/libserde-93fb0dd557098855.rlib" "/opt/rustwide/target/debug/deps/libcsv_core-9e235ad2563d9cf4.rlib" "/opt/rustwide/target/debug/deps/libmemchr-e9daed3964cf2223.rlib" "/opt/rustwide/target/debug/deps/libcfg_if-2ab1ad450d416077.rlib" "/opt/rustwide/target/debug/deps/libcriterion_stats-f2b2a341bdb8c56b.rlib" "/opt/rustwide/target/debug/deps/libthread_scoped-a3a09b634cf5244d.rlib" "/opt/rustwide/target/debug/deps/librand-1c2f4a5305af5a8e.rlib" "/opt/rustwide/target/debug/deps/libnum_traits-adfc9bf3ccb4d92e.rlib" "/opt/rustwide/target/debug/deps/libnum_cpus-9c56153a91712d70.rlib" "/opt/rustwide/target/debug/deps/libcast-6f5b7b06550d2785.rlib" "/opt/rustwide/target/debug/deps/libclap-05ba31c7d226d3ca.rlib" "/opt/rustwide/target/debug/deps/libvec_map-cd453681522fdfd0.rlib" "/opt/rustwide/target/debug/deps/libtextwrap-daf23e15e139c4f5.rlib" "/opt/rustwide/target/debug/deps/libunicode_width-8a4232e2af8ac8dd.rlib" "/opt/rustwide/target/debug/deps/libstrsim-24c63a3971c7f095.rlib" "/opt/rustwide/target/debug/deps/libbitflags-9f971f9248a42c04.rlib" "/opt/rustwide/target/debug/deps/libansi_term-c26f08fd4ca88f9f.rlib" "/opt/rustwide/target/debug/deps/libatty-9eb204beb8a3324e.rlib" "/opt/rustwide/target/debug/deps/liblibc-11321be6a46afa65.rlib" "/opt/rustwide/target/debug/deps/libitertools-4c2c3f0b8d36d41b.rlib" "/opt/rustwide/target/debug/deps/libeither-e0906e5d291faf39.rlib" "/opt/rustwide/rustup-home/toolchains/1.75.0-x86_64-unknown-linux-gnu/lib/rustlib/x86_64-unknown-linux-gnu/lib/libstd-90f6ddbf82de36ec.rlib" "/opt/rustwide/rustup-home/toolchains/1.75.0-x86_64-unknown-linux-gnu/lib/rustlib/x86_64-unknown-linux-gnu/lib/libpanic_unwind-480c41e9d4e1f677.rlib" "/opt/rustwide/rustup-home/toolchains/1.75.0-x86_64-unknown-linux-gnu/lib/rustlib/x86_64-unknown-linux-gnu/lib/libobject-db744c0ca03eed1d.rlib" "/opt/rustwide/rustup-home/toolchains/1.75.0-x86_64-unknown-linux-gnu/lib/rustlib/x86_64-unknown-linux-gnu/lib/libmemchr-8ba652dc7d4b285a.rlib" "/opt/rustwide/rustup-home/toolchains/1.75.0-x86_64-unknown-linux-gnu/lib/rustlib/x86_64-unknown-linux-gnu/lib/libaddr2line-d5f4520a9ebc0d58.rlib" "/opt/rustwide/rustup-home/toolchains/1.75.0-x86_64-unknown-linux-gnu/lib/rustlib/x86_64-unknown-linux-gnu/lib/libgimli-4ad84de58f0cb463.rlib" "/opt/rustwide/rustup-home/toolchains/1.75.0-x86_64-unknown-linux-gnu/lib/rustlib/x86_64-unknown-linux-gnu/lib/librustc_demangle-0d10aae2e0f38735.rlib" "/opt/rustwide/rustup-home/toolchains/1.75.0-x86_64-unknown-linux-gnu/lib/rustlib/x86_64-unknown-linux-gnu/lib/libstd_detect-0c17cff739e6745b.rlib" "/opt/rustwide/rustup-home/toolchains/1.75.0-x86_64-unknown-linux-gnu/lib/rustlib/x86_64-unknown-linux-gnu/lib/libhashbrown-b29e17139dde1aa8.rlib" "/opt/rustwide/rustup-home/toolchains/1.75.0-x86_64-unknown-linux-gnu/lib/rustlib/x86_64-unknown-linux-gnu/lib/librustc_std_workspace_alloc-1f975299829cc7bd.rlib" "/opt/rustwide/rustup-home/toolchains/1.75.0-x86_64-unknown-linux-gnu/lib/rustlib/x86_64-unknown-linux-gnu/lib/libminiz_oxide-86bae3bc3079f89b.rlib" "/opt/rustwide/rustup-home/toolchains/1.75.0-x86_64-unknown-linux-gnu/lib/rustlib/x86_64-unknown-linux-gnu/lib/libadler-321b82c30dffdf5f.rlib" "/opt/rustwide/rustup-home/toolchains/1.75.0-x86_64-unknown-linux-gnu/lib/rustlib/x86_64-unknown-linux-gnu/lib/libunwind-3dd8a6810a0bdfef.rlib" "/opt/rustwide/rustup-home/toolchains/1.75.0-x86_64-unknown-linux-gnu/lib/rustlib/x86_64-unknown-linux-gnu/lib/libcfg_if-eb39a61c0c879984.rlib" "/opt/rustwide/rustup-home/toolchains/1.75.0-x86_64-unknown-linux-gnu/lib/rustlib/x86_64-unknown-linux-gnu/lib/liblibc-aa769569f91c3548.rlib" "/opt/rustwide/rustup-home/toolchains/1.75.0-x86_64-unknown-linux-gnu/lib/rustlib/x86_64-unknown-linux-gnu/lib/liballoc-510a192a50a983ed.rlib" "/opt/rustwide/rustup-home/toolchains/1.75.0-x86_64-unknown-linux-gnu/lib/rustlib/x86_64-unknown-linux-gnu/lib/librustc_std_workspace_core-0577018320f99037.rlib" "/opt/rustwide/rustup-home/toolchains/1.75.0-x86_64-unknown-linux-gnu/lib/rustlib/x86_64-unknown-linux-gnu/lib/libcore-193cf992125ccd4c.rlib" "/opt/rustwide/rustup-home/toolchains/1.75.0-x86_64-unknown-linux-gnu/lib/rustlib/x86_64-unknown-linux-gnu/lib/libcompiler_builtins-8e138eaf26ebb4a8.rlib" "-Wl,-Bdynamic" "-lutil" "-lgcc_s" "-lutil" "-lrt" "-lpthread" "-lm" "-ldl" "-lc" "-Wl,--eh-frame-hdr" "-Wl,-z,noexecstack" "-L" "/opt/rustwide/rustup-home/toolchains/1.75.0-x86_64-unknown-linux-gnu/lib/rustlib/x86_64-unknown-linux-gnu/lib" "-o" "/opt/rustwide/target/debug/deps/day6_part2-4a503fcdf33140f7" "-Wl,--gc-sections" "-pie" "-Wl,-z,relro,-z,now" "-nodefaultlibs"
[INFO] [stdout]   = note: collect2: fatal error: ld terminated with signal 9 [Killed]
[INFO] [stdout]           compilation terminated.
[INFO] [stdout]           
[INFO] [stdout] 
[INFO] [stdout] 
[INFO] [stdout] error: aborting due to previous error
[INFO] [stdout] 
[INFO] [stdout] 
[INFO] [stderr] error: could not compile `AdventOfCode2018` (bin "day6_part2") due to 2 previous errors
[INFO] [stdout] error: linking with `cc` failed: exit status: 1
[INFO] [stdout]   |
[INFO] [stdout]   = note: LC_ALL="C" PATH="/opt/rustwide/rustup-home/toolchains/1.75.0-x86_64-unknown-linux-gnu/lib/rustlib/x86_64-unknown-linux-gnu/bin:/opt/rustwide/cargo-home/bin:/usr/local/sbin:/usr/local/bin:/usr/sbin:/usr/bin:/sbin:/bin" VSLANG="1033" "cc" "-m64" "/tmp/rustcGu5iF9/symbols.o" "/opt/rustwide/target/debug/deps/day11_part1_v3-c1d0550a030aeece.day11_part1_v3.2eb7d9e5e4db00ac-cgu.0.rcgu.o" "/opt/rustwide/target/debug/deps/day11_part1_v3-c1d0550a030aeece.23piq74q9s5nknw.rcgu.o" "-Wl,--as-needed" "-L" "/opt/rustwide/target/debug/deps" "-L" "/opt/rustwide/target/debug/build/backtrace-sys-a425088843b8e8cc/out" "-L" "/opt/rustwide/rustup-home/toolchains/1.75.0-x86_64-unknown-linux-gnu/lib/rustlib/x86_64-unknown-linux-gnu/lib" "-Wl,-Bstatic" "/opt/rustwide/target/debug/deps/libcriterion-742272c167004a1b.rlib" "/opt/rustwide/target/debug/deps/libhandlebars-45c3976f35cdf59c.rlib" "/opt/rustwide/target/debug/deps/libregex-dbffec5fd4e24f44.rlib" "/opt/rustwide/target/debug/deps/libutf8_ranges-0a1987740a462c77.rlib" "/opt/rustwide/target/debug/deps/libregex_syntax-68207671ff1bd161.rlib" "/opt/rustwide/target/debug/deps/libucd_util-b6a577004ae2c993.rlib" "/opt/rustwide/target/debug/deps/libthread_local-6ac36aee7b036bc7.rlib" "/opt/rustwide/target/debug/deps/libaho_corasick-8fbc4d3ff98be95d.rlib" "/opt/rustwide/target/debug/deps/libquick_error-7252ef3b6312d9d6.rlib" "/opt/rustwide/target/debug/deps/libpest-f7f99fc0cabbda42.rlib" "/opt/rustwide/target/debug/deps/liblazy_static-a0c3ff5f641b43db.rlib" "/opt/rustwide/target/debug/deps/libcriterion_plot-bc2454255e813e5d.rlib" "/opt/rustwide/target/debug/deps/libwalkdir-397856ab4a3543b4.rlib" "/opt/rustwide/target/debug/deps/libsame_file-20d98c0283f542a7.rlib" "/opt/rustwide/target/debug/deps/libsimplelog-8318daa1e5ae68fa.rlib" "/opt/rustwide/target/debug/deps/libchrono-97a28a02a14e9115.rlib" "/opt/rustwide/target/debug/deps/libnum_integer-f477f5b185c2647c.rlib" "/opt/rustwide/target/debug/deps/libtime-e4db6582c34ec43b.rlib" "/opt/rustwide/target/debug/deps/libterm-7da01ef9b0517717.rlib" "/opt/rustwide/target/debug/deps/libbyteorder-14ac30d7d509e1d5.rlib" "/opt/rustwide/target/debug/deps/liblog-4cf06ecf6c38c1e1.rlib" "/opt/rustwide/target/debug/deps/libserde_json-7cbf4331502f0860.rlib" "/opt/rustwide/target/debug/deps/libryu-b2aef7f28a5e5c6e.rlib" "/opt/rustwide/target/debug/deps/libitoa-444b0a805ffdc3aa.rlib" "/opt/rustwide/target/debug/deps/libitertools_num-2c1478b43e8f9007.rlib" "/opt/rustwide/target/debug/deps/libitertools-347fd7d28f3ea08a.rlib" "/opt/rustwide/target/debug/deps/libeither-e0906e5d291faf39.rlib" "/opt/rustwide/target/debug/deps/libfailure-1c984abcc2988ace.rlib" "/opt/rustwide/target/debug/deps/libbacktrace-0eec32dcd60ab0e8.rlib" "/opt/rustwide/target/debug/deps/libbacktrace_sys-6df5e1ce8881ca62.rlib" "/opt/rustwide/target/debug/deps/librustc_demangle-11628fb08218402f.rlib" "/opt/rustwide/target/debug/deps/libcsv-04669ebfc6b9ce34.rlib" "/opt/rustwide/target/debug/deps/libserde-93fb0dd557098855.rlib" "/opt/rustwide/target/debug/deps/libcsv_core-9e235ad2563d9cf4.rlib" "/opt/rustwide/target/debug/deps/libmemchr-e9daed3964cf2223.rlib" "/opt/rustwide/target/debug/deps/libcfg_if-2ab1ad450d416077.rlib" "/opt/rustwide/target/debug/deps/libcriterion_stats-f2b2a341bdb8c56b.rlib" "/opt/rustwide/target/debug/deps/libthread_scoped-a3a09b634cf5244d.rlib" "/opt/rustwide/target/debug/deps/librand-1c2f4a5305af5a8e.rlib" "/opt/rustwide/target/debug/deps/libnum_traits-adfc9bf3ccb4d92e.rlib" "/opt/rustwide/target/debug/deps/libnum_cpus-9c56153a91712d70.rlib" "/opt/rustwide/target/debug/deps/libcast-6f5b7b06550d2785.rlib" "/opt/rustwide/target/debug/deps/libclap-05ba31c7d226d3ca.rlib" "/opt/rustwide/target/debug/deps/libvec_map-cd453681522fdfd0.rlib" "/opt/rustwide/target/debug/deps/libtextwrap-daf23e15e139c4f5.rlib" "/opt/rustwide/target/debug/deps/libunicode_width-8a4232e2af8ac8dd.rlib" "/opt/rustwide/target/debug/deps/libstrsim-24c63a3971c7f095.rlib" "/opt/rustwide/target/debug/deps/libbitflags-9f971f9248a42c04.rlib" "/opt/rustwide/target/debug/deps/libansi_term-c26f08fd4ca88f9f.rlib" "/opt/rustwide/target/debug/deps/libatty-9eb204beb8a3324e.rlib" "/opt/rustwide/target/debug/deps/liblibc-11321be6a46afa65.rlib" "/opt/rustwide/rustup-home/toolchains/1.75.0-x86_64-unknown-linux-gnu/lib/rustlib/x86_64-unknown-linux-gnu/lib/libstd-90f6ddbf82de36ec.rlib" "/opt/rustwide/rustup-home/toolchains/1.75.0-x86_64-unknown-linux-gnu/lib/rustlib/x86_64-unknown-linux-gnu/lib/libpanic_unwind-480c41e9d4e1f677.rlib" "/opt/rustwide/rustup-home/toolchains/1.75.0-x86_64-unknown-linux-gnu/lib/rustlib/x86_64-unknown-linux-gnu/lib/libobject-db744c0ca03eed1d.rlib" "/opt/rustwide/rustup-home/toolchains/1.75.0-x86_64-unknown-linux-gnu/lib/rustlib/x86_64-unknown-linux-gnu/lib/libmemchr-8ba652dc7d4b285a.rlib" "/opt/rustwide/rustup-home/toolchains/1.75.0-x86_64-unknown-linux-gnu/lib/rustlib/x86_64-unknown-linux-gnu/lib/libaddr2line-d5f4520a9ebc0d58.rlib" "/opt/rustwide/rustup-home/toolchains/1.75.0-x86_64-unknown-linux-gnu/lib/rustlib/x86_64-unknown-linux-gnu/lib/libgimli-4ad84de58f0cb463.rlib" "/opt/rustwide/rustup-home/toolchains/1.75.0-x86_64-unknown-linux-gnu/lib/rustlib/x86_64-unknown-linux-gnu/lib/librustc_demangle-0d10aae2e0f38735.rlib" "/opt/rustwide/rustup-home/toolchains/1.75.0-x86_64-unknown-linux-gnu/lib/rustlib/x86_64-unknown-linux-gnu/lib/libstd_detect-0c17cff739e6745b.rlib" "/opt/rustwide/rustup-home/toolchains/1.75.0-x86_64-unknown-linux-gnu/lib/rustlib/x86_64-unknown-linux-gnu/lib/libhashbrown-b29e17139dde1aa8.rlib" "/opt/rustwide/rustup-home/toolchains/1.75.0-x86_64-unknown-linux-gnu/lib/rustlib/x86_64-unknown-linux-gnu/lib/librustc_std_workspace_alloc-1f975299829cc7bd.rlib" "/opt/rustwide/rustup-home/toolchains/1.75.0-x86_64-unknown-linux-gnu/lib/rustlib/x86_64-unknown-linux-gnu/lib/libminiz_oxide-86bae3bc3079f89b.rlib" "/opt/rustwide/rustup-home/toolchains/1.75.0-x86_64-unknown-linux-gnu/lib/rustlib/x86_64-unknown-linux-gnu/lib/libadler-321b82c30dffdf5f.rlib" "/opt/rustwide/rustup-home/toolchains/1.75.0-x86_64-unknown-linux-gnu/lib/rustlib/x86_64-unknown-linux-gnu/lib/libunwind-3dd8a6810a0bdfef.rlib" "/opt/rustwide/rustup-home/toolchains/1.75.0-x86_64-unknown-linux-gnu/lib/rustlib/x86_64-unknown-linux-gnu/lib/libcfg_if-eb39a61c0c879984.rlib" "/opt/rustwide/rustup-home/toolchains/1.75.0-x86_64-unknown-linux-gnu/lib/rustlib/x86_64-unknown-linux-gnu/lib/liblibc-aa769569f91c3548.rlib" "/opt/rustwide/rustup-home/toolchains/1.75.0-x86_64-unknown-linux-gnu/lib/rustlib/x86_64-unknown-linux-gnu/lib/liballoc-510a192a50a983ed.rlib" "/opt/rustwide/rustup-home/toolchains/1.75.0-x86_64-unknown-linux-gnu/lib/rustlib/x86_64-unknown-linux-gnu/lib/librustc_std_workspace_core-0577018320f99037.rlib" "/opt/rustwide/rustup-home/toolchains/1.75.0-x86_64-unknown-linux-gnu/lib/rustlib/x86_64-unknown-linux-gnu/lib/libcore-193cf992125ccd4c.rlib" "/opt/rustwide/rustup-home/toolchains/1.75.0-x86_64-unknown-linux-gnu/lib/rustlib/x86_64-unknown-linux-gnu/lib/libcompiler_builtins-8e138eaf26ebb4a8.rlib" "-Wl,-Bdynamic" "-lutil" "-lgcc_s" "-lutil" "-lrt" "-lpthread" "-lm" "-ldl" "-lc" "-Wl,--eh-frame-hdr" "-Wl,-z,noexecstack" "-L" "/opt/rustwide/rustup-home/toolchains/1.75.0-x86_64-unknown-linux-gnu/lib/rustlib/x86_64-unknown-linux-gnu/lib" "-o" "/opt/rustwide/target/debug/deps/day11_part1_v3-c1d0550a030aeece" "-Wl,--gc-sections" "-pie" "-Wl,-z,relro,-z,now" "-nodefaultlibs"
[INFO] [stdout]   = note: collect2: fatal error: ld terminated with signal 9 [Killed]
[INFO] [stdout]           compilation terminated.
[INFO] [stdout]           
[INFO] [stdout] 
[INFO] [stdout] 
[INFO] [stdout] error: aborting due to previous error
[INFO] [stdout] 
[INFO] [stdout] 
[INFO] [stderr] error: could not compile `AdventOfCode2018` (bin "day11_part1_v3") due to 2 previous errors
[INFO] [stdout] error: linking with `cc` failed: exit status: 1
[INFO] [stdout]   |
[INFO] [stdout]   = note: LC_ALL="C" PATH="/opt/rustwide/rustup-home/toolchains/1.75.0-x86_64-unknown-linux-gnu/lib/rustlib/x86_64-unknown-linux-gnu/bin:/opt/rustwide/cargo-home/bin:/usr/local/sbin:/usr/local/bin:/usr/sbin:/usr/bin:/sbin:/bin" VSLANG="1033" "cc" "-m64" "/tmp/rustcqcKLh9/symbols.o" "/opt/rustwide/target/debug/deps/day9_part1_part2-b6049bf9fc9845d0.day9_part1_part2.24fef9b9834c3dbf-cgu.0.rcgu.o" "/opt/rustwide/target/debug/deps/day9_part1_part2-b6049bf9fc9845d0.2dgmthn6h8rh4sdt.rcgu.o" "-Wl,--as-needed" "-L" "/opt/rustwide/target/debug/deps" "-L" "/opt/rustwide/target/debug/build/backtrace-sys-a425088843b8e8cc/out" "-L" "/opt/rustwide/rustup-home/toolchains/1.75.0-x86_64-unknown-linux-gnu/lib/rustlib/x86_64-unknown-linux-gnu/lib" "-Wl,-Bstatic" "/opt/rustwide/target/debug/deps/libcriterion-742272c167004a1b.rlib" "/opt/rustwide/target/debug/deps/libhandlebars-45c3976f35cdf59c.rlib" "/opt/rustwide/target/debug/deps/libregex-dbffec5fd4e24f44.rlib" "/opt/rustwide/target/debug/deps/libutf8_ranges-0a1987740a462c77.rlib" "/opt/rustwide/target/debug/deps/libregex_syntax-68207671ff1bd161.rlib" "/opt/rustwide/target/debug/deps/libucd_util-b6a577004ae2c993.rlib" "/opt/rustwide/target/debug/deps/libthread_local-6ac36aee7b036bc7.rlib" "/opt/rustwide/target/debug/deps/libaho_corasick-8fbc4d3ff98be95d.rlib" "/opt/rustwide/target/debug/deps/libquick_error-7252ef3b6312d9d6.rlib" "/opt/rustwide/target/debug/deps/libpest-f7f99fc0cabbda42.rlib" "/opt/rustwide/target/debug/deps/liblazy_static-a0c3ff5f641b43db.rlib" "/opt/rustwide/target/debug/deps/libcriterion_plot-bc2454255e813e5d.rlib" "/opt/rustwide/target/debug/deps/libwalkdir-397856ab4a3543b4.rlib" "/opt/rustwide/target/debug/deps/libsame_file-20d98c0283f542a7.rlib" "/opt/rustwide/target/debug/deps/libsimplelog-8318daa1e5ae68fa.rlib" "/opt/rustwide/target/debug/deps/libchrono-97a28a02a14e9115.rlib" "/opt/rustwide/target/debug/deps/libnum_integer-f477f5b185c2647c.rlib" "/opt/rustwide/target/debug/deps/libtime-e4db6582c34ec43b.rlib" "/opt/rustwide/target/debug/deps/libterm-7da01ef9b0517717.rlib" "/opt/rustwide/target/debug/deps/libbyteorder-14ac30d7d509e1d5.rlib" "/opt/rustwide/target/debug/deps/liblog-4cf06ecf6c38c1e1.rlib" "/opt/rustwide/target/debug/deps/libserde_json-7cbf4331502f0860.rlib" "/opt/rustwide/target/debug/deps/libryu-b2aef7f28a5e5c6e.rlib" "/opt/rustwide/target/debug/deps/libitoa-444b0a805ffdc3aa.rlib" "/opt/rustwide/target/debug/deps/libitertools_num-2c1478b43e8f9007.rlib" "/opt/rustwide/target/debug/deps/libitertools-347fd7d28f3ea08a.rlib" "/opt/rustwide/target/debug/deps/libeither-e0906e5d291faf39.rlib" "/opt/rustwide/target/debug/deps/libfailure-1c984abcc2988ace.rlib" "/opt/rustwide/target/debug/deps/libbacktrace-0eec32dcd60ab0e8.rlib" "/opt/rustwide/target/debug/deps/libbacktrace_sys-6df5e1ce8881ca62.rlib" "/opt/rustwide/target/debug/deps/librustc_demangle-11628fb08218402f.rlib" "/opt/rustwide/target/debug/deps/libcsv-04669ebfc6b9ce34.rlib" "/opt/rustwide/target/debug/deps/libserde-93fb0dd557098855.rlib" "/opt/rustwide/target/debug/deps/libcsv_core-9e235ad2563d9cf4.rlib" "/opt/rustwide/target/debug/deps/libmemchr-e9daed3964cf2223.rlib" "/opt/rustwide/target/debug/deps/libcfg_if-2ab1ad450d416077.rlib" "/opt/rustwide/target/debug/deps/libcriterion_stats-f2b2a341bdb8c56b.rlib" "/opt/rustwide/target/debug/deps/libthread_scoped-a3a09b634cf5244d.rlib" "/opt/rustwide/target/debug/deps/librand-1c2f4a5305af5a8e.rlib" "/opt/rustwide/target/debug/deps/libnum_traits-adfc9bf3ccb4d92e.rlib" "/opt/rustwide/target/debug/deps/libnum_cpus-9c56153a91712d70.rlib" "/opt/rustwide/target/debug/deps/libcast-6f5b7b06550d2785.rlib" "/opt/rustwide/target/debug/deps/libclap-05ba31c7d226d3ca.rlib" "/opt/rustwide/target/debug/deps/libvec_map-cd453681522fdfd0.rlib" "/opt/rustwide/target/debug/deps/libtextwrap-daf23e15e139c4f5.rlib" "/opt/rustwide/target/debug/deps/libunicode_width-8a4232e2af8ac8dd.rlib" "/opt/rustwide/target/debug/deps/libstrsim-24c63a3971c7f095.rlib" "/opt/rustwide/target/debug/deps/libbitflags-9f971f9248a42c04.rlib" "/opt/rustwide/target/debug/deps/libansi_term-c26f08fd4ca88f9f.rlib" "/opt/rustwide/target/debug/deps/libatty-9eb204beb8a3324e.rlib" "/opt/rustwide/target/debug/deps/liblibc-11321be6a46afa65.rlib" "/opt/rustwide/rustup-home/toolchains/1.75.0-x86_64-unknown-linux-gnu/lib/rustlib/x86_64-unknown-linux-gnu/lib/libstd-90f6ddbf82de36ec.rlib" "/opt/rustwide/rustup-home/toolchains/1.75.0-x86_64-unknown-linux-gnu/lib/rustlib/x86_64-unknown-linux-gnu/lib/libpanic_unwind-480c41e9d4e1f677.rlib" "/opt/rustwide/rustup-home/toolchains/1.75.0-x86_64-unknown-linux-gnu/lib/rustlib/x86_64-unknown-linux-gnu/lib/libobject-db744c0ca03eed1d.rlib" "/opt/rustwide/rustup-home/toolchains/1.75.0-x86_64-unknown-linux-gnu/lib/rustlib/x86_64-unknown-linux-gnu/lib/libmemchr-8ba652dc7d4b285a.rlib" "/opt/rustwide/rustup-home/toolchains/1.75.0-x86_64-unknown-linux-gnu/lib/rustlib/x86_64-unknown-linux-gnu/lib/libaddr2line-d5f4520a9ebc0d58.rlib" "/opt/rustwide/rustup-home/toolchains/1.75.0-x86_64-unknown-linux-gnu/lib/rustlib/x86_64-unknown-linux-gnu/lib/libgimli-4ad84de58f0cb463.rlib" "/opt/rustwide/rustup-home/toolchains/1.75.0-x86_64-unknown-linux-gnu/lib/rustlib/x86_64-unknown-linux-gnu/lib/librustc_demangle-0d10aae2e0f38735.rlib" "/opt/rustwide/rustup-home/toolchains/1.75.0-x86_64-unknown-linux-gnu/lib/rustlib/x86_64-unknown-linux-gnu/lib/libstd_detect-0c17cff739e6745b.rlib" "/opt/rustwide/rustup-home/toolchains/1.75.0-x86_64-unknown-linux-gnu/lib/rustlib/x86_64-unknown-linux-gnu/lib/libhashbrown-b29e17139dde1aa8.rlib" "/opt/rustwide/rustup-home/toolchains/1.75.0-x86_64-unknown-linux-gnu/lib/rustlib/x86_64-unknown-linux-gnu/lib/librustc_std_workspace_alloc-1f975299829cc7bd.rlib" "/opt/rustwide/rustup-home/toolchains/1.75.0-x86_64-unknown-linux-gnu/lib/rustlib/x86_64-unknown-linux-gnu/lib/libminiz_oxide-86bae3bc3079f89b.rlib" "/opt/rustwide/rustup-home/toolchains/1.75.0-x86_64-unknown-linux-gnu/lib/rustlib/x86_64-unknown-linux-gnu/lib/libadler-321b82c30dffdf5f.rlib" "/opt/rustwide/rustup-home/toolchains/1.75.0-x86_64-unknown-linux-gnu/lib/rustlib/x86_64-unknown-linux-gnu/lib/libunwind-3dd8a6810a0bdfef.rlib" "/opt/rustwide/rustup-home/toolchains/1.75.0-x86_64-unknown-linux-gnu/lib/rustlib/x86_64-unknown-linux-gnu/lib/libcfg_if-eb39a61c0c879984.rlib" "/opt/rustwide/rustup-home/toolchains/1.75.0-x86_64-unknown-linux-gnu/lib/rustlib/x86_64-unknown-linux-gnu/lib/liblibc-aa769569f91c3548.rlib" "/opt/rustwide/rustup-home/toolchains/1.75.0-x86_64-unknown-linux-gnu/lib/rustlib/x86_64-unknown-linux-gnu/lib/liballoc-510a192a50a983ed.rlib" "/opt/rustwide/rustup-home/toolchains/1.75.0-x86_64-unknown-linux-gnu/lib/rustlib/x86_64-unknown-linux-gnu/lib/librustc_std_workspace_core-0577018320f99037.rlib" "/opt/rustwide/rustup-home/toolchains/1.75.0-x86_64-unknown-linux-gnu/lib/rustlib/x86_64-unknown-linux-gnu/lib/libcore-193cf992125ccd4c.rlib" "/opt/rustwide/rustup-home/toolchains/1.75.0-x86_64-unknown-linux-gnu/lib/rustlib/x86_64-unknown-linux-gnu/lib/libcompiler_builtins-8e138eaf26ebb4a8.rlib" "-Wl,-Bdynamic" "-lutil" "-lgcc_s" "-lutil" "-lrt" "-lpthread" "-lm" "-ldl" "-lc" "-Wl,--eh-frame-hdr" "-Wl,-z,noexecstack" "-L" "/opt/rustwide/rustup-home/toolchains/1.75.0-x86_64-unknown-linux-gnu/lib/rustlib/x86_64-unknown-linux-gnu/lib" "-o" "/opt/rustwide/target/debug/deps/day9_part1_part2-b6049bf9fc9845d0" "-Wl,--gc-sections" "-pie" "-Wl,-z,relro,-z,now" "-nodefaultlibs"
[INFO] [stdout]   = note: collect2: fatal error: ld terminated with signal 9 [Killed]
[INFO] [stdout]           compilation terminated.
[INFO] [stdout]           
[INFO] [stdout] 
[INFO] [stdout] 
[INFO] [stdout] error: aborting due to previous error
[INFO] [stdout] 
[INFO] [stdout] 
[INFO] [stderr] error: could not compile `AdventOfCode2018` (bin "day9_part1_part2") due to 2 previous errors
[INFO] [stdout] error: linking with `cc` failed: exit status: 1
[INFO] [stdout]   |
[INFO] [stdout]   = note: LC_ALL="C" PATH="/opt/rustwide/rustup-home/toolchains/1.75.0-x86_64-unknown-linux-gnu/lib/rustlib/x86_64-unknown-linux-gnu/bin:/opt/rustwide/cargo-home/bin:/usr/local/sbin:/usr/local/bin:/usr/sbin:/usr/bin:/sbin:/bin" VSLANG="1033" "cc" "-m64" "/tmp/rustcTkEIsw/symbols.o" "/opt/rustwide/target/debug/deps/day12_part1-8e347167df0b0748.day12_part1.67de1fec6329a914-cgu.0.rcgu.o" "/opt/rustwide/target/debug/deps/day12_part1-8e347167df0b0748.day12_part1.67de1fec6329a914-cgu.1.rcgu.o" "/opt/rustwide/target/debug/deps/day12_part1-8e347167df0b0748.3xyqc5tzaxjftvm.rcgu.o" "-Wl,--as-needed" "-L" "/opt/rustwide/target/debug/deps" "-L" "/opt/rustwide/target/debug/build/backtrace-sys-a425088843b8e8cc/out" "-L" "/opt/rustwide/rustup-home/toolchains/1.75.0-x86_64-unknown-linux-gnu/lib/rustlib/x86_64-unknown-linux-gnu/lib" "-Wl,-Bstatic" "/opt/rustwide/target/debug/deps/libcriterion-742272c167004a1b.rlib" "/opt/rustwide/target/debug/deps/libhandlebars-45c3976f35cdf59c.rlib" "/opt/rustwide/target/debug/deps/libregex-dbffec5fd4e24f44.rlib" "/opt/rustwide/target/debug/deps/libutf8_ranges-0a1987740a462c77.rlib" "/opt/rustwide/target/debug/deps/libregex_syntax-68207671ff1bd161.rlib" "/opt/rustwide/target/debug/deps/libucd_util-b6a577004ae2c993.rlib" "/opt/rustwide/target/debug/deps/libthread_local-6ac36aee7b036bc7.rlib" "/opt/rustwide/target/debug/deps/libaho_corasick-8fbc4d3ff98be95d.rlib" "/opt/rustwide/target/debug/deps/libquick_error-7252ef3b6312d9d6.rlib" "/opt/rustwide/target/debug/deps/libpest-f7f99fc0cabbda42.rlib" "/opt/rustwide/target/debug/deps/liblazy_static-a0c3ff5f641b43db.rlib" "/opt/rustwide/target/debug/deps/libcriterion_plot-bc2454255e813e5d.rlib" "/opt/rustwide/target/debug/deps/libwalkdir-397856ab4a3543b4.rlib" "/opt/rustwide/target/debug/deps/libsame_file-20d98c0283f542a7.rlib" "/opt/rustwide/target/debug/deps/libsimplelog-8318daa1e5ae68fa.rlib" "/opt/rustwide/target/debug/deps/libchrono-97a28a02a14e9115.rlib" "/opt/rustwide/target/debug/deps/libnum_integer-f477f5b185c2647c.rlib" "/opt/rustwide/target/debug/deps/libtime-e4db6582c34ec43b.rlib" "/opt/rustwide/target/debug/deps/libterm-7da01ef9b0517717.rlib" "/opt/rustwide/target/debug/deps/libbyteorder-14ac30d7d509e1d5.rlib" "/opt/rustwide/target/debug/deps/liblog-4cf06ecf6c38c1e1.rlib" "/opt/rustwide/target/debug/deps/libserde_json-7cbf4331502f0860.rlib" "/opt/rustwide/target/debug/deps/libryu-b2aef7f28a5e5c6e.rlib" "/opt/rustwide/target/debug/deps/libitoa-444b0a805ffdc3aa.rlib" "/opt/rustwide/target/debug/deps/libitertools_num-2c1478b43e8f9007.rlib" "/opt/rustwide/target/debug/deps/libitertools-347fd7d28f3ea08a.rlib" "/opt/rustwide/target/debug/deps/libeither-e0906e5d291faf39.rlib" "/opt/rustwide/target/debug/deps/libfailure-1c984abcc2988ace.rlib" "/opt/rustwide/target/debug/deps/libbacktrace-0eec32dcd60ab0e8.rlib" "/opt/rustwide/target/debug/deps/libbacktrace_sys-6df5e1ce8881ca62.rlib" "/opt/rustwide/target/debug/deps/librustc_demangle-11628fb08218402f.rlib" "/opt/rustwide/target/debug/deps/libcsv-04669ebfc6b9ce34.rlib" "/opt/rustwide/target/debug/deps/libserde-93fb0dd557098855.rlib" "/opt/rustwide/target/debug/deps/libcsv_core-9e235ad2563d9cf4.rlib" "/opt/rustwide/target/debug/deps/libmemchr-e9daed3964cf2223.rlib" "/opt/rustwide/target/debug/deps/libcfg_if-2ab1ad450d416077.rlib" "/opt/rustwide/target/debug/deps/libcriterion_stats-f2b2a341bdb8c56b.rlib" "/opt/rustwide/target/debug/deps/libthread_scoped-a3a09b634cf5244d.rlib" "/opt/rustwide/target/debug/deps/librand-1c2f4a5305af5a8e.rlib" "/opt/rustwide/target/debug/deps/libnum_traits-adfc9bf3ccb4d92e.rlib" "/opt/rustwide/target/debug/deps/libnum_cpus-9c56153a91712d70.rlib" "/opt/rustwide/target/debug/deps/libcast-6f5b7b06550d2785.rlib" "/opt/rustwide/target/debug/deps/libclap-05ba31c7d226d3ca.rlib" "/opt/rustwide/target/debug/deps/libvec_map-cd453681522fdfd0.rlib" "/opt/rustwide/target/debug/deps/libtextwrap-daf23e15e139c4f5.rlib" "/opt/rustwide/target/debug/deps/libunicode_width-8a4232e2af8ac8dd.rlib" "/opt/rustwide/target/debug/deps/libstrsim-24c63a3971c7f095.rlib" "/opt/rustwide/target/debug/deps/libbitflags-9f971f9248a42c04.rlib" "/opt/rustwide/target/debug/deps/libansi_term-c26f08fd4ca88f9f.rlib" "/opt/rustwide/target/debug/deps/libatty-9eb204beb8a3324e.rlib" "/opt/rustwide/target/debug/deps/liblibc-11321be6a46afa65.rlib" "/opt/rustwide/rustup-home/toolchains/1.75.0-x86_64-unknown-linux-gnu/lib/rustlib/x86_64-unknown-linux-gnu/lib/libstd-90f6ddbf82de36ec.rlib" "/opt/rustwide/rustup-home/toolchains/1.75.0-x86_64-unknown-linux-gnu/lib/rustlib/x86_64-unknown-linux-gnu/lib/libpanic_unwind-480c41e9d4e1f677.rlib" "/opt/rustwide/rustup-home/toolchains/1.75.0-x86_64-unknown-linux-gnu/lib/rustlib/x86_64-unknown-linux-gnu/lib/libobject-db744c0ca03eed1d.rlib" "/opt/rustwide/rustup-home/toolchains/1.75.0-x86_64-unknown-linux-gnu/lib/rustlib/x86_64-unknown-linux-gnu/lib/libmemchr-8ba652dc7d4b285a.rlib" "/opt/rustwide/rustup-home/toolchains/1.75.0-x86_64-unknown-linux-gnu/lib/rustlib/x86_64-unknown-linux-gnu/lib/libaddr2line-d5f4520a9ebc0d58.rlib" "/opt/rustwide/rustup-home/toolchains/1.75.0-x86_64-unknown-linux-gnu/lib/rustlib/x86_64-unknown-linux-gnu/lib/libgimli-4ad84de58f0cb463.rlib" "/opt/rustwide/rustup-home/toolchains/1.75.0-x86_64-unknown-linux-gnu/lib/rustlib/x86_64-unknown-linux-gnu/lib/librustc_demangle-0d10aae2e0f38735.rlib" "/opt/rustwide/rustup-home/toolchains/1.75.0-x86_64-unknown-linux-gnu/lib/rustlib/x86_64-unknown-linux-gnu/lib/libstd_detect-0c17cff739e6745b.rlib" "/opt/rustwide/rustup-home/toolchains/1.75.0-x86_64-unknown-linux-gnu/lib/rustlib/x86_64-unknown-linux-gnu/lib/libhashbrown-b29e17139dde1aa8.rlib" "/opt/rustwide/rustup-home/toolchains/1.75.0-x86_64-unknown-linux-gnu/lib/rustlib/x86_64-unknown-linux-gnu/lib/librustc_std_workspace_alloc-1f975299829cc7bd.rlib" "/opt/rustwide/rustup-home/toolchains/1.75.0-x86_64-unknown-linux-gnu/lib/rustlib/x86_64-unknown-linux-gnu/lib/libminiz_oxide-86bae3bc3079f89b.rlib" "/opt/rustwide/rustup-home/toolchains/1.75.0-x86_64-unknown-linux-gnu/lib/rustlib/x86_64-unknown-linux-gnu/lib/libadler-321b82c30dffdf5f.rlib" "/opt/rustwide/rustup-home/toolchains/1.75.0-x86_64-unknown-linux-gnu/lib/rustlib/x86_64-unknown-linux-gnu/lib/libunwind-3dd8a6810a0bdfef.rlib" "/opt/rustwide/rustup-home/toolchains/1.75.0-x86_64-unknown-linux-gnu/lib/rustlib/x86_64-unknown-linux-gnu/lib/libcfg_if-eb39a61c0c879984.rlib" "/opt/rustwide/rustup-home/toolchains/1.75.0-x86_64-unknown-linux-gnu/lib/rustlib/x86_64-unknown-linux-gnu/lib/liblibc-aa769569f91c3548.rlib" "/opt/rustwide/rustup-home/toolchains/1.75.0-x86_64-unknown-linux-gnu/lib/rustlib/x86_64-unknown-linux-gnu/lib/liballoc-510a192a50a983ed.rlib" "/opt/rustwide/rustup-home/toolchains/1.75.0-x86_64-unknown-linux-gnu/lib/rustlib/x86_64-unknown-linux-gnu/lib/librustc_std_workspace_core-0577018320f99037.rlib" "/opt/rustwide/rustup-home/toolchains/1.75.0-x86_64-unknown-linux-gnu/lib/rustlib/x86_64-unknown-linux-gnu/lib/libcore-193cf992125ccd4c.rlib" "/opt/rustwide/rustup-home/toolchains/1.75.0-x86_64-unknown-linux-gnu/lib/rustlib/x86_64-unknown-linux-gnu/lib/libcompiler_builtins-8e138eaf26ebb4a8.rlib" "-Wl,-Bdynamic" "-lutil" "-lgcc_s" "-lutil" "-lrt" "-lpthread" "-lm" "-ldl" "-lc" "-Wl,--eh-frame-hdr" "-Wl,-z,noexecstack" "-L" "/opt/rustwide/rustup-home/toolchains/1.75.0-x86_64-unknown-linux-gnu/lib/rustlib/x86_64-unknown-linux-gnu/lib" "-o" "/opt/rustwide/target/debug/deps/day12_part1-8e347167df0b0748" "-Wl,--gc-sections" "-pie" "-Wl,-z,relro,-z,now" "-nodefaultlibs"
[INFO] [stdout]   = note: collect2: fatal error: ld terminated with signal 9 [Killed]
[INFO] [stdout]           compilation terminated.
[INFO] [stdout]           
[INFO] [stdout] 
[INFO] [stdout] 
[INFO] [stdout] error: aborting due to previous error
[INFO] [stdout] 
[INFO] [stdout] 
[INFO] [stderr] error: could not compile `AdventOfCode2018` (bin "day12_part1") due to 2 previous errors
[INFO] [stdout] error: linking with `cc` failed: exit status: 1
[INFO] [stdout]   |
[INFO] [stdout]   = note: LC_ALL="C" PATH="/opt/rustwide/rustup-home/toolchains/1.75.0-x86_64-unknown-linux-gnu/lib/rustlib/x86_64-unknown-linux-gnu/bin:/opt/rustwide/cargo-home/bin:/usr/local/sbin:/usr/local/bin:/usr/sbin:/usr/bin:/sbin:/bin" VSLANG="1033" "cc" "-m64" "/tmp/rustcB3B37A/symbols.o" "/opt/rustwide/target/debug/deps/day11_part2-c45e96f3b8f70a68.day11_part2.7ae3cf559f7dcad4-cgu.0.rcgu.o" "/opt/rustwide/target/debug/deps/day11_part2-c45e96f3b8f70a68.1igfc4f0k3dnfz38.rcgu.o" "-Wl,--as-needed" "-L" "/opt/rustwide/target/debug/deps" "-L" "/opt/rustwide/target/debug/build/backtrace-sys-a425088843b8e8cc/out" "-L" "/opt/rustwide/rustup-home/toolchains/1.75.0-x86_64-unknown-linux-gnu/lib/rustlib/x86_64-unknown-linux-gnu/lib" "-Wl,-Bstatic" "/opt/rustwide/target/debug/deps/libcriterion-742272c167004a1b.rlib" "/opt/rustwide/target/debug/deps/libhandlebars-45c3976f35cdf59c.rlib" "/opt/rustwide/target/debug/deps/libregex-dbffec5fd4e24f44.rlib" "/opt/rustwide/target/debug/deps/libutf8_ranges-0a1987740a462c77.rlib" "/opt/rustwide/target/debug/deps/libregex_syntax-68207671ff1bd161.rlib" "/opt/rustwide/target/debug/deps/libucd_util-b6a577004ae2c993.rlib" "/opt/rustwide/target/debug/deps/libthread_local-6ac36aee7b036bc7.rlib" "/opt/rustwide/target/debug/deps/libaho_corasick-8fbc4d3ff98be95d.rlib" "/opt/rustwide/target/debug/deps/libquick_error-7252ef3b6312d9d6.rlib" "/opt/rustwide/target/debug/deps/libpest-f7f99fc0cabbda42.rlib" "/opt/rustwide/target/debug/deps/liblazy_static-a0c3ff5f641b43db.rlib" "/opt/rustwide/target/debug/deps/libcriterion_plot-bc2454255e813e5d.rlib" "/opt/rustwide/target/debug/deps/libwalkdir-397856ab4a3543b4.rlib" "/opt/rustwide/target/debug/deps/libsame_file-20d98c0283f542a7.rlib" "/opt/rustwide/target/debug/deps/libsimplelog-8318daa1e5ae68fa.rlib" "/opt/rustwide/target/debug/deps/libchrono-97a28a02a14e9115.rlib" "/opt/rustwide/target/debug/deps/libnum_integer-f477f5b185c2647c.rlib" "/opt/rustwide/target/debug/deps/libtime-e4db6582c34ec43b.rlib" "/opt/rustwide/target/debug/deps/libterm-7da01ef9b0517717.rlib" "/opt/rustwide/target/debug/deps/libbyteorder-14ac30d7d509e1d5.rlib" "/opt/rustwide/target/debug/deps/liblog-4cf06ecf6c38c1e1.rlib" "/opt/rustwide/target/debug/deps/libserde_json-7cbf4331502f0860.rlib" "/opt/rustwide/target/debug/deps/libryu-b2aef7f28a5e5c6e.rlib" "/opt/rustwide/target/debug/deps/libitoa-444b0a805ffdc3aa.rlib" "/opt/rustwide/target/debug/deps/libitertools_num-2c1478b43e8f9007.rlib" "/opt/rustwide/target/debug/deps/libitertools-347fd7d28f3ea08a.rlib" "/opt/rustwide/target/debug/deps/libeither-e0906e5d291faf39.rlib" "/opt/rustwide/target/debug/deps/libfailure-1c984abcc2988ace.rlib" "/opt/rustwide/target/debug/deps/libbacktrace-0eec32dcd60ab0e8.rlib" "/opt/rustwide/target/debug/deps/libbacktrace_sys-6df5e1ce8881ca62.rlib" "/opt/rustwide/target/debug/deps/librustc_demangle-11628fb08218402f.rlib" "/opt/rustwide/target/debug/deps/libcsv-04669ebfc6b9ce34.rlib" "/opt/rustwide/target/debug/deps/libserde-93fb0dd557098855.rlib" "/opt/rustwide/target/debug/deps/libcsv_core-9e235ad2563d9cf4.rlib" "/opt/rustwide/target/debug/deps/libmemchr-e9daed3964cf2223.rlib" "/opt/rustwide/target/debug/deps/libcfg_if-2ab1ad450d416077.rlib" "/opt/rustwide/target/debug/deps/libcriterion_stats-f2b2a341bdb8c56b.rlib" "/opt/rustwide/target/debug/deps/libthread_scoped-a3a09b634cf5244d.rlib" "/opt/rustwide/target/debug/deps/librand-1c2f4a5305af5a8e.rlib" "/opt/rustwide/target/debug/deps/libnum_traits-adfc9bf3ccb4d92e.rlib" "/opt/rustwide/target/debug/deps/libnum_cpus-9c56153a91712d70.rlib" "/opt/rustwide/target/debug/deps/libcast-6f5b7b06550d2785.rlib" "/opt/rustwide/target/debug/deps/libclap-05ba31c7d226d3ca.rlib" "/opt/rustwide/target/debug/deps/libvec_map-cd453681522fdfd0.rlib" "/opt/rustwide/target/debug/deps/libtextwrap-daf23e15e139c4f5.rlib" "/opt/rustwide/target/debug/deps/libunicode_width-8a4232e2af8ac8dd.rlib" "/opt/rustwide/target/debug/deps/libstrsim-24c63a3971c7f095.rlib" "/opt/rustwide/target/debug/deps/libbitflags-9f971f9248a42c04.rlib" "/opt/rustwide/target/debug/deps/libansi_term-c26f08fd4ca88f9f.rlib" "/opt/rustwide/target/debug/deps/libatty-9eb204beb8a3324e.rlib" "/opt/rustwide/target/debug/deps/liblibc-11321be6a46afa65.rlib" "/opt/rustwide/rustup-home/toolchains/1.75.0-x86_64-unknown-linux-gnu/lib/rustlib/x86_64-unknown-linux-gnu/lib/libstd-90f6ddbf82de36ec.rlib" "/opt/rustwide/rustup-home/toolchains/1.75.0-x86_64-unknown-linux-gnu/lib/rustlib/x86_64-unknown-linux-gnu/lib/libpanic_unwind-480c41e9d4e1f677.rlib" "/opt/rustwide/rustup-home/toolchains/1.75.0-x86_64-unknown-linux-gnu/lib/rustlib/x86_64-unknown-linux-gnu/lib/libobject-db744c0ca03eed1d.rlib" "/opt/rustwide/rustup-home/toolchains/1.75.0-x86_64-unknown-linux-gnu/lib/rustlib/x86_64-unknown-linux-gnu/lib/libmemchr-8ba652dc7d4b285a.rlib" "/opt/rustwide/rustup-home/toolchains/1.75.0-x86_64-unknown-linux-gnu/lib/rustlib/x86_64-unknown-linux-gnu/lib/libaddr2line-d5f4520a9ebc0d58.rlib" "/opt/rustwide/rustup-home/toolchains/1.75.0-x86_64-unknown-linux-gnu/lib/rustlib/x86_64-unknown-linux-gnu/lib/libgimli-4ad84de58f0cb463.rlib" "/opt/rustwide/rustup-home/toolchains/1.75.0-x86_64-unknown-linux-gnu/lib/rustlib/x86_64-unknown-linux-gnu/lib/librustc_demangle-0d10aae2e0f38735.rlib" "/opt/rustwide/rustup-home/toolchains/1.75.0-x86_64-unknown-linux-gnu/lib/rustlib/x86_64-unknown-linux-gnu/lib/libstd_detect-0c17cff739e6745b.rlib" "/opt/rustwide/rustup-home/toolchains/1.75.0-x86_64-unknown-linux-gnu/lib/rustlib/x86_64-unknown-linux-gnu/lib/libhashbrown-b29e17139dde1aa8.rlib" "/opt/rustwide/rustup-home/toolchains/1.75.0-x86_64-unknown-linux-gnu/lib/rustlib/x86_64-unknown-linux-gnu/lib/librustc_std_workspace_alloc-1f975299829cc7bd.rlib" "/opt/rustwide/rustup-home/toolchains/1.75.0-x86_64-unknown-linux-gnu/lib/rustlib/x86_64-unknown-linux-gnu/lib/libminiz_oxide-86bae3bc3079f89b.rlib" "/opt/rustwide/rustup-home/toolchains/1.75.0-x86_64-unknown-linux-gnu/lib/rustlib/x86_64-unknown-linux-gnu/lib/libadler-321b82c30dffdf5f.rlib" "/opt/rustwide/rustup-home/toolchains/1.75.0-x86_64-unknown-linux-gnu/lib/rustlib/x86_64-unknown-linux-gnu/lib/libunwind-3dd8a6810a0bdfef.rlib" "/opt/rustwide/rustup-home/toolchains/1.75.0-x86_64-unknown-linux-gnu/lib/rustlib/x86_64-unknown-linux-gnu/lib/libcfg_if-eb39a61c0c879984.rlib" "/opt/rustwide/rustup-home/toolchains/1.75.0-x86_64-unknown-linux-gnu/lib/rustlib/x86_64-unknown-linux-gnu/lib/liblibc-aa769569f91c3548.rlib" "/opt/rustwide/rustup-home/toolchains/1.75.0-x86_64-unknown-linux-gnu/lib/rustlib/x86_64-unknown-linux-gnu/lib/liballoc-510a192a50a983ed.rlib" "/opt/rustwide/rustup-home/toolchains/1.75.0-x86_64-unknown-linux-gnu/lib/rustlib/x86_64-unknown-linux-gnu/lib/librustc_std_workspace_core-0577018320f99037.rlib" "/opt/rustwide/rustup-home/toolchains/1.75.0-x86_64-unknown-linux-gnu/lib/rustlib/x86_64-unknown-linux-gnu/lib/libcore-193cf992125ccd4c.rlib" "/opt/rustwide/rustup-home/toolchains/1.75.0-x86_64-unknown-linux-gnu/lib/rustlib/x86_64-unknown-linux-gnu/lib/libcompiler_builtins-8e138eaf26ebb4a8.rlib" "-Wl,-Bdynamic" "-lutil" "-lgcc_s" "-lutil" "-lrt" "-lpthread" "-lm" "-ldl" "-lc" "-Wl,--eh-frame-hdr" "-Wl,-z,noexecstack" "-L" "/opt/rustwide/rustup-home/toolchains/1.75.0-x86_64-unknown-linux-gnu/lib/rustlib/x86_64-unknown-linux-gnu/lib" "-o" "/opt/rustwide/target/debug/deps/day11_part2-c45e96f3b8f70a68" "-Wl,--gc-sections" "-pie" "-Wl,-z,relro,-z,now" "-nodefaultlibs"
[INFO] [stdout]   = note: collect2: fatal error: ld terminated with signal 9 [Killed]
[INFO] [stdout]           compilation terminated.
[INFO] [stdout]           
[INFO] [stdout] 
[INFO] [stdout] 
[INFO] [stdout] error: aborting due to previous error
[INFO] [stdout] 
[INFO] [stdout] 
[INFO] [stderr] error: could not compile `AdventOfCode2018` (bin "day11_part2") due to 2 previous errors
[INFO] [stdout] error: linking with `cc` failed: exit status: 1
[INFO] [stdout]   |
[INFO] [stdout]   = note: LC_ALL="C" PATH="/opt/rustwide/rustup-home/toolchains/1.75.0-x86_64-unknown-linux-gnu/lib/rustlib/x86_64-unknown-linux-gnu/bin:/opt/rustwide/cargo-home/bin:/usr/local/sbin:/usr/local/bin:/usr/sbin:/usr/bin:/sbin:/bin" VSLANG="1033" "cc" "-m64" "/tmp/rustcvroOfI/symbols.o" "/opt/rustwide/target/debug/deps/day4_part1_v1-612f9be27c28a779.day4_part1_v1.e5eccee5ddebbebd-cgu.0.rcgu.o" "/opt/rustwide/target/debug/deps/day4_part1_v1-612f9be27c28a779.day4_part1_v1.e5eccee5ddebbebd-cgu.1.rcgu.o" "/opt/rustwide/target/debug/deps/day4_part1_v1-612f9be27c28a779.day4_part1_v1.e5eccee5ddebbebd-cgu.2.rcgu.o" "/opt/rustwide/target/debug/deps/day4_part1_v1-612f9be27c28a779.day4_part1_v1.e5eccee5ddebbebd-cgu.3.rcgu.o" "/opt/rustwide/target/debug/deps/day4_part1_v1-612f9be27c28a779.3q3nxc9nofco61c1.rcgu.o" "-Wl,--as-needed" "-L" "/opt/rustwide/target/debug/deps" "-L" "/opt/rustwide/target/debug/build/backtrace-sys-a425088843b8e8cc/out" "-L" "/opt/rustwide/rustup-home/toolchains/1.75.0-x86_64-unknown-linux-gnu/lib/rustlib/x86_64-unknown-linux-gnu/lib" "-Wl,-Bstatic" "/opt/rustwide/target/debug/deps/libcriterion-742272c167004a1b.rlib" "/opt/rustwide/target/debug/deps/libhandlebars-45c3976f35cdf59c.rlib" "/opt/rustwide/target/debug/deps/libregex-dbffec5fd4e24f44.rlib" "/opt/rustwide/target/debug/deps/libutf8_ranges-0a1987740a462c77.rlib" "/opt/rustwide/target/debug/deps/libregex_syntax-68207671ff1bd161.rlib" "/opt/rustwide/target/debug/deps/libucd_util-b6a577004ae2c993.rlib" "/opt/rustwide/target/debug/deps/libthread_local-6ac36aee7b036bc7.rlib" "/opt/rustwide/target/debug/deps/libaho_corasick-8fbc4d3ff98be95d.rlib" "/opt/rustwide/target/debug/deps/libquick_error-7252ef3b6312d9d6.rlib" "/opt/rustwide/target/debug/deps/libpest-f7f99fc0cabbda42.rlib" "/opt/rustwide/target/debug/deps/liblazy_static-a0c3ff5f641b43db.rlib" "/opt/rustwide/target/debug/deps/libcriterion_plot-bc2454255e813e5d.rlib" "/opt/rustwide/target/debug/deps/libwalkdir-397856ab4a3543b4.rlib" "/opt/rustwide/target/debug/deps/libsame_file-20d98c0283f542a7.rlib" "/opt/rustwide/target/debug/deps/libsimplelog-8318daa1e5ae68fa.rlib" "/opt/rustwide/target/debug/deps/libchrono-97a28a02a14e9115.rlib" "/opt/rustwide/target/debug/deps/libnum_integer-f477f5b185c2647c.rlib" "/opt/rustwide/target/debug/deps/libtime-e4db6582c34ec43b.rlib" "/opt/rustwide/target/debug/deps/libterm-7da01ef9b0517717.rlib" "/opt/rustwide/target/debug/deps/libbyteorder-14ac30d7d509e1d5.rlib" "/opt/rustwide/target/debug/deps/liblog-4cf06ecf6c38c1e1.rlib" "/opt/rustwide/target/debug/deps/libserde_json-7cbf4331502f0860.rlib" "/opt/rustwide/target/debug/deps/libryu-b2aef7f28a5e5c6e.rlib" "/opt/rustwide/target/debug/deps/libitoa-444b0a805ffdc3aa.rlib" "/opt/rustwide/target/debug/deps/libitertools_num-2c1478b43e8f9007.rlib" "/opt/rustwide/target/debug/deps/libitertools-347fd7d28f3ea08a.rlib" "/opt/rustwide/target/debug/deps/libfailure-1c984abcc2988ace.rlib" "/opt/rustwide/target/debug/deps/libbacktrace-0eec32dcd60ab0e8.rlib" "/opt/rustwide/target/debug/deps/libbacktrace_sys-6df5e1ce8881ca62.rlib" "/opt/rustwide/target/debug/deps/librustc_demangle-11628fb08218402f.rlib" "/opt/rustwide/target/debug/deps/libcsv-04669ebfc6b9ce34.rlib" "/opt/rustwide/target/debug/deps/libserde-93fb0dd557098855.rlib" "/opt/rustwide/target/debug/deps/libcsv_core-9e235ad2563d9cf4.rlib" "/opt/rustwide/target/debug/deps/libmemchr-e9daed3964cf2223.rlib" "/opt/rustwide/target/debug/deps/libcfg_if-2ab1ad450d416077.rlib" "/opt/rustwide/target/debug/deps/libcriterion_stats-f2b2a341bdb8c56b.rlib" "/opt/rustwide/target/debug/deps/libthread_scoped-a3a09b634cf5244d.rlib" "/opt/rustwide/target/debug/deps/librand-1c2f4a5305af5a8e.rlib" "/opt/rustwide/target/debug/deps/libnum_traits-adfc9bf3ccb4d92e.rlib" "/opt/rustwide/target/debug/deps/libnum_cpus-9c56153a91712d70.rlib" "/opt/rustwide/target/debug/deps/libcast-6f5b7b06550d2785.rlib" "/opt/rustwide/target/debug/deps/libclap-05ba31c7d226d3ca.rlib" "/opt/rustwide/target/debug/deps/libvec_map-cd453681522fdfd0.rlib" "/opt/rustwide/target/debug/deps/libtextwrap-daf23e15e139c4f5.rlib" "/opt/rustwide/target/debug/deps/libunicode_width-8a4232e2af8ac8dd.rlib" "/opt/rustwide/target/debug/deps/libstrsim-24c63a3971c7f095.rlib" "/opt/rustwide/target/debug/deps/libbitflags-9f971f9248a42c04.rlib" "/opt/rustwide/target/debug/deps/libansi_term-c26f08fd4ca88f9f.rlib" "/opt/rustwide/target/debug/deps/libatty-9eb204beb8a3324e.rlib" "/opt/rustwide/target/debug/deps/liblibc-11321be6a46afa65.rlib" "/opt/rustwide/target/debug/deps/libitertools-4c2c3f0b8d36d41b.rlib" "/opt/rustwide/target/debug/deps/libeither-e0906e5d291faf39.rlib" "/opt/rustwide/rustup-home/toolchains/1.75.0-x86_64-unknown-linux-gnu/lib/rustlib/x86_64-unknown-linux-gnu/lib/libstd-90f6ddbf82de36ec.rlib" "/opt/rustwide/rustup-home/toolchains/1.75.0-x86_64-unknown-linux-gnu/lib/rustlib/x86_64-unknown-linux-gnu/lib/libpanic_unwind-480c41e9d4e1f677.rlib" "/opt/rustwide/rustup-home/toolchains/1.75.0-x86_64-unknown-linux-gnu/lib/rustlib/x86_64-unknown-linux-gnu/lib/libobject-db744c0ca03eed1d.rlib" "/opt/rustwide/rustup-home/toolchains/1.75.0-x86_64-unknown-linux-gnu/lib/rustlib/x86_64-unknown-linux-gnu/lib/libmemchr-8ba652dc7d4b285a.rlib" "/opt/rustwide/rustup-home/toolchains/1.75.0-x86_64-unknown-linux-gnu/lib/rustlib/x86_64-unknown-linux-gnu/lib/libaddr2line-d5f4520a9ebc0d58.rlib" "/opt/rustwide/rustup-home/toolchains/1.75.0-x86_64-unknown-linux-gnu/lib/rustlib/x86_64-unknown-linux-gnu/lib/libgimli-4ad84de58f0cb463.rlib" "/opt/rustwide/rustup-home/toolchains/1.75.0-x86_64-unknown-linux-gnu/lib/rustlib/x86_64-unknown-linux-gnu/lib/librustc_demangle-0d10aae2e0f38735.rlib" "/opt/rustwide/rustup-home/toolchains/1.75.0-x86_64-unknown-linux-gnu/lib/rustlib/x86_64-unknown-linux-gnu/lib/libstd_detect-0c17cff739e6745b.rlib" "/opt/rustwide/rustup-home/toolchains/1.75.0-x86_64-unknown-linux-gnu/lib/rustlib/x86_64-unknown-linux-gnu/lib/libhashbrown-b29e17139dde1aa8.rlib" "/opt/rustwide/rustup-home/toolchains/1.75.0-x86_64-unknown-linux-gnu/lib/rustlib/x86_64-unknown-linux-gnu/lib/librustc_std_workspace_alloc-1f975299829cc7bd.rlib" "/opt/rustwide/rustup-home/toolchains/1.75.0-x86_64-unknown-linux-gnu/lib/rustlib/x86_64-unknown-linux-gnu/lib/libminiz_oxide-86bae3bc3079f89b.rlib" "/opt/rustwide/rustup-home/toolchains/1.75.0-x86_64-unknown-linux-gnu/lib/rustlib/x86_64-unknown-linux-gnu/lib/libadler-321b82c30dffdf5f.rlib" "/opt/rustwide/rustup-home/toolchains/1.75.0-x86_64-unknown-linux-gnu/lib/rustlib/x86_64-unknown-linux-gnu/lib/libunwind-3dd8a6810a0bdfef.rlib" "/opt/rustwide/rustup-home/toolchains/1.75.0-x86_64-unknown-linux-gnu/lib/rustlib/x86_64-unknown-linux-gnu/lib/libcfg_if-eb39a61c0c879984.rlib" "/opt/rustwide/rustup-home/toolchains/1.75.0-x86_64-unknown-linux-gnu/lib/rustlib/x86_64-unknown-linux-gnu/lib/liblibc-aa769569f91c3548.rlib" "/opt/rustwide/rustup-home/toolchains/1.75.0-x86_64-unknown-linux-gnu/lib/rustlib/x86_64-unknown-linux-gnu/lib/liballoc-510a192a50a983ed.rlib" "/opt/rustwide/rustup-home/toolchains/1.75.0-x86_64-unknown-linux-gnu/lib/rustlib/x86_64-unknown-linux-gnu/lib/librustc_std_workspace_core-0577018320f99037.rlib" "/opt/rustwide/rustup-home/toolchains/1.75.0-x86_64-unknown-linux-gnu/lib/rustlib/x86_64-unknown-linux-gnu/lib/libcore-193cf992125ccd4c.rlib" "/opt/rustwide/rustup-home/toolchains/1.75.0-x86_64-unknown-linux-gnu/lib/rustlib/x86_64-unknown-linux-gnu/lib/libcompiler_builtins-8e138eaf26ebb4a8.rlib" "-Wl,-Bdynamic" "-lutil" "-lgcc_s" "-lutil" "-lrt" "-lpthread" "-lm" "-ldl" "-lc" "-Wl,--eh-frame-hdr" "-Wl,-z,noexecstack" "-L" "/opt/rustwide/rustup-home/toolchains/1.75.0-x86_64-unknown-linux-gnu/lib/rustlib/x86_64-unknown-linux-gnu/lib" "-o" "/opt/rustwide/target/debug/deps/day4_part1_v1-612f9be27c28a779" "-Wl,--gc-sections" "-pie" "-Wl,-z,relro,-z,now" "-nodefaultlibs"
[INFO] [stdout]   = note: collect2: fatal error: ld terminated with signal 9 [Killed]
[INFO] [stdout]           compilation terminated.
[INFO] [stdout]           
[INFO] [stdout] 
[INFO] [stdout] 
[INFO] [stdout] error: aborting due to previous error
[INFO] [stdout] 
[INFO] [stdout] 
[INFO] [stderr] error: could not compile `AdventOfCode2018` (bin "day4_part1_v1") due to 2 previous errors
[INFO] [stdout] warning: 4 warnings emitted
[INFO] [stdout] 
[INFO] [stdout] 
[INFO] running `Command { std: "docker" "inspect" "f353e104e80627544b85e6121a7ff02d8e716af2c4d17796c48ce6de008daca3", kill_on_drop: false }`
[INFO] running `Command { std: "docker" "rm" "-f" "f353e104e80627544b85e6121a7ff02d8e716af2c4d17796c48ce6de008daca3", kill_on_drop: false }`
[INFO] [stdout] f353e104e80627544b85e6121a7ff02d8e716af2c4d17796c48ce6de008daca3
[INFO] testing AdamKinnell/AdventOfCode2018 against beta-2023-12-22 for beta-1.76-1
[INFO] running `Command { std: "git" "clone" "/workspace/cache/git-repos/https%3A%2F%2Fgithub.com%2FAdamKinnell%2FAdventOfCode2018" "/workspace/builds/worker-5-tc2/source", kill_on_drop: false }`
[INFO] [stderr] Cloning into '/workspace/builds/worker-5-tc2/source'...
[INFO] [stderr] done.
[INFO] validating manifest of git repo https://github.com/AdamKinnell/AdventOfCode2018 on toolchain beta-2023-12-22
[INFO] running `Command { std: CARGO_HOME="/workspace/cargo-home" RUSTUP_HOME="/workspace/rustup-home" "/workspace/cargo-home/bin/cargo" "+beta-2023-12-22" "metadata" "--manifest-path" "Cargo.toml" "--no-deps", kill_on_drop: false }`
[INFO] started tweaking git repo https://github.com/AdamKinnell/AdventOfCode2018
[INFO] finished tweaking git repo https://github.com/AdamKinnell/AdventOfCode2018
[INFO] tweaked toml for git repo https://github.com/AdamKinnell/AdventOfCode2018 written to /workspace/builds/worker-5-tc2/source/Cargo.toml
[INFO] crate git repo https://github.com/AdamKinnell/AdventOfCode2018 already has a lockfile, it will not be regenerated
[INFO] running `Command { std: CARGO_HOME="/workspace/cargo-home" RUSTUP_HOME="/workspace/rustup-home" "/workspace/cargo-home/bin/cargo" "+beta-2023-12-22" "fetch" "--manifest-path" "Cargo.toml", kill_on_drop: false }`
[INFO] running `Command { std: "docker" "create" "-v" "/var/lib/crater-agent-workspace/builds/worker-5-tc2/target:/opt/rustwide/target:rw,Z" "-v" "/var/lib/crater-agent-workspace/builds/worker-5-tc2/source:/opt/rustwide/workdir:ro,Z" "-v" "/var/lib/crater-agent-workspace/cargo-home:/opt/rustwide/cargo-home:ro,Z" "-v" "/var/lib/crater-agent-workspace/rustup-home:/opt/rustwide/rustup-home:ro,Z" "-e" "SOURCE_DIR=/opt/rustwide/workdir" "-e" "CARGO_TARGET_DIR=/opt/rustwide/target" "-e" "CARGO_HOME=/opt/rustwide/cargo-home" "-e" "RUSTUP_HOME=/opt/rustwide/rustup-home" "-w" "/opt/rustwide/workdir" "-m" "1610612736" "--user" "0:0" "--network" "none" "ghcr.io/rust-lang/crates-build-env/linux@sha256:2788e3201cd34a07e3172128adcd8b3090168a8e3bcc40d7c032b9dda1df7d1c" "/opt/rustwide/cargo-home/bin/cargo" "+beta-2023-12-22" "metadata" "--no-deps" "--format-version=1", kill_on_drop: false }`
[INFO] [stdout] 9041df9618c8568fd87ffec517b582fefa7472fb57f660c00c9d489bbd237bb1
[INFO] running `Command { std: "docker" "start" "-a" "9041df9618c8568fd87ffec517b582fefa7472fb57f660c00c9d489bbd237bb1", kill_on_drop: false }`
[INFO] running `Command { std: "docker" "inspect" "9041df9618c8568fd87ffec517b582fefa7472fb57f660c00c9d489bbd237bb1", kill_on_drop: false }`
[INFO] running `Command { std: "docker" "rm" "-f" "9041df9618c8568fd87ffec517b582fefa7472fb57f660c00c9d489bbd237bb1", kill_on_drop: false }`
[INFO] [stdout] 9041df9618c8568fd87ffec517b582fefa7472fb57f660c00c9d489bbd237bb1
[INFO] running `Command { std: "docker" "create" "-v" "/var/lib/crater-agent-workspace/builds/worker-5-tc2/target:/opt/rustwide/target:rw,Z" "-v" "/var/lib/crater-agent-workspace/builds/worker-5-tc2/source:/opt/rustwide/workdir:ro,Z" "-v" "/var/lib/crater-agent-workspace/cargo-home:/opt/rustwide/cargo-home:ro,Z" "-v" "/var/lib/crater-agent-workspace/rustup-home:/opt/rustwide/rustup-home:ro,Z" "-e" "SOURCE_DIR=/opt/rustwide/workdir" "-e" "CARGO_TARGET_DIR=/opt/rustwide/target" "-e" "CARGO_INCREMENTAL=0" "-e" "RUST_BACKTRACE=full" "-e" "RUSTFLAGS=--cap-lints=warn" "-e" "RUSTDOCFLAGS=--cap-lints=warn" "-e" "CARGO_HOME=/opt/rustwide/cargo-home" "-e" "RUSTUP_HOME=/opt/rustwide/rustup-home" "-w" "/opt/rustwide/workdir" "-m" "1610612736" "--user" "0:0" "--network" "none" "ghcr.io/rust-lang/crates-build-env/linux@sha256:2788e3201cd34a07e3172128adcd8b3090168a8e3bcc40d7c032b9dda1df7d1c" "/opt/rustwide/cargo-home/bin/cargo" "+beta-2023-12-22" "build" "--frozen" "--message-format=json", kill_on_drop: false }`
[INFO] [stdout] ce0778b28b32711a5f933984a168433c5eb6bfa9641d561b5c7551825cb73e1e
[INFO] running `Command { std: "docker" "start" "-a" "ce0778b28b32711a5f933984a168433c5eb6bfa9641d561b5c7551825cb73e1e", kill_on_drop: false }`
[INFO] [stderr]    Compiling libc v0.2.45
[INFO] [stderr]    Compiling cfg-if v0.1.6
[INFO] [stderr]    Compiling proc-macro2 v0.4.24
[INFO] [stderr]    Compiling num-traits v0.2.6
[INFO] [stderr]    Compiling cc v1.0.27
[INFO] [stderr]    Compiling serde v1.0.82
[INFO] [stderr]    Compiling num-integer v0.1.39
[INFO] [stderr]    Compiling autocfg v0.1.1
[INFO] [stderr]    Compiling ryu v0.2.7
[INFO] [stderr]    Compiling failure_derive v0.1.3
[INFO] [stderr]    Compiling byteorder v1.2.7
[INFO] [stderr]    Compiling either v1.5.0
[INFO] [stderr]    Compiling memchr v2.1.2
[INFO] [stderr]    Compiling ucd-util v0.1.3
[INFO] [stderr]    Compiling lazy_static v1.2.0
[INFO] [stderr]    Compiling regex v1.1.0
[INFO] [stderr]    Compiling log v0.4.6
[INFO] [stderr]    Compiling thread_local v0.3.6
[INFO] [stderr]    Compiling syn v0.11.11
[INFO] [stderr]    Compiling regex-syntax v0.6.4
[INFO] [stderr]    Compiling utf8-ranges v1.0.2
[INFO] [stderr]    Compiling cast v0.2.2
[INFO] [stderr]    Compiling backtrace v0.3.13
[INFO] [stderr]    Compiling rustc-demangle v0.1.11
[INFO] [stderr]    Compiling pest v1.0.6
[INFO] [stderr]    Compiling unicode-width v0.1.5
[INFO] [stderr]    Compiling itoa v0.4.3
[INFO] [stderr]    Compiling textwrap v0.10.0
[INFO] [stderr]    Compiling term v0.5.1
[INFO] [stderr]    Compiling itertools v0.7.11
[INFO] [stderr]    Compiling quick-error v1.2.2
[INFO] [stderr]    Compiling bitflags v1.0.4
[INFO] [stderr]    Compiling thread-scoped v1.0.2
[INFO] [stderr]    Compiling strsim v0.7.0
[INFO] [stderr]    Compiling vec_map v0.8.1
[INFO] [stderr]    Compiling same-file v1.0.4
[INFO] [stderr]    Compiling itertools v0.8.0
[INFO] [stderr]    Compiling walkdir v2.2.7
[INFO] [stderr]    Compiling time v0.1.41
[INFO] [stderr]    Compiling quote v0.6.10
[INFO] [stderr]    Compiling num_cpus v1.9.0
[INFO] [stderr]    Compiling backtrace-sys v0.1.26
[INFO] [stderr]    Compiling atty v0.2.11
[INFO] [stderr]    Compiling syn v0.15.23
[INFO] [stderr]    Compiling aho-corasick v0.6.9
[INFO] [stderr]    Compiling csv-core v0.1.5
[INFO] [stderr]    Compiling rand v0.4.3
[INFO] [stderr]    Compiling clap v2.32.0
[INFO] [stderr]    Compiling criterion-plot v0.2.5
[INFO] [stderr]    Compiling itertools-num v0.1.3
[INFO] [stderr]    Compiling chrono v0.4.6
[INFO] [stderr]    Compiling pest_derive v1.0.8
[INFO] [stderr]    Compiling criterion-stats v0.2.5
[INFO] [stderr]    Compiling simplelog v0.5.3
[INFO] [stderr]    Compiling synstructure v0.10.1
[INFO] [stderr]    Compiling serde_json v1.0.33
[INFO] [stderr]    Compiling csv v1.0.5
[INFO] [stderr]    Compiling serde_derive v1.0.82
[INFO] [stderr]    Compiling failure v0.1.3
[INFO] [stderr]    Compiling handlebars v0.32.4
[INFO] [stderr]    Compiling criterion v0.2.5
[INFO] [stderr]    Compiling AdventOfCode2018 v0.1.0 (/opt/rustwide/workdir)
[INFO] [stdout] warning: use of deprecated method `core::str::<impl str>::trim_left`: superseded by `trim_start`
[INFO] [stdout]   --> src/bin/day10_part1_part2_v2.rs:24:35
[INFO] [stdout]    |
[INFO] [stdout] 24 |                 x: point[10..=15].trim_left().parse().unwrap(),
[INFO] [stdout]    |                                   ^^^^^^^^^
[INFO] [stdout]    |
[INFO] [stdout]    = note: `#[warn(deprecated)]` on by default
[INFO] [stdout] help: replace the use of the deprecated method
[INFO] [stdout]    |
[INFO] [stdout] 24 |                 x: point[10..=15].trim_start().parse().unwrap(),
[INFO] [stdout]    |                                   ~~~~~~~~~~
[INFO] [stdout] 
[INFO] [stdout] 
[INFO] [stdout] warning: use of deprecated method `core::str::<impl str>::trim_left`: superseded by `trim_start`
[INFO] [stdout]   --> src/bin/day10_part1_part2_v2.rs:25:35
[INFO] [stdout]    |
[INFO] [stdout] 25 |                 y: point[18..=23].trim_left().parse().unwrap(),
[INFO] [stdout]    |                                   ^^^^^^^^^
[INFO] [stdout]    |
[INFO] [stdout] help: replace the use of the deprecated method
[INFO] [stdout]    |
[INFO] [stdout] 25 |                 y: point[18..=23].trim_start().parse().unwrap(),
[INFO] [stdout]    |                                   ~~~~~~~~~~
[INFO] [stdout] 
[INFO] [stdout] 
[INFO] [stdout] warning: use of deprecated method `core::str::<impl str>::trim_left`: superseded by `trim_start`
[INFO] [stdout]   --> src/bin/day10_part1_part2_v2.rs:28:35
[INFO] [stdout]    |
[INFO] [stdout] 28 |                 x: point[36..=37].trim_left().parse().unwrap(),
[INFO] [stdout]    |                                   ^^^^^^^^^
[INFO] [stdout]    |
[INFO] [stdout] help: replace the use of the deprecated method
[INFO] [stdout]    |
[INFO] [stdout] 28 |                 x: point[36..=37].trim_start().parse().unwrap(),
[INFO] [stdout]    |                                   ~~~~~~~~~~
[INFO] [stdout] 
[INFO] [stdout] 
[INFO] [stdout] warning: trait objects without an explicit `dyn` are deprecated
[INFO] [stdout]   --> src/bin/day7_part2.rs:68:29
[INFO] [stdout]    |
[INFO] [stdout] 68 |                  f_timing: &Fn(char) -> i32) -> i32
[INFO] [stdout]    |                             ^^^^^^^^^^^^^^^
[INFO] [stdout]    |
[INFO] [stdout]    = warning: this is accepted in the current edition (Rust 2018) but is a hard error in Rust 2021!
[INFO] [stdout]    = note: for more information, see <https://doc.rust-lang.org/nightly/edition-guide/rust-2021/warnings-promoted-to-error.html>
[INFO] [stdout]    = note: `#[warn(bare_trait_objects)]` on by default
[INFO] [stdout] help: use `dyn`
[INFO] [stdout]    |
[INFO] [stdout] 68 |                  f_timing: &dyn Fn(char) -> i32) -> i32
[INFO] [stdout]    |                             +++
[INFO] [stdout] 
[INFO] [stdout] 
[INFO] [stdout] warning: use of deprecated method `core::str::<impl str>::trim_left`: superseded by `trim_start`
[INFO] [stdout]   --> src/bin/day10_part1_part2_v2.rs:29:35
[INFO] [stdout]    |
[INFO] [stdout] 29 |                 y: point[40..=41].trim_left().parse().unwrap(),
[INFO] [stdout]    |                                   ^^^^^^^^^
[INFO] [stdout]    |
[INFO] [stdout] help: replace the use of the deprecated method
[INFO] [stdout]    |
[INFO] [stdout] 29 |                 y: point[40..=41].trim_start().parse().unwrap(),
[INFO] [stdout]    |                                   ~~~~~~~~~~
[INFO] [stdout] 
[INFO] [stdout] 
[INFO] [stdout] warning: trait objects without an explicit `dyn` are deprecated
[INFO] [stdout]    --> src/bin/day10_part1_part2_v1.rs:147:44
[INFO] [stdout]     |
[INFO] [stdout] 147 | fn find_minimum(start: i32, step: i32, f: &Fn(i32) -> usize) -> i32 {
[INFO] [stdout]     |                                            ^^^^^^^^^^^^^^^^
[INFO] [stdout]     |
[INFO] [stdout]     = warning: this is accepted in the current edition (Rust 2018) but is a hard error in Rust 2021!
[INFO] [stdout]     = note: for more information, see <https://doc.rust-lang.org/nightly/edition-guide/rust-2021/warnings-promoted-to-error.html>
[INFO] [stdout]     = note: `#[warn(bare_trait_objects)]` on by default
[INFO] [stdout] help: use `dyn`
[INFO] [stdout]     |
[INFO] [stdout] 147 | fn find_minimum(start: i32, step: i32, f: &dyn Fn(i32) -> usize) -> i32 {
[INFO] [stdout]     |                                            +++
[INFO] [stdout] 
[INFO] [stdout] 
[INFO] [stdout] warning: use of deprecated method `core::str::<impl str>::trim_left`: superseded by `trim_start`
[INFO] [stdout]   --> src/bin/day10_part1_part2_v1.rs:27:35
[INFO] [stdout]    |
[INFO] [stdout] 27 |                 x: point[10..=15].trim_left().parse().unwrap(),
[INFO] [stdout]    |                                   ^^^^^^^^^
[INFO] [stdout]    |
[INFO] [stdout]    = note: `#[warn(deprecated)]` on by default
[INFO] [stdout] help: replace the use of the deprecated method
[INFO] [stdout]    |
[INFO] [stdout] 27 |                 x: point[10..=15].trim_start().parse().unwrap(),
[INFO] [stdout]    |                                   ~~~~~~~~~~
[INFO] [stdout] 
[INFO] [stdout] 
[INFO] [stdout] warning: use of deprecated method `core::str::<impl str>::trim_left`: superseded by `trim_start`
[INFO] [stdout]   --> src/bin/day10_part1_part2_v1.rs:28:35
[INFO] [stdout]    |
[INFO] [stdout] 28 |                 y: point[18..=23].trim_left().parse().unwrap(),
[INFO] [stdout]    |                                   ^^^^^^^^^
[INFO] [stdout]    |
[INFO] [stdout] help: replace the use of the deprecated method
[INFO] [stdout]    |
[INFO] [stdout] 28 |                 y: point[18..=23].trim_start().parse().unwrap(),
[INFO] [stdout]    |                                   ~~~~~~~~~~
[INFO] [stdout] 
[INFO] [stdout] 
[INFO] [stdout] warning: use of deprecated method `core::str::<impl str>::trim_left`: superseded by `trim_start`
[INFO] [stdout]   --> src/bin/day10_part1_part2_v1.rs:31:35
[INFO] [stdout]    |
[INFO] [stdout] 31 |                 x: point[36..=37].trim_left().parse().unwrap(),
[INFO] [stdout]    |                                   ^^^^^^^^^
[INFO] [stdout]    |
[INFO] [stdout] help: replace the use of the deprecated method
[INFO] [stdout]    |
[INFO] [stdout] 31 |                 x: point[36..=37].trim_start().parse().unwrap(),
[INFO] [stdout]    |                                   ~~~~~~~~~~
[INFO] [stdout] 
[INFO] [stdout] 
[INFO] [stdout] warning: use of deprecated method `core::str::<impl str>::trim_left`: superseded by `trim_start`
[INFO] [stdout]   --> src/bin/day10_part1_part2_v1.rs:32:35
[INFO] [stdout]    |
[INFO] [stdout] 32 |                 y: point[40..=41].trim_left().parse().unwrap(),
[INFO] [stdout]    |                                   ^^^^^^^^^
[INFO] [stdout]    |
[INFO] [stdout] help: replace the use of the deprecated method
[INFO] [stdout]    |
[INFO] [stdout] 32 |                 y: point[40..=41].trim_start().parse().unwrap(),
[INFO] [stdout]    |                                   ~~~~~~~~~~
[INFO] [stdout] 
[INFO] [stdout] 
[INFO] [stderr] error: could not compile `AdventOfCode2018` (bin "day5_part1")
[INFO] [stderr] 
[INFO] [stderr] Caused by:
[INFO] [stderr]   process didn't exit successfully: `/opt/rustwide/rustup-home/toolchains/beta-2023-12-22-x86_64-unknown-linux-gnu/bin/rustc --crate-name day5_part1 --edition=2018 src/bin/day5_part1.rs --error-format=json --json=diagnostic-rendered-ansi,artifacts,future-incompat --crate-type bin --emit=dep-info,link -C embed-bitcode=no -C debuginfo=2 -C metadata=472d08b619c700e4 -C extra-filename=-472d08b619c700e4 --out-dir /opt/rustwide/target/debug/deps -L dependency=/opt/rustwide/target/debug/deps --extern criterion=/opt/rustwide/target/debug/deps/libcriterion-1ebb0bf60c0faf1d.rlib --extern itertools=/opt/rustwide/target/debug/deps/libitertools-8ce9c0a7a84cfb4a.rlib --extern lazy_static=/opt/rustwide/target/debug/deps/liblazy_static-7c426329d0977a45.rlib --extern regex=/opt/rustwide/target/debug/deps/libregex-568bbe6bb0dba048.rlib --cap-lints=warn -L native=/opt/rustwide/target/debug/build/backtrace-sys-94fae2401a279c6c/out` (signal: 9, SIGKILL: kill)
[INFO] [stderr] warning: build failed, waiting for other jobs to finish...
[INFO] [stdout] error: linking with `cc` failed: exit status: 1
[INFO] [stdout]   |
[INFO] [stdout]   = note: LC_ALL="C" PATH="/opt/rustwide/rustup-home/toolchains/beta-2023-12-22-x86_64-unknown-linux-gnu/lib/rustlib/x86_64-unknown-linux-gnu/bin:/opt/rustwide/cargo-home/bin:/usr/local/sbin:/usr/local/bin:/usr/sbin:/usr/bin:/sbin:/bin" VSLANG="1033" "cc" "-m64" "/tmp/rustcUQmgVY/symbols.o" "/opt/rustwide/target/debug/deps/day8_part2-2aee3bcd4aff5d68.day8_part2.5e5c123f425df065-cgu.0.rcgu.o" "/opt/rustwide/target/debug/deps/day8_part2-2aee3bcd4aff5d68.1t0jvsn7z8wnoy13.rcgu.o" "-Wl,--as-needed" "-L" "/opt/rustwide/target/debug/deps" "-L" "/opt/rustwide/target/debug/build/backtrace-sys-94fae2401a279c6c/out" "-L" "/opt/rustwide/rustup-home/toolchains/beta-2023-12-22-x86_64-unknown-linux-gnu/lib/rustlib/x86_64-unknown-linux-gnu/lib" "-Wl,-Bstatic" "/opt/rustwide/target/debug/deps/libcriterion-1ebb0bf60c0faf1d.rlib" "/opt/rustwide/target/debug/deps/libhandlebars-f5871924bfda814d.rlib" "/opt/rustwide/target/debug/deps/libregex-568bbe6bb0dba048.rlib" "/opt/rustwide/target/debug/deps/libutf8_ranges-d2fdb42f66561a19.rlib" "/opt/rustwide/target/debug/deps/libregex_syntax-26b73de02a260b5f.rlib" "/opt/rustwide/target/debug/deps/libucd_util-ff16e0a9ab918297.rlib" "/opt/rustwide/target/debug/deps/libthread_local-2a7be8a36f354b3c.rlib" "/opt/rustwide/target/debug/deps/libaho_corasick-9a6daaa06ed07d2c.rlib" "/opt/rustwide/target/debug/deps/libquick_error-65c66cc3d325e00c.rlib" "/opt/rustwide/target/debug/deps/libpest-467407c1a34fada0.rlib" "/opt/rustwide/target/debug/deps/liblazy_static-7c426329d0977a45.rlib" "/opt/rustwide/target/debug/deps/libcriterion_plot-cfee8dd3b3c31363.rlib" "/opt/rustwide/target/debug/deps/libwalkdir-83066cbe7bbe528d.rlib" "/opt/rustwide/target/debug/deps/libsame_file-7344bc95d1c56fb0.rlib" "/opt/rustwide/target/debug/deps/libsimplelog-f0fb447dd8c308f7.rlib" "/opt/rustwide/target/debug/deps/libchrono-af67f141484be97f.rlib" "/opt/rustwide/target/debug/deps/libnum_integer-c3c0491dd651d6ba.rlib" "/opt/rustwide/target/debug/deps/libtime-b8d2c7f02ff994f3.rlib" "/opt/rustwide/target/debug/deps/libterm-2ee45753418c0f6b.rlib" "/opt/rustwide/target/debug/deps/libbyteorder-a12c1714ecf211a7.rlib" "/opt/rustwide/target/debug/deps/liblog-8e5de74d6f5fd07e.rlib" "/opt/rustwide/target/debug/deps/libserde_json-4c7c08826025f205.rlib" "/opt/rustwide/target/debug/deps/libryu-9ab1217e553e7686.rlib" "/opt/rustwide/target/debug/deps/libitoa-76a9278ae3e910b2.rlib" "/opt/rustwide/target/debug/deps/libitertools_num-88dcfe07693720e3.rlib" "/opt/rustwide/target/debug/deps/libitertools-ad38252b3c51c0e9.rlib" "/opt/rustwide/target/debug/deps/libeither-3bdda50ff00c6a41.rlib" "/opt/rustwide/target/debug/deps/libfailure-c0e86b8616c883e9.rlib" "/opt/rustwide/target/debug/deps/libbacktrace-8331d274d1431b18.rlib" "/opt/rustwide/target/debug/deps/libbacktrace_sys-10b7e7dd79bb4bb3.rlib" "/opt/rustwide/target/debug/deps/librustc_demangle-301164bde815b5b7.rlib" "/opt/rustwide/target/debug/deps/libcsv-d1abbe76b916c7f2.rlib" "/opt/rustwide/target/debug/deps/libserde-aae53c08e9f24f88.rlib" "/opt/rustwide/target/debug/deps/libcsv_core-ee7909e4de88a5ee.rlib" "/opt/rustwide/target/debug/deps/libmemchr-91e11253af504a8c.rlib" "/opt/rustwide/target/debug/deps/libcfg_if-c908bf6d08823f48.rlib" "/opt/rustwide/target/debug/deps/libcriterion_stats-4f5fb5763412f2b1.rlib" "/opt/rustwide/target/debug/deps/libthread_scoped-4787b293684ffa12.rlib" "/opt/rustwide/target/debug/deps/librand-8f7ee5f45acd2fb6.rlib" "/opt/rustwide/target/debug/deps/libnum_traits-157f9e43f9254c2a.rlib" "/opt/rustwide/target/debug/deps/libnum_cpus-8300632d681829ff.rlib" "/opt/rustwide/target/debug/deps/libcast-02ec8471648ac2b6.rlib" "/opt/rustwide/target/debug/deps/libclap-44519e7c6f07f3e1.rlib" "/opt/rustwide/target/debug/deps/libvec_map-6bf5f3a35d2dd0fd.rlib" "/opt/rustwide/target/debug/deps/libtextwrap-0cc004a680f70290.rlib" "/opt/rustwide/target/debug/deps/libunicode_width-30a8e82c595a8832.rlib" "/opt/rustwide/target/debug/deps/libstrsim-24e0a2992d047fc1.rlib" "/opt/rustwide/target/debug/deps/libbitflags-d56b2f80851a96cb.rlib" "/opt/rustwide/target/debug/deps/libansi_term-14a6b62054212c8d.rlib" "/opt/rustwide/target/debug/deps/libatty-d75806c0c451d4c1.rlib" "/opt/rustwide/target/debug/deps/liblibc-367875b9f7da6725.rlib" "/opt/rustwide/rustup-home/toolchains/beta-2023-12-22-x86_64-unknown-linux-gnu/lib/rustlib/x86_64-unknown-linux-gnu/lib/libstd-0672489a78b613de.rlib" "/opt/rustwide/rustup-home/toolchains/beta-2023-12-22-x86_64-unknown-linux-gnu/lib/rustlib/x86_64-unknown-linux-gnu/lib/libpanic_unwind-7eb3ffc34a49f675.rlib" "/opt/rustwide/rustup-home/toolchains/beta-2023-12-22-x86_64-unknown-linux-gnu/lib/rustlib/x86_64-unknown-linux-gnu/lib/libobject-6478a9daa4bee8e2.rlib" "/opt/rustwide/rustup-home/toolchains/beta-2023-12-22-x86_64-unknown-linux-gnu/lib/rustlib/x86_64-unknown-linux-gnu/lib/libmemchr-0c75d871a5c3923d.rlib" "/opt/rustwide/rustup-home/toolchains/beta-2023-12-22-x86_64-unknown-linux-gnu/lib/rustlib/x86_64-unknown-linux-gnu/lib/libaddr2line-d163ef63ad37bb71.rlib" "/opt/rustwide/rustup-home/toolchains/beta-2023-12-22-x86_64-unknown-linux-gnu/lib/rustlib/x86_64-unknown-linux-gnu/lib/libgimli-8a3fd810a85b9f4c.rlib" "/opt/rustwide/rustup-home/toolchains/beta-2023-12-22-x86_64-unknown-linux-gnu/lib/rustlib/x86_64-unknown-linux-gnu/lib/librustc_demangle-462a2cde8c5dfc10.rlib" "/opt/rustwide/rustup-home/toolchains/beta-2023-12-22-x86_64-unknown-linux-gnu/lib/rustlib/x86_64-unknown-linux-gnu/lib/libstd_detect-cb06ac9f54713f71.rlib" "/opt/rustwide/rustup-home/toolchains/beta-2023-12-22-x86_64-unknown-linux-gnu/lib/rustlib/x86_64-unknown-linux-gnu/lib/libhashbrown-f20bfd1f8e59b393.rlib" "/opt/rustwide/rustup-home/toolchains/beta-2023-12-22-x86_64-unknown-linux-gnu/lib/rustlib/x86_64-unknown-linux-gnu/lib/librustc_std_workspace_alloc-1ef460949b49da4b.rlib" "/opt/rustwide/rustup-home/toolchains/beta-2023-12-22-x86_64-unknown-linux-gnu/lib/rustlib/x86_64-unknown-linux-gnu/lib/libminiz_oxide-2cb0c0ffe4f87514.rlib" "/opt/rustwide/rustup-home/toolchains/beta-2023-12-22-x86_64-unknown-linux-gnu/lib/rustlib/x86_64-unknown-linux-gnu/lib/libadler-58d841eb322a11a2.rlib" "/opt/rustwide/rustup-home/toolchains/beta-2023-12-22-x86_64-unknown-linux-gnu/lib/rustlib/x86_64-unknown-linux-gnu/lib/libunwind-aa2ae0b0a9d11533.rlib" "/opt/rustwide/rustup-home/toolchains/beta-2023-12-22-x86_64-unknown-linux-gnu/lib/rustlib/x86_64-unknown-linux-gnu/lib/libcfg_if-23874e15830ed336.rlib" "/opt/rustwide/rustup-home/toolchains/beta-2023-12-22-x86_64-unknown-linux-gnu/lib/rustlib/x86_64-unknown-linux-gnu/lib/liblibc-e47cddc003bce885.rlib" "/opt/rustwide/rustup-home/toolchains/beta-2023-12-22-x86_64-unknown-linux-gnu/lib/rustlib/x86_64-unknown-linux-gnu/lib/liballoc-c22b13b48a8f128e.rlib" "/opt/rustwide/rustup-home/toolchains/beta-2023-12-22-x86_64-unknown-linux-gnu/lib/rustlib/x86_64-unknown-linux-gnu/lib/librustc_std_workspace_core-e46bc3da6d7c462f.rlib" "/opt/rustwide/rustup-home/toolchains/beta-2023-12-22-x86_64-unknown-linux-gnu/lib/rustlib/x86_64-unknown-linux-gnu/lib/libcore-8d1ac131d3cb2645.rlib" "/opt/rustwide/rustup-home/toolchains/beta-2023-12-22-x86_64-unknown-linux-gnu/lib/rustlib/x86_64-unknown-linux-gnu/lib/libcompiler_builtins-a1b43df8c6899c1f.rlib" "-Wl,-Bdynamic" "-lutil" "-lgcc_s" "-lutil" "-lrt" "-lpthread" "-lm" "-ldl" "-lc" "-Wl,--eh-frame-hdr" "-Wl,-z,noexecstack" "-L" "/opt/rustwide/rustup-home/toolchains/beta-2023-12-22-x86_64-unknown-linux-gnu/lib/rustlib/x86_64-unknown-linux-gnu/lib" "-o" "/opt/rustwide/target/debug/deps/day8_part2-2aee3bcd4aff5d68" "-Wl,--gc-sections" "-pie" "-Wl,-z,relro,-z,now" "-nodefaultlibs"
[INFO] [stdout]   = note: collect2: fatal error: ld terminated with signal 9 [Killed]
[INFO] [stdout]           compilation terminated.
[INFO] [stdout]           
[INFO] [stdout] 
[INFO] [stdout] 
[INFO] [stdout] error: aborting due to 1 previous error
[INFO] [stdout] 
[INFO] [stdout] 
[INFO] [stderr] error: could not compile `AdventOfCode2018` (bin "day8_part2") due to 2 previous errors
[INFO] [stdout] error: linking with `cc` failed: exit status: 1
[INFO] [stdout]   |
[INFO] [stdout]   = note: LC_ALL="C" PATH="/opt/rustwide/rustup-home/toolchains/beta-2023-12-22-x86_64-unknown-linux-gnu/lib/rustlib/x86_64-unknown-linux-gnu/bin:/opt/rustwide/cargo-home/bin:/usr/local/sbin:/usr/local/bin:/usr/sbin:/usr/bin:/sbin:/bin" VSLANG="1033" "cc" "-m64" "/tmp/rustc4sD30O/symbols.o" "/opt/rustwide/target/debug/deps/day10_part1_part2_v1-4b796e45fc53b8ea.day10_part1_part2_v1.33a88e6ca703284e-cgu.0.rcgu.o" "/opt/rustwide/target/debug/deps/day10_part1_part2_v1-4b796e45fc53b8ea.day10_part1_part2_v1.33a88e6ca703284e-cgu.1.rcgu.o" "/opt/rustwide/target/debug/deps/day10_part1_part2_v1-4b796e45fc53b8ea.1joxfld4ye2uloko.rcgu.o" "-Wl,--as-needed" "-L" "/opt/rustwide/target/debug/deps" "-L" "/opt/rustwide/target/debug/build/backtrace-sys-94fae2401a279c6c/out" "-L" "/opt/rustwide/rustup-home/toolchains/beta-2023-12-22-x86_64-unknown-linux-gnu/lib/rustlib/x86_64-unknown-linux-gnu/lib" "-Wl,-Bstatic" "/opt/rustwide/target/debug/deps/libcriterion-1ebb0bf60c0faf1d.rlib" "/opt/rustwide/target/debug/deps/libhandlebars-f5871924bfda814d.rlib" "/opt/rustwide/target/debug/deps/libregex-568bbe6bb0dba048.rlib" "/opt/rustwide/target/debug/deps/libutf8_ranges-d2fdb42f66561a19.rlib" "/opt/rustwide/target/debug/deps/libregex_syntax-26b73de02a260b5f.rlib" "/opt/rustwide/target/debug/deps/libucd_util-ff16e0a9ab918297.rlib" "/opt/rustwide/target/debug/deps/libthread_local-2a7be8a36f354b3c.rlib" "/opt/rustwide/target/debug/deps/libaho_corasick-9a6daaa06ed07d2c.rlib" "/opt/rustwide/target/debug/deps/libquick_error-65c66cc3d325e00c.rlib" "/opt/rustwide/target/debug/deps/libpest-467407c1a34fada0.rlib" "/opt/rustwide/target/debug/deps/liblazy_static-7c426329d0977a45.rlib" "/opt/rustwide/target/debug/deps/libcriterion_plot-cfee8dd3b3c31363.rlib" "/opt/rustwide/target/debug/deps/libwalkdir-83066cbe7bbe528d.rlib" "/opt/rustwide/target/debug/deps/libsame_file-7344bc95d1c56fb0.rlib" "/opt/rustwide/target/debug/deps/libsimplelog-f0fb447dd8c308f7.rlib" "/opt/rustwide/target/debug/deps/libchrono-af67f141484be97f.rlib" "/opt/rustwide/target/debug/deps/libnum_integer-c3c0491dd651d6ba.rlib" "/opt/rustwide/target/debug/deps/libtime-b8d2c7f02ff994f3.rlib" "/opt/rustwide/target/debug/deps/libterm-2ee45753418c0f6b.rlib" "/opt/rustwide/target/debug/deps/libbyteorder-a12c1714ecf211a7.rlib" "/opt/rustwide/target/debug/deps/liblog-8e5de74d6f5fd07e.rlib" "/opt/rustwide/target/debug/deps/libserde_json-4c7c08826025f205.rlib" "/opt/rustwide/target/debug/deps/libryu-9ab1217e553e7686.rlib" "/opt/rustwide/target/debug/deps/libitoa-76a9278ae3e910b2.rlib" "/opt/rustwide/target/debug/deps/libitertools_num-88dcfe07693720e3.rlib" "/opt/rustwide/target/debug/deps/libitertools-ad38252b3c51c0e9.rlib" "/opt/rustwide/target/debug/deps/libeither-3bdda50ff00c6a41.rlib" "/opt/rustwide/target/debug/deps/libfailure-c0e86b8616c883e9.rlib" "/opt/rustwide/target/debug/deps/libbacktrace-8331d274d1431b18.rlib" "/opt/rustwide/target/debug/deps/libbacktrace_sys-10b7e7dd79bb4bb3.rlib" "/opt/rustwide/target/debug/deps/librustc_demangle-301164bde815b5b7.rlib" "/opt/rustwide/target/debug/deps/libcsv-d1abbe76b916c7f2.rlib" "/opt/rustwide/target/debug/deps/libserde-aae53c08e9f24f88.rlib" "/opt/rustwide/target/debug/deps/libcsv_core-ee7909e4de88a5ee.rlib" "/opt/rustwide/target/debug/deps/libmemchr-91e11253af504a8c.rlib" "/opt/rustwide/target/debug/deps/libcfg_if-c908bf6d08823f48.rlib" "/opt/rustwide/target/debug/deps/libcriterion_stats-4f5fb5763412f2b1.rlib" "/opt/rustwide/target/debug/deps/libthread_scoped-4787b293684ffa12.rlib" "/opt/rustwide/target/debug/deps/librand-8f7ee5f45acd2fb6.rlib" "/opt/rustwide/target/debug/deps/libnum_traits-157f9e43f9254c2a.rlib" "/opt/rustwide/target/debug/deps/libnum_cpus-8300632d681829ff.rlib" "/opt/rustwide/target/debug/deps/libcast-02ec8471648ac2b6.rlib" "/opt/rustwide/target/debug/deps/libclap-44519e7c6f07f3e1.rlib" "/opt/rustwide/target/debug/deps/libvec_map-6bf5f3a35d2dd0fd.rlib" "/opt/rustwide/target/debug/deps/libtextwrap-0cc004a680f70290.rlib" "/opt/rustwide/target/debug/deps/libunicode_width-30a8e82c595a8832.rlib" "/opt/rustwide/target/debug/deps/libstrsim-24e0a2992d047fc1.rlib" "/opt/rustwide/target/debug/deps/libbitflags-d56b2f80851a96cb.rlib" "/opt/rustwide/target/debug/deps/libansi_term-14a6b62054212c8d.rlib" "/opt/rustwide/target/debug/deps/libatty-d75806c0c451d4c1.rlib" "/opt/rustwide/target/debug/deps/liblibc-367875b9f7da6725.rlib" "/opt/rustwide/rustup-home/toolchains/beta-2023-12-22-x86_64-unknown-linux-gnu/lib/rustlib/x86_64-unknown-linux-gnu/lib/libstd-0672489a78b613de.rlib" "/opt/rustwide/rustup-home/toolchains/beta-2023-12-22-x86_64-unknown-linux-gnu/lib/rustlib/x86_64-unknown-linux-gnu/lib/libpanic_unwind-7eb3ffc34a49f675.rlib" "/opt/rustwide/rustup-home/toolchains/beta-2023-12-22-x86_64-unknown-linux-gnu/lib/rustlib/x86_64-unknown-linux-gnu/lib/libobject-6478a9daa4bee8e2.rlib" "/opt/rustwide/rustup-home/toolchains/beta-2023-12-22-x86_64-unknown-linux-gnu/lib/rustlib/x86_64-unknown-linux-gnu/lib/libmemchr-0c75d871a5c3923d.rlib" "/opt/rustwide/rustup-home/toolchains/beta-2023-12-22-x86_64-unknown-linux-gnu/lib/rustlib/x86_64-unknown-linux-gnu/lib/libaddr2line-d163ef63ad37bb71.rlib" "/opt/rustwide/rustup-home/toolchains/beta-2023-12-22-x86_64-unknown-linux-gnu/lib/rustlib/x86_64-unknown-linux-gnu/lib/libgimli-8a3fd810a85b9f4c.rlib" "/opt/rustwide/rustup-home/toolchains/beta-2023-12-22-x86_64-unknown-linux-gnu/lib/rustlib/x86_64-unknown-linux-gnu/lib/librustc_demangle-462a2cde8c5dfc10.rlib" "/opt/rustwide/rustup-home/toolchains/beta-2023-12-22-x86_64-unknown-linux-gnu/lib/rustlib/x86_64-unknown-linux-gnu/lib/libstd_detect-cb06ac9f54713f71.rlib" "/opt/rustwide/rustup-home/toolchains/beta-2023-12-22-x86_64-unknown-linux-gnu/lib/rustlib/x86_64-unknown-linux-gnu/lib/libhashbrown-f20bfd1f8e59b393.rlib" "/opt/rustwide/rustup-home/toolchains/beta-2023-12-22-x86_64-unknown-linux-gnu/lib/rustlib/x86_64-unknown-linux-gnu/lib/librustc_std_workspace_alloc-1ef460949b49da4b.rlib" "/opt/rustwide/rustup-home/toolchains/beta-2023-12-22-x86_64-unknown-linux-gnu/lib/rustlib/x86_64-unknown-linux-gnu/lib/libminiz_oxide-2cb0c0ffe4f87514.rlib" "/opt/rustwide/rustup-home/toolchains/beta-2023-12-22-x86_64-unknown-linux-gnu/lib/rustlib/x86_64-unknown-linux-gnu/lib/libadler-58d841eb322a11a2.rlib" "/opt/rustwide/rustup-home/toolchains/beta-2023-12-22-x86_64-unknown-linux-gnu/lib/rustlib/x86_64-unknown-linux-gnu/lib/libunwind-aa2ae0b0a9d11533.rlib" "/opt/rustwide/rustup-home/toolchains/beta-2023-12-22-x86_64-unknown-linux-gnu/lib/rustlib/x86_64-unknown-linux-gnu/lib/libcfg_if-23874e15830ed336.rlib" "/opt/rustwide/rustup-home/toolchains/beta-2023-12-22-x86_64-unknown-linux-gnu/lib/rustlib/x86_64-unknown-linux-gnu/lib/liblibc-e47cddc003bce885.rlib" "/opt/rustwide/rustup-home/toolchains/beta-2023-12-22-x86_64-unknown-linux-gnu/lib/rustlib/x86_64-unknown-linux-gnu/lib/liballoc-c22b13b48a8f128e.rlib" "/opt/rustwide/rustup-home/toolchains/beta-2023-12-22-x86_64-unknown-linux-gnu/lib/rustlib/x86_64-unknown-linux-gnu/lib/librustc_std_workspace_core-e46bc3da6d7c462f.rlib" "/opt/rustwide/rustup-home/toolchains/beta-2023-12-22-x86_64-unknown-linux-gnu/lib/rustlib/x86_64-unknown-linux-gnu/lib/libcore-8d1ac131d3cb2645.rlib" "/opt/rustwide/rustup-home/toolchains/beta-2023-12-22-x86_64-unknown-linux-gnu/lib/rustlib/x86_64-unknown-linux-gnu/lib/libcompiler_builtins-a1b43df8c6899c1f.rlib" "-Wl,-Bdynamic" "-lutil" "-lgcc_s" "-lutil" "-lrt" "-lpthread" "-lm" "-ldl" "-lc" "-Wl,--eh-frame-hdr" "-Wl,-z,noexecstack" "-L" "/opt/rustwide/rustup-home/toolchains/beta-2023-12-22-x86_64-unknown-linux-gnu/lib/rustlib/x86_64-unknown-linux-gnu/lib" "-o" "/opt/rustwide/target/debug/deps/day10_part1_part2_v1-4b796e45fc53b8ea" "-Wl,--gc-sections" "-pie" "-Wl,-z,relro,-z,now" "-nodefaultlibs"
[INFO] [stdout]   = note: collect2: fatal error: ld terminated with signal 9 [Killed]
[INFO] [stdout]           compilation terminated.
[INFO] [stdout]           
[INFO] [stdout] 
[INFO] [stdout] 
[INFO] [stdout] error: aborting due to 1 previous error; 5 warnings emitted
[INFO] [stdout] 
[INFO] [stdout] 
[INFO] [stderr] error: could not compile `AdventOfCode2018` (bin "day10_part1_part2_v1") due to 2 previous errors; 5 warnings emitted
[INFO] [stdout] error: linking with `cc` failed: exit status: 1
[INFO] [stdout]   |
[INFO] [stdout]   = note: LC_ALL="C" PATH="/opt/rustwide/rustup-home/toolchains/beta-2023-12-22-x86_64-unknown-linux-gnu/lib/rustlib/x86_64-unknown-linux-gnu/bin:/opt/rustwide/cargo-home/bin:/usr/local/sbin:/usr/local/bin:/usr/sbin:/usr/bin:/sbin:/bin" VSLANG="1033" "cc" "-m64" "/tmp/rustcOl5NPN/symbols.o" "/opt/rustwide/target/debug/deps/day2_part2_v1-58a405ef338dfb96.day2_part2_v1.4cc954071bcc33c3-cgu.0.rcgu.o" "/opt/rustwide/target/debug/deps/day2_part2_v1-58a405ef338dfb96.day2_part2_v1.4cc954071bcc33c3-cgu.1.rcgu.o" "/opt/rustwide/target/debug/deps/day2_part2_v1-58a405ef338dfb96.1gypzjoevk6lf92m.rcgu.o" "-Wl,--as-needed" "-L" "/opt/rustwide/target/debug/deps" "-L" "/opt/rustwide/target/debug/build/backtrace-sys-94fae2401a279c6c/out" "-L" "/opt/rustwide/rustup-home/toolchains/beta-2023-12-22-x86_64-unknown-linux-gnu/lib/rustlib/x86_64-unknown-linux-gnu/lib" "-Wl,-Bstatic" "/opt/rustwide/target/debug/deps/libcriterion-1ebb0bf60c0faf1d.rlib" "/opt/rustwide/target/debug/deps/libhandlebars-f5871924bfda814d.rlib" "/opt/rustwide/target/debug/deps/libregex-568bbe6bb0dba048.rlib" "/opt/rustwide/target/debug/deps/libutf8_ranges-d2fdb42f66561a19.rlib" "/opt/rustwide/target/debug/deps/libregex_syntax-26b73de02a260b5f.rlib" "/opt/rustwide/target/debug/deps/libucd_util-ff16e0a9ab918297.rlib" "/opt/rustwide/target/debug/deps/libthread_local-2a7be8a36f354b3c.rlib" "/opt/rustwide/target/debug/deps/libaho_corasick-9a6daaa06ed07d2c.rlib" "/opt/rustwide/target/debug/deps/libquick_error-65c66cc3d325e00c.rlib" "/opt/rustwide/target/debug/deps/libpest-467407c1a34fada0.rlib" "/opt/rustwide/target/debug/deps/liblazy_static-7c426329d0977a45.rlib" "/opt/rustwide/target/debug/deps/libcriterion_plot-cfee8dd3b3c31363.rlib" "/opt/rustwide/target/debug/deps/libwalkdir-83066cbe7bbe528d.rlib" "/opt/rustwide/target/debug/deps/libsame_file-7344bc95d1c56fb0.rlib" "/opt/rustwide/target/debug/deps/libsimplelog-f0fb447dd8c308f7.rlib" "/opt/rustwide/target/debug/deps/libchrono-af67f141484be97f.rlib" "/opt/rustwide/target/debug/deps/libnum_integer-c3c0491dd651d6ba.rlib" "/opt/rustwide/target/debug/deps/libtime-b8d2c7f02ff994f3.rlib" "/opt/rustwide/target/debug/deps/libterm-2ee45753418c0f6b.rlib" "/opt/rustwide/target/debug/deps/libbyteorder-a12c1714ecf211a7.rlib" "/opt/rustwide/target/debug/deps/liblog-8e5de74d6f5fd07e.rlib" "/opt/rustwide/target/debug/deps/libserde_json-4c7c08826025f205.rlib" "/opt/rustwide/target/debug/deps/libryu-9ab1217e553e7686.rlib" "/opt/rustwide/target/debug/deps/libitoa-76a9278ae3e910b2.rlib" "/opt/rustwide/target/debug/deps/libitertools_num-88dcfe07693720e3.rlib" "/opt/rustwide/target/debug/deps/libitertools-ad38252b3c51c0e9.rlib" "/opt/rustwide/target/debug/deps/libeither-3bdda50ff00c6a41.rlib" "/opt/rustwide/target/debug/deps/libfailure-c0e86b8616c883e9.rlib" "/opt/rustwide/target/debug/deps/libbacktrace-8331d274d1431b18.rlib" "/opt/rustwide/target/debug/deps/libbacktrace_sys-10b7e7dd79bb4bb3.rlib" "/opt/rustwide/target/debug/deps/librustc_demangle-301164bde815b5b7.rlib" "/opt/rustwide/target/debug/deps/libcsv-d1abbe76b916c7f2.rlib" "/opt/rustwide/target/debug/deps/libserde-aae53c08e9f24f88.rlib" "/opt/rustwide/target/debug/deps/libcsv_core-ee7909e4de88a5ee.rlib" "/opt/rustwide/target/debug/deps/libmemchr-91e11253af504a8c.rlib" "/opt/rustwide/target/debug/deps/libcfg_if-c908bf6d08823f48.rlib" "/opt/rustwide/target/debug/deps/libcriterion_stats-4f5fb5763412f2b1.rlib" "/opt/rustwide/target/debug/deps/libthread_scoped-4787b293684ffa12.rlib" "/opt/rustwide/target/debug/deps/librand-8f7ee5f45acd2fb6.rlib" "/opt/rustwide/target/debug/deps/libnum_traits-157f9e43f9254c2a.rlib" "/opt/rustwide/target/debug/deps/libnum_cpus-8300632d681829ff.rlib" "/opt/rustwide/target/debug/deps/libcast-02ec8471648ac2b6.rlib" "/opt/rustwide/target/debug/deps/libclap-44519e7c6f07f3e1.rlib" "/opt/rustwide/target/debug/deps/libvec_map-6bf5f3a35d2dd0fd.rlib" "/opt/rustwide/target/debug/deps/libtextwrap-0cc004a680f70290.rlib" "/opt/rustwide/target/debug/deps/libunicode_width-30a8e82c595a8832.rlib" "/opt/rustwide/target/debug/deps/libstrsim-24e0a2992d047fc1.rlib" "/opt/rustwide/target/debug/deps/libbitflags-d56b2f80851a96cb.rlib" "/opt/rustwide/target/debug/deps/libansi_term-14a6b62054212c8d.rlib" "/opt/rustwide/target/debug/deps/libatty-d75806c0c451d4c1.rlib" "/opt/rustwide/target/debug/deps/liblibc-367875b9f7da6725.rlib" "/opt/rustwide/rustup-home/toolchains/beta-2023-12-22-x86_64-unknown-linux-gnu/lib/rustlib/x86_64-unknown-linux-gnu/lib/libstd-0672489a78b613de.rlib" "/opt/rustwide/rustup-home/toolchains/beta-2023-12-22-x86_64-unknown-linux-gnu/lib/rustlib/x86_64-unknown-linux-gnu/lib/libpanic_unwind-7eb3ffc34a49f675.rlib" "/opt/rustwide/rustup-home/toolchains/beta-2023-12-22-x86_64-unknown-linux-gnu/lib/rustlib/x86_64-unknown-linux-gnu/lib/libobject-6478a9daa4bee8e2.rlib" "/opt/rustwide/rustup-home/toolchains/beta-2023-12-22-x86_64-unknown-linux-gnu/lib/rustlib/x86_64-unknown-linux-gnu/lib/libmemchr-0c75d871a5c3923d.rlib" "/opt/rustwide/rustup-home/toolchains/beta-2023-12-22-x86_64-unknown-linux-gnu/lib/rustlib/x86_64-unknown-linux-gnu/lib/libaddr2line-d163ef63ad37bb71.rlib" "/opt/rustwide/rustup-home/toolchains/beta-2023-12-22-x86_64-unknown-linux-gnu/lib/rustlib/x86_64-unknown-linux-gnu/lib/libgimli-8a3fd810a85b9f4c.rlib" "/opt/rustwide/rustup-home/toolchains/beta-2023-12-22-x86_64-unknown-linux-gnu/lib/rustlib/x86_64-unknown-linux-gnu/lib/librustc_demangle-462a2cde8c5dfc10.rlib" "/opt/rustwide/rustup-home/toolchains/beta-2023-12-22-x86_64-unknown-linux-gnu/lib/rustlib/x86_64-unknown-linux-gnu/lib/libstd_detect-cb06ac9f54713f71.rlib" "/opt/rustwide/rustup-home/toolchains/beta-2023-12-22-x86_64-unknown-linux-gnu/lib/rustlib/x86_64-unknown-linux-gnu/lib/libhashbrown-f20bfd1f8e59b393.rlib" "/opt/rustwide/rustup-home/toolchains/beta-2023-12-22-x86_64-unknown-linux-gnu/lib/rustlib/x86_64-unknown-linux-gnu/lib/librustc_std_workspace_alloc-1ef460949b49da4b.rlib" "/opt/rustwide/rustup-home/toolchains/beta-2023-12-22-x86_64-unknown-linux-gnu/lib/rustlib/x86_64-unknown-linux-gnu/lib/libminiz_oxide-2cb0c0ffe4f87514.rlib" "/opt/rustwide/rustup-home/toolchains/beta-2023-12-22-x86_64-unknown-linux-gnu/lib/rustlib/x86_64-unknown-linux-gnu/lib/libadler-58d841eb322a11a2.rlib" "/opt/rustwide/rustup-home/toolchains/beta-2023-12-22-x86_64-unknown-linux-gnu/lib/rustlib/x86_64-unknown-linux-gnu/lib/libunwind-aa2ae0b0a9d11533.rlib" "/opt/rustwide/rustup-home/toolchains/beta-2023-12-22-x86_64-unknown-linux-gnu/lib/rustlib/x86_64-unknown-linux-gnu/lib/libcfg_if-23874e15830ed336.rlib" "/opt/rustwide/rustup-home/toolchains/beta-2023-12-22-x86_64-unknown-linux-gnu/lib/rustlib/x86_64-unknown-linux-gnu/lib/liblibc-e47cddc003bce885.rlib" "/opt/rustwide/rustup-home/toolchains/beta-2023-12-22-x86_64-unknown-linux-gnu/lib/rustlib/x86_64-unknown-linux-gnu/lib/liballoc-c22b13b48a8f128e.rlib" "/opt/rustwide/rustup-home/toolchains/beta-2023-12-22-x86_64-unknown-linux-gnu/lib/rustlib/x86_64-unknown-linux-gnu/lib/librustc_std_workspace_core-e46bc3da6d7c462f.rlib" "/opt/rustwide/rustup-home/toolchains/beta-2023-12-22-x86_64-unknown-linux-gnu/lib/rustlib/x86_64-unknown-linux-gnu/lib/libcore-8d1ac131d3cb2645.rlib" "/opt/rustwide/rustup-home/toolchains/beta-2023-12-22-x86_64-unknown-linux-gnu/lib/rustlib/x86_64-unknown-linux-gnu/lib/libcompiler_builtins-a1b43df8c6899c1f.rlib" "-Wl,-Bdynamic" "-lutil" "-lgcc_s" "-lutil" "-lrt" "-lpthread" "-lm" "-ldl" "-lc" "-Wl,--eh-frame-hdr" "-Wl,-z,noexecstack" "-L" "/opt/rustwide/rustup-home/toolchains/beta-2023-12-22-x86_64-unknown-linux-gnu/lib/rustlib/x86_64-unknown-linux-gnu/lib" "-o" "/opt/rustwide/target/debug/deps/day2_part2_v1-58a405ef338dfb96" "-Wl,--gc-sections" "-pie" "-Wl,-z,relro,-z,now" "-nodefaultlibs"
[INFO] [stdout]   = note: collect2: fatal error: ld terminated with signal 9 [Killed]
[INFO] [stdout]           compilation terminated.
[INFO] [stdout]           
[INFO] [stdout] 
[INFO] [stdout] 
[INFO] [stdout] error: aborting due to 1 previous error
[INFO] [stdout] 
[INFO] [stdout] 
[INFO] [stderr] error: could not compile `AdventOfCode2018` (bin "day2_part2_v1") due to 2 previous errors
[INFO] [stdout] error: linking with `cc` failed: exit status: 1
[INFO] [stdout]   |
[INFO] [stdout]   = note: LC_ALL="C" PATH="/opt/rustwide/rustup-home/toolchains/beta-2023-12-22-x86_64-unknown-linux-gnu/lib/rustlib/x86_64-unknown-linux-gnu/bin:/opt/rustwide/cargo-home/bin:/usr/local/sbin:/usr/local/bin:/usr/sbin:/usr/bin:/sbin:/bin" VSLANG="1033" "cc" "-m64" "/tmp/rustcUfcwVx/symbols.o" "/opt/rustwide/target/debug/deps/day11_part1_v2-3a77bef230a7edbf.day11_part1_v2.2b20f32f9f6f979a-cgu.0.rcgu.o" "/opt/rustwide/target/debug/deps/day11_part1_v2-3a77bef230a7edbf.56kprqb6os0jqc5k.rcgu.o" "-Wl,--as-needed" "-L" "/opt/rustwide/target/debug/deps" "-L" "/opt/rustwide/target/debug/build/backtrace-sys-94fae2401a279c6c/out" "-L" "/opt/rustwide/rustup-home/toolchains/beta-2023-12-22-x86_64-unknown-linux-gnu/lib/rustlib/x86_64-unknown-linux-gnu/lib" "-Wl,-Bstatic" "/opt/rustwide/target/debug/deps/libcriterion-1ebb0bf60c0faf1d.rlib" "/opt/rustwide/target/debug/deps/libhandlebars-f5871924bfda814d.rlib" "/opt/rustwide/target/debug/deps/libregex-568bbe6bb0dba048.rlib" "/opt/rustwide/target/debug/deps/libutf8_ranges-d2fdb42f66561a19.rlib" "/opt/rustwide/target/debug/deps/libregex_syntax-26b73de02a260b5f.rlib" "/opt/rustwide/target/debug/deps/libucd_util-ff16e0a9ab918297.rlib" "/opt/rustwide/target/debug/deps/libthread_local-2a7be8a36f354b3c.rlib" "/opt/rustwide/target/debug/deps/libaho_corasick-9a6daaa06ed07d2c.rlib" "/opt/rustwide/target/debug/deps/libquick_error-65c66cc3d325e00c.rlib" "/opt/rustwide/target/debug/deps/libpest-467407c1a34fada0.rlib" "/opt/rustwide/target/debug/deps/liblazy_static-7c426329d0977a45.rlib" "/opt/rustwide/target/debug/deps/libcriterion_plot-cfee8dd3b3c31363.rlib" "/opt/rustwide/target/debug/deps/libwalkdir-83066cbe7bbe528d.rlib" "/opt/rustwide/target/debug/deps/libsame_file-7344bc95d1c56fb0.rlib" "/opt/rustwide/target/debug/deps/libsimplelog-f0fb447dd8c308f7.rlib" "/opt/rustwide/target/debug/deps/libchrono-af67f141484be97f.rlib" "/opt/rustwide/target/debug/deps/libnum_integer-c3c0491dd651d6ba.rlib" "/opt/rustwide/target/debug/deps/libtime-b8d2c7f02ff994f3.rlib" "/opt/rustwide/target/debug/deps/libterm-2ee45753418c0f6b.rlib" "/opt/rustwide/target/debug/deps/libbyteorder-a12c1714ecf211a7.rlib" "/opt/rustwide/target/debug/deps/liblog-8e5de74d6f5fd07e.rlib" "/opt/rustwide/target/debug/deps/libserde_json-4c7c08826025f205.rlib" "/opt/rustwide/target/debug/deps/libryu-9ab1217e553e7686.rlib" "/opt/rustwide/target/debug/deps/libitoa-76a9278ae3e910b2.rlib" "/opt/rustwide/target/debug/deps/libitertools_num-88dcfe07693720e3.rlib" "/opt/rustwide/target/debug/deps/libitertools-ad38252b3c51c0e9.rlib" "/opt/rustwide/target/debug/deps/libeither-3bdda50ff00c6a41.rlib" "/opt/rustwide/target/debug/deps/libfailure-c0e86b8616c883e9.rlib" "/opt/rustwide/target/debug/deps/libbacktrace-8331d274d1431b18.rlib" "/opt/rustwide/target/debug/deps/libbacktrace_sys-10b7e7dd79bb4bb3.rlib" "/opt/rustwide/target/debug/deps/librustc_demangle-301164bde815b5b7.rlib" "/opt/rustwide/target/debug/deps/libcsv-d1abbe76b916c7f2.rlib" "/opt/rustwide/target/debug/deps/libserde-aae53c08e9f24f88.rlib" "/opt/rustwide/target/debug/deps/libcsv_core-ee7909e4de88a5ee.rlib" "/opt/rustwide/target/debug/deps/libmemchr-91e11253af504a8c.rlib" "/opt/rustwide/target/debug/deps/libcfg_if-c908bf6d08823f48.rlib" "/opt/rustwide/target/debug/deps/libcriterion_stats-4f5fb5763412f2b1.rlib" "/opt/rustwide/target/debug/deps/libthread_scoped-4787b293684ffa12.rlib" "/opt/rustwide/target/debug/deps/librand-8f7ee5f45acd2fb6.rlib" "/opt/rustwide/target/debug/deps/libnum_traits-157f9e43f9254c2a.rlib" "/opt/rustwide/target/debug/deps/libnum_cpus-8300632d681829ff.rlib" "/opt/rustwide/target/debug/deps/libcast-02ec8471648ac2b6.rlib" "/opt/rustwide/target/debug/deps/libclap-44519e7c6f07f3e1.rlib" "/opt/rustwide/target/debug/deps/libvec_map-6bf5f3a35d2dd0fd.rlib" "/opt/rustwide/target/debug/deps/libtextwrap-0cc004a680f70290.rlib" "/opt/rustwide/target/debug/deps/libunicode_width-30a8e82c595a8832.rlib" "/opt/rustwide/target/debug/deps/libstrsim-24e0a2992d047fc1.rlib" "/opt/rustwide/target/debug/deps/libbitflags-d56b2f80851a96cb.rlib" "/opt/rustwide/target/debug/deps/libansi_term-14a6b62054212c8d.rlib" "/opt/rustwide/target/debug/deps/libatty-d75806c0c451d4c1.rlib" "/opt/rustwide/target/debug/deps/liblibc-367875b9f7da6725.rlib" "/opt/rustwide/rustup-home/toolchains/beta-2023-12-22-x86_64-unknown-linux-gnu/lib/rustlib/x86_64-unknown-linux-gnu/lib/libstd-0672489a78b613de.rlib" "/opt/rustwide/rustup-home/toolchains/beta-2023-12-22-x86_64-unknown-linux-gnu/lib/rustlib/x86_64-unknown-linux-gnu/lib/libpanic_unwind-7eb3ffc34a49f675.rlib" "/opt/rustwide/rustup-home/toolchains/beta-2023-12-22-x86_64-unknown-linux-gnu/lib/rustlib/x86_64-unknown-linux-gnu/lib/libobject-6478a9daa4bee8e2.rlib" "/opt/rustwide/rustup-home/toolchains/beta-2023-12-22-x86_64-unknown-linux-gnu/lib/rustlib/x86_64-unknown-linux-gnu/lib/libmemchr-0c75d871a5c3923d.rlib" "/opt/rustwide/rustup-home/toolchains/beta-2023-12-22-x86_64-unknown-linux-gnu/lib/rustlib/x86_64-unknown-linux-gnu/lib/libaddr2line-d163ef63ad37bb71.rlib" "/opt/rustwide/rustup-home/toolchains/beta-2023-12-22-x86_64-unknown-linux-gnu/lib/rustlib/x86_64-unknown-linux-gnu/lib/libgimli-8a3fd810a85b9f4c.rlib" "/opt/rustwide/rustup-home/toolchains/beta-2023-12-22-x86_64-unknown-linux-gnu/lib/rustlib/x86_64-unknown-linux-gnu/lib/librustc_demangle-462a2cde8c5dfc10.rlib" "/opt/rustwide/rustup-home/toolchains/beta-2023-12-22-x86_64-unknown-linux-gnu/lib/rustlib/x86_64-unknown-linux-gnu/lib/libstd_detect-cb06ac9f54713f71.rlib" "/opt/rustwide/rustup-home/toolchains/beta-2023-12-22-x86_64-unknown-linux-gnu/lib/rustlib/x86_64-unknown-linux-gnu/lib/libhashbrown-f20bfd1f8e59b393.rlib" "/opt/rustwide/rustup-home/toolchains/beta-2023-12-22-x86_64-unknown-linux-gnu/lib/rustlib/x86_64-unknown-linux-gnu/lib/librustc_std_workspace_alloc-1ef460949b49da4b.rlib" "/opt/rustwide/rustup-home/toolchains/beta-2023-12-22-x86_64-unknown-linux-gnu/lib/rustlib/x86_64-unknown-linux-gnu/lib/libminiz_oxide-2cb0c0ffe4f87514.rlib" "/opt/rustwide/rustup-home/toolchains/beta-2023-12-22-x86_64-unknown-linux-gnu/lib/rustlib/x86_64-unknown-linux-gnu/lib/libadler-58d841eb322a11a2.rlib" "/opt/rustwide/rustup-home/toolchains/beta-2023-12-22-x86_64-unknown-linux-gnu/lib/rustlib/x86_64-unknown-linux-gnu/lib/libunwind-aa2ae0b0a9d11533.rlib" "/opt/rustwide/rustup-home/toolchains/beta-2023-12-22-x86_64-unknown-linux-gnu/lib/rustlib/x86_64-unknown-linux-gnu/lib/libcfg_if-23874e15830ed336.rlib" "/opt/rustwide/rustup-home/toolchains/beta-2023-12-22-x86_64-unknown-linux-gnu/lib/rustlib/x86_64-unknown-linux-gnu/lib/liblibc-e47cddc003bce885.rlib" "/opt/rustwide/rustup-home/toolchains/beta-2023-12-22-x86_64-unknown-linux-gnu/lib/rustlib/x86_64-unknown-linux-gnu/lib/liballoc-c22b13b48a8f128e.rlib" "/opt/rustwide/rustup-home/toolchains/beta-2023-12-22-x86_64-unknown-linux-gnu/lib/rustlib/x86_64-unknown-linux-gnu/lib/librustc_std_workspace_core-e46bc3da6d7c462f.rlib" "/opt/rustwide/rustup-home/toolchains/beta-2023-12-22-x86_64-unknown-linux-gnu/lib/rustlib/x86_64-unknown-linux-gnu/lib/libcore-8d1ac131d3cb2645.rlib" "/opt/rustwide/rustup-home/toolchains/beta-2023-12-22-x86_64-unknown-linux-gnu/lib/rustlib/x86_64-unknown-linux-gnu/lib/libcompiler_builtins-a1b43df8c6899c1f.rlib" "-Wl,-Bdynamic" "-lutil" "-lgcc_s" "-lutil" "-lrt" "-lpthread" "-lm" "-ldl" "-lc" "-Wl,--eh-frame-hdr" "-Wl,-z,noexecstack" "-L" "/opt/rustwide/rustup-home/toolchains/beta-2023-12-22-x86_64-unknown-linux-gnu/lib/rustlib/x86_64-unknown-linux-gnu/lib" "-o" "/opt/rustwide/target/debug/deps/day11_part1_v2-3a77bef230a7edbf" "-Wl,--gc-sections" "-pie" "-Wl,-z,relro,-z,now" "-nodefaultlibs"
[INFO] [stdout]   = note: collect2: fatal error: ld terminated with signal 9 [Killed]
[INFO] [stdout]           compilation terminated.
[INFO] [stdout]           
[INFO] [stdout] 
[INFO] [stdout] 
[INFO] [stdout] error: aborting due to 1 previous error
[INFO] [stdout] 
[INFO] [stdout] 
[INFO] [stderr] error: could not compile `AdventOfCode2018` (bin "day11_part1_v2") due to 2 previous errors
[INFO] [stdout] error: linking with `cc` failed: exit status: 1
[INFO] [stdout]   |
[INFO] [stdout]   = note: LC_ALL="C" PATH="/opt/rustwide/rustup-home/toolchains/beta-2023-12-22-x86_64-unknown-linux-gnu/lib/rustlib/x86_64-unknown-linux-gnu/bin:/opt/rustwide/cargo-home/bin:/usr/local/sbin:/usr/local/bin:/usr/sbin:/usr/bin:/sbin:/bin" VSLANG="1033" "cc" "-m64" "/tmp/rustcrbhHoa/symbols.o" "/opt/rustwide/target/debug/deps/day10_part1_part2_v2-c12ca68ffb02b24c.day10_part1_part2_v2.d142b8bf4ed8cca2-cgu.0.rcgu.o" "/opt/rustwide/target/debug/deps/day10_part1_part2_v2-c12ca68ffb02b24c.day10_part1_part2_v2.d142b8bf4ed8cca2-cgu.1.rcgu.o" "/opt/rustwide/target/debug/deps/day10_part1_part2_v2-c12ca68ffb02b24c.day10_part1_part2_v2.d142b8bf4ed8cca2-cgu.2.rcgu.o" "/opt/rustwide/target/debug/deps/day10_part1_part2_v2-c12ca68ffb02b24c.1sjbdwbgh0aghtcf.rcgu.o" "-Wl,--as-needed" "-L" "/opt/rustwide/target/debug/deps" "-L" "/opt/rustwide/target/debug/build/backtrace-sys-94fae2401a279c6c/out" "-L" "/opt/rustwide/rustup-home/toolchains/beta-2023-12-22-x86_64-unknown-linux-gnu/lib/rustlib/x86_64-unknown-linux-gnu/lib" "-Wl,-Bstatic" "/opt/rustwide/target/debug/deps/libcriterion-1ebb0bf60c0faf1d.rlib" "/opt/rustwide/target/debug/deps/libhandlebars-f5871924bfda814d.rlib" "/opt/rustwide/target/debug/deps/libregex-568bbe6bb0dba048.rlib" "/opt/rustwide/target/debug/deps/libutf8_ranges-d2fdb42f66561a19.rlib" "/opt/rustwide/target/debug/deps/libregex_syntax-26b73de02a260b5f.rlib" "/opt/rustwide/target/debug/deps/libucd_util-ff16e0a9ab918297.rlib" "/opt/rustwide/target/debug/deps/libthread_local-2a7be8a36f354b3c.rlib" "/opt/rustwide/target/debug/deps/libaho_corasick-9a6daaa06ed07d2c.rlib" "/opt/rustwide/target/debug/deps/libquick_error-65c66cc3d325e00c.rlib" "/opt/rustwide/target/debug/deps/libpest-467407c1a34fada0.rlib" "/opt/rustwide/target/debug/deps/liblazy_static-7c426329d0977a45.rlib" "/opt/rustwide/target/debug/deps/libcriterion_plot-cfee8dd3b3c31363.rlib" "/opt/rustwide/target/debug/deps/libwalkdir-83066cbe7bbe528d.rlib" "/opt/rustwide/target/debug/deps/libsame_file-7344bc95d1c56fb0.rlib" "/opt/rustwide/target/debug/deps/libsimplelog-f0fb447dd8c308f7.rlib" "/opt/rustwide/target/debug/deps/libchrono-af67f141484be97f.rlib" "/opt/rustwide/target/debug/deps/libnum_integer-c3c0491dd651d6ba.rlib" "/opt/rustwide/target/debug/deps/libtime-b8d2c7f02ff994f3.rlib" "/opt/rustwide/target/debug/deps/libterm-2ee45753418c0f6b.rlib" "/opt/rustwide/target/debug/deps/libbyteorder-a12c1714ecf211a7.rlib" "/opt/rustwide/target/debug/deps/liblog-8e5de74d6f5fd07e.rlib" "/opt/rustwide/target/debug/deps/libserde_json-4c7c08826025f205.rlib" "/opt/rustwide/target/debug/deps/libryu-9ab1217e553e7686.rlib" "/opt/rustwide/target/debug/deps/libitoa-76a9278ae3e910b2.rlib" "/opt/rustwide/target/debug/deps/libitertools_num-88dcfe07693720e3.rlib" "/opt/rustwide/target/debug/deps/libitertools-ad38252b3c51c0e9.rlib" "/opt/rustwide/target/debug/deps/libeither-3bdda50ff00c6a41.rlib" "/opt/rustwide/target/debug/deps/libfailure-c0e86b8616c883e9.rlib" "/opt/rustwide/target/debug/deps/libbacktrace-8331d274d1431b18.rlib" "/opt/rustwide/target/debug/deps/libbacktrace_sys-10b7e7dd79bb4bb3.rlib" "/opt/rustwide/target/debug/deps/librustc_demangle-301164bde815b5b7.rlib" "/opt/rustwide/target/debug/deps/libcsv-d1abbe76b916c7f2.rlib" "/opt/rustwide/target/debug/deps/libserde-aae53c08e9f24f88.rlib" "/opt/rustwide/target/debug/deps/libcsv_core-ee7909e4de88a5ee.rlib" "/opt/rustwide/target/debug/deps/libmemchr-91e11253af504a8c.rlib" "/opt/rustwide/target/debug/deps/libcfg_if-c908bf6d08823f48.rlib" "/opt/rustwide/target/debug/deps/libcriterion_stats-4f5fb5763412f2b1.rlib" "/opt/rustwide/target/debug/deps/libthread_scoped-4787b293684ffa12.rlib" "/opt/rustwide/target/debug/deps/librand-8f7ee5f45acd2fb6.rlib" "/opt/rustwide/target/debug/deps/libnum_traits-157f9e43f9254c2a.rlib" "/opt/rustwide/target/debug/deps/libnum_cpus-8300632d681829ff.rlib" "/opt/rustwide/target/debug/deps/libcast-02ec8471648ac2b6.rlib" "/opt/rustwide/target/debug/deps/libclap-44519e7c6f07f3e1.rlib" "/opt/rustwide/target/debug/deps/libvec_map-6bf5f3a35d2dd0fd.rlib" "/opt/rustwide/target/debug/deps/libtextwrap-0cc004a680f70290.rlib" "/opt/rustwide/target/debug/deps/libunicode_width-30a8e82c595a8832.rlib" "/opt/rustwide/target/debug/deps/libstrsim-24e0a2992d047fc1.rlib" "/opt/rustwide/target/debug/deps/libbitflags-d56b2f80851a96cb.rlib" "/opt/rustwide/target/debug/deps/libansi_term-14a6b62054212c8d.rlib" "/opt/rustwide/target/debug/deps/libatty-d75806c0c451d4c1.rlib" "/opt/rustwide/target/debug/deps/liblibc-367875b9f7da6725.rlib" "/opt/rustwide/rustup-home/toolchains/beta-2023-12-22-x86_64-unknown-linux-gnu/lib/rustlib/x86_64-unknown-linux-gnu/lib/libstd-0672489a78b613de.rlib" "/opt/rustwide/rustup-home/toolchains/beta-2023-12-22-x86_64-unknown-linux-gnu/lib/rustlib/x86_64-unknown-linux-gnu/lib/libpanic_unwind-7eb3ffc34a49f675.rlib" "/opt/rustwide/rustup-home/toolchains/beta-2023-12-22-x86_64-unknown-linux-gnu/lib/rustlib/x86_64-unknown-linux-gnu/lib/libobject-6478a9daa4bee8e2.rlib" "/opt/rustwide/rustup-home/toolchains/beta-2023-12-22-x86_64-unknown-linux-gnu/lib/rustlib/x86_64-unknown-linux-gnu/lib/libmemchr-0c75d871a5c3923d.rlib" "/opt/rustwide/rustup-home/toolchains/beta-2023-12-22-x86_64-unknown-linux-gnu/lib/rustlib/x86_64-unknown-linux-gnu/lib/libaddr2line-d163ef63ad37bb71.rlib" "/opt/rustwide/rustup-home/toolchains/beta-2023-12-22-x86_64-unknown-linux-gnu/lib/rustlib/x86_64-unknown-linux-gnu/lib/libgimli-8a3fd810a85b9f4c.rlib" "/opt/rustwide/rustup-home/toolchains/beta-2023-12-22-x86_64-unknown-linux-gnu/lib/rustlib/x86_64-unknown-linux-gnu/lib/librustc_demangle-462a2cde8c5dfc10.rlib" "/opt/rustwide/rustup-home/toolchains/beta-2023-12-22-x86_64-unknown-linux-gnu/lib/rustlib/x86_64-unknown-linux-gnu/lib/libstd_detect-cb06ac9f54713f71.rlib" "/opt/rustwide/rustup-home/toolchains/beta-2023-12-22-x86_64-unknown-linux-gnu/lib/rustlib/x86_64-unknown-linux-gnu/lib/libhashbrown-f20bfd1f8e59b393.rlib" "/opt/rustwide/rustup-home/toolchains/beta-2023-12-22-x86_64-unknown-linux-gnu/lib/rustlib/x86_64-unknown-linux-gnu/lib/librustc_std_workspace_alloc-1ef460949b49da4b.rlib" "/opt/rustwide/rustup-home/toolchains/beta-2023-12-22-x86_64-unknown-linux-gnu/lib/rustlib/x86_64-unknown-linux-gnu/lib/libminiz_oxide-2cb0c0ffe4f87514.rlib" "/opt/rustwide/rustup-home/toolchains/beta-2023-12-22-x86_64-unknown-linux-gnu/lib/rustlib/x86_64-unknown-linux-gnu/lib/libadler-58d841eb322a11a2.rlib" "/opt/rustwide/rustup-home/toolchains/beta-2023-12-22-x86_64-unknown-linux-gnu/lib/rustlib/x86_64-unknown-linux-gnu/lib/libunwind-aa2ae0b0a9d11533.rlib" "/opt/rustwide/rustup-home/toolchains/beta-2023-12-22-x86_64-unknown-linux-gnu/lib/rustlib/x86_64-unknown-linux-gnu/lib/libcfg_if-23874e15830ed336.rlib" "/opt/rustwide/rustup-home/toolchains/beta-2023-12-22-x86_64-unknown-linux-gnu/lib/rustlib/x86_64-unknown-linux-gnu/lib/liblibc-e47cddc003bce885.rlib" "/opt/rustwide/rustup-home/toolchains/beta-2023-12-22-x86_64-unknown-linux-gnu/lib/rustlib/x86_64-unknown-linux-gnu/lib/liballoc-c22b13b48a8f128e.rlib" "/opt/rustwide/rustup-home/toolchains/beta-2023-12-22-x86_64-unknown-linux-gnu/lib/rustlib/x86_64-unknown-linux-gnu/lib/librustc_std_workspace_core-e46bc3da6d7c462f.rlib" "/opt/rustwide/rustup-home/toolchains/beta-2023-12-22-x86_64-unknown-linux-gnu/lib/rustlib/x86_64-unknown-linux-gnu/lib/libcore-8d1ac131d3cb2645.rlib" "/opt/rustwide/rustup-home/toolchains/beta-2023-12-22-x86_64-unknown-linux-gnu/lib/rustlib/x86_64-unknown-linux-gnu/lib/libcompiler_builtins-a1b43df8c6899c1f.rlib" "-Wl,-Bdynamic" "-lutil" "-lgcc_s" "-lutil" "-lrt" "-lpthread" "-lm" "-ldl" "-lc" "-Wl,--eh-frame-hdr" "-Wl,-z,noexecstack" "-L" "/opt/rustwide/rustup-home/toolchains/beta-2023-12-22-x86_64-unknown-linux-gnu/lib/rustlib/x86_64-unknown-linux-gnu/lib" "-o" "/opt/rustwide/target/debug/deps/day10_part1_part2_v2-c12ca68ffb02b24c" "-Wl,--gc-sections" "-pie" "-Wl,-z,relro,-z,now" "-nodefaultlibs"
[INFO] [stdout]   = note: collect2: fatal error: ld terminated with signal 9 [Killed]
[INFO] [stdout]           compilation terminated.
[INFO] [stdout]           
[INFO] [stdout] 
[INFO] [stdout] 
[INFO] [stdout] error: aborting due to 1 previous error; 4 warnings emitted
[INFO] [stdout] 
[INFO] [stdout] 
[INFO] [stderr] error: could not compile `AdventOfCode2018` (bin "day10_part1_part2_v2") due to 2 previous errors; 4 warnings emitted
[INFO] [stdout] error: linking with `cc` failed: exit status: 1
[INFO] [stdout]   |
[INFO] [stdout]   = note: LC_ALL="C" PATH="/opt/rustwide/rustup-home/toolchains/beta-2023-12-22-x86_64-unknown-linux-gnu/lib/rustlib/x86_64-unknown-linux-gnu/bin:/opt/rustwide/cargo-home/bin:/usr/local/sbin:/usr/local/bin:/usr/sbin:/usr/bin:/sbin:/bin" VSLANG="1033" "cc" "-m64" "/tmp/rustcvAVkxs/symbols.o" "/opt/rustwide/target/debug/deps/day12_part2-914e107b5b3933fe.day12_part2.a15682a605221b4b-cgu.0.rcgu.o" "/opt/rustwide/target/debug/deps/day12_part2-914e107b5b3933fe.day12_part2.a15682a605221b4b-cgu.1.rcgu.o" "/opt/rustwide/target/debug/deps/day12_part2-914e107b5b3933fe.day12_part2.a15682a605221b4b-cgu.2.rcgu.o" "/opt/rustwide/target/debug/deps/day12_part2-914e107b5b3933fe.195pqjpgyvsn1vu9.rcgu.o" "-Wl,--as-needed" "-L" "/opt/rustwide/target/debug/deps" "-L" "/opt/rustwide/target/debug/build/backtrace-sys-94fae2401a279c6c/out" "-L" "/opt/rustwide/rustup-home/toolchains/beta-2023-12-22-x86_64-unknown-linux-gnu/lib/rustlib/x86_64-unknown-linux-gnu/lib" "-Wl,-Bstatic" "/opt/rustwide/target/debug/deps/libcriterion-1ebb0bf60c0faf1d.rlib" "/opt/rustwide/target/debug/deps/libhandlebars-f5871924bfda814d.rlib" "/opt/rustwide/target/debug/deps/libregex-568bbe6bb0dba048.rlib" "/opt/rustwide/target/debug/deps/libutf8_ranges-d2fdb42f66561a19.rlib" "/opt/rustwide/target/debug/deps/libregex_syntax-26b73de02a260b5f.rlib" "/opt/rustwide/target/debug/deps/libucd_util-ff16e0a9ab918297.rlib" "/opt/rustwide/target/debug/deps/libthread_local-2a7be8a36f354b3c.rlib" "/opt/rustwide/target/debug/deps/libaho_corasick-9a6daaa06ed07d2c.rlib" "/opt/rustwide/target/debug/deps/libquick_error-65c66cc3d325e00c.rlib" "/opt/rustwide/target/debug/deps/libpest-467407c1a34fada0.rlib" "/opt/rustwide/target/debug/deps/liblazy_static-7c426329d0977a45.rlib" "/opt/rustwide/target/debug/deps/libcriterion_plot-cfee8dd3b3c31363.rlib" "/opt/rustwide/target/debug/deps/libwalkdir-83066cbe7bbe528d.rlib" "/opt/rustwide/target/debug/deps/libsame_file-7344bc95d1c56fb0.rlib" "/opt/rustwide/target/debug/deps/libsimplelog-f0fb447dd8c308f7.rlib" "/opt/rustwide/target/debug/deps/libchrono-af67f141484be97f.rlib" "/opt/rustwide/target/debug/deps/libnum_integer-c3c0491dd651d6ba.rlib" "/opt/rustwide/target/debug/deps/libtime-b8d2c7f02ff994f3.rlib" "/opt/rustwide/target/debug/deps/libterm-2ee45753418c0f6b.rlib" "/opt/rustwide/target/debug/deps/libbyteorder-a12c1714ecf211a7.rlib" "/opt/rustwide/target/debug/deps/liblog-8e5de74d6f5fd07e.rlib" "/opt/rustwide/target/debug/deps/libserde_json-4c7c08826025f205.rlib" "/opt/rustwide/target/debug/deps/libryu-9ab1217e553e7686.rlib" "/opt/rustwide/target/debug/deps/libitoa-76a9278ae3e910b2.rlib" "/opt/rustwide/target/debug/deps/libitertools_num-88dcfe07693720e3.rlib" "/opt/rustwide/target/debug/deps/libitertools-ad38252b3c51c0e9.rlib" "/opt/rustwide/target/debug/deps/libeither-3bdda50ff00c6a41.rlib" "/opt/rustwide/target/debug/deps/libfailure-c0e86b8616c883e9.rlib" "/opt/rustwide/target/debug/deps/libbacktrace-8331d274d1431b18.rlib" "/opt/rustwide/target/debug/deps/libbacktrace_sys-10b7e7dd79bb4bb3.rlib" "/opt/rustwide/target/debug/deps/librustc_demangle-301164bde815b5b7.rlib" "/opt/rustwide/target/debug/deps/libcsv-d1abbe76b916c7f2.rlib" "/opt/rustwide/target/debug/deps/libserde-aae53c08e9f24f88.rlib" "/opt/rustwide/target/debug/deps/libcsv_core-ee7909e4de88a5ee.rlib" "/opt/rustwide/target/debug/deps/libmemchr-91e11253af504a8c.rlib" "/opt/rustwide/target/debug/deps/libcfg_if-c908bf6d08823f48.rlib" "/opt/rustwide/target/debug/deps/libcriterion_stats-4f5fb5763412f2b1.rlib" "/opt/rustwide/target/debug/deps/libthread_scoped-4787b293684ffa12.rlib" "/opt/rustwide/target/debug/deps/librand-8f7ee5f45acd2fb6.rlib" "/opt/rustwide/target/debug/deps/libnum_traits-157f9e43f9254c2a.rlib" "/opt/rustwide/target/debug/deps/libnum_cpus-8300632d681829ff.rlib" "/opt/rustwide/target/debug/deps/libcast-02ec8471648ac2b6.rlib" "/opt/rustwide/target/debug/deps/libclap-44519e7c6f07f3e1.rlib" "/opt/rustwide/target/debug/deps/libvec_map-6bf5f3a35d2dd0fd.rlib" "/opt/rustwide/target/debug/deps/libtextwrap-0cc004a680f70290.rlib" "/opt/rustwide/target/debug/deps/libunicode_width-30a8e82c595a8832.rlib" "/opt/rustwide/target/debug/deps/libstrsim-24e0a2992d047fc1.rlib" "/opt/rustwide/target/debug/deps/libbitflags-d56b2f80851a96cb.rlib" "/opt/rustwide/target/debug/deps/libansi_term-14a6b62054212c8d.rlib" "/opt/rustwide/target/debug/deps/libatty-d75806c0c451d4c1.rlib" "/opt/rustwide/target/debug/deps/liblibc-367875b9f7da6725.rlib" "/opt/rustwide/rustup-home/toolchains/beta-2023-12-22-x86_64-unknown-linux-gnu/lib/rustlib/x86_64-unknown-linux-gnu/lib/libstd-0672489a78b613de.rlib" "/opt/rustwide/rustup-home/toolchains/beta-2023-12-22-x86_64-unknown-linux-gnu/lib/rustlib/x86_64-unknown-linux-gnu/lib/libpanic_unwind-7eb3ffc34a49f675.rlib" "/opt/rustwide/rustup-home/toolchains/beta-2023-12-22-x86_64-unknown-linux-gnu/lib/rustlib/x86_64-unknown-linux-gnu/lib/libobject-6478a9daa4bee8e2.rlib" "/opt/rustwide/rustup-home/toolchains/beta-2023-12-22-x86_64-unknown-linux-gnu/lib/rustlib/x86_64-unknown-linux-gnu/lib/libmemchr-0c75d871a5c3923d.rlib" "/opt/rustwide/rustup-home/toolchains/beta-2023-12-22-x86_64-unknown-linux-gnu/lib/rustlib/x86_64-unknown-linux-gnu/lib/libaddr2line-d163ef63ad37bb71.rlib" "/opt/rustwide/rustup-home/toolchains/beta-2023-12-22-x86_64-unknown-linux-gnu/lib/rustlib/x86_64-unknown-linux-gnu/lib/libgimli-8a3fd810a85b9f4c.rlib" "/opt/rustwide/rustup-home/toolchains/beta-2023-12-22-x86_64-unknown-linux-gnu/lib/rustlib/x86_64-unknown-linux-gnu/lib/librustc_demangle-462a2cde8c5dfc10.rlib" "/opt/rustwide/rustup-home/toolchains/beta-2023-12-22-x86_64-unknown-linux-gnu/lib/rustlib/x86_64-unknown-linux-gnu/lib/libstd_detect-cb06ac9f54713f71.rlib" "/opt/rustwide/rustup-home/toolchains/beta-2023-12-22-x86_64-unknown-linux-gnu/lib/rustlib/x86_64-unknown-linux-gnu/lib/libhashbrown-f20bfd1f8e59b393.rlib" "/opt/rustwide/rustup-home/toolchains/beta-2023-12-22-x86_64-unknown-linux-gnu/lib/rustlib/x86_64-unknown-linux-gnu/lib/librustc_std_workspace_alloc-1ef460949b49da4b.rlib" "/opt/rustwide/rustup-home/toolchains/beta-2023-12-22-x86_64-unknown-linux-gnu/lib/rustlib/x86_64-unknown-linux-gnu/lib/libminiz_oxide-2cb0c0ffe4f87514.rlib" "/opt/rustwide/rustup-home/toolchains/beta-2023-12-22-x86_64-unknown-linux-gnu/lib/rustlib/x86_64-unknown-linux-gnu/lib/libadler-58d841eb322a11a2.rlib" "/opt/rustwide/rustup-home/toolchains/beta-2023-12-22-x86_64-unknown-linux-gnu/lib/rustlib/x86_64-unknown-linux-gnu/lib/libunwind-aa2ae0b0a9d11533.rlib" "/opt/rustwide/rustup-home/toolchains/beta-2023-12-22-x86_64-unknown-linux-gnu/lib/rustlib/x86_64-unknown-linux-gnu/lib/libcfg_if-23874e15830ed336.rlib" "/opt/rustwide/rustup-home/toolchains/beta-2023-12-22-x86_64-unknown-linux-gnu/lib/rustlib/x86_64-unknown-linux-gnu/lib/liblibc-e47cddc003bce885.rlib" "/opt/rustwide/rustup-home/toolchains/beta-2023-12-22-x86_64-unknown-linux-gnu/lib/rustlib/x86_64-unknown-linux-gnu/lib/liballoc-c22b13b48a8f128e.rlib" "/opt/rustwide/rustup-home/toolchains/beta-2023-12-22-x86_64-unknown-linux-gnu/lib/rustlib/x86_64-unknown-linux-gnu/lib/librustc_std_workspace_core-e46bc3da6d7c462f.rlib" "/opt/rustwide/rustup-home/toolchains/beta-2023-12-22-x86_64-unknown-linux-gnu/lib/rustlib/x86_64-unknown-linux-gnu/lib/libcore-8d1ac131d3cb2645.rlib" "/opt/rustwide/rustup-home/toolchains/beta-2023-12-22-x86_64-unknown-linux-gnu/lib/rustlib/x86_64-unknown-linux-gnu/lib/libcompiler_builtins-a1b43df8c6899c1f.rlib" "-Wl,-Bdynamic" "-lutil" "-lgcc_s" "-lutil" "-lrt" "-lpthread" "-lm" "-ldl" "-lc" "-Wl,--eh-frame-hdr" "-Wl,-z,noexecstack" "-L" "/opt/rustwide/rustup-home/toolchains/beta-2023-12-22-x86_64-unknown-linux-gnu/lib/rustlib/x86_64-unknown-linux-gnu/lib" "-o" "/opt/rustwide/target/debug/deps/day12_part2-914e107b5b3933fe" "-Wl,--gc-sections" "-pie" "-Wl,-z,relro,-z,now" "-nodefaultlibs"
[INFO] [stdout]   = note: collect2: fatal error: ld terminated with signal 9 [Killed]
[INFO] [stdout]           compilation terminated.
[INFO] [stdout]           
[INFO] [stdout] 
[INFO] [stdout] 
[INFO] [stdout] error: aborting due to 1 previous error
[INFO] [stdout] 
[INFO] [stdout] 
[INFO] [stderr] error: could not compile `AdventOfCode2018` (bin "day12_part2") due to 2 previous errors
[INFO] [stdout] error: linking with `cc` failed: exit status: 1
[INFO] [stdout]   |
[INFO] [stdout]   = note: LC_ALL="C" PATH="/opt/rustwide/rustup-home/toolchains/beta-2023-12-22-x86_64-unknown-linux-gnu/lib/rustlib/x86_64-unknown-linux-gnu/bin:/opt/rustwide/cargo-home/bin:/usr/local/sbin:/usr/local/bin:/usr/sbin:/usr/bin:/sbin:/bin" VSLANG="1033" "cc" "-m64" "/tmp/rustcWTfdSJ/symbols.o" "/opt/rustwide/target/debug/deps/day2_part1-f6cc80db16d29b95.day2_part1.54702f26acd3df1c-cgu.0.rcgu.o" "/opt/rustwide/target/debug/deps/day2_part1-f6cc80db16d29b95.day2_part1.54702f26acd3df1c-cgu.1.rcgu.o" "/opt/rustwide/target/debug/deps/day2_part1-f6cc80db16d29b95.day2_part1.54702f26acd3df1c-cgu.2.rcgu.o" "/opt/rustwide/target/debug/deps/day2_part1-f6cc80db16d29b95.564453z4figg4m4.rcgu.o" "-Wl,--as-needed" "-L" "/opt/rustwide/target/debug/deps" "-L" "/opt/rustwide/target/debug/build/backtrace-sys-94fae2401a279c6c/out" "-L" "/opt/rustwide/rustup-home/toolchains/beta-2023-12-22-x86_64-unknown-linux-gnu/lib/rustlib/x86_64-unknown-linux-gnu/lib" "-Wl,-Bstatic" "/opt/rustwide/target/debug/deps/libcriterion-1ebb0bf60c0faf1d.rlib" "/opt/rustwide/target/debug/deps/libhandlebars-f5871924bfda814d.rlib" "/opt/rustwide/target/debug/deps/libregex-568bbe6bb0dba048.rlib" "/opt/rustwide/target/debug/deps/libutf8_ranges-d2fdb42f66561a19.rlib" "/opt/rustwide/target/debug/deps/libregex_syntax-26b73de02a260b5f.rlib" "/opt/rustwide/target/debug/deps/libucd_util-ff16e0a9ab918297.rlib" "/opt/rustwide/target/debug/deps/libthread_local-2a7be8a36f354b3c.rlib" "/opt/rustwide/target/debug/deps/libaho_corasick-9a6daaa06ed07d2c.rlib" "/opt/rustwide/target/debug/deps/libquick_error-65c66cc3d325e00c.rlib" "/opt/rustwide/target/debug/deps/libpest-467407c1a34fada0.rlib" "/opt/rustwide/target/debug/deps/liblazy_static-7c426329d0977a45.rlib" "/opt/rustwide/target/debug/deps/libcriterion_plot-cfee8dd3b3c31363.rlib" "/opt/rustwide/target/debug/deps/libwalkdir-83066cbe7bbe528d.rlib" "/opt/rustwide/target/debug/deps/libsame_file-7344bc95d1c56fb0.rlib" "/opt/rustwide/target/debug/deps/libsimplelog-f0fb447dd8c308f7.rlib" "/opt/rustwide/target/debug/deps/libchrono-af67f141484be97f.rlib" "/opt/rustwide/target/debug/deps/libnum_integer-c3c0491dd651d6ba.rlib" "/opt/rustwide/target/debug/deps/libtime-b8d2c7f02ff994f3.rlib" "/opt/rustwide/target/debug/deps/libterm-2ee45753418c0f6b.rlib" "/opt/rustwide/target/debug/deps/libbyteorder-a12c1714ecf211a7.rlib" "/opt/rustwide/target/debug/deps/liblog-8e5de74d6f5fd07e.rlib" "/opt/rustwide/target/debug/deps/libserde_json-4c7c08826025f205.rlib" "/opt/rustwide/target/debug/deps/libryu-9ab1217e553e7686.rlib" "/opt/rustwide/target/debug/deps/libitoa-76a9278ae3e910b2.rlib" "/opt/rustwide/target/debug/deps/libitertools_num-88dcfe07693720e3.rlib" "/opt/rustwide/target/debug/deps/libitertools-ad38252b3c51c0e9.rlib" "/opt/rustwide/target/debug/deps/libfailure-c0e86b8616c883e9.rlib" "/opt/rustwide/target/debug/deps/libbacktrace-8331d274d1431b18.rlib" "/opt/rustwide/target/debug/deps/libbacktrace_sys-10b7e7dd79bb4bb3.rlib" "/opt/rustwide/target/debug/deps/librustc_demangle-301164bde815b5b7.rlib" "/opt/rustwide/target/debug/deps/libcsv-d1abbe76b916c7f2.rlib" "/opt/rustwide/target/debug/deps/libserde-aae53c08e9f24f88.rlib" "/opt/rustwide/target/debug/deps/libcsv_core-ee7909e4de88a5ee.rlib" "/opt/rustwide/target/debug/deps/libmemchr-91e11253af504a8c.rlib" "/opt/rustwide/target/debug/deps/libcfg_if-c908bf6d08823f48.rlib" "/opt/rustwide/target/debug/deps/libcriterion_stats-4f5fb5763412f2b1.rlib" "/opt/rustwide/target/debug/deps/libthread_scoped-4787b293684ffa12.rlib" "/opt/rustwide/target/debug/deps/librand-8f7ee5f45acd2fb6.rlib" "/opt/rustwide/target/debug/deps/libnum_traits-157f9e43f9254c2a.rlib" "/opt/rustwide/target/debug/deps/libnum_cpus-8300632d681829ff.rlib" "/opt/rustwide/target/debug/deps/libcast-02ec8471648ac2b6.rlib" "/opt/rustwide/target/debug/deps/libclap-44519e7c6f07f3e1.rlib" "/opt/rustwide/target/debug/deps/libvec_map-6bf5f3a35d2dd0fd.rlib" "/opt/rustwide/target/debug/deps/libtextwrap-0cc004a680f70290.rlib" "/opt/rustwide/target/debug/deps/libunicode_width-30a8e82c595a8832.rlib" "/opt/rustwide/target/debug/deps/libstrsim-24e0a2992d047fc1.rlib" "/opt/rustwide/target/debug/deps/libbitflags-d56b2f80851a96cb.rlib" "/opt/rustwide/target/debug/deps/libansi_term-14a6b62054212c8d.rlib" "/opt/rustwide/target/debug/deps/libatty-d75806c0c451d4c1.rlib" "/opt/rustwide/target/debug/deps/liblibc-367875b9f7da6725.rlib" "/opt/rustwide/target/debug/deps/libitertools-8ce9c0a7a84cfb4a.rlib" "/opt/rustwide/target/debug/deps/libeither-3bdda50ff00c6a41.rlib" "/opt/rustwide/rustup-home/toolchains/beta-2023-12-22-x86_64-unknown-linux-gnu/lib/rustlib/x86_64-unknown-linux-gnu/lib/libstd-0672489a78b613de.rlib" "/opt/rustwide/rustup-home/toolchains/beta-2023-12-22-x86_64-unknown-linux-gnu/lib/rustlib/x86_64-unknown-linux-gnu/lib/libpanic_unwind-7eb3ffc34a49f675.rlib" "/opt/rustwide/rustup-home/toolchains/beta-2023-12-22-x86_64-unknown-linux-gnu/lib/rustlib/x86_64-unknown-linux-gnu/lib/libobject-6478a9daa4bee8e2.rlib" "/opt/rustwide/rustup-home/toolchains/beta-2023-12-22-x86_64-unknown-linux-gnu/lib/rustlib/x86_64-unknown-linux-gnu/lib/libmemchr-0c75d871a5c3923d.rlib" "/opt/rustwide/rustup-home/toolchains/beta-2023-12-22-x86_64-unknown-linux-gnu/lib/rustlib/x86_64-unknown-linux-gnu/lib/libaddr2line-d163ef63ad37bb71.rlib" "/opt/rustwide/rustup-home/toolchains/beta-2023-12-22-x86_64-unknown-linux-gnu/lib/rustlib/x86_64-unknown-linux-gnu/lib/libgimli-8a3fd810a85b9f4c.rlib" "/opt/rustwide/rustup-home/toolchains/beta-2023-12-22-x86_64-unknown-linux-gnu/lib/rustlib/x86_64-unknown-linux-gnu/lib/librustc_demangle-462a2cde8c5dfc10.rlib" "/opt/rustwide/rustup-home/toolchains/beta-2023-12-22-x86_64-unknown-linux-gnu/lib/rustlib/x86_64-unknown-linux-gnu/lib/libstd_detect-cb06ac9f54713f71.rlib" "/opt/rustwide/rustup-home/toolchains/beta-2023-12-22-x86_64-unknown-linux-gnu/lib/rustlib/x86_64-unknown-linux-gnu/lib/libhashbrown-f20bfd1f8e59b393.rlib" "/opt/rustwide/rustup-home/toolchains/beta-2023-12-22-x86_64-unknown-linux-gnu/lib/rustlib/x86_64-unknown-linux-gnu/lib/librustc_std_workspace_alloc-1ef460949b49da4b.rlib" "/opt/rustwide/rustup-home/toolchains/beta-2023-12-22-x86_64-unknown-linux-gnu/lib/rustlib/x86_64-unknown-linux-gnu/lib/libminiz_oxide-2cb0c0ffe4f87514.rlib" "/opt/rustwide/rustup-home/toolchains/beta-2023-12-22-x86_64-unknown-linux-gnu/lib/rustlib/x86_64-unknown-linux-gnu/lib/libadler-58d841eb322a11a2.rlib" "/opt/rustwide/rustup-home/toolchains/beta-2023-12-22-x86_64-unknown-linux-gnu/lib/rustlib/x86_64-unknown-linux-gnu/lib/libunwind-aa2ae0b0a9d11533.rlib" "/opt/rustwide/rustup-home/toolchains/beta-2023-12-22-x86_64-unknown-linux-gnu/lib/rustlib/x86_64-unknown-linux-gnu/lib/libcfg_if-23874e15830ed336.rlib" "/opt/rustwide/rustup-home/toolchains/beta-2023-12-22-x86_64-unknown-linux-gnu/lib/rustlib/x86_64-unknown-linux-gnu/lib/liblibc-e47cddc003bce885.rlib" "/opt/rustwide/rustup-home/toolchains/beta-2023-12-22-x86_64-unknown-linux-gnu/lib/rustlib/x86_64-unknown-linux-gnu/lib/liballoc-c22b13b48a8f128e.rlib" "/opt/rustwide/rustup-home/toolchains/beta-2023-12-22-x86_64-unknown-linux-gnu/lib/rustlib/x86_64-unknown-linux-gnu/lib/librustc_std_workspace_core-e46bc3da6d7c462f.rlib" "/opt/rustwide/rustup-home/toolchains/beta-2023-12-22-x86_64-unknown-linux-gnu/lib/rustlib/x86_64-unknown-linux-gnu/lib/libcore-8d1ac131d3cb2645.rlib" "/opt/rustwide/rustup-home/toolchains/beta-2023-12-22-x86_64-unknown-linux-gnu/lib/rustlib/x86_64-unknown-linux-gnu/lib/libcompiler_builtins-a1b43df8c6899c1f.rlib" "-Wl,-Bdynamic" "-lutil" "-lgcc_s" "-lutil" "-lrt" "-lpthread" "-lm" "-ldl" "-lc" "-Wl,--eh-frame-hdr" "-Wl,-z,noexecstack" "-L" "/opt/rustwide/rustup-home/toolchains/beta-2023-12-22-x86_64-unknown-linux-gnu/lib/rustlib/x86_64-unknown-linux-gnu/lib" "-o" "/opt/rustwide/target/debug/deps/day2_part1-f6cc80db16d29b95" "-Wl,--gc-sections" "-pie" "-Wl,-z,relro,-z,now" "-nodefaultlibs"
[INFO] [stdout]   = note: collect2: fatal error: ld terminated with signal 9 [Killed]
[INFO] [stdout]           compilation terminated.
[INFO] [stdout]           
[INFO] [stdout] 
[INFO] [stdout] 
[INFO] [stdout] error: aborting due to 1 previous error
[INFO] [stdout] 
[INFO] [stdout] 
[INFO] [stderr] error: could not compile `AdventOfCode2018` (bin "day2_part1") due to 2 previous errors
[INFO] [stdout] warning: 1 warning emitted
[INFO] [stdout] 
[INFO] [stdout] 
[INFO] running `Command { std: "docker" "inspect" "ce0778b28b32711a5f933984a168433c5eb6bfa9641d561b5c7551825cb73e1e", kill_on_drop: false }`
[INFO] running `Command { std: "docker" "rm" "-f" "ce0778b28b32711a5f933984a168433c5eb6bfa9641d561b5c7551825cb73e1e", kill_on_drop: false }`
[INFO] [stdout] ce0778b28b32711a5f933984a168433c5eb6bfa9641d561b5c7551825cb73e1e
