[INFO] cloning repository https://github.com/Acidburn0zzz/merge-veloren
[INFO] running `Command { std: "git" "-c" "credential.helper=" "-c" "credential.helper=/workspace/cargo-home/bin/git-credential-null" "clone" "--bare" "https://github.com/Acidburn0zzz/merge-veloren" "/workspace/cache/git-repos/https%3A%2F%2Fgithub.com%2FAcidburn0zzz%2Fmerge-veloren", kill_on_drop: false }`
[INFO] [stderr] Cloning into bare repository '/workspace/cache/git-repos/https%3A%2F%2Fgithub.com%2FAcidburn0zzz%2Fmerge-veloren'...
[INFO] running `Command { std: "git" "rev-parse" "HEAD", kill_on_drop: false }`
[INFO] [stdout] b653052e11dc0473b8b87ac7f3c74a2c33701e9f
[INFO] testing Acidburn0zzz/merge-veloren against 1.75.0 for beta-1.76-1
[INFO] running `Command { std: "git" "clone" "/workspace/cache/git-repos/https%3A%2F%2Fgithub.com%2FAcidburn0zzz%2Fmerge-veloren" "/workspace/builds/worker-1-tc1/source", kill_on_drop: false }`
[INFO] [stderr] Cloning into '/workspace/builds/worker-1-tc1/source'...
[INFO] [stderr] done.
[INFO] validating manifest of git repo https://github.com/Acidburn0zzz/merge-veloren on toolchain 1.75.0
[INFO] running `Command { std: CARGO_HOME="/workspace/cargo-home" RUSTUP_HOME="/workspace/rustup-home" "/workspace/cargo-home/bin/cargo" "+1.75.0" "metadata" "--manifest-path" "Cargo.toml" "--no-deps", kill_on_drop: false }`
[INFO] removed /workspace/builds/worker-1-tc1/source/.cargo/config
[INFO] removed /workspace/builds/worker-1-tc1/source/rust-toolchain
[INFO] started tweaking git repo https://github.com/Acidburn0zzz/merge-veloren
[INFO] finished tweaking git repo https://github.com/Acidburn0zzz/merge-veloren
[INFO] tweaked toml for git repo https://github.com/Acidburn0zzz/merge-veloren written to /workspace/builds/worker-1-tc1/source/Cargo.toml
[INFO] crate git repo https://github.com/Acidburn0zzz/merge-veloren already has a lockfile, it will not be regenerated
[INFO] running `Command { std: CARGO_HOME="/workspace/cargo-home" RUSTUP_HOME="/workspace/rustup-home" "/workspace/cargo-home/bin/cargo" "+1.75.0" "fetch" "--manifest-path" "Cargo.toml", kill_on_drop: false }`
[INFO] [stderr]     Updating git repository `https://gitlab.com/veloren/vek.git`
[INFO] [stderr]     Updating git repository `https://github.com/Imberflur/winit.git`
[INFO] [stderr]     Updating crates.io index
[INFO] [stderr]     Updating git repository `https://gitlab.com/veloren/auth.git`
[INFO] [stderr]     Updating git repository `https://github.com/amethyst/specs.git`
[INFO] [stderr]     Updating git repository `https://gitlab.com/veloren/specs-idvs.git`
[INFO] [stderr]     Updating git repository `https://github.com/xMAC94x/portpicker-rs`
[INFO] [stderr]     Updating git repository `https://github.com/Imberflur/scan_fmt`
[INFO] [stderr]     Updating git repository `https://github.com/fdehau/tui-rs.git`
[INFO] [stderr]     Updating git repository `https://gitlab.com/veloren/conrod.git`
[INFO] [stderr]     Updating git repository `https://github.com/zesterer/euc.git`
[INFO] [stderr]  Downloading crates ...
[INFO] [stderr]   Downloaded horrorshow v0.8.3
[INFO] [stderr]   Downloaded tracing-attributes v0.1.8
[INFO] [stderr]   Downloaded oorandom v11.1.1
[INFO] [stderr]   Downloaded which v4.0.2
[INFO] [stderr]   Downloaded criterion v0.3.2
[INFO] [stderr]   Downloaded ndk v0.1.0
[INFO] [stderr]   Downloaded ureq v1.3.0
[INFO] [stderr]   Downloaded wasm-bindgen-macro v0.2.63
[INFO] [stderr]   Downloaded gilrs-core v0.2.6
[INFO] [stderr]   Downloaded arr_macro v0.1.3
[INFO] [stderr]   Downloaded glutin_glx_sys v0.1.6
[INFO] [stderr]   Downloaded proc-macro-error v0.4.12
[INFO] [stderr]   Downloaded dashmap v3.11.4
[INFO] [stderr]   Downloaded glutin_egl_sys v0.1.4
[INFO] [stderr]   Downloaded osascript v0.3.0
[INFO] [stderr]   Downloaded wasm-bindgen-backend v0.2.63
[INFO] [stderr]   Downloaded broadcaster v1.0.0
[INFO] [stderr]   Downloaded tuple_utils v0.3.0
[INFO] [stderr]   Downloaded treeculler v0.1.0
[INFO] [stderr]   Downloaded crossterm_winapi v0.6.1
[INFO] [stderr]   Downloaded shellexpand v2.0.0
[INFO] [stderr]   Downloaded tracing-log v0.1.1
[INFO] [stderr]   Downloaded pin-project-internal v0.4.20
[INFO] [stderr]   Downloaded gilrs v0.7.4
[INFO] [stderr]   Downloaded prometheus v0.9.0
[INFO] [stderr]   Downloaded libgit2-sys v0.12.7+1.0.0
[INFO] [stderr]   Downloaded orbclient v0.3.27
[INFO] [stderr]   Downloaded tracy-client-sys v0.9.0
[INFO] [stderr]   Downloaded ring v0.16.14
[INFO] [stderr]   Downloaded xcb v0.9.0
[INFO] [stderr]   Downloaded git2 v0.13.6
[INFO] [stderr]   Downloaded libssh2-sys v0.2.17
[INFO] [stderr]   Downloaded image v0.23.8
[INFO] [stderr]   Downloaded const-tweaker v0.3.1
[INFO] [stderr]   Downloaded web-sys v0.3.40
[INFO] [stderr]   Downloaded sharded-slab v0.0.9
[INFO] [stderr]   Downloaded serde_json v1.0.55
[INFO] [stderr]   Downloaded wasm-bindgen v0.2.63
[INFO] [stderr]   Downloaded deunicode v1.1.1
[INFO] [stderr]   Downloaded http-service v0.4.0
[INFO] [stderr]   Downloaded ogg v0.7.0
[INFO] [stderr]   Downloaded euclid v0.20.13
[INFO] [stderr]   Downloaded vek v0.11.2
[INFO] [stderr]   Downloaded minifb v0.14.0
[INFO] [stderr]   Downloaded noise v0.6.0
[INFO] [stderr]   Downloaded packed_simd v0.3.3
[INFO] [stderr]   Downloaded mio v0.7.0
[INFO] [stderr]   Downloaded js-sys v0.3.40
[INFO] [stderr]   Downloaded tracing v0.1.15
[INFO] [stderr]   Downloaded tide v0.6.0
[INFO] [stderr]   Downloaded base64 v0.12.1
[INFO] [stderr]   Downloaded pin-project v0.4.20
[INFO] [stderr]   Downloaded glutin v0.24.1
[INFO] [stderr]   Downloaded structopt v0.3.16
[INFO] [stderr]   Downloaded notify v5.0.0-pre.3
[INFO] [stderr]   Downloaded lewton v0.10.1
[INFO] [stderr]   Downloaded gfx_core v0.9.2
[INFO] [stderr]   Downloaded atom v0.3.5
[INFO] [stderr]   Downloaded ndk-sys v0.1.0
[INFO] [stderr]   Downloaded glsl-include v0.3.1
[INFO] [stderr]   Downloaded structopt-derive v0.4.9
[INFO] [stderr]   Downloaded fsevent v2.0.2
[INFO] [stderr]   Downloaded twox-hash v1.5.0
[INFO] [stderr]   Downloaded filetime v0.2.10
[INFO] [stderr]   Downloaded tracing-subscriber v0.2.6
[INFO] [stderr]   Downloaded tinytemplate v1.1.0
[INFO] [stderr]   Downloaded lz-fear v0.1.1
[INFO] [stderr]   Downloaded gfx v0.18.2
[INFO] [stderr]   Downloaded ansi-parser v0.6.5
[INFO] [stderr]   Downloaded gfx_device_gl v0.16.2
[INFO] [stderr]   Downloaded inotify v0.8.3
[INFO] [stderr]   Downloaded roots v0.0.6
[INFO] [stderr]   Downloaded draw_state v0.8.0
[INFO] [stderr]   Downloaded uvth v4.0.1
[INFO] [stderr]   Downloaded bincode v1.2.1
[INFO] [stderr]   Downloaded crossbeam v0.7.2
[INFO] [stderr]   Downloaded tynm v0.1.4
[INFO] [stderr]   Downloaded miow v0.3.5
[INFO] [stderr]   Downloaded directories-next v1.0.1
[INFO] [stderr]   Downloaded old_school_gfx_glutin_ext v0.24.0
[INFO] [stderr]   Downloaded native-dialog v0.4.2
[INFO] [stderr]   Downloaded downcast-rs v1.1.1
[INFO] [stderr]   Downloaded dispatch v0.1.4
[INFO] [stderr]   Downloaded inline_tweak v1.0.8
[INFO] [stderr]   Downloaded uvth v3.1.1
[INFO] [stderr]   Downloaded proc-macro-nested v0.1.5
[INFO] [stderr]   Downloaded fsevent-sys v3.0.2
[INFO] [stderr]   Downloaded sum_type v0.2.0
[INFO] [stderr]   Downloaded arr_macro_impl v0.1.3
[INFO] [stderr]   Downloaded wasm-bindgen-shared v0.2.63
[INFO] [stderr]   Downloaded tracing-tracy v0.2.0
[INFO] [stderr]   Downloaded bytemuck v1.3.1
[INFO] [stderr]   Downloaded instant v0.1.4
[INFO] [stderr]   Downloaded tracy-client v0.8.0
[INFO] [stderr]   Downloaded const-tweaker-attribute v0.5.0
[INFO] [stderr]   Downloaded shred-derive v0.6.2
[INFO] [stderr]   Downloaded ctor v0.1.15
[INFO] [stderr]   Downloaded tracing-serde v0.1.1
[INFO] [stderr]   Downloaded x11-clipboard v0.5.1
[INFO] [stderr]   Downloaded shred v0.10.2
[INFO] [stderr]   Downloaded criterion-plot v0.4.2
[INFO] [stderr]   Downloaded shrev v1.1.1
[INFO] [stderr]   Downloaded ndk-glue v0.1.0
[INFO] [stderr]   Downloaded proc-macro-error-attr v0.4.12
[INFO] [stderr]   Downloaded http-service-hyper v0.4.1
[INFO] [stderr]   Downloaded wfd v0.1.4
[INFO] [stderr]   Downloaded tracing-appender v0.1.0
[INFO] [stderr]   Downloaded glutin_gles2_sys v0.1.4
[INFO] [stderr]   Downloaded gfx_gl v0.6.1
[INFO] [stderr]   Downloaded coreaudio-sys v0.2.4
[INFO] [stderr]   Downloaded wasm-bindgen-macro-support v0.2.63
[INFO] [stderr]   Downloaded hibitset v0.6.3
[INFO] [stderr]   Downloaded calloop v0.4.4
[INFO] [stderr]   Downloaded dot_vox v4.1.0
[INFO] [stderr]   Downloaded guillotiere v0.5.2
[INFO] [stderr]   Downloaded num-derive v0.3.2
[INFO] [stderr]   Downloaded libloading v0.6.2
[INFO] [stderr]   Downloaded glutin_wgl_sys v0.1.4
[INFO] [stderr]   Downloaded arraygen v0.1.13
[INFO] [stderr]   Downloaded ron v0.6.0
[INFO] running `Command { std: "docker" "create" "-v" "/var/lib/crater-agent-workspace/builds/worker-1-tc1/target:/opt/rustwide/target:rw,Z" "-v" "/var/lib/crater-agent-workspace/builds/worker-1-tc1/source:/opt/rustwide/workdir:ro,Z" "-v" "/var/lib/crater-agent-workspace/cargo-home:/opt/rustwide/cargo-home:ro,Z" "-v" "/var/lib/crater-agent-workspace/rustup-home:/opt/rustwide/rustup-home:ro,Z" "-e" "SOURCE_DIR=/opt/rustwide/workdir" "-e" "CARGO_TARGET_DIR=/opt/rustwide/target" "-e" "CARGO_HOME=/opt/rustwide/cargo-home" "-e" "RUSTUP_HOME=/opt/rustwide/rustup-home" "-w" "/opt/rustwide/workdir" "-m" "1610612736" "--user" "0:0" "--network" "none" "ghcr.io/rust-lang/crates-build-env/linux@sha256:2788e3201cd34a07e3172128adcd8b3090168a8e3bcc40d7c032b9dda1df7d1c" "/opt/rustwide/cargo-home/bin/cargo" "+1.75.0" "metadata" "--no-deps" "--format-version=1", kill_on_drop: false }`
[INFO] [stdout] 4d628cd1ad272a9de41772a799ddedcb17e4bd3756205bb077a7c55759114aab
[INFO] running `Command { std: "docker" "start" "-a" "4d628cd1ad272a9de41772a799ddedcb17e4bd3756205bb077a7c55759114aab", kill_on_drop: false }`
[INFO] running `Command { std: "docker" "inspect" "4d628cd1ad272a9de41772a799ddedcb17e4bd3756205bb077a7c55759114aab", kill_on_drop: false }`
[INFO] running `Command { std: "docker" "rm" "-f" "4d628cd1ad272a9de41772a799ddedcb17e4bd3756205bb077a7c55759114aab", kill_on_drop: false }`
[INFO] [stdout] 4d628cd1ad272a9de41772a799ddedcb17e4bd3756205bb077a7c55759114aab
[INFO] running `Command { std: "docker" "create" "-v" "/var/lib/crater-agent-workspace/builds/worker-1-tc1/target:/opt/rustwide/target:rw,Z" "-v" "/var/lib/crater-agent-workspace/builds/worker-1-tc1/source:/opt/rustwide/workdir:ro,Z" "-v" "/var/lib/crater-agent-workspace/cargo-home:/opt/rustwide/cargo-home:ro,Z" "-v" "/var/lib/crater-agent-workspace/rustup-home:/opt/rustwide/rustup-home:ro,Z" "-e" "SOURCE_DIR=/opt/rustwide/workdir" "-e" "CARGO_TARGET_DIR=/opt/rustwide/target" "-e" "CARGO_INCREMENTAL=0" "-e" "RUST_BACKTRACE=full" "-e" "RUSTFLAGS=--cap-lints=warn" "-e" "RUSTDOCFLAGS=--cap-lints=warn" "-e" "CARGO_HOME=/opt/rustwide/cargo-home" "-e" "RUSTUP_HOME=/opt/rustwide/rustup-home" "-w" "/opt/rustwide/workdir" "-m" "1610612736" "--user" "0:0" "--network" "none" "ghcr.io/rust-lang/crates-build-env/linux@sha256:2788e3201cd34a07e3172128adcd8b3090168a8e3bcc40d7c032b9dda1df7d1c" "/opt/rustwide/cargo-home/bin/cargo" "+1.75.0" "build" "--frozen" "--message-format=json", kill_on_drop: false }`
[INFO] [stdout] b4b6dabe40684900213b2eae29f03075feef7b105e9b3d718b0bf5b8e6d802b9
[INFO] running `Command { std: "docker" "start" "-a" "b4b6dabe40684900213b2eae29f03075feef7b105e9b3d718b0bf5b8e6d802b9", kill_on_drop: false }`
[INFO] [stderr]    Compiling libc v0.2.71
[INFO] [stderr]    Compiling cfg-if v0.1.10
[INFO] [stderr]    Compiling autocfg v1.0.0
[INFO] [stderr]    Compiling proc-macro2 v1.0.18
[INFO] [stderr]    Compiling unicode-xid v0.2.0
[INFO] [stderr]    Compiling syn v1.0.33
[INFO] [stderr]    Compiling lazy_static v1.4.0
[INFO] [stderr]    Compiling log v0.4.8
[INFO] [stderr]    Compiling byteorder v1.3.4
[INFO] [stderr]    Compiling bitflags v1.2.1
[INFO] [stderr]    Compiling maybe-uninit v2.0.0
[INFO] [stderr]    Compiling serde_derive v1.0.114
[INFO] [stderr]    Compiling serde v1.0.114
[INFO] [stderr]    Compiling scopeguard v1.1.0
[INFO] [stderr]    Compiling num-traits v0.2.12
[INFO] [stderr]    Compiling crossbeam-utils v0.7.2
[INFO] [stderr]    Compiling memoffset v0.5.4
[INFO] [stderr]    Compiling quote v1.0.7
[INFO] [stderr]    Compiling memchr v2.3.3
[INFO] [stderr]    Compiling crossbeam-epoch v0.8.2
[INFO] [stderr]    Compiling jobserver v0.1.21
[INFO] [stderr]    Compiling cc v1.0.54
[INFO] [stderr]    Compiling num_cpus v1.13.0
[INFO] [stderr]    Compiling version_check v0.9.2
[INFO] [stderr]    Compiling pkg-config v0.3.17
[INFO] [stderr]    Compiling crossbeam-deque v0.7.3
[INFO] [stderr]    Compiling slab v0.4.2
[INFO] [stderr]    Compiling smallvec v1.4.0
[INFO] [stderr]    Compiling xml-rs v0.8.3
[INFO] [stderr]    Compiling num-integer v0.1.43
[INFO] [stderr]    Compiling iovec v0.1.4
[INFO] [stderr]    Compiling net2 v0.2.34
[INFO] [stderr]    Compiling semver-parser v0.7.0
[INFO] [stderr]    Compiling approx v0.3.2
[INFO] [stderr]    Compiling once_cell v1.4.0
[INFO] [stderr]    Compiling mio v0.6.22
[INFO] [stderr]    Compiling semver v0.9.0
[INFO] [stderr]    Compiling rustc_version v0.2.3
[INFO] [stderr]    Compiling getrandom v0.1.14
[INFO] [stderr]    Compiling lazycell v1.2.1
[INFO] [stderr]    Compiling mio-extras v2.0.6
[INFO] [stderr]    Compiling proc-macro2 v0.4.30
[INFO] [stderr]    Compiling rand_core v0.5.1
[INFO] [stderr]    Compiling unicode-xid v0.1.0
[INFO] [stderr]    Compiling same-file v1.0.6
[INFO] [stderr]    Compiling walkdir v2.3.1
[INFO] [stderr]    Compiling spin v0.5.2
[INFO] [stderr]    Compiling ppv-lite86 v0.2.8
[INFO] [stderr]    Compiling rand_pcg v0.2.1
[INFO] [stderr]    Compiling either v1.5.3
[INFO] [stderr]    Compiling rand_chacha v0.2.2
[INFO] [stderr]    Compiling rayon-core v1.7.0
[INFO] [stderr]    Compiling quote v0.6.13
[INFO] [stderr]    Compiling percent-encoding v2.1.0
[INFO] [stderr]    Compiling khronos_api v3.1.0
[INFO] [stderr]    Compiling rand v0.7.3
[INFO] [stderr]    Compiling ring v0.16.14
[INFO] [stderr]    Compiling crossbeam-queue v0.2.3
[INFO] [stderr]    Compiling lock_api v0.3.4
[INFO] [stderr]    Compiling tracing-core v0.1.10
[INFO] [stderr]    Compiling ryu v1.0.5
[INFO] [stderr]    Compiling untrusted v0.7.1
[INFO] [stderr]    Compiling void v1.0.2
[INFO] [stderr]    Compiling nom v5.1.1
[INFO] [stderr]    Compiling arrayvec v0.5.1
[INFO] [stderr]    Compiling libloading v0.6.2
[INFO] [stderr]    Compiling matches v0.1.8
[INFO] [stderr]    Compiling unicode-bidi v0.3.4
[INFO] [stderr]    Compiling rayon v1.3.0
[INFO] [stderr]    Compiling wayland-scanner v0.23.6
[INFO] [stderr]    Compiling unicode-normalization v0.1.12
[INFO] [stderr]    Compiling ordered-float v1.0.2
[INFO] [stderr]    Compiling hashbrown v0.7.2
[INFO] [stderr]    Compiling num-iter v0.1.41
[INFO] [stderr]    Compiling crossbeam-utils v0.6.6
[INFO] [stderr]    Compiling itoa v0.4.5
[INFO] [stderr]    Compiling serde_json v1.0.55
[INFO] [stderr]    Compiling version_check v0.1.5
[INFO] [stderr]    Compiling nix v0.14.1
[INFO] [stderr]    Compiling regex-syntax v0.6.18
[INFO] [stderr]    Compiling idna v0.2.0
[INFO] [stderr]    Compiling proc-macro-error-attr v0.4.12
[INFO] [stderr]    Compiling nom v4.2.3
[INFO] [stderr]    Compiling crossbeam-channel v0.4.2
[INFO] [stderr]    Compiling arrayvec v0.4.12
[INFO] [stderr]    Compiling base64 v0.12.1
[INFO] [stderr]    Compiling adler32 v1.0.4
[INFO] [stderr]    Compiling static_assertions v1.1.0
[INFO] [stderr]    Compiling ahash v0.3.8
[INFO] [stderr]    Compiling crc32fast v1.2.0
[INFO] [stderr]    Compiling proc-macro-hack v0.5.16
[INFO] [stderr]    Compiling tynm v0.1.4
[INFO] [stderr]    Compiling url v2.1.1
[INFO] [stderr]    Compiling dlib v0.4.2
[INFO] [stderr]    Compiling syn-mid v0.5.0
[INFO] [stderr]    Compiling libsqlite3-sys v0.18.0
[INFO] [stderr]    Compiling webpki v0.21.3
[INFO] [stderr]    Compiling sct v0.6.0
[INFO] [stderr]    Compiling parking_lot_core v0.6.2
[INFO] [stderr]    Compiling proc-macro-error v0.4.12
[INFO] [stderr]    Compiling num-rational v0.3.0
[INFO] [stderr]    Compiling base64 v0.11.0
[INFO] [stderr]    Compiling constant_time_eq v0.1.5
[INFO] [stderr]    Compiling arrayref v0.3.6
[INFO] [stderr]    Compiling mopa v0.2.2
[INFO] [stderr]    Compiling chunked_transfer v1.2.0
[INFO] [stderr]    Compiling nodrop v0.1.14
[INFO] [stderr]    Compiling atom v0.3.5
[INFO] [stderr]    Compiling blake2b_simd v0.5.10
[INFO] [stderr]    Compiling hibitset v0.6.3
[INFO] [stderr]    Compiling rustls v0.17.0
[INFO] [stderr]    Compiling webpki-roots v0.19.0
[INFO] [stderr]    Compiling wayland-client v0.23.6
[INFO] [stderr]    Compiling wayland-sys v0.23.6
[INFO] [stderr]    Compiling miniz_oxide v0.3.7
[INFO] [stderr]    Compiling deflate v0.8.6
[INFO] [stderr]    Compiling crossbeam-channel v0.3.9
[INFO] [stderr]    Compiling qstring v0.7.2
[INFO] [stderr]    Compiling vek v0.12.0 (https://gitlab.com/veloren/vek.git?branch=fix_intrinsics#237a7852)
[INFO] [stderr]    Compiling parking_lot v0.9.0
[INFO] [stderr]    Compiling inotify-sys v0.1.3
[INFO] [stderr]    Compiling stb_truetype v0.3.1
[INFO] [stderr]    Compiling indexmap v1.4.0
[INFO] [stderr]    Compiling num-bigint v0.2.6
[INFO] [stderr]    Compiling smallvec v0.6.13
[INFO] [stderr]    Compiling rustc-hash v1.1.0
[INFO] [stderr]    Compiling proc-macro-nested v0.1.5
[INFO] [stderr]    Compiling shrev v1.1.1
[INFO] [stderr]    Compiling tuple_utils v0.3.0
[INFO] [stderr]    Compiling linked-hash-map v0.5.3
[INFO] [stderr]    Compiling futures-core v0.3.6
[INFO] [stderr]    Compiling rusttype v0.8.3
[INFO] [stderr]    Compiling inotify v0.8.3
[INFO] [stderr]    Compiling ureq v1.3.0
[INFO] [stderr]    Compiling png v0.16.7
[INFO] [stderr]    Compiling wayland-commons v0.23.6
[INFO] [stderr]    Compiling rust-argon2 v0.8.2
[INFO] [stderr]    Compiling crossbeam-epoch v0.7.2
[INFO] [stderr]    Compiling calloop v0.4.4
[INFO] [stderr]    Compiling wayland-protocols v0.23.6
[INFO] [stderr]    Compiling crossbeam-queue v0.1.2
[INFO] [stderr]    Compiling dirs-sys-next v0.1.0
[INFO] [stderr]    Compiling filetime v0.2.10
[INFO] [stderr]    Compiling fxhash v0.2.1
[INFO] [stderr]    Compiling num-rational v0.2.4
[INFO] [stderr]    Compiling num-complex v0.2.4
[INFO] [stderr]    Compiling downcast-rs v1.1.1
[INFO] [stderr]    Compiling pin-utils v0.1.0
[INFO] [stderr]    Compiling futures-io v0.3.5
[INFO] [stderr]    Compiling bytemuck v1.3.1
[INFO] [stderr]    Compiling veloren-common v0.7.0 (/opt/rustwide/workdir/common)
[INFO] [stderr]    Compiling anymap v0.12.1
[INFO] [stderr]    Compiling futures-sink v0.3.6
[INFO] [stderr]    Compiling hex v0.3.2
[INFO] [stderr]    Compiling notify v5.0.0-pre.3
[INFO] [stderr]    Compiling futures-channel v0.3.6
[INFO] [stderr]    Compiling image v0.23.8
[INFO] [stderr]    Compiling directories-next v1.0.1
[INFO] [stderr]    Compiling crossbeam v0.7.2
[INFO] [stderr]    Compiling rusttype v0.7.9
[INFO] [stderr]    Compiling dot_vox v4.1.0
[INFO] [stderr]    Compiling regex-automata v0.1.9
[INFO] [stderr]    Compiling gl_generator v0.13.1
[INFO] [stderr]    Compiling futures-task v0.3.5
[INFO] [stderr]    Compiling aho-corasick v0.7.10
[INFO] [stderr]    Compiling line_drawing v0.7.0
[INFO] [stderr]    Compiling thread_local v1.0.1
[INFO] [stderr]    Compiling fnv v1.0.7
[INFO] [stderr]    Compiling xdg v2.2.0
[INFO] [stderr]    Compiling roots v0.0.6
[INFO] [stderr]    Compiling sum_type v0.2.0
[INFO] [stderr]    Compiling andrew v0.2.1
[INFO] [stderr]    Compiling regex v1.3.9
[INFO] [stderr]    Compiling parking_lot_core v0.7.2
[INFO] [stderr]    Compiling memmap v0.7.0
[INFO] [stderr]    Compiling time v0.1.43
[INFO] [stderr]    Compiling ansi_term v0.11.0
[INFO] [stderr]    Compiling prometheus v0.9.0
[INFO] [stderr]    Compiling thiserror-impl v1.0.20
[INFO] [stderr]    Compiling tracing-attributes v0.1.8
[INFO] [stderr]    Compiling shred-derive v0.6.2
[INFO] [stderr]    Compiling pin-project-internal v0.4.20
[INFO] [stderr]    Compiling thiserror v1.0.20
[INFO] [stderr]    Compiling enum-iterator-derive v0.6.0
[INFO] [stderr]    Compiling arraygen v0.1.13
[INFO] [stderr]    Compiling num-derive v0.3.2
[INFO] [stderr]    Compiling enum-iterator v0.6.0
[INFO] [stderr]    Compiling futures-macro v0.3.5
[INFO] [stderr]    Compiling tracing v0.1.15
[INFO] [stderr]    Compiling diesel_derives v1.4.1
[INFO] [stderr]    Compiling serde_repr v0.1.6
[INFO] [stderr]    Compiling fehler-macros v1.0.0
[INFO] [stderr]    Compiling chrono v0.4.11
[INFO] [stderr]    Compiling parking_lot v0.10.2
[INFO] [stderr]    Compiling num v0.2.1
[INFO] [stderr]    Compiling mio-uds v0.6.8
[INFO] [stderr]    Compiling x11-dl v2.18.5
[INFO] [stderr]    Compiling async-task v1.3.1
[INFO] [stderr]    Compiling kv-log-macro v1.0.6
[INFO] [stderr]    Compiling twox-hash v1.5.0
[INFO] [stderr]    Compiling vec_map v0.8.2
[INFO] [stderr]    Compiling pin-project-lite v0.1.7
[INFO] [stderr]    Compiling futures-timer v2.0.2
[INFO] [stderr]    Compiling rand_core v0.4.2
[INFO] [stderr]    Compiling rand_core v0.3.1
[INFO] [stderr]    Compiling async-std v1.5.0
[INFO] [stderr]    Compiling gl_generator v0.14.0
[INFO] [stderr]    Compiling alsa-sys v0.1.2
[INFO] [stderr]    Compiling xcb v0.9.0
[INFO] [stderr]    Compiling packed_simd v0.3.3
[INFO] [stderr]    Compiling winapi-build v0.1.1
[INFO] [stderr]    Compiling kernel32-sys v0.2.2
[INFO] [stderr]    Compiling uuid v0.8.1
[INFO] [stdout] error[E0554]: `#![feature]` may not be used on the stable release channel
[INFO] [stdout]   --> /opt/rustwide/cargo-home/registry/src/index.crates.io-6f17d22bba15001f/hashbrown-0.7.2/src/lib.rs:15:5
[INFO] [stdout]    |
[INFO] [stdout] 15 | /     feature(
[INFO] [stdout] 16 | |         alloc_layout_extra,
[INFO] [stdout] 17 | |         allocator_api,
[INFO] [stdout] 18 | |         ptr_offset_from,
[INFO] [stdout] ...  |
[INFO] [stdout] 22 | |         specialization,
[INFO] [stdout] 23 | |     )
[INFO] [stdout]    | |_____^
[INFO] [stdout] 
[INFO] [stdout] 
[INFO] [stdout] error[E0554]: `#![feature]` may not be used on the stable release channel
[INFO] [stdout]   --> /opt/rustwide/cargo-home/registry/src/index.crates.io-6f17d22bba15001f/hashbrown-0.7.2/src/lib.rs:16:9
[INFO] [stdout]    |
[INFO] [stdout] 16 |         alloc_layout_extra,
[INFO] [stdout]    |         ^^^^^^^^^^^^^^^^^^
[INFO] [stdout] 
[INFO] [stdout] 
[INFO] [stdout] error[E0554]: `#![feature]` may not be used on the stable release channel
[INFO] [stdout]   --> /opt/rustwide/cargo-home/registry/src/index.crates.io-6f17d22bba15001f/hashbrown-0.7.2/src/lib.rs:17:9
[INFO] [stdout]    |
[INFO] [stdout] 17 |         allocator_api,
[INFO] [stdout]    |         ^^^^^^^^^^^^^
[INFO] [stdout] 
[INFO] [stdout] 
[INFO] [stdout] error[E0554]: `#![feature]` may not be used on the stable release channel
[INFO] [stdout]   --> /opt/rustwide/cargo-home/registry/src/index.crates.io-6f17d22bba15001f/hashbrown-0.7.2/src/lib.rs:18:9
[INFO] [stdout]    |
[INFO] [stdout] 18 |         ptr_offset_from,
[INFO] [stdout]    |         ^^^^^^^^^^^^^^^
[INFO] [stdout] 
[INFO] [stdout] 
[INFO] [stdout] error[E0554]: `#![feature]` may not be used on the stable release channel
[INFO] [stdout]   --> /opt/rustwide/cargo-home/registry/src/index.crates.io-6f17d22bba15001f/hashbrown-0.7.2/src/lib.rs:19:9
[INFO] [stdout]    |
[INFO] [stdout] 19 |         test,
[INFO] [stdout]    |         ^^^^
[INFO] [stdout] 
[INFO] [stdout] 
[INFO] [stdout] error[E0554]: `#![feature]` may not be used on the stable release channel
[INFO] [stdout]   --> /opt/rustwide/cargo-home/registry/src/index.crates.io-6f17d22bba15001f/hashbrown-0.7.2/src/lib.rs:20:9
[INFO] [stdout]    |
[INFO] [stdout] 20 |         core_intrinsics,
[INFO] [stdout]    |         ^^^^^^^^^^^^^^^
[INFO] [stdout] 
[INFO] [stdout] 
[INFO] [stdout] error: aborting due to 6 previous errors
[INFO] [stdout] 
[INFO] [stdout] 
[INFO] [stdout] For more information about this error, try `rustc --explain E0554`.
[INFO] [stdout] 
[INFO] [stderr] error: could not compile `hashbrown` (lib) due to 7 previous errors
[INFO] [stderr] warning: build failed, waiting for other jobs to finish...
[INFO] running `Command { std: "docker" "inspect" "b4b6dabe40684900213b2eae29f03075feef7b105e9b3d718b0bf5b8e6d802b9", kill_on_drop: false }`
[INFO] running `Command { std: "docker" "rm" "-f" "b4b6dabe40684900213b2eae29f03075feef7b105e9b3d718b0bf5b8e6d802b9", kill_on_drop: false }`
[INFO] [stdout] b4b6dabe40684900213b2eae29f03075feef7b105e9b3d718b0bf5b8e6d802b9
