[INFO] cloning repository https://github.com/Abyssal-Debuggers/hmb-svr
[INFO] running `Command { std: "git" "-c" "credential.helper=" "-c" "credential.helper=/workspace/cargo-home/bin/git-credential-null" "clone" "--bare" "https://github.com/Abyssal-Debuggers/hmb-svr" "/workspace/cache/git-repos/https%3A%2F%2Fgithub.com%2FAbyssal-Debuggers%2Fhmb-svr", kill_on_drop: false }`
[INFO] [stderr] Cloning into bare repository '/workspace/cache/git-repos/https%3A%2F%2Fgithub.com%2FAbyssal-Debuggers%2Fhmb-svr'...
[INFO] running `Command { std: "git" "rev-parse" "HEAD", kill_on_drop: false }`
[INFO] [stdout] cf49ba7fb662ee8155053dd33a050c5d8783ca79
[INFO] testing Abyssal-Debuggers/hmb-svr against 1.75.0 for beta-1.76-1
[INFO] running `Command { std: "git" "clone" "/workspace/cache/git-repos/https%3A%2F%2Fgithub.com%2FAbyssal-Debuggers%2Fhmb-svr" "/workspace/builds/worker-2-tc1/source", kill_on_drop: false }`
[INFO] [stderr] Cloning into '/workspace/builds/worker-2-tc1/source'...
[INFO] [stderr] done.
[INFO] validating manifest of git repo https://github.com/Abyssal-Debuggers/hmb-svr on toolchain 1.75.0
[INFO] running `Command { std: CARGO_HOME="/workspace/cargo-home" RUSTUP_HOME="/workspace/rustup-home" "/workspace/cargo-home/bin/cargo" "+1.75.0" "metadata" "--manifest-path" "Cargo.toml" "--no-deps", kill_on_drop: false }`
[INFO] started tweaking git repo https://github.com/Abyssal-Debuggers/hmb-svr
[INFO] finished tweaking git repo https://github.com/Abyssal-Debuggers/hmb-svr
[INFO] tweaked toml for git repo https://github.com/Abyssal-Debuggers/hmb-svr written to /workspace/builds/worker-2-tc1/source/Cargo.toml
[INFO] crate git repo https://github.com/Abyssal-Debuggers/hmb-svr already has a lockfile, it will not be regenerated
[INFO] running `Command { std: CARGO_HOME="/workspace/cargo-home" RUSTUP_HOME="/workspace/rustup-home" "/workspace/cargo-home/bin/cargo" "+1.75.0" "fetch" "--manifest-path" "Cargo.toml", kill_on_drop: false }`
[INFO] [stderr] warning: virtual workspace defaulting to `resolver = "1"` despite one or more workspace members being on edition 2021 which implies `resolver = "2"`
[INFO] [stderr] note: to keep the current resolver, specify `workspace.resolver = "1"` in the workspace root's manifest
[INFO] [stderr] note: to use the edition 2021 resolver, specify `workspace.resolver = "2"` in the workspace root's manifest
[INFO] [stderr] note: for more details see https://doc.rust-lang.org/cargo/reference/resolver.html#resolver-versions
[INFO] [stderr]     Updating git repository `https://github.com/egoavara/keycloak.git`
[INFO] [stderr]     Updating crates.io index
[INFO] [stderr]  Downloading crates ...
[INFO] [stderr]   Downloaded serde_path_to_error v0.1.11
[INFO] [stderr]   Downloaded async-graphql-axum v5.0.10
[INFO] [stderr]   Downloaded whoami v1.4.0
[INFO] [stderr]   Downloaded axum-keycloak-auth v0.1.2
[INFO] [stderr]   Downloaded hashlink v0.8.2
[INFO] [stderr]   Downloaded handlebars v4.3.7
[INFO] [stderr]   Downloaded axum v0.6.18
[INFO] running `Command { std: "docker" "create" "-v" "/var/lib/crater-agent-workspace/builds/worker-2-tc1/target:/opt/rustwide/target:rw,Z" "-v" "/var/lib/crater-agent-workspace/builds/worker-2-tc1/source:/opt/rustwide/workdir:ro,Z" "-v" "/var/lib/crater-agent-workspace/cargo-home:/opt/rustwide/cargo-home:ro,Z" "-v" "/var/lib/crater-agent-workspace/rustup-home:/opt/rustwide/rustup-home:ro,Z" "-e" "SOURCE_DIR=/opt/rustwide/workdir" "-e" "CARGO_TARGET_DIR=/opt/rustwide/target" "-e" "CARGO_HOME=/opt/rustwide/cargo-home" "-e" "RUSTUP_HOME=/opt/rustwide/rustup-home" "-w" "/opt/rustwide/workdir" "-m" "1610612736" "--user" "0:0" "--network" "none" "ghcr.io/rust-lang/crates-build-env/linux@sha256:2788e3201cd34a07e3172128adcd8b3090168a8e3bcc40d7c032b9dda1df7d1c" "/opt/rustwide/cargo-home/bin/cargo" "+1.75.0" "metadata" "--no-deps" "--format-version=1", kill_on_drop: false }`
[INFO] [stdout] 29ab394a50a1e9af25a2ca0ef5f5dcc2f313706692b1de448cfba3b6dbaca415
[INFO] running `Command { std: "docker" "start" "-a" "29ab394a50a1e9af25a2ca0ef5f5dcc2f313706692b1de448cfba3b6dbaca415", kill_on_drop: false }`
[INFO] running `Command { std: "docker" "inspect" "29ab394a50a1e9af25a2ca0ef5f5dcc2f313706692b1de448cfba3b6dbaca415", kill_on_drop: false }`
[INFO] running `Command { std: "docker" "rm" "-f" "29ab394a50a1e9af25a2ca0ef5f5dcc2f313706692b1de448cfba3b6dbaca415", kill_on_drop: false }`
[INFO] [stdout] 29ab394a50a1e9af25a2ca0ef5f5dcc2f313706692b1de448cfba3b6dbaca415
[INFO] running `Command { std: "docker" "create" "-v" "/var/lib/crater-agent-workspace/builds/worker-2-tc1/target:/opt/rustwide/target:rw,Z" "-v" "/var/lib/crater-agent-workspace/builds/worker-2-tc1/source:/opt/rustwide/workdir:ro,Z" "-v" "/var/lib/crater-agent-workspace/cargo-home:/opt/rustwide/cargo-home:ro,Z" "-v" "/var/lib/crater-agent-workspace/rustup-home:/opt/rustwide/rustup-home:ro,Z" "-e" "SOURCE_DIR=/opt/rustwide/workdir" "-e" "CARGO_TARGET_DIR=/opt/rustwide/target" "-e" "CARGO_INCREMENTAL=0" "-e" "RUST_BACKTRACE=full" "-e" "RUSTFLAGS=--cap-lints=warn" "-e" "RUSTDOCFLAGS=--cap-lints=warn" "-e" "CARGO_HOME=/opt/rustwide/cargo-home" "-e" "RUSTUP_HOME=/opt/rustwide/rustup-home" "-w" "/opt/rustwide/workdir" "-m" "1610612736" "--user" "0:0" "--network" "none" "ghcr.io/rust-lang/crates-build-env/linux@sha256:2788e3201cd34a07e3172128adcd8b3090168a8e3bcc40d7c032b9dda1df7d1c" "/opt/rustwide/cargo-home/bin/cargo" "+1.75.0" "build" "--frozen" "--message-format=json", kill_on_drop: false }`
[INFO] [stdout] 277890b797e9df24a12a45c6cba364698f0d996ba907135df1b98f16e264a4a7
[INFO] running `Command { std: "docker" "start" "-a" "277890b797e9df24a12a45c6cba364698f0d996ba907135df1b98f16e264a4a7", kill_on_drop: false }`
[INFO] [stderr] warning: virtual workspace defaulting to `resolver = "1"` despite one or more workspace members being on edition 2021 which implies `resolver = "2"`
[INFO] [stderr] note: to keep the current resolver, specify `workspace.resolver = "1"` in the workspace root's manifest
[INFO] [stderr] note: to use the edition 2021 resolver, specify `workspace.resolver = "2"` in the workspace root's manifest
[INFO] [stderr] note: for more details see https://doc.rust-lang.org/cargo/reference/resolver.html#resolver-versions
[INFO] [stderr]    Compiling proc-macro2 v1.0.60
[INFO] [stderr]    Compiling quote v1.0.28
[INFO] [stderr]    Compiling unicode-ident v1.0.9
[INFO] [stderr]    Compiling libc v0.2.146
[INFO] [stderr]    Compiling once_cell v1.18.0
[INFO] [stderr]    Compiling serde v1.0.164
[INFO] [stderr]    Compiling itoa v1.0.6
[INFO] [stderr]    Compiling log v0.4.19
[INFO] [stderr]    Compiling futures-core v0.3.28
[INFO] [stderr]    Compiling smallvec v1.10.0
[INFO] [stderr]    Compiling lock_api v0.4.10
[INFO] [stderr]    Compiling slab v0.4.8
[INFO] [stderr]    Compiling ahash v0.7.6
[INFO] [stderr]    Compiling cc v1.0.79
[INFO] [stderr]    Compiling futures-channel v0.3.28
[INFO] [stderr]    Compiling parking_lot_core v0.9.8
[INFO] [stderr]    Compiling futures-task v0.3.28
[INFO] [stderr]    Compiling futures-sink v0.3.28
[INFO] [stderr]    Compiling futures-util v0.3.28
[INFO] [stderr]    Compiling futures-io v0.3.28
[INFO] [stderr]    Compiling tokio v1.28.2
[INFO] [stderr]    Compiling thiserror v1.0.40
[INFO] [stderr]    Compiling pin-utils v0.1.0
[INFO] [stderr]    Compiling typenum v1.16.0
[INFO] [stderr]    Compiling generic-array v0.14.7
[INFO] [stderr]    Compiling indexmap v1.9.3
[INFO] [stderr]    Compiling untrusted v0.7.1
[INFO] [stderr]    Compiling spin v0.5.2
[INFO] [stderr]    Compiling serde_json v1.0.96
[INFO] [stderr]    Compiling tinyvec_macros v0.1.1
[INFO] [stderr]    Compiling ryu v1.0.13
[INFO] [stderr]    Compiling tinyvec v1.6.0
[INFO] [stderr]    Compiling tracing-core v0.1.31
[INFO] [stderr]    Compiling subtle v2.5.0
[INFO] [stderr]    Compiling syn v1.0.109
[INFO] [stderr]    Compiling num-traits v0.2.15
[INFO] [stderr]    Compiling strsim v0.10.0
[INFO] [stderr]    Compiling percent-encoding v2.3.0
[INFO] [stderr]    Compiling unicode-bidi v0.3.13
[INFO] [stderr]    Compiling httparse v1.8.0
[INFO] [stderr]    Compiling base64 v0.13.1
[INFO] [stderr]    Compiling ident_case v1.0.1
[INFO] [stderr]    Compiling cpufeatures v0.2.7
[INFO] [stderr]    Compiling form_urlencoded v1.2.0
[INFO] [stderr]    Compiling ppv-lite86 v0.2.17
[INFO] [stderr]    Compiling base64 v0.21.2
[INFO] [stderr]    Compiling rustversion v1.0.12
[INFO] [stderr]    Compiling tower-service v0.3.2
[INFO] [stderr]    Compiling mime v0.3.17
[INFO] [stderr]    Compiling io-lifetimes v1.0.11
[INFO] [stderr]    Compiling rustix v0.37.19
[INFO] [stderr]    Compiling syn v2.0.18
[INFO] [stderr]    Compiling byteorder v1.4.3
[INFO] [stderr]    Compiling unicode-segmentation v1.10.1
[INFO] [stderr]    Compiling httpdate v1.0.2
[INFO] [stderr]    Compiling try-lock v0.2.4
[INFO] [stderr]    Compiling async-trait v0.1.68
[INFO] [stderr]    Compiling ring v0.16.20
[INFO] [stderr]    Compiling unicode-normalization v0.1.22
[INFO] [stderr]    Compiling want v0.3.0
[INFO] [stderr]    Compiling linux-raw-sys v0.3.8
[INFO] [stderr]    Compiling num-integer v0.1.45
[INFO] [stderr]    Compiling ahash v0.8.3
[INFO] [stderr]    Compiling iana-time-zone v0.1.57
[INFO] [stderr]    Compiling rustls v0.20.8
[INFO] [stderr]    Compiling heck v0.4.1
[INFO] [stderr]    Compiling rustls v0.21.1
[INFO] [stderr]    Compiling parking_lot_core v0.8.6
[INFO] [stderr]    Compiling rustls-pemfile v1.0.2
[INFO] [stderr]    Compiling aho-corasick v1.0.2
[INFO] [stderr]    Compiling instant v0.1.12
[INFO] [stderr]    Compiling getrandom v0.2.10
[INFO] [stderr]    Compiling socket2 v0.4.9
[INFO] [stderr]    Compiling mio v0.8.8
[INFO] [stderr]    Compiling num_cpus v1.15.0
[INFO] [stderr]    Compiling signal-hook-registry v1.4.1
[INFO] [stderr]    Compiling parking_lot v0.12.1
[INFO] [stderr]    Compiling idna v0.4.0
[INFO] [stderr]    Compiling rand_core v0.6.4
[INFO] [stderr]    Compiling hashbrown v0.12.3
[INFO] [stderr]    Compiling rand_chacha v0.3.1
[INFO] [stderr]    Compiling time v0.1.45
[INFO] [stderr]    Compiling axum-core v0.3.4
[INFO] [stderr]    Compiling crypto-common v0.1.6
[INFO] [stderr]    Compiling block-buffer v0.10.4
[INFO] [stderr]    Compiling url v2.4.0
[INFO] [stderr]    Compiling rand v0.8.5
[INFO] [stderr]    Compiling encoding_rs v0.8.32
[INFO] [stderr]    Compiling num-bigint v0.4.3
[INFO] [stderr]    Compiling digest v0.10.7
[INFO] [stderr]    Compiling time-core v0.1.1
[INFO] [stderr]    Compiling regex-syntax v0.7.2
[INFO] [stderr]    Compiling utf-8 v0.7.6
[INFO] [stderr]    Compiling crossbeam-utils v0.8.15
[INFO] [stderr]    Compiling sha1 v0.10.5
[INFO] [stderr]    Compiling tower-layer v0.3.2
[INFO] [stderr]    Compiling time-macros v0.2.9
[INFO] [stderr]    Compiling axum v0.6.18
[INFO] [stderr]    Compiling toml_datetime v0.6.2
[INFO] [stderr]    Compiling crossbeam-queue v0.3.8
[INFO] [stderr]    Compiling doc-comment v0.3.3
[INFO] [stderr]    Compiling winnow v0.4.6
[INFO] [stderr]    Compiling paste v1.0.12
[INFO] [stderr]    Compiling minimal-lexical v0.2.1
[INFO] [stderr]    Compiling hashbrown v0.13.2
[INFO] [stderr]    Compiling parking_lot v0.11.2
[INFO] [stderr]    Compiling nom v7.1.3
[INFO] [stderr]    Compiling hmac v0.12.1
[INFO] [stderr]    Compiling dirs-sys v0.3.7
[INFO] [stderr]    Compiling multer v2.1.0
[INFO] [stderr]    Compiling tempfile v3.6.0
[INFO] [stderr]    Compiling crc-catalog v2.2.0
[INFO] [stderr]    Compiling sync_wrapper v0.1.2
[INFO] [stderr]    Compiling unicode_categories v0.1.1
[INFO] [stderr]    Compiling matchit v0.7.0
[INFO] [stderr]    Compiling crc v3.0.1
[INFO] [stderr]    Compiling hashlink v0.8.2
[INFO] [stderr]    Compiling dirs v4.0.0
[INFO] [stderr]    Compiling hkdf v0.12.3
[INFO] [stderr]    Compiling futures-intrusive v0.4.2
[INFO] [stderr]    Compiling md-5 v0.10.5
[INFO] [stderr]    Compiling sha2 v0.10.6
[INFO] [stderr]    Compiling atoi v1.0.0
[INFO] [stderr]    Compiling stringprep v0.1.2
[INFO] [stderr]    Compiling pem v1.1.1
[INFO] [stderr]    Compiling regex v1.8.4
[INFO] [stderr]    Compiling time v0.3.22
[INFO] [stderr]    Compiling hex v0.4.3
[INFO] [stderr]    Compiling utf8parse v0.2.1
[INFO] [stderr]    Compiling ascii_utils v0.9.3
[INFO] [stderr]    Compiling darling_core v0.20.1
[INFO] [stderr]    Compiling spin v0.9.8
[INFO] [stderr]    Compiling event-listener v2.5.3
[INFO] [stderr]    Compiling dotenvy v0.15.7
[INFO] [stderr]    Compiling ipnet v2.7.2
[INFO] [stderr]    Compiling fastrand v1.9.0
[INFO] [stderr]    Compiling sct v0.7.0
[INFO] [stderr]    Compiling webpki v0.22.0
[INFO] [stderr]    Compiling rustls-webpki v0.100.1
[INFO] [stderr]    Compiling darling_core v0.14.4
[INFO] [stderr]    Compiling whoami v1.4.0
[INFO] [stderr]    Compiling webpki-roots v0.22.6
[INFO] [stderr]    Compiling fast_chemail v0.9.6
[INFO] [stderr]    Compiling anstyle-parse v0.2.0
[INFO] [stderr]    Compiling is-terminal v0.4.7
[INFO] [stderr]    Compiling lru v0.7.8
[INFO] [stderr]    Compiling static_assertions v1.1.0
[INFO] [stderr]    Compiling colorchoice v1.0.0
[INFO] [stderr]    Compiling anstyle-query v1.0.0
[INFO] [stderr]    Compiling futures-timer v3.0.2
[INFO] [stderr]    Compiling regex-syntax v0.6.29
[INFO] [stderr]    Compiling Inflector v0.11.4
[INFO] [stderr]    Compiling anstyle v1.0.0
[INFO] [stderr]    Compiling overload v0.1.1
[INFO] [stderr]    Compiling clap_lex v0.5.0
[INFO] [stderr]    Compiling nu-ansi-term v0.46.0
[INFO] [stderr]    Compiling anstream v0.3.2
[INFO] [stderr]    Compiling sharded-slab v0.1.4
[INFO] [stderr]    Compiling tracing-log v0.1.3
[INFO] [stderr]    Compiling clap_builder v4.3.3
[INFO] [stderr]    Compiling thread_local v1.1.7
[INFO] [stderr]    Compiling dotenv v0.15.0
[INFO] [stderr]    Compiling snafu-derive v0.7.4
[INFO] [stderr]    Compiling typed-builder v0.14.0
[INFO] [stderr]    Compiling delegate v0.9.0
[INFO] [stderr]    Compiling serde_derive v1.0.164
[INFO] [stderr]    Compiling futures-macro v0.3.28
[INFO] [stderr]    Compiling thiserror-impl v1.0.40
[INFO] [stderr]    Compiling tokio-macros v2.1.0
[INFO] [stderr]    Compiling tracing-attributes v0.1.24
[INFO] [stderr]    Compiling pin-project-internal v1.1.0
[INFO] [stderr]    Compiling darling_macro v0.20.1
[INFO] [stderr]    Compiling darling_macro v0.14.4
[INFO] [stderr]    Compiling darling v0.20.1
[INFO] [stderr]    Compiling serde_with_macros v2.3.3
[INFO] [stderr]    Compiling async-stream-impl v0.3.5
[INFO] [stderr]    Compiling regex-automata v0.1.10
[INFO] [stderr]    Compiling darling v0.14.4
[INFO] [stderr]    Compiling clap_derive v4.3.2
[INFO] [stderr]    Compiling pest v2.6.0
[INFO] [stderr]    Compiling pin-project v1.1.0
[INFO] [stderr]    Compiling simple_asn1 v0.6.2
[INFO] [stderr]    Compiling async-stream v0.3.5
[INFO] [stderr]    Compiling matchers v0.1.0
[INFO] [stderr]    Compiling tracing v0.1.37
[INFO] [stderr]    Compiling tracing-subscriber v0.3.17
[INFO] [stderr]    Compiling snafu v0.7.4
[INFO] [stderr]    Compiling pest_meta v2.6.0
[INFO] [stderr]    Compiling clap v4.3.3
[INFO] [stderr]    Compiling pest_generator v2.6.0
[INFO] [stderr]    Compiling futures-executor v0.3.28
[INFO] [stderr]    Compiling futures v0.3.28
[INFO] [stderr]    Compiling tracing-futures v0.2.5
[INFO] [stderr]    Compiling pest_derive v2.6.0
[INFO] [stderr]    Compiling bytes v1.4.0
[INFO] [stderr]    Compiling serde_urlencoded v0.7.1
[INFO] [stderr]    Compiling chrono v0.4.26
[INFO] [stderr]    Compiling either v1.8.1
[INFO] [stderr]    Compiling uuid v1.3.3
[INFO] [stderr]    Compiling serde_path_to_error v0.1.11
[INFO] [stderr]    Compiling serde_with v2.3.3
[INFO] [stderr]    Compiling itertools v0.10.5
[INFO] [stderr]    Compiling http v0.2.9
[INFO] [stderr]    Compiling toml_edit v0.19.10
[INFO] [stderr]    Compiling async-graphql-value v5.0.10
[INFO] [stderr]    Compiling handlebars v4.3.7
[INFO] [stderr]    Compiling jsonwebtoken v8.3.0
[INFO] [stderr]    Compiling http-body v0.4.5
[INFO] [stderr]    Compiling tungstenite v0.18.0
[INFO] [stderr]    Compiling headers-core v0.2.0
[INFO] [stderr]    Compiling headers v0.3.8
[INFO] [stderr]    Compiling async-graphql-parser v5.0.10
[INFO] [stderr]    Compiling sqlformat v0.2.1
[INFO] [stderr]    Compiling proc-macro-crate v1.3.1
[INFO] [stderr]    Compiling async-graphql-derive v5.0.10
[INFO] [stderr]    Compiling tokio-util v0.7.8
[INFO] [stderr]    Compiling tower v0.4.13
[INFO] [stderr]    Compiling tokio-tungstenite v0.18.0
[INFO] [stderr]    Compiling tokio-rustls v0.23.4
[INFO] [stderr]    Compiling tokio-rustls v0.24.1
[INFO] [stderr]    Compiling tokio-stream v0.1.14
[INFO] [stderr]    Compiling sqlx-rt v0.6.3
[INFO] [stderr]    Compiling sqlx-core v0.6.3
[INFO] [stderr]    Compiling h2 v0.3.19
[INFO] [stderr]    Compiling hyper v0.14.26
[INFO] [stderr]    Compiling async-graphql v5.0.10
[INFO] [stderr]    Compiling sqlx-macros v0.6.3
[INFO] [stderr]    Compiling hyper-rustls v0.24.0
[INFO] [stderr]    Compiling reqwest v0.11.18
[INFO] [stderr]    Compiling keycloak v21.0.101 (https://github.com/egoavara/keycloak.git#d0260912)
[INFO] [stderr]    Compiling axum-keycloak-auth v0.1.2
[INFO] [stderr]    Compiling async-graphql-axum v5.0.10
[INFO] [stderr]    Compiling sqlx v0.6.3
[INFO] [stderr]    Compiling auth v0.1.0 (/opt/rustwide/workdir/auth)
[INFO] [stdout] warning: unused import: `std::sync::Arc`
[INFO] [stdout]  --> auth/src/keycloak_api.rs:1:5
[INFO] [stdout]   |
[INFO] [stdout] 1 | use std::sync::Arc;
[INFO] [stdout]   |     ^^^^^^^^^^^^^^
[INFO] [stdout]   |
[INFO] [stdout]   = note: `#[warn(unused_imports)]` on by default
[INFO] [stdout] 
[INFO] [stdout] 
[INFO] [stdout] warning: unused imports: `NaiveDate`, `Utc`
[INFO] [stdout]  --> auth/src/keycloak_api.rs:4:41
[INFO] [stdout]   |
[INFO] [stdout] 4 | use chrono::{DateTime, Duration, Local, NaiveDate, Utc};
[INFO] [stdout]   |                                         ^^^^^^^^^  ^^^
[INFO] [stdout] 
[INFO] [stdout] 
[INFO] [stdout] warning: type `TokenState` is more private than the item `KeycloakTokenManager::token_state`
[INFO] [stdout]   --> auth/src/keycloak_api.rs:82:5
[INFO] [stdout]    |
[INFO] [stdout] 82 |     pub async fn token_state(&self) -> TokenState {
[INFO] [stdout]    |     ^^^^^^^^^^^^^^^^^^^^^^^^^^^^^^^^^^^^^^^^^^^^^ method `KeycloakTokenManager::token_state` is reachable at visibility `pub`
[INFO] [stdout]    |
[INFO] [stdout] note: but type `TokenState` is only usable at visibility `pub(self)`
[INFO] [stdout]   --> auth/src/keycloak_api.rs:25:1
[INFO] [stdout]    |
[INFO] [stdout] 25 | enum TokenState {
[INFO] [stdout]    | ^^^^^^^^^^^^^^^
[INFO] [stdout]    = note: `#[warn(private_interfaces)]` on by default
[INFO] [stdout] 
[INFO] [stdout] 
[INFO] [stderr]    Compiling graph v0.1.0 (/opt/rustwide/workdir/graph)
[INFO] [stdout] error[E0583]: file not found for module `token_role`
[INFO] [stdout]   --> graph/src/types/mod.rs:21:1
[INFO] [stdout]    |
[INFO] [stdout] 21 | mod token_role;
[INFO] [stdout]    | ^^^^^^^^^^^^^^^
[INFO] [stdout]    |
[INFO] [stdout]    = help: to create the module `token_role`, create file "graph/src/types/token_role.rs" or "graph/src/types/token_role/mod.rs"
[INFO] [stdout]    = note: if there is a `mod token_role` elsewhere in the crate already, import it with `use crate::...` instead
[INFO] [stdout] 
[INFO] [stdout] 
[INFO] [stdout] warning: 3 warnings emitted
[INFO] [stdout] 
[INFO] [stdout] 
[INFO] [stdout] error[E0432]: unresolved import `crate::types::ConvertMut`
[INFO] [stdout]  --> graph/src/schema/mutation.rs:8:20
[INFO] [stdout]   |
[INFO] [stdout] 8 | use crate::types::{ConvertMut, MutStory};
[INFO] [stdout]   |                    ^^^^^^^^^^ no `ConvertMut` in `types`
[INFO] [stdout] 
[INFO] [stdout] 
[INFO] [stdout] error[E0432]: unresolved imports `crate::types::ConvertMut`, `crate::types::ConvertUnmut`
[INFO] [stdout]   --> graph/src/types/content.rs:12:20
[INFO] [stdout]    |
[INFO] [stdout] 12 | use crate::types::{ConvertMut, ConvertUnmut};
[INFO] [stdout]    |                    ^^^^^^^^^^  ^^^^^^^^^^^^ no `ConvertUnmut` in `types`
[INFO] [stdout]    |                    |
[INFO] [stdout]    |                    no `ConvertMut` in `types`
[INFO] [stdout] 
[INFO] [stdout] 
[INFO] [stdout] error[E0432]: unresolved imports `crate::types::ConvertMut`, `crate::types::ConvertUnmut`
[INFO] [stdout]   --> graph/src/types/story.rs:17:20
[INFO] [stdout]    |
[INFO] [stdout] 17 | use crate::types::{ConvertMut, ConvertUnmut, MutContent, Tag, TagState};
[INFO] [stdout]    |                    ^^^^^^^^^^  ^^^^^^^^^^^^ no `ConvertUnmut` in `types`
[INFO] [stdout]    |                    |
[INFO] [stdout]    |                    no `ConvertMut` in `types`
[INFO] [stdout] 
[INFO] [stdout] 
[INFO] [stdout] error[E0432]: unresolved import `crate::types::ConvertMut`
[INFO] [stdout]   --> graph/src/types/tag.rs:13:5
[INFO] [stdout]    |
[INFO] [stdout] 13 | use crate::types::ConvertMut;
[INFO] [stdout]    |     ^^^^^^^^^^^^^^^^^^^^^^^^ no `ConvertMut` in `types`
[INFO] [stdout] 
[INFO] [stdout] 
[INFO] [stdout] error[E0432]: unresolved import `crate::types::ConvertMut`
[INFO] [stdout]   --> graph/src/types/token.rs:14:5
[INFO] [stdout]    |
[INFO] [stdout] 14 | use crate::types::ConvertMut;
[INFO] [stdout]    |     ^^^^^^^^^^^^^^^^^^^^^^^^ no `ConvertMut` in `types`
[INFO] [stdout] 
[INFO] [stdout] 
[INFO] [stdout] warning: unused import: `auth::prelude::keycloak::KeycloakAdmin`
[INFO] [stdout]  --> graph/src/schema/query.rs:8:5
[INFO] [stdout]   |
[INFO] [stdout] 8 | use auth::prelude::keycloak::KeycloakAdmin;
[INFO] [stdout]   |     ^^^^^^^^^^^^^^^^^^^^^^^^^^^^^^^^^^^^^^
[INFO] [stdout]   |
[INFO] [stdout]   = note: `#[warn(unused_imports)]` on by default
[INFO] [stdout] 
[INFO] [stdout] 
[INFO] [stdout] warning: unused import: `std::sync::Arc`
[INFO] [stdout]  --> graph/src/schema/schema.rs:2:5
[INFO] [stdout]   |
[INFO] [stdout] 2 | use std::sync::Arc;
[INFO] [stdout]   |     ^^^^^^^^^^^^^^
[INFO] [stdout] 
[INFO] [stdout] 
[INFO] [stdout] warning: unused imports: `Request`, `Response`
[INFO] [stdout]  --> graph/src/schema/schema.rs:4:40
[INFO] [stdout]   |
[INFO] [stdout] 4 | use async_graphql::{EmptySubscription, Request, Response};
[INFO] [stdout]   |                                        ^^^^^^^  ^^^^^^^^
[INFO] [stdout] 
[INFO] [stdout] 
[INFO] [stdout] warning: unused import: `auth::prelude::keycloak::KeycloakAdmin`
[INFO] [stdout]  --> graph/src/schema/schema.rs:9:5
[INFO] [stdout]   |
[INFO] [stdout] 9 | use auth::prelude::keycloak::KeycloakAdmin;
[INFO] [stdout]   |     ^^^^^^^^^^^^^^^^^^^^^^^^^^^^^^^^^^^^^^
[INFO] [stdout] 
[INFO] [stdout] 
[INFO] [stdout] warning: unused import: `sqlx::query`
[INFO] [stdout]  --> graph/src/schema/mutation.rs:3:5
[INFO] [stdout]   |
[INFO] [stdout] 3 | use sqlx::query;
[INFO] [stdout]   |     ^^^^^^^^^^^
[INFO] [stdout] 
[INFO] [stdout] 
[INFO] [stdout] warning: unused import: `std::any::Any`
[INFO] [stdout]  --> graph/src/types/content.rs:1:5
[INFO] [stdout]   |
[INFO] [stdout] 1 | use std::any::Any;
[INFO] [stdout]   |     ^^^^^^^^^^^^^
[INFO] [stdout] 
[INFO] [stdout] 
[INFO] [stdout] warning: unused import: `OutputType`
[INFO] [stdout]  --> graph/src/types/content.rs:4:45
[INFO] [stdout]   |
[INFO] [stdout] 4 | use async_graphql::{ComplexObject, Context, OutputType, SimpleObject};
[INFO] [stdout]   |                                             ^^^^^^^^^^
[INFO] [stdout] 
[INFO] [stdout] 
[INFO] [stdout] warning: unused import: `Number`
[INFO] [stdout]  --> graph/src/types/content.rs:6:18
[INFO] [stdout]   |
[INFO] [stdout] 6 | use serde_json::{Number, Value};
[INFO] [stdout]   |                  ^^^^^^
[INFO] [stdout] 
[INFO] [stdout] 
[INFO] [stdout] warning: unused import: `crate::guard::resource_guard::ResourceGuard`
[INFO] [stdout]   --> graph/src/types/content.rs:11:5
[INFO] [stdout]    |
[INFO] [stdout] 11 | use crate::guard::resource_guard::ResourceGuard;
[INFO] [stdout]    |     ^^^^^^^^^^^^^^^^^^^^^^^^^^^^^^^^^^^^^^^^^^^
[INFO] [stdout] 
[INFO] [stdout] 
[INFO] [stdout] warning: unused import: `std::sync::Arc`
[INFO] [stdout]  --> graph/src/types/story.rs:2:5
[INFO] [stdout]   |
[INFO] [stdout] 2 | use std::sync::Arc;
[INFO] [stdout]   |     ^^^^^^^^^^^^^^
[INFO] [stdout] 
[INFO] [stdout] 
[INFO] [stdout] warning: unused imports: `CustomValidator`, `InputValueError`
[INFO] [stdout]  --> graph/src/types/story.rs:4:45
[INFO] [stdout]   |
[INFO] [stdout] 4 | use async_graphql::{ComplexObject, Context, CustomValidator, Error, InputValueError, Result, SimpleObject};
[INFO] [stdout]   |                                             ^^^^^^^^^^^^^^^         ^^^^^^^^^^^^^^^
[INFO] [stdout] 
[INFO] [stdout] 
[INFO] [stdout] warning: unused import: `async_graphql::dynamic::*`
[INFO] [stdout]  --> graph/src/types/story.rs:6:5
[INFO] [stdout]   |
[INFO] [stdout] 6 | use async_graphql::dynamic::*;
[INFO] [stdout]   |     ^^^^^^^^^^^^^^^^^^^^^^^^^
[INFO] [stdout] 
[INFO] [stdout] 
[INFO] [stdout] warning: unused import: `async_graphql::registry::Registry`
[INFO] [stdout]  --> graph/src/types/story.rs:7:5
[INFO] [stdout]   |
[INFO] [stdout] 7 | use async_graphql::registry::Registry;
[INFO] [stdout]   |     ^^^^^^^^^^^^^^^^^^^^^^^^^^^^^^^^^
[INFO] [stdout] 
[INFO] [stdout] 
[INFO] [stdout] warning: unused import: `PgPool`
[INFO] [stdout]   --> graph/src/types/story.rs:11:12
[INFO] [stdout]    |
[INFO] [stdout] 11 | use sqlx::{PgPool, query};
[INFO] [stdout]    |            ^^^^^^
[INFO] [stdout] 
[INFO] [stdout] 
[INFO] [stdout] warning: unused import: `crate::error::LoaderError`
[INFO] [stdout]   --> graph/src/types/story.rs:14:5
[INFO] [stdout]    |
[INFO] [stdout] 14 | use crate::error::LoaderError;
[INFO] [stdout]    |     ^^^^^^^^^^^^^^^^^^^^^^^^^
[INFO] [stdout] 
[INFO] [stdout] 
[INFO] [stdout] warning: unused imports: `Any`, `TypeId`
[INFO] [stdout]  --> graph/src/types/tag.rs:1:16
[INFO] [stdout]   |
[INFO] [stdout] 1 | use std::any::{Any, TypeId};
[INFO] [stdout]   |                ^^^  ^^^^^^
[INFO] [stdout] 
[INFO] [stdout] 
[INFO] [stdout] warning: unused import: `std::borrow::Cow`
[INFO] [stdout]  --> graph/src/types/tag.rs:2:5
[INFO] [stdout]   |
[INFO] [stdout] 2 | use std::borrow::Cow;
[INFO] [stdout]   |     ^^^^^^^^^^^^^^^^
[INFO] [stdout] 
[INFO] [stdout] 
[INFO] [stdout] warning: unused imports: `ContextSelectionSet`, `Context`, `InputType`, `OutputType`, `Positioned`, `ServerResult`, `TypeName`
[INFO] [stdout]  --> graph/src/types/tag.rs:4:36
[INFO] [stdout]   |
[INFO] [stdout] 4 | use async_graphql::{ComplexObject, Context, ContextSelectionSet, InputType, OutputType, Positioned, ServerResult, SimpleObject, TypeName};
[INFO] [stdout]   |                                    ^^^^^^^  ^^^^^^^^^^^^^^^^^^^  ^^^^^^^^^  ^^^^^^^^^^  ^^^^^^^^^^  ^^^^^^^^^^^^                ^^^^^^^^
[INFO] [stdout] 
[INFO] [stdout] 
[INFO] [stdout] warning: unused import: `async_graphql::dataloader::DataLoader`
[INFO] [stdout]  --> graph/src/types/tag.rs:5:5
[INFO] [stdout]   |
[INFO] [stdout] 5 | use async_graphql::dataloader::DataLoader;
[INFO] [stdout]   |     ^^^^^^^^^^^^^^^^^^^^^^^^^^^^^^^^^^^^^
[INFO] [stdout] 
[INFO] [stdout] 
[INFO] [stdout] warning: unused import: `async_graphql::parser::types::Field`
[INFO] [stdout]  --> graph/src/types/tag.rs:6:5
[INFO] [stdout]   |
[INFO] [stdout] 6 | use async_graphql::parser::types::Field;
[INFO] [stdout]   |     ^^^^^^^^^^^^^^^^^^^^^^^^^^^^^^^^^^^
[INFO] [stdout] 
[INFO] [stdout] 
[INFO] [stdout] warning: unused import: `async_graphql::registry::Registry`
[INFO] [stdout]  --> graph/src/types/tag.rs:7:5
[INFO] [stdout]   |
[INFO] [stdout] 7 | use async_graphql::registry::Registry;
[INFO] [stdout]   |     ^^^^^^^^^^^^^^^^^^^^^^^^^^^^^^^^^
[INFO] [stdout] 
[INFO] [stdout] 
[INFO] [stdout] warning: unused import: `uuid::Uuid`
[INFO] [stdout]  --> graph/src/types/tag.rs:9:5
[INFO] [stdout]   |
[INFO] [stdout] 9 | use uuid::Uuid;
[INFO] [stdout]   |     ^^^^^^^^^^
[INFO] [stdout] 
[INFO] [stdout] 
[INFO] [stdout] warning: unused import: `crate::loader::ContentsLoader`
[INFO] [stdout]   --> graph/src/types/tag.rs:11:5
[INFO] [stdout]    |
[INFO] [stdout] 11 | use crate::loader::ContentsLoader;
[INFO] [stdout]    |     ^^^^^^^^^^^^^^^^^^^^^^^^^^^^^
[INFO] [stdout] 
[INFO] [stdout] 
[INFO] [stdout] warning: unused import: `crate::types::content::Content`
[INFO] [stdout]   --> graph/src/types/tag.rs:12:5
[INFO] [stdout]    |
[INFO] [stdout] 12 | use crate::types::content::Content;
[INFO] [stdout]    |     ^^^^^^^^^^^^^^^^^^^^^^^^^^^^^^
[INFO] [stdout] 
[INFO] [stdout] 
[INFO] [stdout] warning: unused import: `RefreshToken`
[INFO] [stdout]   --> graph/src/types/user.rs:10:27
[INFO] [stdout]    |
[INFO] [stdout] 10 | use crate::types::token::{RefreshToken, Token};
[INFO] [stdout]    |                           ^^^^^^^^^^^^
[INFO] [stdout] 
[INFO] [stdout] 
[INFO] [stdout] warning: unused import: `ComplexObject`
[INFO] [stdout]  --> graph/src/types/auth_token.rs:1:21
[INFO] [stdout]   |
[INFO] [stdout] 1 | use async_graphql::{ComplexObject, SimpleObject};
[INFO] [stdout]   |                     ^^^^^^^^^^^^^
[INFO] [stdout] 
[INFO] [stdout] 
[INFO] [stdout] warning: unused import: `serde::Serialize`
[INFO] [stdout]  --> graph/src/types/auth_token.rs:2:5
[INFO] [stdout]   |
[INFO] [stdout] 2 | use serde::Serialize;
[INFO] [stdout]   |     ^^^^^^^^^^^^^^^^
[INFO] [stdout] 
[INFO] [stdout] 
[INFO] [stdout] warning: unused imports: `Any`, `TypeId`
[INFO] [stdout]  --> graph/src/types/token.rs:1:16
[INFO] [stdout]   |
[INFO] [stdout] 1 | use std::any::{Any, TypeId};
[INFO] [stdout]   |                ^^^  ^^^^^^
[INFO] [stdout] 
[INFO] [stdout] 
[INFO] [stdout] warning: unused import: `std::borrow::Cow`
[INFO] [stdout]  --> graph/src/types/token.rs:2:5
[INFO] [stdout]   |
[INFO] [stdout] 2 | use std::borrow::Cow;
[INFO] [stdout]   |     ^^^^^^^^^^^^^^^^
[INFO] [stdout] 
[INFO] [stdout] 
[INFO] [stdout] warning: unused imports: `ComplexObject`, `ContextSelectionSet`, `Context`, `InputType`, `OutputType`, `Positioned`, `ServerResult`, `TypeName`
[INFO] [stdout]  --> graph/src/types/token.rs:4:21
[INFO] [stdout]   |
[INFO] [stdout] 4 | use async_graphql::{ComplexObject, Context, ContextSelectionSet, InputType, OutputType, Positioned, ServerResult, SimpleObject, TypeName};
[INFO] [stdout]   |                     ^^^^^^^^^^^^^  ^^^^^^^  ^^^^^^^^^^^^^^^^^^^  ^^^^^^^^^  ^^^^^^^^^^  ^^^^^^^^^^  ^^^^^^^^^^^^                ^^^^^^^^
[INFO] [stdout] 
[INFO] [stdout] 
[INFO] [stdout] warning: unused import: `async_graphql::dataloader::DataLoader`
[INFO] [stdout]  --> graph/src/types/token.rs:5:5
[INFO] [stdout]   |
[INFO] [stdout] 5 | use async_graphql::dataloader::DataLoader;
[INFO] [stdout]   |     ^^^^^^^^^^^^^^^^^^^^^^^^^^^^^^^^^^^^^
[INFO] [stdout] 
[INFO] [stdout] 
[INFO] [stdout] warning: unused import: `async_graphql::parser::types::Field`
[INFO] [stdout]  --> graph/src/types/token.rs:6:5
[INFO] [stdout]   |
[INFO] [stdout] 6 | use async_graphql::parser::types::Field;
[INFO] [stdout]   |     ^^^^^^^^^^^^^^^^^^^^^^^^^^^^^^^^^^^
[INFO] [stdout] 
[INFO] [stdout] 
[INFO] [stdout] warning: unused import: `async_graphql::registry::Registry`
[INFO] [stdout]  --> graph/src/types/token.rs:7:5
[INFO] [stdout]   |
[INFO] [stdout] 7 | use async_graphql::registry::Registry;
[INFO] [stdout]   |     ^^^^^^^^^^^^^^^^^^^^^^^^^^^^^^^^^
[INFO] [stdout] 
[INFO] [stdout] 
[INFO] [stdout] warning: unused import: `uuid::Uuid`
[INFO] [stdout]   --> graph/src/types/token.rs:10:5
[INFO] [stdout]    |
[INFO] [stdout] 10 | use uuid::Uuid;
[INFO] [stdout]    |     ^^^^^^^^^^
[INFO] [stdout] 
[INFO] [stdout] 
[INFO] [stdout] warning: unused import: `crate::loader::ContentsLoader`
[INFO] [stdout]   --> graph/src/types/token.rs:12:5
[INFO] [stdout]    |
[INFO] [stdout] 12 | use crate::loader::ContentsLoader;
[INFO] [stdout]    |     ^^^^^^^^^^^^^^^^^^^^^^^^^^^^^
[INFO] [stdout] 
[INFO] [stdout] 
[INFO] [stdout] warning: unused import: `crate::types::content::Content`
[INFO] [stdout]   --> graph/src/types/token.rs:13:5
[INFO] [stdout]    |
[INFO] [stdout] 13 | use crate::types::content::Content;
[INFO] [stdout]    |     ^^^^^^^^^^^^^^^^^^^^^^^^^^^^^^
[INFO] [stdout] 
[INFO] [stdout] 
[INFO] [stdout] warning: unused import: `itertools::Itertools`
[INFO] [stdout]  --> graph/src/guard/resource_guard.rs:6:5
[INFO] [stdout]   |
[INFO] [stdout] 6 | use itertools::Itertools;
[INFO] [stdout]   |     ^^^^^^^^^^^^^^^^^^^^
[INFO] [stdout] 
[INFO] [stdout] 
[INFO] [stdout] warning: unused import: `regex::Regex`
[INFO] [stdout]  --> graph/src/guard/resource_guard.rs:7:5
[INFO] [stdout]   |
[INFO] [stdout] 7 | use regex::Regex;
[INFO] [stdout]   |     ^^^^^^^^^^^^
[INFO] [stdout] 
[INFO] [stdout] 
[INFO] [stdout] warning: unused import: `itertools::Itertools`
[INFO] [stdout]  --> graph/src/loader/story.rs:5:5
[INFO] [stdout]   |
[INFO] [stdout] 5 | use itertools::Itertools;
[INFO] [stdout]   |     ^^^^^^^^^^^^^^^^^^^^
[INFO] [stdout] 
[INFO] [stdout] 
[INFO] [stdout] warning: unused import: `itertools::Itertools`
[INFO] [stdout]  --> graph/src/loader/content.rs:5:5
[INFO] [stdout]   |
[INFO] [stdout] 5 | use itertools::Itertools;
[INFO] [stdout]   |     ^^^^^^^^^^^^^^^^^^^^
[INFO] [stdout] 
[INFO] [stdout] 
[INFO] [stdout] warning: unused import: `itertools::Itertools`
[INFO] [stdout]  --> graph/src/loader/tag.rs:5:5
[INFO] [stdout]   |
[INFO] [stdout] 5 | use itertools::Itertools;
[INFO] [stdout]   |     ^^^^^^^^^^^^^^^^^^^^
[INFO] [stdout] 
[INFO] [stdout] 
[INFO] [stdout] warning: unused import: `NextRequest`
[INFO] [stdout]  --> graph/src/extension/pg_manager.rs:6:113
[INFO] [stdout]   |
[INFO] [stdout] 6 | use async_graphql::extensions::{Extension, ExtensionContext, ExtensionFactory, NextExecute, NextPrepareRequest, NextRequest};
[INFO] [stdout]   |                                                                                                                 ^^^^^^^^^^^
[INFO] [stdout] 
[INFO] [stdout] 
[INFO] [stdout] warning: unused import: `async_graphql::futures_util::future::join`
[INFO] [stdout]  --> graph/src/extension/pg_manager.rs:7:5
[INFO] [stdout]   |
[INFO] [stdout] 7 | use async_graphql::futures_util::future::join;
[INFO] [stdout]   |     ^^^^^^^^^^^^^^^^^^^^^^^^^^^^^^^^^^^^^^^^^
[INFO] [stdout] 
[INFO] [stdout] 
[INFO] [stdout] warning: unused import: `tokio::join`
[INFO] [stdout]  --> graph/src/extension/pg_manager.rs:9:5
[INFO] [stdout]   |
[INFO] [stdout] 9 | use tokio::join;
[INFO] [stdout]   |     ^^^^^^^^^^^
[INFO] [stdout] 
[INFO] [stdout] 
[INFO] [stdout] warning: unused imports: `Error`, `Name`
[INFO] [stdout]  --> graph/src/error.rs:4:21
[INFO] [stdout]   |
[INFO] [stdout] 4 | use async_graphql::{Error, Name};
[INFO] [stdout]   |                     ^^^^^  ^^^^
[INFO] [stdout] 
[INFO] [stdout] 
[INFO] [stdout] error: aborting due to 6 previous errors; 45 warnings emitted
[INFO] [stdout] 
[INFO] [stdout] 
[INFO] [stdout] Some errors have detailed explanations: E0432, E0583.
[INFO] [stdout] 
[INFO] [stdout] For more information about an error, try `rustc --explain E0432`.
[INFO] [stdout] 
[INFO] [stderr] error: could not compile `graph` (lib) due to 7 previous errors; 45 warnings emitted
[INFO] running `Command { std: "docker" "inspect" "277890b797e9df24a12a45c6cba364698f0d996ba907135df1b98f16e264a4a7", kill_on_drop: false }`
[INFO] running `Command { std: "docker" "rm" "-f" "277890b797e9df24a12a45c6cba364698f0d996ba907135df1b98f16e264a4a7", kill_on_drop: false }`
[INFO] [stdout] 277890b797e9df24a12a45c6cba364698f0d996ba907135df1b98f16e264a4a7
