[INFO] cloning repository https://github.com/AbhinavMir/artichoke
[INFO] running `Command { std: "git" "-c" "credential.helper=" "-c" "credential.helper=/workspace/cargo-home/bin/git-credential-null" "clone" "--bare" "https://github.com/AbhinavMir/artichoke" "/workspace/cache/git-repos/https%3A%2F%2Fgithub.com%2FAbhinavMir%2Fartichoke", kill_on_drop: false }`
[INFO] [stderr] Cloning into bare repository '/workspace/cache/git-repos/https%3A%2F%2Fgithub.com%2FAbhinavMir%2Fartichoke'...
[INFO] running `Command { std: "git" "rev-parse" "HEAD", kill_on_drop: false }`
[INFO] [stdout] be52cfa0ae1173a6159ba232d82c44214641742f
[INFO] testing AbhinavMir/artichoke against 1.75.0 for beta-1.76-1
[INFO] running `Command { std: "git" "clone" "/workspace/cache/git-repos/https%3A%2F%2Fgithub.com%2FAbhinavMir%2Fartichoke" "/workspace/builds/worker-3-tc1/source", kill_on_drop: false }`
[INFO] [stderr] Cloning into '/workspace/builds/worker-3-tc1/source'...
[INFO] [stderr] done.
[INFO] validating manifest of git repo https://github.com/AbhinavMir/artichoke on toolchain 1.75.0
[INFO] running `Command { std: CARGO_HOME="/workspace/cargo-home" RUSTUP_HOME="/workspace/rustup-home" "/workspace/cargo-home/bin/cargo" "+1.75.0" "metadata" "--manifest-path" "Cargo.toml" "--no-deps", kill_on_drop: false }`
[INFO] started tweaking git repo https://github.com/AbhinavMir/artichoke
[INFO] finished tweaking git repo https://github.com/AbhinavMir/artichoke
[INFO] tweaked toml for git repo https://github.com/AbhinavMir/artichoke written to /workspace/builds/worker-3-tc1/source/Cargo.toml
[INFO] crate git repo https://github.com/AbhinavMir/artichoke already has a lockfile, it will not be regenerated
[INFO] running `Command { std: CARGO_HOME="/workspace/cargo-home" RUSTUP_HOME="/workspace/rustup-home" "/workspace/cargo-home/bin/cargo" "+1.75.0" "fetch" "--manifest-path" "Cargo.toml", kill_on_drop: false }`
[INFO] [stderr]     Updating crates.io index
[INFO] [stderr]  Downloading crates ...
[INFO] [stderr]   Downloaded tor-llcrypto v0.2.0
[INFO] [stderr]   Downloaded rlimit v0.8.3
[INFO] [stderr]   Downloaded config v0.12.0
[INFO] [stderr]   Downloaded asynchronous-codec v0.6.1
[INFO] [stderr]   Downloaded enum-ordinalize v3.1.12
[INFO] [stderr]   Downloaded educe v0.4.20
[INFO] [stderr]   Downloaded bounded-vec-deque v0.1.1
[INFO] [stderr]   Downloaded coarsetime v0.1.23
[INFO] [stderr]   Downloaded tor-error v0.2.0
[INFO] [stderr]   Downloaded tor-persist v0.2.0
[INFO] [stderr]   Downloaded shellexpand-fork v2.1.2
[INFO] [stderr]   Downloaded tor-cert v0.2.0
[INFO] [stderr]   Downloaded retry-error v0.1.1
[INFO] [stderr]   Downloaded caret v0.1.1
[INFO] [stderr]   Downloaded tor-linkspec v0.2.0
[INFO] [stderr]   Downloaded arti-config v0.2.0
[INFO] [stderr]   Downloaded tor-units v0.2.0
[INFO] [stderr]   Downloaded tor-basic-utils v0.2.0
[INFO] [stderr]   Downloaded tor-bytes v0.2.0
[INFO] [stderr]   Downloaded tor-protover v0.2.0
[INFO] [stderr]   Downloaded tor-checkable v0.2.0
[INFO] [stderr]   Downloaded tor-consdiff v0.2.0
[INFO] [stderr]   Downloaded tor-dirclient v0.2.0
[INFO] [stderr]   Downloaded tor-config v0.2.0
[INFO] [stderr]   Downloaded tor-socksproto v0.2.0
[INFO] [stderr]   Downloaded sanitize-filename v0.3.0
[INFO] [stderr]   Downloaded arti v0.2.0
[INFO] [stderr]   Downloaded tor-guardmgr v0.2.0
[INFO] [stderr]   Downloaded tor-netdir v0.2.0
[INFO] [stderr]   Downloaded tor-rtcompat v0.2.0
[INFO] [stderr]   Downloaded tor-chanmgr v0.2.0
[INFO] [stderr]   Downloaded tor-cell v0.2.0
[INFO] [stderr]   Downloaded arti-client v0.2.0
[INFO] [stderr]   Downloaded tor-proto v0.2.0
[INFO] [stderr]   Downloaded tor-dirmgr v0.2.0
[INFO] [stderr]   Downloaded tor-circmgr v0.2.0
[INFO] [stderr]   Downloaded tor-netdoc v0.2.0
[INFO] [stderr]   Downloaded postage v0.4.1
[INFO] running `Command { std: "docker" "create" "-v" "/var/lib/crater-agent-workspace/builds/worker-3-tc1/target:/opt/rustwide/target:rw,Z" "-v" "/var/lib/crater-agent-workspace/builds/worker-3-tc1/source:/opt/rustwide/workdir:ro,Z" "-v" "/var/lib/crater-agent-workspace/cargo-home:/opt/rustwide/cargo-home:ro,Z" "-v" "/var/lib/crater-agent-workspace/rustup-home:/opt/rustwide/rustup-home:ro,Z" "-e" "SOURCE_DIR=/opt/rustwide/workdir" "-e" "CARGO_TARGET_DIR=/opt/rustwide/target" "-e" "CARGO_HOME=/opt/rustwide/cargo-home" "-e" "RUSTUP_HOME=/opt/rustwide/rustup-home" "-w" "/opt/rustwide/workdir" "-m" "1610612736" "--user" "0:0" "--network" "none" "ghcr.io/rust-lang/crates-build-env/linux@sha256:2788e3201cd34a07e3172128adcd8b3090168a8e3bcc40d7c032b9dda1df7d1c" "/opt/rustwide/cargo-home/bin/cargo" "+1.75.0" "metadata" "--no-deps" "--format-version=1", kill_on_drop: false }`
[INFO] [stdout] 67ad47e177e5385348df8a8ced8a2148ae681b6664aa539661a48eea2b30207a
[INFO] running `Command { std: "docker" "start" "-a" "67ad47e177e5385348df8a8ced8a2148ae681b6664aa539661a48eea2b30207a", kill_on_drop: false }`
[INFO] running `Command { std: "docker" "inspect" "67ad47e177e5385348df8a8ced8a2148ae681b6664aa539661a48eea2b30207a", kill_on_drop: false }`
[INFO] running `Command { std: "docker" "rm" "-f" "67ad47e177e5385348df8a8ced8a2148ae681b6664aa539661a48eea2b30207a", kill_on_drop: false }`
[INFO] [stdout] 67ad47e177e5385348df8a8ced8a2148ae681b6664aa539661a48eea2b30207a
[INFO] running `Command { std: "docker" "create" "-v" "/var/lib/crater-agent-workspace/builds/worker-3-tc1/target:/opt/rustwide/target:rw,Z" "-v" "/var/lib/crater-agent-workspace/builds/worker-3-tc1/source:/opt/rustwide/workdir:ro,Z" "-v" "/var/lib/crater-agent-workspace/cargo-home:/opt/rustwide/cargo-home:ro,Z" "-v" "/var/lib/crater-agent-workspace/rustup-home:/opt/rustwide/rustup-home:ro,Z" "-e" "SOURCE_DIR=/opt/rustwide/workdir" "-e" "CARGO_TARGET_DIR=/opt/rustwide/target" "-e" "CARGO_INCREMENTAL=0" "-e" "RUST_BACKTRACE=full" "-e" "RUSTFLAGS=--cap-lints=warn" "-e" "RUSTDOCFLAGS=--cap-lints=warn" "-e" "CARGO_HOME=/opt/rustwide/cargo-home" "-e" "RUSTUP_HOME=/opt/rustwide/rustup-home" "-w" "/opt/rustwide/workdir" "-m" "1610612736" "--user" "0:0" "--network" "none" "ghcr.io/rust-lang/crates-build-env/linux@sha256:2788e3201cd34a07e3172128adcd8b3090168a8e3bcc40d7c032b9dda1df7d1c" "/opt/rustwide/cargo-home/bin/cargo" "+1.75.0" "build" "--frozen" "--message-format=json", kill_on_drop: false }`
[INFO] [stdout] 15bee1bd7436bc05fab1bab04051230e2e552b2e21a0cd39445e3c6649ac90d4
[INFO] running `Command { std: "docker" "start" "-a" "15bee1bd7436bc05fab1bab04051230e2e552b2e21a0cd39445e3c6649ac90d4", kill_on_drop: false }`
[INFO] [stderr]    Compiling libc v0.2.139
[INFO] [stderr]    Compiling proc-macro2 v1.0.51
[INFO] [stderr]    Compiling unicode-ident v1.0.6
[INFO] [stderr]    Compiling quote v1.0.23
[INFO] [stderr]    Compiling syn v1.0.109
[INFO] [stderr]    Compiling autocfg v1.1.0
[INFO] [stderr]    Compiling version_check v0.9.4
[INFO] [stderr]    Compiling typenum v1.16.0
[INFO] [stderr]    Compiling memchr v2.5.0
[INFO] [stderr]    Compiling pin-project-lite v0.2.9
[INFO] [stderr]    Compiling subtle v2.4.1
[INFO] [stderr]    Compiling futures-core v0.3.26
[INFO] [stderr]    Compiling pkg-config v0.3.26
[INFO] [stderr]    Compiling smallvec v1.10.0
[INFO] [stderr]    Compiling thiserror v1.0.38
[INFO] [stderr]    Compiling libm v0.2.6
[INFO] [stderr]    Compiling ppv-lite86 v0.2.17
[INFO] [stderr]    Compiling spin v0.5.2
[INFO] [stderr]    Compiling futures-io v0.3.26
[INFO] [stderr]    Compiling futures-channel v0.3.26
[INFO] [stderr]    Compiling futures-task v0.3.26
[INFO] [stderr]    Compiling futures-sink v0.3.26
[INFO] [stderr]    Compiling unicode-xid v0.2.4
[INFO] [stderr]    Compiling lazy_static v1.4.0
[INFO] [stderr]    Compiling serde_derive v1.0.152
[INFO] [stderr]    Compiling futures-util v0.3.26
[INFO] [stderr]    Compiling serde v1.0.152
[INFO] [stderr]    Compiling once_cell v1.17.1
[INFO] [stderr]    Compiling slab v0.4.8
[INFO] [stderr]    Compiling generic-array v0.14.6
[INFO] [stderr]    Compiling num-traits v0.2.15
[INFO] [stderr]    Compiling num-integer v0.1.45
[INFO] [stderr]    Compiling itoa v1.0.5
[INFO] [stderr]    Compiling num-bigint v0.4.3
[INFO] [stderr]    Compiling byteorder v1.4.3
[INFO] [stderr]    Compiling log v0.4.17
[INFO] [stderr]    Compiling const-oid v0.6.2
[INFO] [stderr]    Compiling cpufeatures v0.2.5
[INFO] [stderr]    Compiling time-core v0.1.0
[INFO] [stderr]    Compiling num-iter v0.1.43
[INFO] [stderr]    Compiling autocfg v0.1.8
[INFO] [stderr]    Compiling adler v1.0.2
[INFO] [stderr]    Compiling bytes v1.4.0
[INFO] [stderr]    Compiling base64ct v1.1.1
[INFO] [stderr]    Compiling time-macros v0.2.8
[INFO] [stderr]    Compiling num-bigint-dig v0.7.0
[INFO] [stderr]    Compiling miniz_oxide v0.6.2
[INFO] [stderr]    Compiling keccak v0.1.3
[INFO] [stderr]    Compiling pem-rfc7468 v0.2.4
[INFO] [stderr]    Compiling convert_case v0.4.0
[INFO] [stderr]    Compiling signature v1.6.4
[INFO] [stderr]    Compiling gimli v0.27.2
[INFO] [stderr]    Compiling object v0.30.3
[INFO] [stderr]    Compiling rustc-demangle v0.1.21
[INFO] [stderr]    Compiling hex v0.4.3
[INFO] [stderr]    Compiling base64 v0.13.1
[INFO] [stderr]    Compiling arrayref v0.3.6
[INFO] [stderr]    Compiling ed25519 v1.5.3
[INFO] [stderr]    Compiling lock_api v0.4.9
[INFO] [stderr]    Compiling parking_lot_core v0.9.7
[INFO] [stderr]    Compiling scopeguard v1.1.0
[INFO] [stderr]    Compiling caret v0.1.1
[INFO] [stderr]    Compiling tinyvec_macros v0.1.1
[INFO] [stderr]    Compiling tracing-core v0.1.30
[INFO] [stderr]    Compiling tokio v1.25.0
[INFO] [stderr]    Compiling strsim v0.10.0
[INFO] [stderr]    Compiling jobserver v0.1.26
[INFO] [stderr]    Compiling getrandom v0.2.8
[INFO] [stderr]    Compiling getrandom v0.1.16
[INFO] [stderr]    Compiling cc v1.0.79
[INFO] [stderr]    Compiling rand_core v0.6.4
[INFO] [stderr]    Compiling tinyvec v1.6.0
[INFO] [stderr]    Compiling rand_core v0.5.1
[INFO] [stderr]    Compiling rand_chacha v0.3.1
[INFO] [stderr]    Compiling ident_case v1.0.1
[INFO] [stderr]    Compiling semver v1.0.16
[INFO] [stderr]    Compiling rand_chacha v0.2.2
[INFO] [stderr]    Compiling num_cpus v1.15.0
[INFO] [stderr]    Compiling socket2 v0.4.7
[INFO] [stderr]    Compiling rand v0.8.5
[INFO] [stderr]    Compiling block-buffer v0.10.3
[INFO] [stderr]    Compiling crypto-common v0.1.6
[INFO] [stderr]    Compiling crypto-bigint v0.2.11
[INFO] [stderr]    Compiling digest v0.9.0
[INFO] [stderr]    Compiling digest v0.10.6
[INFO] [stderr]    Compiling block-buffer v0.9.0
[INFO] [stderr]    Compiling cipher v0.3.0
[INFO] [stderr]    Compiling sha2 v0.9.9
[INFO] [stderr]    Compiling rand v0.7.3
[INFO] [stderr]    Compiling ctr v0.8.0
[INFO] [stderr]    Compiling sha3 v0.10.6
[INFO] [stderr]    Compiling sha-1 v0.10.1
[INFO] [stderr]    Compiling aes v0.7.5
[INFO] [stderr]    Compiling sha2 v0.10.6
[INFO] [stderr]    Compiling der v0.4.5
[INFO] [stderr]    Compiling unicode-normalization v0.1.22
[INFO] [stderr]    Compiling time v0.3.20
[INFO] [stderr]    Compiling parking_lot v0.12.1
[INFO] [stderr]    Compiling signal-hook-registry v1.4.1
[INFO] [stderr]    Compiling backtrace v0.3.67
[INFO] [stderr]    Compiling openssl-sys v0.9.80
[INFO] [stderr]    Compiling mio v0.8.6
[INFO] [stderr]    Compiling unicode-bidi v0.3.10
[INFO] [stderr]    Compiling regex-syntax v0.6.28
[INFO] [stderr]    Compiling addr2line v0.19.0
[INFO] [stderr]    Compiling spki v0.4.1
[INFO] [stderr]    Compiling proc-macro-hack v0.5.20+deprecated
[INFO] [stderr]    Compiling foreign-types-shared v0.1.1
[INFO] [stderr]    Compiling crossbeam-utils v0.8.15
[INFO] [stderr]    Compiling siphasher v0.3.10
[INFO] [stderr]    Compiling async-trait v0.1.64
[INFO] [stderr]    Compiling percent-encoding v2.2.0
[INFO] [stderr]    Compiling openssl v0.10.45
[INFO] [stderr]    Compiling form_urlencoded v1.1.0
[INFO] [stderr]    Compiling phf_shared v0.10.0
[INFO] [stderr]    Compiling foreign-types v0.3.2
[INFO] [stderr]    Compiling rustc_version v0.4.0
[INFO] [stderr]    Compiling idna v0.3.0
[INFO] [stderr]    Compiling dirs-sys v0.3.7
[INFO] [stderr]    Compiling native-tls v0.2.11
[INFO] [stderr]    Compiling phf_generator v0.10.0
[INFO] [stderr]    Compiling zstd-sys v2.0.7+zstd.1.5.4
[INFO] [stderr]    Compiling openssl-probe v0.1.5
[INFO] [stderr]    Compiling dirs v4.0.0
[INFO] [stderr]    Compiling tor-basic-utils v0.2.0
[INFO] [stderr]    Compiling hmac v0.12.1
[INFO] [stderr]    Compiling atomic v0.5.1
[INFO] [stderr]    Compiling async_executors v0.4.2
[INFO] [stderr]    Compiling serde_json v1.0.93
[INFO] [stderr]    Compiling crossbeam-queue v0.3.8
[INFO] [stderr]    Compiling hkdf v0.12.3
[INFO] [stderr]    Compiling shellexpand-fork v2.1.2
[INFO] [stderr]    Compiling directories v4.0.1
[INFO] [stderr]    Compiling lzma-sys v0.1.20
[INFO] [stderr]    Compiling coarsetime v0.1.23
[INFO] [stderr]    Compiling url v2.3.1
[INFO] [stderr]    Compiling ahash v0.7.6
[INFO] [stderr]    Compiling crc32fast v1.3.2
[INFO] [stderr]    Compiling zstd-safe v5.0.2+zstd.1.5.2
[INFO] [stderr]    Compiling weak-table v0.3.2
[INFO] [stderr]    Compiling ryu v1.0.12
[INFO] [stderr]    Compiling synstructure v0.12.6
[INFO] [stderr]    Compiling darling_core v0.14.3
[INFO] [stderr]    Compiling fslock v0.2.1
[INFO] [stderr]    Compiling humantime v2.1.0
[INFO] [stderr]    Compiling vcpkg v0.2.15
[INFO] [stderr]    Compiling regex v1.7.1
[INFO] [stderr]    Compiling either v1.8.1
[INFO] [stderr]    Compiling static_assertions v1.1.0
[INFO] [stderr]    Compiling itertools v0.10.5
[INFO] [stderr]    Compiling httparse v1.8.0
[INFO] [stderr]    Compiling retain_mut v0.1.9
[INFO] [stderr]    Compiling xz2 v0.1.7
[INFO] [stderr]    Compiling hashbrown v0.11.2
[INFO] [stderr]    Compiling flate2 v1.0.25
[INFO] [stderr]    Compiling downcast-rs v1.2.0
[INFO] [stderr]    Compiling bounded-vec-deque v0.1.1
[INFO] [stderr]    Compiling dyn-clone v1.0.11
[INFO] [stderr]    Compiling retry-error v0.1.1
[INFO] [stderr]    Compiling http v0.2.9
[INFO] [stderr]    Compiling fallible-streaming-iterator v0.1.9
[INFO] [stderr]    Compiling fallible-iterator v0.2.0
[INFO] [stderr]    Compiling httpdate v1.0.2
[INFO] [stderr]    Compiling sanitize-filename v0.3.0
[INFO] [stderr]    Compiling net2 v0.2.38
[INFO] [stderr]    Compiling regex-automata v0.1.10
[INFO] [stderr]    Compiling iovec v0.1.4
[INFO] [stderr]    Compiling hashlink v0.7.0
[INFO] [stderr]    Compiling memmap2 v0.5.10
[INFO] [stderr]    Compiling libsqlite3-sys v0.24.2
[INFO] [stderr]    Compiling minimal-lexical v0.2.1
[INFO] [stderr]    Compiling overload v0.1.1
[INFO] [stderr]    Compiling event-listener v2.5.3
[INFO] [stderr]    Compiling mio v0.6.23
[INFO] [stderr]    Compiling nu-ansi-term v0.46.0
[INFO] [stderr]    Compiling nom v7.1.3
[INFO] [stderr]    Compiling tracing-log v0.1.3
[INFO] [stderr]    Compiling inotify-sys v0.1.5
[INFO] [stderr]    Compiling thread_local v1.1.7
[INFO] [stderr]    Compiling sharded-slab v0.1.4
[INFO] [stderr]    Compiling anyhow v1.0.69
[INFO] [stderr]    Compiling pathdiff v0.2.1
[INFO] [stderr]    Compiling lazycell v1.3.0
[INFO] [stderr]    Compiling matches v0.1.10
[INFO] [stderr]    Compiling unicode-width v0.1.10
[INFO] [stderr]    Compiling same-file v1.0.6
[INFO] [stderr]    Compiling idna v0.2.3
[INFO] [stderr]    Compiling rusqlite v0.27.0
[INFO] [stderr]    Compiling matchers v0.1.0
[INFO] [stderr]    Compiling mio-extras v2.0.6
[INFO] [stderr]    Compiling walkdir v2.3.2
[INFO] [stderr]    Compiling textwrap v0.11.0
[INFO] [stderr]    Compiling inotify v0.7.1
[INFO] [stderr]    Compiling crossbeam-channel v0.5.7
[INFO] [stderr]    Compiling filetime v0.2.20
[INFO] [stderr]    Compiling atty v0.2.14
[INFO] [stderr]    Compiling strsim v0.8.0
[INFO] [stderr]    Compiling ansi_term v0.12.1
[INFO] [stderr]    Compiling vec_map v0.8.2
[INFO] [stderr]    Compiling data-encoding v2.3.3
[INFO] [stderr]    Compiling ipnet v2.7.1
[INFO] [stderr]    Compiling clap v2.34.0
[INFO] [stderr]    Compiling notify v4.0.17
[INFO] [stderr]    Compiling rlimit v0.8.3
[INFO] [stderr]    Compiling thiserror-impl v1.0.38
[INFO] [stderr]    Compiling zeroize_derive v1.3.3
[INFO] [stderr]    Compiling futures-macro v0.3.26
[INFO] [stderr]    Compiling derive_more v0.99.17
[INFO] [stderr]    Compiling tracing-attributes v0.1.23
[INFO] [stderr]    Compiling tokio-macros v1.8.2
[INFO] [stderr]    Compiling enum-ordinalize v3.1.12
[INFO] [stderr]    Compiling darling_macro v0.14.3
[INFO] [stderr]    Compiling pin-project-internal v1.0.12
[INFO] [stderr]    Compiling openssl-macros v0.1.0
[INFO] [stderr]    Compiling blanket v0.2.0
[INFO] [stderr]    Compiling educe v0.4.20
[INFO] [stderr]    Compiling zeroize v1.3.0
[INFO] [stderr]    Compiling phf_macros v0.10.0
[INFO] [stderr]    Compiling darling v0.14.3
[INFO] [stderr]    Compiling pkcs1 v0.2.4
[INFO] [stderr]    Compiling curve25519-dalek v3.2.1
[INFO] [stderr]    Compiling merlin v2.0.1
[INFO] [stderr]    Compiling pkcs8 v0.7.6
[INFO] [stderr]    Compiling derive_builder_core v0.11.2
[INFO] [stderr]    Compiling enum-as-inner v0.4.0
[INFO] [stderr]    Compiling simple_asn1 v0.6.2
[INFO] [stderr]    Compiling x25519-dalek v1.2.0
[INFO] [stderr]    Compiling tracing v0.1.37
[INFO] [stderr]    Compiling tor-protover v0.2.0
[INFO] [stderr]    Compiling rsa v0.5.0
[INFO] [stderr]    Compiling pin-project v1.0.12
[INFO] [stderr]    Compiling phf v0.10.1
[INFO] [stderr]    Compiling tracing-subscriber v0.3.16
[INFO] [stderr]    Compiling derive_builder_macro v0.11.2
[INFO] [stderr]    Compiling derive_builder v0.11.2
[INFO] [stderr]    Compiling tracing-appender v0.2.2
[INFO] [stderr]    Compiling tor-units v0.2.0
[INFO] [stderr]    Compiling futures-executor v0.3.26
[INFO] [stderr]    Compiling asynchronous-codec v0.6.1
[INFO] [stderr]    Compiling futures v0.3.26
[INFO] [stderr]    Compiling tor-error v0.2.0
[INFO] [stderr]    Compiling postage v0.4.1
[INFO] [stderr]    Compiling async-native-tls v0.4.0
[INFO] [stderr]    Compiling tokio-util v0.7.7
[INFO] [stderr]    Compiling trust-dns-proto v0.21.2
[INFO] [stderr]    Compiling tor-rtcompat v0.2.0
[INFO] [stderr]    Compiling zstd v0.11.2+zstd.1.5.2
[INFO] [stderr]    Compiling async-compression v0.3.15
[INFO] [stderr]    Compiling ed25519-dalek v1.0.1
[INFO] [stderr]    Compiling tor-config v0.2.0
[INFO] [stderr]    Compiling humantime-serde v1.1.1
[INFO] [stderr]    Compiling toml v0.5.11
[INFO] [stderr]    Compiling tor-llcrypto v0.2.0
[INFO] [stderr]    Compiling tor-bytes v0.2.0
[INFO] [stderr]    Compiling tor-checkable v0.2.0
[INFO] [stderr]    Compiling tor-consdiff v0.2.0
[INFO] [stderr]    Compiling config v0.12.0
[INFO] [stderr]    Compiling tor-cert v0.2.0
[INFO] [stderr]    Compiling tor-linkspec v0.2.0
[INFO] [stderr]    Compiling tor-socksproto v0.2.0
[INFO] [stderr]    Compiling tor-persist v0.2.0
[INFO] [stderr]    Compiling tor-cell v0.2.0
[INFO] [stderr]    Compiling tor-netdoc v0.2.0
[INFO] [stderr]    Compiling tor-proto v0.2.0
[INFO] [stderr]    Compiling tor-netdir v0.2.0
[INFO] [stderr]    Compiling tor-guardmgr v0.2.0
[INFO] [stderr]    Compiling tor-chanmgr v0.2.0
[INFO] [stderr]    Compiling tor-circmgr v0.2.0
[INFO] [stderr]    Compiling tor-dirclient v0.2.0
[INFO] [stderr]    Compiling tor-dirmgr v0.2.0
[INFO] [stderr]    Compiling arti-client v0.2.0
[INFO] [stderr]    Compiling arti-config v0.2.0
[INFO] [stderr]    Compiling arti v0.2.0
[INFO] [stderr]    Compiling artichoke v0.1.0 (/opt/rustwide/workdir)
[INFO] [stdout] error[E0433]: failed to resolve: use of undeclared crate or module `futures`
[INFO] [stdout]  --> src/main.rs:2:5
[INFO] [stdout]   |
[INFO] [stdout] 2 | use futures::io::{AsyncReadExt, AsyncWriteExt};
[INFO] [stdout]   |     ^^^^^^^ use of undeclared crate or module `futures`
[INFO] [stdout] 
[INFO] [stdout] 
[INFO] [stdout] error[E0432]: unresolved import `arti::tor_client`
[INFO] [stdout]  --> src/main.rs:1:11
[INFO] [stdout]   |
[INFO] [stdout] 1 | use arti::tor_client::TorClient;
[INFO] [stdout]   |           ^^^^^^^^^^ could not find `tor_client` in `arti`
[INFO] [stdout] 
[INFO] [stdout] 
[INFO] [stdout] error: aborting due to 2 previous errors
[INFO] [stdout] 
[INFO] [stdout] 
[INFO] [stdout] Some errors have detailed explanations: E0432, E0433.
[INFO] [stdout] 
[INFO] [stdout] For more information about an error, try `rustc --explain E0432`.
[INFO] [stdout] 
[INFO] [stderr] error: could not compile `artichoke` (bin "artichoke") due to 3 previous errors
[INFO] running `Command { std: "docker" "inspect" "15bee1bd7436bc05fab1bab04051230e2e552b2e21a0cd39445e3c6649ac90d4", kill_on_drop: false }`
[INFO] running `Command { std: "docker" "rm" "-f" "15bee1bd7436bc05fab1bab04051230e2e552b2e21a0cd39445e3c6649ac90d4", kill_on_drop: false }`
[INFO] [stdout] 15bee1bd7436bc05fab1bab04051230e2e552b2e21a0cd39445e3c6649ac90d4
[INFO] testing AbhinavMir/artichoke against beta-2023-12-22 for beta-1.76-1
[INFO] running `Command { std: "git" "clone" "/workspace/cache/git-repos/https%3A%2F%2Fgithub.com%2FAbhinavMir%2Fartichoke" "/workspace/builds/worker-3-tc2/source", kill_on_drop: false }`
[INFO] [stderr] Cloning into '/workspace/builds/worker-3-tc2/source'...
[INFO] [stderr] done.
[INFO] validating manifest of git repo https://github.com/AbhinavMir/artichoke on toolchain beta-2023-12-22
[INFO] running `Command { std: CARGO_HOME="/workspace/cargo-home" RUSTUP_HOME="/workspace/rustup-home" "/workspace/cargo-home/bin/cargo" "+beta-2023-12-22" "metadata" "--manifest-path" "Cargo.toml" "--no-deps", kill_on_drop: false }`
[INFO] started tweaking git repo https://github.com/AbhinavMir/artichoke
[INFO] finished tweaking git repo https://github.com/AbhinavMir/artichoke
[INFO] tweaked toml for git repo https://github.com/AbhinavMir/artichoke written to /workspace/builds/worker-3-tc2/source/Cargo.toml
[INFO] crate git repo https://github.com/AbhinavMir/artichoke already has a lockfile, it will not be regenerated
[INFO] running `Command { std: CARGO_HOME="/workspace/cargo-home" RUSTUP_HOME="/workspace/rustup-home" "/workspace/cargo-home/bin/cargo" "+beta-2023-12-22" "fetch" "--manifest-path" "Cargo.toml", kill_on_drop: false }`
[INFO] running `Command { std: "docker" "create" "-v" "/var/lib/crater-agent-workspace/builds/worker-3-tc2/target:/opt/rustwide/target:rw,Z" "-v" "/var/lib/crater-agent-workspace/builds/worker-3-tc2/source:/opt/rustwide/workdir:ro,Z" "-v" "/var/lib/crater-agent-workspace/cargo-home:/opt/rustwide/cargo-home:ro,Z" "-v" "/var/lib/crater-agent-workspace/rustup-home:/opt/rustwide/rustup-home:ro,Z" "-e" "SOURCE_DIR=/opt/rustwide/workdir" "-e" "CARGO_TARGET_DIR=/opt/rustwide/target" "-e" "CARGO_HOME=/opt/rustwide/cargo-home" "-e" "RUSTUP_HOME=/opt/rustwide/rustup-home" "-w" "/opt/rustwide/workdir" "-m" "1610612736" "--user" "0:0" "--network" "none" "ghcr.io/rust-lang/crates-build-env/linux@sha256:2788e3201cd34a07e3172128adcd8b3090168a8e3bcc40d7c032b9dda1df7d1c" "/opt/rustwide/cargo-home/bin/cargo" "+beta-2023-12-22" "metadata" "--no-deps" "--format-version=1", kill_on_drop: false }`
[INFO] [stdout] 2773f9db8c7180e94168b7c3e883a6f7ed8b4721826cc55e707023698237d2ef
[INFO] running `Command { std: "docker" "start" "-a" "2773f9db8c7180e94168b7c3e883a6f7ed8b4721826cc55e707023698237d2ef", kill_on_drop: false }`
[INFO] running `Command { std: "docker" "inspect" "2773f9db8c7180e94168b7c3e883a6f7ed8b4721826cc55e707023698237d2ef", kill_on_drop: false }`
[INFO] running `Command { std: "docker" "rm" "-f" "2773f9db8c7180e94168b7c3e883a6f7ed8b4721826cc55e707023698237d2ef", kill_on_drop: false }`
[INFO] [stdout] 2773f9db8c7180e94168b7c3e883a6f7ed8b4721826cc55e707023698237d2ef
[INFO] running `Command { std: "docker" "create" "-v" "/var/lib/crater-agent-workspace/builds/worker-3-tc2/target:/opt/rustwide/target:rw,Z" "-v" "/var/lib/crater-agent-workspace/builds/worker-3-tc2/source:/opt/rustwide/workdir:ro,Z" "-v" "/var/lib/crater-agent-workspace/cargo-home:/opt/rustwide/cargo-home:ro,Z" "-v" "/var/lib/crater-agent-workspace/rustup-home:/opt/rustwide/rustup-home:ro,Z" "-e" "SOURCE_DIR=/opt/rustwide/workdir" "-e" "CARGO_TARGET_DIR=/opt/rustwide/target" "-e" "CARGO_INCREMENTAL=0" "-e" "RUST_BACKTRACE=full" "-e" "RUSTFLAGS=--cap-lints=warn" "-e" "RUSTDOCFLAGS=--cap-lints=warn" "-e" "CARGO_HOME=/opt/rustwide/cargo-home" "-e" "RUSTUP_HOME=/opt/rustwide/rustup-home" "-w" "/opt/rustwide/workdir" "-m" "1610612736" "--user" "0:0" "--network" "none" "ghcr.io/rust-lang/crates-build-env/linux@sha256:2788e3201cd34a07e3172128adcd8b3090168a8e3bcc40d7c032b9dda1df7d1c" "/opt/rustwide/cargo-home/bin/cargo" "+beta-2023-12-22" "build" "--frozen" "--message-format=json", kill_on_drop: false }`
[INFO] [stdout] a6b0661652ca49fe55b38060ae2f76e9f3807c90488fd866c4bb2a3256bd47f7
[INFO] running `Command { std: "docker" "start" "-a" "a6b0661652ca49fe55b38060ae2f76e9f3807c90488fd866c4bb2a3256bd47f7", kill_on_drop: false }`
[INFO] [stderr]    Compiling libc v0.2.139
[INFO] [stderr]    Compiling proc-macro2 v1.0.51
[INFO] [stderr]    Compiling unicode-ident v1.0.6
[INFO] [stderr]    Compiling quote v1.0.23
[INFO] [stderr]    Compiling syn v1.0.109
[INFO] [stderr]    Compiling autocfg v1.1.0
[INFO] [stderr]    Compiling version_check v0.9.4
[INFO] [stderr]    Compiling typenum v1.16.0
[INFO] [stderr]    Compiling memchr v2.5.0
[INFO] [stderr]    Compiling pin-project-lite v0.2.9
[INFO] [stderr]    Compiling subtle v2.4.1
[INFO] [stderr]    Compiling futures-core v0.3.26
[INFO] [stderr]    Compiling pkg-config v0.3.26
[INFO] [stderr]    Compiling ppv-lite86 v0.2.17
[INFO] [stderr]    Compiling thiserror v1.0.38
[INFO] [stderr]    Compiling libm v0.2.6
[INFO] [stderr]    Compiling smallvec v1.10.0
[INFO] [stderr]    Compiling spin v0.5.2
[INFO] [stderr]    Compiling futures-task v0.3.26
[INFO] [stderr]    Compiling futures-io v0.3.26
[INFO] [stderr]    Compiling unicode-xid v0.2.4
[INFO] [stderr]    Compiling futures-sink v0.3.26
[INFO] [stderr]    Compiling futures-channel v0.3.26
[INFO] [stderr]    Compiling lazy_static v1.4.0
[INFO] [stderr]    Compiling slab v0.4.8
[INFO] [stderr]    Compiling generic-array v0.14.6
[INFO] [stderr]    Compiling num-traits v0.2.15
[INFO] [stderr]    Compiling num-integer v0.1.45
[INFO] [stderr]    Compiling serde_derive v1.0.152
[INFO] [stderr]    Compiling futures-util v0.3.26
[INFO] [stderr]    Compiling serde v1.0.152
[INFO] [stderr]    Compiling once_cell v1.17.1
[INFO] [stderr]    Compiling itoa v1.0.5
[INFO] [stderr]    Compiling num-bigint v0.4.3
[INFO] [stderr]    Compiling log v0.4.17
[INFO] [stderr]    Compiling byteorder v1.4.3
[INFO] [stderr]    Compiling time-core v0.1.0
[INFO] [stderr]    Compiling cpufeatures v0.2.5
[INFO] [stderr]    Compiling const-oid v0.6.2
[INFO] [stderr]    Compiling time-macros v0.2.8
[INFO] [stderr]    Compiling num-iter v0.1.43
[INFO] [stderr]    Compiling autocfg v0.1.8
[INFO] [stderr]    Compiling adler v1.0.2
[INFO] [stderr]    Compiling bytes v1.4.0
[INFO] [stderr]    Compiling base64ct v1.1.1
[INFO] [stderr]    Compiling miniz_oxide v0.6.2
[INFO] [stderr]    Compiling num-bigint-dig v0.7.0
[INFO] [stderr]    Compiling keccak v0.1.3
[INFO] [stderr]    Compiling pem-rfc7468 v0.2.4
[INFO] [stderr]    Compiling convert_case v0.4.0
[INFO] [stderr]    Compiling gimli v0.27.2
[INFO] [stderr]    Compiling signature v1.6.4
[INFO] [stderr]    Compiling ed25519 v1.5.3
[INFO] [stderr]    Compiling object v0.30.3
[INFO] [stderr]    Compiling rustc-demangle v0.1.21
[INFO] [stderr]    Compiling arrayref v0.3.6
[INFO] [stderr]    Compiling hex v0.4.3
[INFO] [stderr]    Compiling base64 v0.13.1
[INFO] [stderr]    Compiling lock_api v0.4.9
[INFO] [stderr]    Compiling parking_lot_core v0.9.7
[INFO] [stderr]    Compiling scopeguard v1.1.0
[INFO] [stderr]    Compiling tinyvec_macros v0.1.1
[INFO] [stderr]    Compiling jobserver v0.1.26
[INFO] [stderr]    Compiling getrandom v0.2.8
[INFO] [stderr]    Compiling getrandom v0.1.16
[INFO] [stderr]    Compiling caret v0.1.1
[INFO] [stderr]    Compiling rand_core v0.6.4
[INFO] [stderr]    Compiling rand_core v0.5.1
[INFO] [stderr]    Compiling cc v1.0.79
[INFO] [stderr]    Compiling tinyvec v1.6.0
[INFO] [stderr]    Compiling tracing-core v0.1.30
[INFO] [stderr]    Compiling rand_chacha v0.3.1
[INFO] [stderr]    Compiling rand_chacha v0.2.2
[INFO] [stderr]    Compiling tokio v1.25.0
[INFO] [stderr]    Compiling crypto-common v0.1.6
[INFO] [stderr]    Compiling block-buffer v0.10.3
[INFO] [stderr]    Compiling crypto-bigint v0.2.11
[INFO] [stderr]    Compiling rand v0.8.5
[INFO] [stderr]    Compiling digest v0.10.6
[INFO] [stderr]    Compiling digest v0.9.0
[INFO] [stderr]    Compiling block-buffer v0.9.0
[INFO] [stderr]    Compiling cipher v0.3.0
[INFO] [stderr]    Compiling rand v0.7.3
[INFO] [stderr]    Compiling sha2 v0.9.9
[INFO] [stderr]    Compiling sha2 v0.10.6
[INFO] [stderr]    Compiling ctr v0.8.0
[INFO] [stderr]    Compiling sha3 v0.10.6
[INFO] [stderr]    Compiling der v0.4.5
[INFO] [stderr]    Compiling aes v0.7.5
[INFO] [stderr]    Compiling sha-1 v0.10.1
[INFO] [stderr]    Compiling semver v1.0.16
[INFO] [stderr]    Compiling time v0.3.20
[INFO] [stderr]    Compiling ident_case v1.0.1
[INFO] [stderr]    Compiling strsim v0.10.0
[INFO] [stderr]    Compiling unicode-normalization v0.1.22
[INFO] [stderr]    Compiling parking_lot v0.12.1
[INFO] [stderr]    Compiling signal-hook-registry v1.4.1
[INFO] [stderr]    Compiling num_cpus v1.15.0
[INFO] [stderr]    Compiling socket2 v0.4.7
[INFO] [stderr]    Compiling mio v0.8.6
[INFO] [stderr]    Compiling backtrace v0.3.67
[INFO] [stderr]    Compiling spki v0.4.1
[INFO] [stderr]    Compiling openssl-sys v0.9.80
[INFO] [stderr]    Compiling addr2line v0.19.0
[INFO] [stderr]    Compiling regex-syntax v0.6.28
[INFO] [stderr]    Compiling unicode-bidi v0.3.10
[INFO] [stderr]    Compiling siphasher v0.3.10
[INFO] [stderr]    Compiling async-trait v0.1.64
[INFO] [stderr]    Compiling foreign-types-shared v0.1.1
[INFO] [stderr]    Compiling proc-macro-hack v0.5.20+deprecated
[INFO] [stderr]    Compiling openssl v0.10.45
[INFO] [stderr]    Compiling percent-encoding v2.2.0
[INFO] [stderr]    Compiling crossbeam-utils v0.8.15
[INFO] [stderr]    Compiling phf_shared v0.10.0
[INFO] [stderr]    Compiling rustc_version v0.4.0
[INFO] [stderr]    Compiling form_urlencoded v1.1.0
[INFO] [stderr]    Compiling idna v0.3.0
[INFO] [stderr]    Compiling foreign-types v0.3.2
[INFO] [stderr]    Compiling dirs-sys v0.3.7
[INFO] [stderr]    Compiling native-tls v0.2.11
[INFO] [stderr]    Compiling phf_generator v0.10.0
[INFO] [stderr]    Compiling zstd-sys v2.0.7+zstd.1.5.4
[INFO] [stderr]    Compiling async_executors v0.4.2
[INFO] [stderr]    Compiling openssl-probe v0.1.5
[INFO] [stderr]    Compiling dirs v4.0.0
[INFO] [stderr]    Compiling tor-basic-utils v0.2.0
[INFO] [stderr]    Compiling hmac v0.12.1
[INFO] [stderr]    Compiling atomic v0.5.1
[INFO] [stderr]    Compiling url v2.3.1
[INFO] [stderr]    Compiling crossbeam-queue v0.3.8
[INFO] [stderr]    Compiling serde_json v1.0.93
[INFO] [stderr]    Compiling hkdf v0.12.3
[INFO] [stderr]    Compiling shellexpand-fork v2.1.2
[INFO] [stderr]    Compiling directories v4.0.1
[INFO] [stderr]    Compiling lzma-sys v0.1.20
[INFO] [stderr]    Compiling synstructure v0.12.6
[INFO] [stderr]    Compiling darling_core v0.14.3
[INFO] [stderr]    Compiling coarsetime v0.1.23
[INFO] [stderr]    Compiling ahash v0.7.6
[INFO] [stderr]    Compiling ryu v1.0.12
[INFO] [stderr]    Compiling weak-table v0.3.2
[INFO] [stderr]    Compiling crc32fast v1.3.2
[INFO] [stderr]    Compiling zstd-safe v5.0.2+zstd.1.5.2
[INFO] [stderr]    Compiling fslock v0.2.1
[INFO] [stderr]    Compiling either v1.8.1
[INFO] [stderr]    Compiling vcpkg v0.2.15
[INFO] [stderr]    Compiling regex v1.7.1
[INFO] [stderr]    Compiling static_assertions v1.1.0
[INFO] [stderr]    Compiling humantime v2.1.0
[INFO] [stderr]    Compiling itertools v0.10.5
[INFO] [stderr]    Compiling httparse v1.8.0
[INFO] [stderr]    Compiling retain_mut v0.1.9
[INFO] [stderr]    Compiling xz2 v0.1.7
[INFO] [stderr]    Compiling flate2 v1.0.25
[INFO] [stderr]    Compiling bounded-vec-deque v0.1.1
[INFO] [stderr]    Compiling retry-error v0.1.1
[INFO] [stderr]    Compiling dyn-clone v1.0.11
[INFO] [stderr]    Compiling hashbrown v0.11.2
[INFO] [stderr]    Compiling downcast-rs v1.2.0
[INFO] [stderr]    Compiling http v0.2.9
[INFO] [stderr]    Compiling fallible-iterator v0.2.0
[INFO] [stderr]    Compiling fallible-streaming-iterator v0.1.9
[INFO] [stderr]    Compiling httpdate v1.0.2
[INFO] [stderr]    Compiling net2 v0.2.38
[INFO] [stderr]    Compiling regex-automata v0.1.10
[INFO] [stderr]    Compiling memmap2 v0.5.10
[INFO] [stderr]    Compiling iovec v0.1.4
[INFO] [stderr]    Compiling overload v0.1.1
[INFO] [stderr]    Compiling minimal-lexical v0.2.1
[INFO] [stderr]    Compiling hashlink v0.7.0
[INFO] [stderr]    Compiling sanitize-filename v0.3.0
[INFO] [stderr]    Compiling event-listener v2.5.3
[INFO] [stderr]    Compiling mio v0.6.23
[INFO] [stderr]    Compiling nom v7.1.3
[INFO] [stderr]    Compiling nu-ansi-term v0.46.0
[INFO] [stderr]    Compiling libsqlite3-sys v0.24.2
[INFO] [stderr]    Compiling tracing-log v0.1.3
[INFO] [stderr]    Compiling inotify-sys v0.1.5
[INFO] [stderr]    Compiling thread_local v1.1.7
[INFO] [stderr]    Compiling sharded-slab v0.1.4
[INFO] [stderr]    Compiling matchers v0.1.0
[INFO] [stderr]    Compiling anyhow v1.0.69
[INFO] [stderr]    Compiling lazycell v1.3.0
[INFO] [stderr]    Compiling pathdiff v0.2.1
[INFO] [stderr]    Compiling same-file v1.0.6
[INFO] [stderr]    Compiling unicode-width v0.1.10
[INFO] [stderr]    Compiling matches v0.1.10
[INFO] [stderr]    Compiling inotify v0.7.1
[INFO] [stderr]    Compiling idna v0.2.3
[INFO] [stderr]    Compiling walkdir v2.3.2
[INFO] [stderr]    Compiling textwrap v0.11.0
[INFO] [stderr]    Compiling rusqlite v0.27.0
[INFO] [stderr]    Compiling mio-extras v2.0.6
[INFO] [stderr]    Compiling crossbeam-channel v0.5.7
[INFO] [stderr]    Compiling atty v0.2.14
[INFO] [stderr]    Compiling filetime v0.2.20
[INFO] [stderr]    Compiling vec_map v0.8.2
[INFO] [stderr]    Compiling strsim v0.8.0
[INFO] [stderr]    Compiling ansi_term v0.12.1
[INFO] [stderr]    Compiling ipnet v2.7.1
[INFO] [stderr]    Compiling data-encoding v2.3.3
[INFO] [stderr]    Compiling notify v4.0.17
[INFO] [stderr]    Compiling clap v2.34.0
[INFO] [stderr]    Compiling rlimit v0.8.3
[INFO] [stderr]    Compiling thiserror-impl v1.0.38
[INFO] [stderr]    Compiling zeroize_derive v1.3.3
[INFO] [stderr]    Compiling futures-macro v0.3.26
[INFO] [stderr]    Compiling derive_more v0.99.17
[INFO] [stderr]    Compiling tracing-attributes v0.1.23
[INFO] [stderr]    Compiling enum-ordinalize v3.1.12
[INFO] [stderr]    Compiling tokio-macros v1.8.2
[INFO] [stderr]    Compiling darling_macro v0.14.3
[INFO] [stderr]    Compiling openssl-macros v0.1.0
[INFO] [stderr]    Compiling pin-project-internal v1.0.12
[INFO] [stderr]    Compiling blanket v0.2.0
[INFO] [stderr]    Compiling phf_macros v0.10.0
[INFO] [stderr]    Compiling zeroize v1.3.0
[INFO] [stderr]    Compiling darling v0.14.3
[INFO] [stderr]    Compiling curve25519-dalek v3.2.1
[INFO] [stderr]    Compiling pkcs1 v0.2.4
[INFO] [stderr]    Compiling pkcs8 v0.7.6
[INFO] [stderr]    Compiling merlin v2.0.1
[INFO] [stderr]    Compiling educe v0.4.20
[INFO] [stderr]    Compiling derive_builder_core v0.11.2
[INFO] [stderr]    Compiling x25519-dalek v1.2.0
[INFO] [stderr]    Compiling simple_asn1 v0.6.2
[INFO] [stderr]    Compiling tor-protover v0.2.0
[INFO] [stderr]    Compiling tracing v0.1.37
[INFO] [stderr]    Compiling enum-as-inner v0.4.0
[INFO] [stderr]    Compiling rsa v0.5.0
[INFO] [stderr]    Compiling pin-project v1.0.12
[INFO] [stderr]    Compiling phf v0.10.1
[INFO] [stderr]    Compiling tracing-subscriber v0.3.16
[INFO] [stderr]    Compiling derive_builder_macro v0.11.2
[INFO] [stderr]    Compiling derive_builder v0.11.2
[INFO] [stderr]    Compiling tracing-appender v0.2.2
[INFO] [stderr]    Compiling tor-units v0.2.0
[INFO] [stderr]    Compiling futures-executor v0.3.26
[INFO] [stderr]    Compiling asynchronous-codec v0.6.1
[INFO] [stderr]    Compiling futures v0.3.26
[INFO] [stderr]    Compiling tor-error v0.2.0
[INFO] [stderr]    Compiling async-native-tls v0.4.0
[INFO] [stderr]    Compiling postage v0.4.1
[INFO] [stderr]    Compiling tokio-util v0.7.7
[INFO] [stderr]    Compiling trust-dns-proto v0.21.2
[INFO] [stderr]    Compiling tor-rtcompat v0.2.0
[INFO] [stderr]    Compiling zstd v0.11.2+zstd.1.5.2
[INFO] [stderr]    Compiling async-compression v0.3.15
[INFO] [stderr]    Compiling ed25519-dalek v1.0.1
[INFO] [stderr]    Compiling tor-config v0.2.0
[INFO] [stderr]    Compiling humantime-serde v1.1.1
[INFO] [stderr]    Compiling toml v0.5.11
[INFO] [stderr]    Compiling tor-llcrypto v0.2.0
[INFO] [stderr]    Compiling tor-bytes v0.2.0
[INFO] [stderr]    Compiling tor-checkable v0.2.0
[INFO] [stderr]    Compiling tor-consdiff v0.2.0
[INFO] [stderr]    Compiling tor-cert v0.2.0
[INFO] [stderr]    Compiling tor-linkspec v0.2.0
[INFO] [stderr]    Compiling tor-socksproto v0.2.0
[INFO] [stderr]    Compiling tor-persist v0.2.0
[INFO] [stderr]    Compiling config v0.12.0
[INFO] [stderr]    Compiling tor-cell v0.2.0
[INFO] [stderr]    Compiling tor-netdoc v0.2.0
[INFO] [stderr]    Compiling tor-proto v0.2.0
[INFO] [stderr]    Compiling tor-netdir v0.2.0
[INFO] [stderr]    Compiling tor-chanmgr v0.2.0
[INFO] [stderr]    Compiling tor-guardmgr v0.2.0
[INFO] [stderr]    Compiling tor-circmgr v0.2.0
[INFO] [stderr]    Compiling tor-dirclient v0.2.0
[INFO] [stderr]    Compiling tor-dirmgr v0.2.0
[INFO] [stderr]    Compiling arti-client v0.2.0
[INFO] [stderr]    Compiling arti-config v0.2.0
[INFO] [stderr]    Compiling arti v0.2.0
[INFO] [stderr]    Compiling artichoke v0.1.0 (/opt/rustwide/workdir)
[INFO] [stdout] error[E0433]: failed to resolve: use of undeclared crate or module `futures`
[INFO] [stdout]  --> src/main.rs:2:5
[INFO] [stdout]   |
[INFO] [stdout] 2 | use futures::io::{AsyncReadExt, AsyncWriteExt};
[INFO] [stdout]   |     ^^^^^^^ use of undeclared crate or module `futures`
[INFO] [stdout] 
[INFO] [stdout] 
[INFO] [stdout] error[E0432]: unresolved import `arti::tor_client`
[INFO] [stdout]  --> src/main.rs:1:11
[INFO] [stdout]   |
[INFO] [stdout] 1 | use arti::tor_client::TorClient;
[INFO] [stdout]   |           ^^^^^^^^^^ could not find `tor_client` in `arti`
[INFO] [stdout] 
[INFO] [stdout] 
[INFO] [stdout] error: aborting due to 2 previous errors
[INFO] [stdout] 
[INFO] [stdout] 
[INFO] [stdout] Some errors have detailed explanations: E0432, E0433.
[INFO] [stdout] 
[INFO] [stdout] For more information about an error, try `rustc --explain E0432`.
[INFO] [stdout] 
[INFO] [stderr] error: could not compile `artichoke` (bin "artichoke") due to 3 previous errors
[INFO] running `Command { std: "docker" "inspect" "a6b0661652ca49fe55b38060ae2f76e9f3807c90488fd866c4bb2a3256bd47f7", kill_on_drop: false }`
[INFO] running `Command { std: "docker" "rm" "-f" "a6b0661652ca49fe55b38060ae2f76e9f3807c90488fd866c4bb2a3256bd47f7", kill_on_drop: false }`
[INFO] [stdout] a6b0661652ca49fe55b38060ae2f76e9f3807c90488fd866c4bb2a3256bd47f7
