[INFO] cloning repository https://github.com/AbdulboriyAlimov/project_tasks
[INFO] running `Command { std: "git" "-c" "credential.helper=" "-c" "credential.helper=/workspace/cargo-home/bin/git-credential-null" "clone" "--bare" "https://github.com/AbdulboriyAlimov/project_tasks" "/workspace/cache/git-repos/https%3A%2F%2Fgithub.com%2FAbdulboriyAlimov%2Fproject_tasks", kill_on_drop: false }`
[INFO] [stderr] Cloning into bare repository '/workspace/cache/git-repos/https%3A%2F%2Fgithub.com%2FAbdulboriyAlimov%2Fproject_tasks'...
[INFO] running `Command { std: "git" "rev-parse" "HEAD", kill_on_drop: false }`
[INFO] [stdout] a44fe19116b1bb7cc63eef3a7ddaf3bff5be4e51
[INFO] testing AbdulboriyAlimov/project_tasks against 1.75.0 for beta-1.76-1
[INFO] running `Command { std: "git" "clone" "/workspace/cache/git-repos/https%3A%2F%2Fgithub.com%2FAbdulboriyAlimov%2Fproject_tasks" "/workspace/builds/worker-6-tc1/source", kill_on_drop: false }`
[INFO] [stderr] Cloning into '/workspace/builds/worker-6-tc1/source'...
[INFO] [stderr] done.
[INFO] validating manifest of git repo https://github.com/AbdulboriyAlimov/project_tasks on toolchain 1.75.0
[INFO] running `Command { std: CARGO_HOME="/workspace/cargo-home" RUSTUP_HOME="/workspace/rustup-home" "/workspace/cargo-home/bin/cargo" "+1.75.0" "metadata" "--manifest-path" "Cargo.toml" "--no-deps", kill_on_drop: false }`
[INFO] started tweaking git repo https://github.com/AbdulboriyAlimov/project_tasks
[INFO] finished tweaking git repo https://github.com/AbdulboriyAlimov/project_tasks
[INFO] tweaked toml for git repo https://github.com/AbdulboriyAlimov/project_tasks written to /workspace/builds/worker-6-tc1/source/Cargo.toml
[INFO] crate git repo https://github.com/AbdulboriyAlimov/project_tasks already has a lockfile, it will not be regenerated
[INFO] running `Command { std: CARGO_HOME="/workspace/cargo-home" RUSTUP_HOME="/workspace/rustup-home" "/workspace/cargo-home/bin/cargo" "+1.75.0" "fetch" "--manifest-path" "Cargo.toml", kill_on_drop: false }`
[INFO] [stderr]     Blocking waiting for file lock on package cache
[INFO] running `Command { std: "docker" "create" "-v" "/var/lib/crater-agent-workspace/builds/worker-6-tc1/target:/opt/rustwide/target:rw,Z" "-v" "/var/lib/crater-agent-workspace/builds/worker-6-tc1/source:/opt/rustwide/workdir:ro,Z" "-v" "/var/lib/crater-agent-workspace/cargo-home:/opt/rustwide/cargo-home:ro,Z" "-v" "/var/lib/crater-agent-workspace/rustup-home:/opt/rustwide/rustup-home:ro,Z" "-e" "SOURCE_DIR=/opt/rustwide/workdir" "-e" "CARGO_TARGET_DIR=/opt/rustwide/target" "-e" "CARGO_HOME=/opt/rustwide/cargo-home" "-e" "RUSTUP_HOME=/opt/rustwide/rustup-home" "-w" "/opt/rustwide/workdir" "-m" "1610612736" "--user" "0:0" "--network" "none" "ghcr.io/rust-lang/crates-build-env/linux@sha256:2788e3201cd34a07e3172128adcd8b3090168a8e3bcc40d7c032b9dda1df7d1c" "/opt/rustwide/cargo-home/bin/cargo" "+1.75.0" "metadata" "--no-deps" "--format-version=1", kill_on_drop: false }`
[INFO] [stdout] 0d0905b38c75ce30339e637bcaac75067300d5172042feb8aba31c30a1585118
[INFO] running `Command { std: "docker" "start" "-a" "0d0905b38c75ce30339e637bcaac75067300d5172042feb8aba31c30a1585118", kill_on_drop: false }`
[INFO] running `Command { std: "docker" "inspect" "0d0905b38c75ce30339e637bcaac75067300d5172042feb8aba31c30a1585118", kill_on_drop: false }`
[INFO] running `Command { std: "docker" "rm" "-f" "0d0905b38c75ce30339e637bcaac75067300d5172042feb8aba31c30a1585118", kill_on_drop: false }`
[INFO] [stdout] 0d0905b38c75ce30339e637bcaac75067300d5172042feb8aba31c30a1585118
[INFO] running `Command { std: "docker" "create" "-v" "/var/lib/crater-agent-workspace/builds/worker-6-tc1/target:/opt/rustwide/target:rw,Z" "-v" "/var/lib/crater-agent-workspace/builds/worker-6-tc1/source:/opt/rustwide/workdir:ro,Z" "-v" "/var/lib/crater-agent-workspace/cargo-home:/opt/rustwide/cargo-home:ro,Z" "-v" "/var/lib/crater-agent-workspace/rustup-home:/opt/rustwide/rustup-home:ro,Z" "-e" "SOURCE_DIR=/opt/rustwide/workdir" "-e" "CARGO_TARGET_DIR=/opt/rustwide/target" "-e" "CARGO_INCREMENTAL=0" "-e" "RUST_BACKTRACE=full" "-e" "RUSTFLAGS=--cap-lints=warn" "-e" "RUSTDOCFLAGS=--cap-lints=warn" "-e" "CARGO_HOME=/opt/rustwide/cargo-home" "-e" "RUSTUP_HOME=/opt/rustwide/rustup-home" "-w" "/opt/rustwide/workdir" "-m" "1610612736" "--user" "0:0" "--network" "none" "ghcr.io/rust-lang/crates-build-env/linux@sha256:2788e3201cd34a07e3172128adcd8b3090168a8e3bcc40d7c032b9dda1df7d1c" "/opt/rustwide/cargo-home/bin/cargo" "+1.75.0" "build" "--frozen" "--message-format=json", kill_on_drop: false }`
[INFO] [stdout] d586e8c63f7479c24cc4ad2ce06bb1bdfa5acdb1122bbdc522fb95dcf065b4b5
[INFO] running `Command { std: "docker" "start" "-a" "d586e8c63f7479c24cc4ad2ce06bb1bdfa5acdb1122bbdc522fb95dcf065b4b5", kill_on_drop: false }`
[INFO] [stderr]    Compiling project v0.1.0 (/opt/rustwide/workdir)
[INFO] [stdout] error[E0412]: cannot find type `Bccp` in this scope
[INFO] [stdout]  --> src/bccp_hdbscan.rs:1:9
[INFO] [stdout]   |
[INFO] [stdout] 1 | impl<T> Bccp<T>
[INFO] [stdout]   |         ^^^^ not found in this scope
[INFO] [stdout] 
[INFO] [stdout] 
[INFO] [stdout] error[E0412]: cannot find type `BccpResult` in this scope
[INFO] [stdout]  --> src/bccp_hdbscan.rs:5:41
[INFO] [stdout]   |
[INFO] [stdout] 5 |     pub fn calculate_distance(&self) -> BccpResult {
[INFO] [stdout]   |                                         ^^^^^^^^^^ not found in this scope
[INFO] [stdout] 
[INFO] [stdout] 
[INFO] [stdout] error[E0422]: cannot find struct, variant or union type `BccpResult` in this scope
[INFO] [stdout]  --> src/bccp_hdbscan.rs:6:28
[INFO] [stdout]   |
[INFO] [stdout] 6 |         let mut distance = BccpResult {
[INFO] [stdout]   |                            ^^^^^^^^^^ not found in this scope
[INFO] [stdout] 
[INFO] [stdout] 
[INFO] [stdout] error: aborting due to 3 previous errors
[INFO] [stdout] 
[INFO] [stdout] 
[INFO] [stdout] Some errors have detailed explanations: E0412, E0422.
[INFO] [stdout] 
[INFO] [stdout] For more information about an error, try `rustc --explain E0412`.
[INFO] [stdout] 
[INFO] [stderr] error: could not compile `project` (lib) due to 4 previous errors
[INFO] running `Command { std: "docker" "inspect" "d586e8c63f7479c24cc4ad2ce06bb1bdfa5acdb1122bbdc522fb95dcf065b4b5", kill_on_drop: false }`
[INFO] running `Command { std: "docker" "rm" "-f" "d586e8c63f7479c24cc4ad2ce06bb1bdfa5acdb1122bbdc522fb95dcf065b4b5", kill_on_drop: false }`
[INFO] [stdout] d586e8c63f7479c24cc4ad2ce06bb1bdfa5acdb1122bbdc522fb95dcf065b4b5
