[INFO] cloning repository https://github.com/Aaron1011/github-notifier
[INFO] running `Command { std: "git" "-c" "credential.helper=" "-c" "credential.helper=/workspace/cargo-home/bin/git-credential-null" "clone" "--bare" "https://github.com/Aaron1011/github-notifier" "/workspace/cache/git-repos/https%3A%2F%2Fgithub.com%2FAaron1011%2Fgithub-notifier", kill_on_drop: false }`
[INFO] [stderr] Cloning into bare repository '/workspace/cache/git-repos/https%3A%2F%2Fgithub.com%2FAaron1011%2Fgithub-notifier'...
[INFO] running `Command { std: "git" "rev-parse" "HEAD", kill_on_drop: false }`
[INFO] [stdout] c443215a915a8590daaaf891aeefcbd67454563a
[INFO] testing Aaron1011/github-notifier against 1.75.0 for beta-1.76-1
[INFO] running `Command { std: "git" "clone" "/workspace/cache/git-repos/https%3A%2F%2Fgithub.com%2FAaron1011%2Fgithub-notifier" "/workspace/builds/worker-2-tc1/source", kill_on_drop: false }`
[INFO] [stderr] Cloning into '/workspace/builds/worker-2-tc1/source'...
[INFO] [stderr] done.
[INFO] validating manifest of git repo https://github.com/Aaron1011/github-notifier on toolchain 1.75.0
[INFO] running `Command { std: CARGO_HOME="/workspace/cargo-home" RUSTUP_HOME="/workspace/rustup-home" "/workspace/cargo-home/bin/cargo" "+1.75.0" "metadata" "--manifest-path" "Cargo.toml" "--no-deps", kill_on_drop: false }`
[INFO] started tweaking git repo https://github.com/Aaron1011/github-notifier
[INFO] finished tweaking git repo https://github.com/Aaron1011/github-notifier
[INFO] tweaked toml for git repo https://github.com/Aaron1011/github-notifier written to /workspace/builds/worker-2-tc1/source/Cargo.toml
[INFO] crate git repo https://github.com/Aaron1011/github-notifier already has a lockfile, it will not be regenerated
[INFO] running `Command { std: CARGO_HOME="/workspace/cargo-home" RUSTUP_HOME="/workspace/rustup-home" "/workspace/cargo-home/bin/cargo" "+1.75.0" "fetch" "--manifest-path" "Cargo.toml", kill_on_drop: false }`
[INFO] [stderr]     Updating crates.io index
[INFO] [stderr]  Downloading crates ...
[INFO] [stderr]   Downloaded serde v1.0.8
[INFO] [stderr]   Downloaded advapi32-sys v0.2.0
[INFO] [stderr]   Downloaded byteorder v1.0.0
[INFO] [stderr]   Downloaded secur32-sys v0.2.0
[INFO] [stderr]   Downloaded serde_json v1.0.2
[INFO] [stderr]   Downloaded num-iter v0.1.33
[INFO] [stderr]   Downloaded log v0.3.8
[INFO] [stderr]   Downloaded dtoa v0.4.1
[INFO] [stderr]   Downloaded unicode-normalization v0.1.4
[INFO] [stderr]   Downloaded objc v0.2.2
[INFO] [stderr]   Downloaded num v0.1.39
[INFO] [stderr]   Downloaded time v0.1.37
[INFO] [stderr]   Downloaded lazy_static v0.2.8
[INFO] [stderr]   Downloaded num-traits v0.1.39
[INFO] [stderr]   Downloaded serde_derive v1.0.8
[INFO] [stderr]   Downloaded itoa v0.3.1
[INFO] [stderr]   Downloaded rand v0.3.15
[INFO] [stderr]   Downloaded num-integer v0.1.34
[INFO] [stderr]   Downloaded base64 v0.5.2
[INFO] [stderr]   Downloaded httparse v1.2.3
[INFO] [stderr]   Downloaded tempdir v0.3.5
[INFO] [stderr]   Downloaded serde_urlencoded v0.5.1
[INFO] [stderr]   Downloaded crypt32-sys v0.2.0
[INFO] [stderr]   Downloaded serde_derive_internals v0.15.1
[INFO] [stderr]   Downloaded foreign-types v0.2.0
[INFO] [stderr]   Downloaded hyper-native-tls v0.2.4
[INFO] [stderr]   Downloaded cfg-if v0.1.1
[INFO] [stderr]   Downloaded num_cpus v1.5.1
[INFO] [stderr]   Downloaded objc_id v0.1.0
[INFO] [stderr]   Downloaded rustc-demangle v0.1.4
[INFO] [stderr]   Downloaded redox_syscall v0.1.18
[INFO] [stderr]   Downloaded mac-notification-sys v0.1.2
[INFO] [stderr]   Downloaded version_check v0.1.2
[INFO] [stderr]   Downloaded notify-rust v3.4.0
[INFO] [stderr]   Downloaded reqwest v0.6.2
[INFO] [stderr]   Downloaded security-framework-sys v0.1.14
[INFO] [stderr]   Downloaded gcc v0.3.50
[INFO] [stderr]   Downloaded unicode-bidi v0.3.3
[INFO] [stderr]   Downloaded backtrace v0.3.2
[INFO] [stderr]   Downloaded native-tls v0.1.2
[INFO] [stderr]   Downloaded schannel v0.1.5
[INFO] [stderr]   Downloaded libflate v0.1.7
[INFO] [stderr]   Downloaded chrono v0.3.1
[INFO] [stderr]   Downloaded openssl-sys v0.9.13
[INFO] [stderr]   Downloaded security-framework v0.1.14
[INFO] [stderr]   Downloaded dbus v0.4.1
[INFO] [stderr]   Downloaded hyper v0.10.12
[INFO] [stderr]   Downloaded backtrace-sys v0.1.11
[INFO] [stderr]   Downloaded url v1.4.1
[INFO] [stderr]   Downloaded openssl v0.9.13
[INFO] [stderr]   Downloaded idna v0.1.2
[INFO] running `Command { std: "docker" "create" "-v" "/var/lib/crater-agent-workspace/builds/worker-2-tc1/target:/opt/rustwide/target:rw,Z" "-v" "/var/lib/crater-agent-workspace/builds/worker-2-tc1/source:/opt/rustwide/workdir:ro,Z" "-v" "/var/lib/crater-agent-workspace/cargo-home:/opt/rustwide/cargo-home:ro,Z" "-v" "/var/lib/crater-agent-workspace/rustup-home:/opt/rustwide/rustup-home:ro,Z" "-e" "SOURCE_DIR=/opt/rustwide/workdir" "-e" "CARGO_TARGET_DIR=/opt/rustwide/target" "-e" "CARGO_HOME=/opt/rustwide/cargo-home" "-e" "RUSTUP_HOME=/opt/rustwide/rustup-home" "-w" "/opt/rustwide/workdir" "-m" "1610612736" "--user" "0:0" "--network" "none" "ghcr.io/rust-lang/crates-build-env/linux@sha256:2788e3201cd34a07e3172128adcd8b3090168a8e3bcc40d7c032b9dda1df7d1c" "/opt/rustwide/cargo-home/bin/cargo" "+1.75.0" "metadata" "--no-deps" "--format-version=1", kill_on_drop: false }`
[INFO] [stdout] d8208fc9956831ea33b5215c918590df91c135e2b76a5041964843e3c05f9e02
[INFO] running `Command { std: "docker" "start" "-a" "d8208fc9956831ea33b5215c918590df91c135e2b76a5041964843e3c05f9e02", kill_on_drop: false }`
[INFO] running `Command { std: "docker" "inspect" "d8208fc9956831ea33b5215c918590df91c135e2b76a5041964843e3c05f9e02", kill_on_drop: false }`
[INFO] running `Command { std: "docker" "rm" "-f" "d8208fc9956831ea33b5215c918590df91c135e2b76a5041964843e3c05f9e02", kill_on_drop: false }`
[INFO] [stdout] d8208fc9956831ea33b5215c918590df91c135e2b76a5041964843e3c05f9e02
[INFO] running `Command { std: "docker" "create" "-v" "/var/lib/crater-agent-workspace/builds/worker-2-tc1/target:/opt/rustwide/target:rw,Z" "-v" "/var/lib/crater-agent-workspace/builds/worker-2-tc1/source:/opt/rustwide/workdir:ro,Z" "-v" "/var/lib/crater-agent-workspace/cargo-home:/opt/rustwide/cargo-home:ro,Z" "-v" "/var/lib/crater-agent-workspace/rustup-home:/opt/rustwide/rustup-home:ro,Z" "-e" "SOURCE_DIR=/opt/rustwide/workdir" "-e" "CARGO_TARGET_DIR=/opt/rustwide/target" "-e" "CARGO_INCREMENTAL=0" "-e" "RUST_BACKTRACE=full" "-e" "RUSTFLAGS=--cap-lints=warn" "-e" "RUSTDOCFLAGS=--cap-lints=warn" "-e" "CARGO_HOME=/opt/rustwide/cargo-home" "-e" "RUSTUP_HOME=/opt/rustwide/rustup-home" "-w" "/opt/rustwide/workdir" "-m" "1610612736" "--user" "0:0" "--network" "none" "ghcr.io/rust-lang/crates-build-env/linux@sha256:2788e3201cd34a07e3172128adcd8b3090168a8e3bcc40d7c032b9dda1df7d1c" "/opt/rustwide/cargo-home/bin/cargo" "+1.75.0" "build" "--frozen" "--message-format=json", kill_on_drop: false }`
[INFO] [stdout] 5d62cf301633f0aaeab22f66676f734bbc7a0c5df3dd33b37e49031d5222465f
[INFO] running `Command { std: "docker" "start" "-a" "5d62cf301633f0aaeab22f66676f734bbc7a0c5df3dd33b37e49031d5222465f", kill_on_drop: false }`
[INFO] [stderr]    Compiling gcc v0.3.50
[INFO] [stderr]    Compiling libc v0.2.23
[INFO] [stderr]    Compiling pkg-config v0.3.9
[INFO] [stderr]    Compiling matches v0.1.6
[INFO] [stderr]    Compiling unicode-normalization v0.1.4
[INFO] [stderr]    Compiling version_check v0.1.2
[INFO] [stderr]    Compiling openssl v0.9.13
[INFO] [stderr]    Compiling byteorder v1.0.0
[INFO] [stderr]    Compiling unicode-bidi v0.3.3
[INFO] [stderr]    Compiling lazy_static v0.2.8
[INFO] [stderr]    Compiling log v0.3.8
[INFO] [stderr]    Compiling unicode-xid v0.0.4
[INFO] [stderr]    Compiling foreign-types v0.2.0
[INFO] [stderr]    Compiling unicase v1.4.2
[INFO] [stderr]    Compiling bitflags v0.9.1
[INFO] [stderr]    Compiling mime v0.2.6
[INFO] [stderr]    Compiling num_cpus v1.5.1
[INFO] [stderr]    Compiling time v0.1.37
[INFO] [stderr]    Compiling dbus v0.4.1
[INFO] [stderr]    Compiling synom v0.11.3
[INFO] [stderr]    Compiling base64 v0.5.2
[INFO] [stderr]    Compiling traitobject v0.1.0
[INFO] [stderr]    Compiling idna v0.1.2
[INFO] [stderr]    Compiling rustc-demangle v0.1.4
[INFO] [stderr]    Compiling quote v0.3.15
[INFO] [stderr]    Compiling openssl-sys v0.9.13
[INFO] [stderr]    Compiling backtrace-sys v0.1.11
[INFO] [stderr]    Compiling language-tags v0.2.2
[INFO] [stderr]    Compiling itoa v0.3.1
[INFO] [stderr]    Compiling cfg-if v0.1.1
[INFO] [stderr]    Compiling serde v1.0.8
[INFO] [stderr]    Compiling typeable v0.1.2
[INFO] [stderr]    Compiling httparse v1.2.3
[INFO] [stderr]    Compiling dtoa v0.4.1
[INFO] [stderr]    Compiling syn v0.11.11
[INFO] [stderr]    Compiling num-traits v0.1.39
[INFO] [stderr]    Compiling antidote v1.0.0
[INFO] [stderr]    Compiling url v1.4.1
[INFO] [stderr] error: failed to run custom build command for `openssl-sys v0.9.13`
[INFO] [stderr] note: To improve backtraces for build dependencies, set the CARGO_PROFILE_DEV_BUILD_OVERRIDE_DEBUG=true environment variable to enable debug information generation.
[INFO] [stderr] 
[INFO] [stderr] Caused by:
[INFO] [stderr]   process didn't exit successfully: `/opt/rustwide/target/debug/build/openssl-sys-83fba981732cfb84/build-script-build` (exit status: 101)
[INFO] [stderr]   --- stdout
[INFO] [stderr]   cargo:rustc-link-lib=ssl
[INFO] [stderr]   cargo:rustc-link-lib=crypto
[INFO] [stderr]   OPT_LEVEL = Some("0")
[INFO] [stderr]   TARGET = Some("x86_64-unknown-linux-gnu")
[INFO] [stderr]   HOST = Some("x86_64-unknown-linux-gnu")
[INFO] [stderr]   TARGET = Some("x86_64-unknown-linux-gnu")
[INFO] [stderr]   TARGET = Some("x86_64-unknown-linux-gnu")
[INFO] [stderr]   HOST = Some("x86_64-unknown-linux-gnu")
[INFO] [stderr]   CC_x86_64-unknown-linux-gnu = None
[INFO] [stderr]   CC_x86_64_unknown_linux_gnu = None
[INFO] [stderr]   HOST_CC = None
[INFO] [stderr]   CC = None
[INFO] [stderr]   HOST = Some("x86_64-unknown-linux-gnu")
[INFO] [stderr]   TARGET = Some("x86_64-unknown-linux-gnu")
[INFO] [stderr]   HOST = Some("x86_64-unknown-linux-gnu")
[INFO] [stderr]   CFLAGS_x86_64-unknown-linux-gnu = None
[INFO] [stderr]   CFLAGS_x86_64_unknown_linux_gnu = None
[INFO] [stderr]   HOST_CFLAGS = None
[INFO] [stderr]   CFLAGS = None
[INFO] [stderr]   PROFILE = Some("debug")
[INFO] [stderr]   running: "cc" "-O0" "-ffunction-sections" "-fdata-sections" "-fPIC" "-g" "-m64" "-E" "/opt/rustwide/target/debug/build/openssl-sys-1116d374d5db4767/out/expando.c"
[INFO] [stderr]   exit status: 0
[INFO] [stderr]   cargo:rustc-cfg=osslconf="OPENSSL_NO_SSL3_METHOD"
[INFO] [stderr]   cargo:conf=OPENSSL_NO_SSL3_METHOD
[INFO] [stderr] 
[INFO] [stderr]   --- stderr
[INFO] [stderr]   thread 'main' panicked at /opt/rustwide/cargo-home/registry/src/index.crates.io-6f17d22bba15001f/openssl-sys-0.9.13/build.rs:364:9:
[INFO] [stderr] 
[INFO] [stderr] 
[INFO] [stderr]   This crate is only compatible with OpenSSL 1.0.1, 1.0.2, and 1.1.0, or LibreSSL
[INFO] [stderr]   2.5.0, 2.5.1, 2.5.2, 2.5.3, and 2.5.4, but a different version of OpenSSL was
[INFO] [stderr]   found. The build is now aborting due to this version mismatch.
[INFO] [stderr] 
[INFO] [stderr] 
[INFO] [stderr]   stack backtrace:
[INFO] [stderr]      0:     0x55fdb3f983bc - std::backtrace_rs::backtrace::libunwind::trace::ha637c64ce894333a
[INFO] [stderr]                                  at /rustc/82e1608dfa6e0b5569232559e3d385fea5a93112/library/std/src/../../backtrace/src/backtrace/libunwind.rs:104:5
[INFO] [stderr]      1:     0x55fdb3f983bc - std::backtrace_rs::backtrace::trace_unsynchronized::h47f62dea28e0c88d
[INFO] [stderr]                                  at /rustc/82e1608dfa6e0b5569232559e3d385fea5a93112/library/std/src/../../backtrace/src/backtrace/mod.rs:66:5
[INFO] [stderr]      2:     0x55fdb3f983bc - std::sys_common::backtrace::_print_fmt::h9eef0abe20ede486
[INFO] [stderr]                                  at /rustc/82e1608dfa6e0b5569232559e3d385fea5a93112/library/std/src/sys_common/backtrace.rs:67:5
[INFO] [stderr]      3:     0x55fdb3f983bc - <std::sys_common::backtrace::_print::DisplayBacktrace as core::fmt::Display>::fmt::hed7f999df88cc644
[INFO] [stderr]                                  at /rustc/82e1608dfa6e0b5569232559e3d385fea5a93112/library/std/src/sys_common/backtrace.rs:44:22
[INFO] [stderr]      4:     0x55fdb3fbdf30 - core::fmt::rt::Argument::fmt::h1539a9308b8d058d
[INFO] [stderr]                                  at /rustc/82e1608dfa6e0b5569232559e3d385fea5a93112/library/core/src/fmt/rt.rs:142:9
[INFO] [stderr]      5:     0x55fdb3fbdf30 - core::fmt::write::h3a39390d8560d9c9
[INFO] [stderr]                                  at /rustc/82e1608dfa6e0b5569232559e3d385fea5a93112/library/core/src/fmt/mod.rs:1120:17
[INFO] [stderr]      6:     0x55fdb3f95cff - std::io::Write::write_fmt::h5fc9997dfe05f882
[INFO] [stderr]                                  at /rustc/82e1608dfa6e0b5569232559e3d385fea5a93112/library/std/src/io/mod.rs:1762:15
[INFO] [stderr]      7:     0x55fdb3f981a4 - std::sys_common::backtrace::_print::h894006fb5c6f3d45
[INFO] [stderr]                                  at /rustc/82e1608dfa6e0b5569232559e3d385fea5a93112/library/std/src/sys_common/backtrace.rs:47:5
[INFO] [stderr]      8:     0x55fdb3f981a4 - std::sys_common::backtrace::print::h23a2d212c6fff936
[INFO] [stderr]                                  at /rustc/82e1608dfa6e0b5569232559e3d385fea5a93112/library/std/src/sys_common/backtrace.rs:34:9
[INFO] [stderr]      9:     0x55fdb3f999b7 - std::panicking::default_hook::{{closure}}::h8a1d2ee00185001a
[INFO] [stderr]     10:     0x55fdb3f9971f - std::panicking::default_hook::h6038f2eba384e475
[INFO] [stderr]                                  at /rustc/82e1608dfa6e0b5569232559e3d385fea5a93112/library/std/src/panicking.rs:292:9
[INFO] [stderr]     11:     0x55fdb3f99e38 - std::panicking::rust_panic_with_hook::h2b5517d590cab22e
[INFO] [stderr]                                  at /rustc/82e1608dfa6e0b5569232559e3d385fea5a93112/library/std/src/panicking.rs:779:13
[INFO] [stderr]     12:     0x55fdb3f5975e - std::panicking::begin_panic::{{closure}}::hb795d6acf615a323
[INFO] [stderr]     13:     0x55fdb3f5e61a - std::sys_common::backtrace::__rust_end_short_backtrace::hae90de0bd81536d5
[INFO] [stderr]     14:     0x55fdb3f596db - std::panicking::begin_panic::h7107f409e0ef290b
[INFO] [stderr]     15:     0x55fdb3f3cba3 - build_script_build::validate_headers::hcd619cbc2c2d6db7
[INFO] [stderr]     16:     0x55fdb3f3bd8f - build_script_build::try_pkg_config::h971cdc905e483f09
[INFO] [stderr]     17:     0x55fdb3f3af83 - build_script_build::find_openssl_dir::hac8dea150a6944ca
[INFO] [stderr]     18:     0x55fdb3f3ade8 - build_script_build::main::{{closure}}::hd4117001a0d85076
[INFO] [stderr]     19:     0x55fdb3f42639 - core::option::Option<T>::unwrap_or_else::h1502e590130c0a0c
[INFO] [stderr]     20:     0x55fdb3f39e45 - build_script_build::main::h1ed5555e5e22f63f
[INFO] [stderr]     21:     0x55fdb3f446a3 - core::ops::function::FnOnce::call_once::h876b3074a018e4cf
[INFO] [stderr]     22:     0x55fdb3f3e686 - std::sys_common::backtrace::__rust_begin_short_backtrace::he27908feb1f89460
[INFO] [stderr]     23:     0x55fdb3f3e8a9 - std::rt::lang_start::{{closure}}::h61e5ce182eb7089d
[INFO] [stderr]     24:     0x55fdb3f92247 - core::ops::function::impls::<impl core::ops::function::FnOnce<A> for &F>::call_once::hd95060ecd5e1ca24
[INFO] [stderr]                                  at /rustc/82e1608dfa6e0b5569232559e3d385fea5a93112/library/core/src/ops/function.rs:284:13
[INFO] [stderr]     25:     0x55fdb3f92247 - std::panicking::try::do_call::h6e8cf51db32a6e4b
[INFO] [stderr]                                  at /rustc/82e1608dfa6e0b5569232559e3d385fea5a93112/library/std/src/panicking.rs:552:40
[INFO] [stderr]     26:     0x55fdb3f92247 - std::panicking::try::h3a52eefe24fe3c29
[INFO] [stderr]                                  at /rustc/82e1608dfa6e0b5569232559e3d385fea5a93112/library/std/src/panicking.rs:516:19
[INFO] [stderr]     27:     0x55fdb3f92247 - std::panic::catch_unwind::h24c28c23c02c3841
[INFO] [stderr]                                  at /rustc/82e1608dfa6e0b5569232559e3d385fea5a93112/library/std/src/panic.rs:142:14
[INFO] [stderr]     28:     0x55fdb3f92247 - std::rt::lang_start_internal::{{closure}}::h705d3c9cbc06ef47
[INFO] [stderr]                                  at /rustc/82e1608dfa6e0b5569232559e3d385fea5a93112/library/std/src/rt.rs:148:48
[INFO] [stderr]     29:     0x55fdb3f92247 - std::panicking::try::do_call::ha21f52ba13158470
[INFO] [stderr]                                  at /rustc/82e1608dfa6e0b5569232559e3d385fea5a93112/library/std/src/panicking.rs:552:40
[INFO] [stderr]     30:     0x55fdb3f92247 - std::panicking::try::h5581346bf6aeb1f8
[INFO] [stderr]                                  at /rustc/82e1608dfa6e0b5569232559e3d385fea5a93112/library/std/src/panicking.rs:516:19
[INFO] [stderr]     31:     0x55fdb3f92247 - std::panic::catch_unwind::h7919645a6b72e25b
[INFO] [stderr]                                  at /rustc/82e1608dfa6e0b5569232559e3d385fea5a93112/library/std/src/panic.rs:142:14
[INFO] [stderr]     32:     0x55fdb3f92247 - std::rt::lang_start_internal::h12de51168669836e
[INFO] [stderr]                                  at /rustc/82e1608dfa6e0b5569232559e3d385fea5a93112/library/std/src/rt.rs:148:20
[INFO] [stderr]     33:     0x55fdb3f3e887 - std::rt::lang_start::h3c06d3c2f4088204
[INFO] [stderr]     34:     0x55fdb3f3e0e5 - main
[INFO] [stderr]     35:     0x7f82586f4d90 - <unknown>
[INFO] [stderr]     36:     0x7f82586f4e40 - __libc_start_main
[INFO] [stderr]     37:     0x55fdb3f34e75 - _start
[INFO] [stderr]     38:                0x0 - <unknown>
[INFO] [stderr] warning: build failed, waiting for other jobs to finish...
[INFO] [stdout] error[E0713]: borrow may still be in use when destructor runs
[INFO] [stdout]    --> /opt/rustwide/cargo-home/registry/src/index.crates.io-6f17d22bba15001f/url-1.4.1/src/form_urlencoded.rs:248:40
[INFO] [stdout]     |
[INFO] [stdout] 246 | impl<'a> Target for ::UrlQuery<'a> {
[INFO] [stdout]     |      -- lifetime `'a` defined here
[INFO] [stdout] 247 |     fn as_mut_string(&mut self) -> &mut String { &mut self.url.serialization }
[INFO] [stdout] 248 |     fn finish(self) -> &'a mut ::Url { self.url }
[INFO] [stdout]     |                                        ^^^^^^^^ - here, drop of `self` needs exclusive access to `*self.url`, because the type `UrlQuery<'_>` implements the `Drop` trait
[INFO] [stdout]     |                                        |
[INFO] [stdout]     |                                        returning this value requires that `*self.url` is borrowed for `'a`
[INFO] [stdout] 
[INFO] [stdout] 
[INFO] [stdout] error: aborting due to previous error
[INFO] [stdout] 
[INFO] [stdout] 
[INFO] [stdout] For more information about this error, try `rustc --explain E0713`.
[INFO] [stdout] 
[INFO] [stderr] error: could not compile `url` (lib) due to 2 previous errors
[INFO] running `Command { std: "docker" "inspect" "5d62cf301633f0aaeab22f66676f734bbc7a0c5df3dd33b37e49031d5222465f", kill_on_drop: false }`
[INFO] running `Command { std: "docker" "rm" "-f" "5d62cf301633f0aaeab22f66676f734bbc7a0c5df3dd33b37e49031d5222465f", kill_on_drop: false }`
[INFO] [stdout] 5d62cf301633f0aaeab22f66676f734bbc7a0c5df3dd33b37e49031d5222465f
[INFO] testing Aaron1011/github-notifier against beta-2023-12-22 for beta-1.76-1
[INFO] running `Command { std: "git" "clone" "/workspace/cache/git-repos/https%3A%2F%2Fgithub.com%2FAaron1011%2Fgithub-notifier" "/workspace/builds/worker-2-tc2/source", kill_on_drop: false }`
[INFO] [stderr] Cloning into '/workspace/builds/worker-2-tc2/source'...
[INFO] [stderr] done.
[INFO] validating manifest of git repo https://github.com/Aaron1011/github-notifier on toolchain beta-2023-12-22
[INFO] running `Command { std: CARGO_HOME="/workspace/cargo-home" RUSTUP_HOME="/workspace/rustup-home" "/workspace/cargo-home/bin/cargo" "+beta-2023-12-22" "metadata" "--manifest-path" "Cargo.toml" "--no-deps", kill_on_drop: false }`
[INFO] started tweaking git repo https://github.com/Aaron1011/github-notifier
[INFO] finished tweaking git repo https://github.com/Aaron1011/github-notifier
[INFO] tweaked toml for git repo https://github.com/Aaron1011/github-notifier written to /workspace/builds/worker-2-tc2/source/Cargo.toml
[INFO] crate git repo https://github.com/Aaron1011/github-notifier already has a lockfile, it will not be regenerated
[INFO] running `Command { std: CARGO_HOME="/workspace/cargo-home" RUSTUP_HOME="/workspace/rustup-home" "/workspace/cargo-home/bin/cargo" "+beta-2023-12-22" "fetch" "--manifest-path" "Cargo.toml", kill_on_drop: false }`
[INFO] running `Command { std: "docker" "create" "-v" "/var/lib/crater-agent-workspace/builds/worker-2-tc2/target:/opt/rustwide/target:rw,Z" "-v" "/var/lib/crater-agent-workspace/builds/worker-2-tc2/source:/opt/rustwide/workdir:ro,Z" "-v" "/var/lib/crater-agent-workspace/cargo-home:/opt/rustwide/cargo-home:ro,Z" "-v" "/var/lib/crater-agent-workspace/rustup-home:/opt/rustwide/rustup-home:ro,Z" "-e" "SOURCE_DIR=/opt/rustwide/workdir" "-e" "CARGO_TARGET_DIR=/opt/rustwide/target" "-e" "CARGO_HOME=/opt/rustwide/cargo-home" "-e" "RUSTUP_HOME=/opt/rustwide/rustup-home" "-w" "/opt/rustwide/workdir" "-m" "1610612736" "--user" "0:0" "--network" "none" "ghcr.io/rust-lang/crates-build-env/linux@sha256:2788e3201cd34a07e3172128adcd8b3090168a8e3bcc40d7c032b9dda1df7d1c" "/opt/rustwide/cargo-home/bin/cargo" "+beta-2023-12-22" "metadata" "--no-deps" "--format-version=1", kill_on_drop: false }`
[INFO] [stdout] 63d979f9af89213672f5df65173ab7a8ef119ccd7b0595d335162299c7bb540b
[INFO] running `Command { std: "docker" "start" "-a" "63d979f9af89213672f5df65173ab7a8ef119ccd7b0595d335162299c7bb540b", kill_on_drop: false }`
[INFO] running `Command { std: "docker" "inspect" "63d979f9af89213672f5df65173ab7a8ef119ccd7b0595d335162299c7bb540b", kill_on_drop: false }`
[INFO] running `Command { std: "docker" "rm" "-f" "63d979f9af89213672f5df65173ab7a8ef119ccd7b0595d335162299c7bb540b", kill_on_drop: false }`
[INFO] [stdout] 63d979f9af89213672f5df65173ab7a8ef119ccd7b0595d335162299c7bb540b
[INFO] running `Command { std: "docker" "create" "-v" "/var/lib/crater-agent-workspace/builds/worker-2-tc2/target:/opt/rustwide/target:rw,Z" "-v" "/var/lib/crater-agent-workspace/builds/worker-2-tc2/source:/opt/rustwide/workdir:ro,Z" "-v" "/var/lib/crater-agent-workspace/cargo-home:/opt/rustwide/cargo-home:ro,Z" "-v" "/var/lib/crater-agent-workspace/rustup-home:/opt/rustwide/rustup-home:ro,Z" "-e" "SOURCE_DIR=/opt/rustwide/workdir" "-e" "CARGO_TARGET_DIR=/opt/rustwide/target" "-e" "CARGO_INCREMENTAL=0" "-e" "RUST_BACKTRACE=full" "-e" "RUSTFLAGS=--cap-lints=warn" "-e" "RUSTDOCFLAGS=--cap-lints=warn" "-e" "CARGO_HOME=/opt/rustwide/cargo-home" "-e" "RUSTUP_HOME=/opt/rustwide/rustup-home" "-w" "/opt/rustwide/workdir" "-m" "1610612736" "--user" "0:0" "--network" "none" "ghcr.io/rust-lang/crates-build-env/linux@sha256:2788e3201cd34a07e3172128adcd8b3090168a8e3bcc40d7c032b9dda1df7d1c" "/opt/rustwide/cargo-home/bin/cargo" "+beta-2023-12-22" "build" "--frozen" "--message-format=json", kill_on_drop: false }`
[INFO] [stdout] 7f9e143d509eae37641182f59f0787380def0c43abb8f75718665ce36061e26d
[INFO] running `Command { std: "docker" "start" "-a" "7f9e143d509eae37641182f59f0787380def0c43abb8f75718665ce36061e26d", kill_on_drop: false }`
[INFO] [stderr]    Compiling gcc v0.3.50
[INFO] [stderr]    Compiling libc v0.2.23
[INFO] [stderr]    Compiling pkg-config v0.3.9
[INFO] [stderr]    Compiling matches v0.1.6
[INFO] [stderr]    Compiling unicode-normalization v0.1.4
[INFO] [stderr]    Compiling version_check v0.1.2
[INFO] [stderr]    Compiling byteorder v1.0.0
[INFO] [stderr]    Compiling openssl v0.9.13
[INFO] [stderr]    Compiling unicode-bidi v0.3.3
[INFO] [stderr]    Compiling unicode-xid v0.0.4
[INFO] [stderr]    Compiling unicase v1.4.2
[INFO] [stderr]    Compiling foreign-types v0.2.0
[INFO] [stderr]    Compiling log v0.3.8
[INFO] [stderr]    Compiling lazy_static v0.2.8
[INFO] [stderr]    Compiling bitflags v0.9.1
[INFO] [stderr]    Compiling dbus v0.4.1
[INFO] [stderr]    Compiling time v0.1.37
[INFO] [stderr]    Compiling num_cpus v1.5.1
[INFO] [stderr]    Compiling mime v0.2.6
[INFO] [stderr]    Compiling synom v0.11.3
[INFO] [stderr]    Compiling base64 v0.5.2
[INFO] [stderr]    Compiling openssl-sys v0.9.13
[INFO] [stderr]    Compiling backtrace-sys v0.1.11
[INFO] [stderr]    Compiling idna v0.1.2
[INFO] [stderr]    Compiling dtoa v0.4.1
[INFO] [stderr]    Compiling itoa v0.3.1
[INFO] [stderr]    Compiling httparse v1.2.3
[INFO] [stderr]    Compiling serde v1.0.8
[INFO] [stderr]    Compiling cfg-if v0.1.1
[INFO] [stderr]    Compiling rustc-demangle v0.1.4
[INFO] [stderr]    Compiling language-tags v0.2.2
[INFO] [stderr]    Compiling typeable v0.1.2
[INFO] [stderr]    Compiling traitobject v0.1.0
[INFO] [stderr]    Compiling quote v0.3.15
[INFO] [stderr]    Compiling antidote v1.0.0
[INFO] [stderr]    Compiling num-traits v0.1.39
[INFO] [stderr] error: failed to run custom build command for `openssl-sys v0.9.13`
[INFO] [stderr] note: To improve backtraces for build dependencies, set the CARGO_PROFILE_DEV_BUILD_OVERRIDE_DEBUG=true environment variable to enable debug information generation.
[INFO] [stderr] 
[INFO] [stderr] Caused by:
[INFO] [stderr]   process didn't exit successfully: `/opt/rustwide/target/debug/build/openssl-sys-62e1d198882d3898/build-script-build` (exit status: 101)
[INFO] [stderr]   --- stdout
[INFO] [stderr]   cargo:rustc-link-lib=ssl
[INFO] [stderr]   cargo:rustc-link-lib=crypto
[INFO] [stderr]   OPT_LEVEL = Some("0")
[INFO] [stderr]   TARGET = Some("x86_64-unknown-linux-gnu")
[INFO] [stderr]   HOST = Some("x86_64-unknown-linux-gnu")
[INFO] [stderr]   TARGET = Some("x86_64-unknown-linux-gnu")
[INFO] [stderr]   TARGET = Some("x86_64-unknown-linux-gnu")
[INFO] [stderr]   HOST = Some("x86_64-unknown-linux-gnu")
[INFO] [stderr]   CC_x86_64-unknown-linux-gnu = None
[INFO] [stderr]   CC_x86_64_unknown_linux_gnu = None
[INFO] [stderr]   HOST_CC = None
[INFO] [stderr]   CC = None
[INFO] [stderr]   HOST = Some("x86_64-unknown-linux-gnu")
[INFO] [stderr]   TARGET = Some("x86_64-unknown-linux-gnu")
[INFO] [stderr]   HOST = Some("x86_64-unknown-linux-gnu")
[INFO] [stderr]   CFLAGS_x86_64-unknown-linux-gnu = None
[INFO] [stderr]   CFLAGS_x86_64_unknown_linux_gnu = None
[INFO] [stderr]   HOST_CFLAGS = None
[INFO] [stderr]   CFLAGS = None
[INFO] [stderr]   PROFILE = Some("debug")
[INFO] [stderr]   running: "cc" "-O0" "-ffunction-sections" "-fdata-sections" "-fPIC" "-g" "-m64" "-E" "/opt/rustwide/target/debug/build/openssl-sys-56d8fc68b2283dea/out/expando.c"
[INFO] [stderr]   exit status: 0
[INFO] [stderr]   cargo:rustc-cfg=osslconf="OPENSSL_NO_SSL3_METHOD"
[INFO] [stderr]   cargo:conf=OPENSSL_NO_SSL3_METHOD
[INFO] [stderr] 
[INFO] [stderr]   --- stderr
[INFO] [stderr]   thread 'main' panicked at /opt/rustwide/cargo-home/registry/src/index.crates.io-6f17d22bba15001f/openssl-sys-0.9.13/build.rs:364:9:
[INFO] [stderr] 
[INFO] [stderr] 
[INFO] [stderr]   This crate is only compatible with OpenSSL 1.0.1, 1.0.2, and 1.1.0, or LibreSSL
[INFO] [stderr]   2.5.0, 2.5.1, 2.5.2, 2.5.3, and 2.5.4, but a different version of OpenSSL was
[INFO] [stderr]   found. The build is now aborting due to this version mismatch.
[INFO] [stderr] 
[INFO] [stderr] 
[INFO] [stderr]   stack backtrace:
[INFO] [stderr]      0:     0x55b1a44bb6f6 - std::backtrace_rs::backtrace::libunwind::trace::h261606ad26a499c1
[INFO] [stderr]                                  at /rustc/0e09125c6c3c2fd70d7de961bcf0e51575235fad/library/std/src/../../backtrace/src/backtrace/libunwind.rs:104:5
[INFO] [stderr]      1:     0x55b1a44bb6f6 - std::backtrace_rs::backtrace::trace_unsynchronized::hd183f0625477fb28
[INFO] [stderr]                                  at /rustc/0e09125c6c3c2fd70d7de961bcf0e51575235fad/library/std/src/../../backtrace/src/backtrace/mod.rs:66:5
[INFO] [stderr]      2:     0x55b1a44bb6f6 - std::sys_common::backtrace::_print_fmt::hd7f8fef21b4eda67
[INFO] [stderr]                                  at /rustc/0e09125c6c3c2fd70d7de961bcf0e51575235fad/library/std/src/sys_common/backtrace.rs:68:5
[INFO] [stderr]      3:     0x55b1a44bb6f6 - <std::sys_common::backtrace::_print::DisplayBacktrace as core::fmt::Display>::fmt::h623d9b51f2f453f1
[INFO] [stderr]                                  at /rustc/0e09125c6c3c2fd70d7de961bcf0e51575235fad/library/std/src/sys_common/backtrace.rs:44:22
[INFO] [stderr]      4:     0x55b1a44e0660 - core::fmt::rt::Argument::fmt::h9f417ac76a86f368
[INFO] [stderr]                                  at /rustc/0e09125c6c3c2fd70d7de961bcf0e51575235fad/library/core/src/fmt/rt.rs:142:9
[INFO] [stderr]      5:     0x55b1a44e0660 - core::fmt::write::hc9b6faf4ac2aeff7
[INFO] [stderr]                                  at /rustc/0e09125c6c3c2fd70d7de961bcf0e51575235fad/library/core/src/fmt/mod.rs:1120:17
[INFO] [stderr]      6:     0x55b1a44b915f - std::io::Write::write_fmt::hfead1eee52c2e65e
[INFO] [stderr]                                  at /rustc/0e09125c6c3c2fd70d7de961bcf0e51575235fad/library/std/src/io/mod.rs:1810:15
[INFO] [stderr]      7:     0x55b1a44bb4d4 - std::sys_common::backtrace::_print::hd5d66399c7df88a2
[INFO] [stderr]                                  at /rustc/0e09125c6c3c2fd70d7de961bcf0e51575235fad/library/std/src/sys_common/backtrace.rs:47:5
[INFO] [stderr]      8:     0x55b1a44bb4d4 - std::sys_common::backtrace::print::he81ed2da642d37e5
[INFO] [stderr]                                  at /rustc/0e09125c6c3c2fd70d7de961bcf0e51575235fad/library/std/src/sys_common/backtrace.rs:34:9
[INFO] [stderr]      9:     0x55b1a44bcdb7 - std::panicking::default_hook::{{closure}}::h85773f4fa117163d
[INFO] [stderr]     10:     0x55b1a44bcb19 - std::panicking::default_hook::h6a1694a91d09b278
[INFO] [stderr]                                  at /rustc/0e09125c6c3c2fd70d7de961bcf0e51575235fad/library/std/src/panicking.rs:292:9
[INFO] [stderr]     11:     0x55b1a44bd248 - std::panicking::rust_panic_with_hook::h0a7ad96e90f7145b
[INFO] [stderr]                                  at /rustc/0e09125c6c3c2fd70d7de961bcf0e51575235fad/library/std/src/panicking.rs:779:13
[INFO] [stderr]     12:     0x55b1a448e3ae - std::panicking::begin_panic::{{closure}}::hcb7dbc657146e1bc
[INFO] [stderr]     13:     0x55b1a448ae9a - std::sys_common::backtrace::__rust_end_short_backtrace::h698599791721b93b
[INFO] [stderr]     14:     0x55b1a448e32b - std::panicking::begin_panic::hf65bab93d97e043b
[INFO] [stderr]     15:     0x55b1a44605df - build_script_build::validate_headers::hb9eca0ea7eff56ff
[INFO] [stderr]     16:     0x55b1a445f7c5 - build_script_build::try_pkg_config::h29c30f5b2fb4e955
[INFO] [stderr]     17:     0x55b1a445e9b3 - build_script_build::find_openssl_dir::h9e6126229cf7646f
[INFO] [stderr]     18:     0x55b1a445e818 - build_script_build::main::{{closure}}::h10bc55dfa6ab00c6
[INFO] [stderr]     19:     0x55b1a446331f - core::option::Option<T>::unwrap_or_else::h3f456c9620a06829
[INFO] [stderr]     20:     0x55b1a445d883 - build_script_build::main::hcc5794be69e64de4
[INFO] [stderr]     21:     0x55b1a4465c83 - core::ops::function::FnOnce::call_once::h99730a79c5c39378
[INFO] [stderr]     22:     0x55b1a4461f66 - std::sys_common::backtrace::__rust_begin_short_backtrace::h1f90a1ff1f080944
[INFO] [stderr]     23:     0x55b1a44624e9 - std::rt::lang_start::{{closure}}::h8cfb0b0c008bbacd
[INFO] [stderr]     24:     0x55b1a44b5451 - core::ops::function::impls::<impl core::ops::function::FnOnce<A> for &F>::call_once::h4eb4c5e1620f29b0
[INFO] [stderr]                                  at /rustc/0e09125c6c3c2fd70d7de961bcf0e51575235fad/library/core/src/ops/function.rs:284:13
[INFO] [stderr]     25:     0x55b1a44b5451 - std::panicking::try::do_call::h73fd26535faffcdf
[INFO] [stderr]                                  at /rustc/0e09125c6c3c2fd70d7de961bcf0e51575235fad/library/std/src/panicking.rs:552:40
[INFO] [stderr]     26:     0x55b1a44b5451 - std::panicking::try::h77ff1d98f0fb9f39
[INFO] [stderr]                                  at /rustc/0e09125c6c3c2fd70d7de961bcf0e51575235fad/library/std/src/panicking.rs:516:19
[INFO] [stderr]     27:     0x55b1a44b5451 - std::panic::catch_unwind::hab3caf2448b95e37
[INFO] [stderr]                                  at /rustc/0e09125c6c3c2fd70d7de961bcf0e51575235fad/library/std/src/panic.rs:142:14
[INFO] [stderr]     28:     0x55b1a44b5451 - std::rt::lang_start_internal::{{closure}}::h8086711f9c783f78
[INFO] [stderr]                                  at /rustc/0e09125c6c3c2fd70d7de961bcf0e51575235fad/library/std/src/rt.rs:148:48
[INFO] [stderr]     29:     0x55b1a44b5451 - std::panicking::try::do_call::hf920d4dc291cd6ca
[INFO] [stderr]                                  at /rustc/0e09125c6c3c2fd70d7de961bcf0e51575235fad/library/std/src/panicking.rs:552:40
[INFO] [stderr]     30:     0x55b1a44b5451 - std::panicking::try::h2b806ccc0a85db74
[INFO] [stderr]                                  at /rustc/0e09125c6c3c2fd70d7de961bcf0e51575235fad/library/std/src/panicking.rs:516:19
[INFO] [stderr]     31:     0x55b1a44b5451 - std::panic::catch_unwind::h038489539c507df2
[INFO] [stderr]                                  at /rustc/0e09125c6c3c2fd70d7de961bcf0e51575235fad/library/std/src/panic.rs:142:14
[INFO] [stderr]     32:     0x55b1a44b5451 - std::rt::lang_start_internal::h28503b88912e8a5c
[INFO] [stderr]                                  at /rustc/0e09125c6c3c2fd70d7de961bcf0e51575235fad/library/std/src/rt.rs:148:20
[INFO] [stderr]     33:     0x55b1a44624c7 - std::rt::lang_start::h6b7ad4863a780fd6
[INFO] [stderr]     34:     0x55b1a4461b25 - main
[INFO] [stderr]     35:     0x7fe339008d90 - <unknown>
[INFO] [stderr]     36:     0x7fe339008e40 - __libc_start_main
[INFO] [stderr]     37:     0x55b1a4457e85 - _start
[INFO] [stderr]     38:                0x0 - <unknown>
[INFO] [stderr] warning: build failed, waiting for other jobs to finish...
[INFO] running `Command { std: "docker" "inspect" "7f9e143d509eae37641182f59f0787380def0c43abb8f75718665ce36061e26d", kill_on_drop: false }`
[INFO] running `Command { std: "docker" "rm" "-f" "7f9e143d509eae37641182f59f0787380def0c43abb8f75718665ce36061e26d", kill_on_drop: false }`
[INFO] [stdout] 7f9e143d509eae37641182f59f0787380def0c43abb8f75718665ce36061e26d
