[INFO] cloning repository https://github.com/AYCH-Inc/aych.blockend.electrum
[INFO] running `Command { std: "git" "-c" "credential.helper=" "-c" "credential.helper=/workspace/cargo-home/bin/git-credential-null" "clone" "--bare" "https://github.com/AYCH-Inc/aych.blockend.electrum" "/workspace/cache/git-repos/https%3A%2F%2Fgithub.com%2FAYCH-Inc%2Faych.blockend.electrum", kill_on_drop: false }`
[INFO] [stderr] Cloning into bare repository '/workspace/cache/git-repos/https%3A%2F%2Fgithub.com%2FAYCH-Inc%2Faych.blockend.electrum'...
[INFO] running `Command { std: "git" "rev-parse" "HEAD", kill_on_drop: false }`
[INFO] [stdout] ce232a54a89b35ab512efe25787e6d9e9254f06d
[INFO] testing AYCH-Inc/aych.blockend.electrum against 1.75.0 for beta-1.76-1
[INFO] running `Command { std: "git" "clone" "/workspace/cache/git-repos/https%3A%2F%2Fgithub.com%2FAYCH-Inc%2Faych.blockend.electrum" "/workspace/builds/worker-7-tc1/source", kill_on_drop: false }`
[INFO] [stderr] Cloning into '/workspace/builds/worker-7-tc1/source'...
[INFO] [stderr] done.
[INFO] validating manifest of git repo https://github.com/AYCH-Inc/aych.blockend.electrum on toolchain 1.75.0
[INFO] running `Command { std: CARGO_HOME="/workspace/cargo-home" RUSTUP_HOME="/workspace/rustup-home" "/workspace/cargo-home/bin/cargo" "+1.75.0" "metadata" "--manifest-path" "Cargo.toml" "--no-deps", kill_on_drop: false }`
[INFO] started tweaking git repo https://github.com/AYCH-Inc/aych.blockend.electrum
[INFO] finished tweaking git repo https://github.com/AYCH-Inc/aych.blockend.electrum
[INFO] tweaked toml for git repo https://github.com/AYCH-Inc/aych.blockend.electrum written to /workspace/builds/worker-7-tc1/source/Cargo.toml
[INFO] crate git repo https://github.com/AYCH-Inc/aych.blockend.electrum already has a lockfile, it will not be regenerated
[INFO] running `Command { std: CARGO_HOME="/workspace/cargo-home" RUSTUP_HOME="/workspace/rustup-home" "/workspace/cargo-home/bin/cargo" "+1.75.0" "fetch" "--manifest-path" "Cargo.toml", kill_on_drop: false }`
[INFO] [stderr]     Updating crates.io index
[INFO] [stderr]  Downloading crates ...
[INFO] [stderr]   Downloaded nodrop v0.1.12
[INFO] [stderr]   Downloaded winapi-util v0.1.1
[INFO] [stderr]   Downloaded aho-corasick v0.6.9
[INFO] [stderr]   Downloaded num-integer v0.1.39
[INFO] [stderr]   Downloaded safemem v0.3.0
[INFO] [stderr]   Downloaded chunked_transfer v0.3.1
[INFO] [stderr]   Downloaded bit-set v0.4.0
[INFO] [stderr]   Downloaded crossbeam-deque v0.2.0
[INFO] [stderr]   Downloaded termcolor v0.3.6
[INFO] [stderr]   Downloaded chan v0.1.23
[INFO] [stderr]   Downloaded nom v3.2.1
[INFO] [stderr]   Downloaded backtrace-sys v0.1.24
[INFO] [stderr]   Downloaded rust-crypto v0.2.36
[INFO] [stderr]   Downloaded bindgen v0.37.4
[INFO] [stderr]   Downloaded ryu v0.2.6
[INFO] [stderr]   Downloaded rayon v1.0.3
[INFO] [stderr]   Downloaded prometheus v0.4.2
[INFO] [stderr]   Downloaded syn v0.15.18
[INFO] [stderr]   Downloaded sysconf v0.3.4
[INFO] [stderr]   Downloaded quick-error v0.2.2
[INFO] [stderr]   Downloaded clang-sys v0.23.0
[INFO] [stderr]   Downloaded proc-macro2 v0.4.21
[INFO] [stderr]   Downloaded serde v1.0.80
[INFO] [stderr]   Downloaded rustc-serialize v0.3.24
[INFO] [stderr]   Downloaded serde_json v1.0.33
[INFO] [stderr]   Downloaded clap v2.32.0
[INFO] [stderr]   Downloaded num-traits v0.2.6
[INFO] [stderr]   Downloaded lazy_static v1.2.0
[INFO] [stderr]   Downloaded regex v1.0.6
[INFO] [stderr]   Downloaded strsim v0.7.0
[INFO] [stderr]   Downloaded scopeguard v0.3.3
[INFO] [stderr]   Downloaded librocksdb-sys v5.14.2
[INFO] [stderr]   Downloaded ucd-util v0.1.2
[INFO] [stderr]   Downloaded chan-signal v0.3.2
[INFO] [stderr]   Downloaded secp256k1 v0.11.5
[INFO] [stderr]   Downloaded bitcoin v0.15.1
[INFO] [stderr]   Downloaded lru v0.1.10
[INFO] [stderr]   Downloaded proc-macro2 v0.3.5
[INFO] [stderr]   Downloaded tiny_http v0.6.0
[INFO] [stderr]   Downloaded protobuf v2.1.4
[INFO] [stderr]   Downloaded bech32 v0.5.0
[INFO] [stderr]   Downloaded serde_derive v1.0.80
[INFO] [stderr]   Downloaded libc v0.2.43
[INFO] [stderr]   Downloaded crossbeam-utils v0.2.2
[INFO] [stderr]   Downloaded regex-syntax v0.6.3
[INFO] [stderr]   Downloaded unicode-normalization v0.1.7
[INFO] [stderr]   Downloaded chrono v0.4.6
[INFO] [stderr]   Downloaded env_logger v0.5.13
[INFO] [stderr]   Downloaded redox_users v0.2.0
[INFO] [stderr]   Downloaded libloading v0.5.0
[INFO] [stderr]   Downloaded either v1.5.0
[INFO] [stderr]   Downloaded byteorder v1.2.7
[INFO] [stderr]   Downloaded redox_syscall v0.1.40
[INFO] [stderr]   Downloaded ascii v0.8.7
[INFO] [stderr]   Downloaded arrayref v0.3.5
[INFO] [stderr]   Downloaded num_cpus v1.8.0
[INFO] [stderr]   Downloaded backtrace v0.3.9
[INFO] [stderr]   Downloaded glob v0.2.11
[INFO] [stderr]   Downloaded bit-vec v0.4.4
[INFO] [stderr]   Downloaded bitcoin-bech32 v0.8.1
[INFO] [stderr]   Downloaded memchr v2.1.1
[INFO] [stderr]   Downloaded time v0.1.40
[INFO] [stderr]   Downloaded itoa v0.4.3
[INFO] [stderr]   Downloaded dirs v1.0.4
[INFO] [stderr]   Downloaded cc v1.0.25
[INFO] [stderr]   Downloaded rayon-core v1.4.1
[INFO] [stderr]   Downloaded humantime v1.1.1
[INFO] [stderr]   Downloaded arrayvec v0.4.7
[INFO] [stderr]   Downloaded rocksdb v0.10.1
[INFO] [stderr]   Downloaded stderrlog v0.4.1
[INFO] [stderr]   Downloaded memoffset v0.2.1
[INFO] [stderr]   Downloaded errno v0.2.4
[INFO] [stderr]   Downloaded wincolor v0.1.6
[INFO] [stderr]   Downloaded quote v0.5.2
[INFO] [stderr]   Downloaded which v1.0.5
[INFO] [stderr]   Downloaded textwrap v0.10.0
[INFO] [stderr]   Downloaded error-chain v0.12.0
[INFO] [stderr]   Downloaded memchr v1.0.2
[INFO] [stderr]   Downloaded termcolor v1.0.4
[INFO] [stderr]   Downloaded wincolor v1.0.1
[INFO] [stderr]   Downloaded bincode v1.0.1
[INFO] [stderr]   Downloaded rustc-demangle v0.1.9
[INFO] [stderr]   Downloaded spin v0.4.10
[INFO] [stderr]   Downloaded quick-error v1.2.2
[INFO] [stderr]   Downloaded page_size v0.4.1
[INFO] [stderr]   Downloaded cexpr v0.2.3
[INFO] [stderr]   Downloaded errno-dragonfly v0.1.1
[INFO] [stderr]   Downloaded make-cmd v0.1.0
[INFO] [stderr]   Downloaded crossbeam-epoch v0.3.1
[INFO] running `Command { std: "docker" "create" "-v" "/var/lib/crater-agent-workspace/builds/worker-7-tc1/target:/opt/rustwide/target:rw,Z" "-v" "/var/lib/crater-agent-workspace/builds/worker-7-tc1/source:/opt/rustwide/workdir:ro,Z" "-v" "/var/lib/crater-agent-workspace/cargo-home:/opt/rustwide/cargo-home:ro,Z" "-v" "/var/lib/crater-agent-workspace/rustup-home:/opt/rustwide/rustup-home:ro,Z" "-e" "SOURCE_DIR=/opt/rustwide/workdir" "-e" "CARGO_TARGET_DIR=/opt/rustwide/target" "-e" "CARGO_HOME=/opt/rustwide/cargo-home" "-e" "RUSTUP_HOME=/opt/rustwide/rustup-home" "-w" "/opt/rustwide/workdir" "-m" "1610612736" "--user" "0:0" "--network" "none" "ghcr.io/rust-lang/crates-build-env/linux@sha256:2788e3201cd34a07e3172128adcd8b3090168a8e3bcc40d7c032b9dda1df7d1c" "/opt/rustwide/cargo-home/bin/cargo" "+1.75.0" "metadata" "--no-deps" "--format-version=1", kill_on_drop: false }`
[INFO] [stdout] 26c768467a595560d61bd81fe728bf1f3cd468417aaffb6c31265493949cf87c
[INFO] running `Command { std: "docker" "start" "-a" "26c768467a595560d61bd81fe728bf1f3cd468417aaffb6c31265493949cf87c", kill_on_drop: false }`
[INFO] running `Command { std: "docker" "inspect" "26c768467a595560d61bd81fe728bf1f3cd468417aaffb6c31265493949cf87c", kill_on_drop: false }`
[INFO] running `Command { std: "docker" "rm" "-f" "26c768467a595560d61bd81fe728bf1f3cd468417aaffb6c31265493949cf87c", kill_on_drop: false }`
[INFO] [stdout] 26c768467a595560d61bd81fe728bf1f3cd468417aaffb6c31265493949cf87c
[INFO] running `Command { std: "docker" "create" "-v" "/var/lib/crater-agent-workspace/builds/worker-7-tc1/target:/opt/rustwide/target:rw,Z" "-v" "/var/lib/crater-agent-workspace/builds/worker-7-tc1/source:/opt/rustwide/workdir:ro,Z" "-v" "/var/lib/crater-agent-workspace/cargo-home:/opt/rustwide/cargo-home:ro,Z" "-v" "/var/lib/crater-agent-workspace/rustup-home:/opt/rustwide/rustup-home:ro,Z" "-e" "SOURCE_DIR=/opt/rustwide/workdir" "-e" "CARGO_TARGET_DIR=/opt/rustwide/target" "-e" "CARGO_INCREMENTAL=0" "-e" "RUST_BACKTRACE=full" "-e" "RUSTFLAGS=--cap-lints=warn" "-e" "RUSTDOCFLAGS=--cap-lints=warn" "-e" "CARGO_HOME=/opt/rustwide/cargo-home" "-e" "RUSTUP_HOME=/opt/rustwide/rustup-home" "-w" "/opt/rustwide/workdir" "-m" "1610612736" "--user" "0:0" "--network" "none" "ghcr.io/rust-lang/crates-build-env/linux@sha256:2788e3201cd34a07e3172128adcd8b3090168a8e3bcc40d7c032b9dda1df7d1c" "/opt/rustwide/cargo-home/bin/cargo" "+1.75.0" "build" "--frozen" "--message-format=json", kill_on_drop: false }`
[INFO] [stdout] ac8b73bbb4fdf71135a1ff6247d4f9e521750904dcef46b0e97865bfec4a1021
[INFO] running `Command { std: "docker" "start" "-a" "ac8b73bbb4fdf71135a1ff6247d4f9e521750904dcef46b0e97865bfec4a1021", kill_on_drop: false }`
[INFO] [stderr]    Compiling libc v0.2.43
[INFO] [stderr]    Compiling cfg-if v0.1.6
[INFO] [stderr]    Compiling lazy_static v1.2.0
[INFO] [stderr]    Compiling nodrop v0.1.12
[INFO] [stderr]    Compiling rayon-core v1.4.1
[INFO] [stderr]    Compiling scopeguard v0.3.3
[INFO] [stderr]    Compiling memoffset v0.2.1
[INFO] [stderr]    Compiling rayon v1.0.3
[INFO] [stderr]    Compiling either v1.5.0
[INFO] [stderr]    Compiling version_check v0.1.5
[INFO] [stderr]    Compiling unicode-xid v0.1.0
[INFO] [stderr]    Compiling glob v0.2.11
[INFO] [stderr]    Compiling regex v1.0.6
[INFO] [stderr]    Compiling ucd-util v0.1.2
[INFO] [stderr]    Compiling utf8-ranges v1.0.2
[INFO] [stderr]    Compiling encoding_index_tests v0.1.4
[INFO] [stderr]    Compiling arrayvec v0.4.7
[INFO] [stderr]    Compiling crossbeam-utils v0.2.2
[INFO] [stderr]    Compiling log v0.4.6
[INFO] [stderr]    Compiling thread_local v0.3.6
[INFO] [stderr]    Compiling unicode-width v0.1.5
[INFO] [stderr]    Compiling quick-error v1.2.2
[INFO] [stderr]    Compiling proc-macro2 v0.3.5
[INFO] [stderr]    Compiling regex-syntax v0.6.3
[INFO] [stderr]    Compiling textwrap v0.10.0
[INFO] [stderr]    Compiling humantime v1.1.1
[INFO] [stderr]    Compiling vec_map v0.8.1
[INFO] [stderr]    Compiling num-traits v0.2.6
[INFO] [stderr]    Compiling strsim v0.7.0
[INFO] [stderr]    Compiling ansi_term v0.11.0
[INFO] [stderr]    Compiling bitflags v1.0.4
[INFO] [stderr]    Compiling crossbeam-epoch v0.3.1
[INFO] [stderr]    Compiling memchr v2.1.1
[INFO] [stderr]    Compiling bindgen v0.37.4
[INFO] [stderr]    Compiling termcolor v1.0.4
[INFO] [stderr]    Compiling num-integer v0.1.39
[INFO] [stderr]    Compiling peeking_take_while v0.1.2
[INFO] [stderr]    Compiling proc-macro2 v0.4.21
[INFO] [stderr]    Compiling num_cpus v1.8.0
[INFO] [stderr]    Compiling memchr v1.0.2
[INFO] [stderr]    Compiling atty v0.2.11
[INFO] [stderr]    Compiling crossbeam-deque v0.2.0
[INFO] [stderr]    Compiling nom v3.2.1
[INFO] [stderr]    Compiling rand v0.4.3
[INFO] [stderr]    Compiling clap v2.32.0
[INFO] [stderr]    Compiling quote v0.5.2
[INFO] [stderr]    Compiling which v1.0.5
[INFO] [stderr]    Compiling time v0.1.40
[INFO] [stderr]    Compiling clang-sys v0.23.0
[INFO] [stderr]    Compiling make-cmd v0.1.0
[INFO] [stderr]    Compiling serde v1.0.80
[INFO] [stderr]    Compiling gcc v0.3.55
[INFO] [stderr]    Compiling winapi-build v0.1.1
[INFO] [stderr]    Compiling matches v0.1.8
[INFO] [stderr]    Compiling unicode-bidi v0.3.4
[INFO] [stderr]    Compiling aho-corasick v0.6.9
[INFO] [stderr]    Compiling protobuf v2.1.4
[INFO] [stderr]    Compiling kernel32-sys v0.2.2
[INFO] [stderr]    Compiling unicode-normalization v0.1.7
[INFO] [stderr]    Compiling rand v0.3.22
[INFO] [stderr]    Compiling byteorder v1.2.7
[INFO] [stderr]    Compiling ryu v0.2.6
[INFO] [stderr]    Compiling cexpr v0.2.3
[INFO] [stderr]    Compiling quote v0.6.10
[INFO] [stderr]    Compiling encoding-index-singlebyte v1.20141219.5
[INFO] [stderr]    Compiling encoding-index-simpchinese v1.20141219.5
[INFO] [stderr]    Compiling encoding-index-tradchinese v1.20141219.5
[INFO] [stderr]    Compiling encoding-index-japanese v1.20141219.5
[INFO] [stderr]    Compiling encoding-index-korean v1.20141219.5
[INFO] [stderr]    Compiling bech32 v0.5.0
[INFO] [stderr]    Compiling rust-crypto v0.2.36
[INFO] [stderr]    Compiling rustc-serialize v0.3.24
[INFO] [stderr]    Compiling chrono v0.4.6
[INFO] [stderr]    Compiling prometheus v0.4.2
[INFO] [stderr]    Compiling winapi v0.2.8
[INFO] [stderr]    Compiling rustc-demangle v0.1.9
[INFO] [stderr]    Compiling lazy_static v0.2.11
[INFO] [stderr]    Compiling bit-vec v0.4.4
[INFO] [stderr]    Compiling percent-encoding v1.0.1
[INFO] [stderr]    Compiling encoding v0.2.33
[INFO] [stderr]    Compiling bit-set v0.4.0
[INFO] [stderr]    Compiling bitcoin-bech32 v0.8.1
[INFO] [stderr]    Compiling syn v0.15.18
[INFO] [stderr]    Compiling chan v0.1.23
[INFO] [stderr]    Compiling errno v0.2.4
[INFO] [stderr]    Compiling spin v0.4.10
[INFO] [stderr]    Compiling chunked_transfer v0.3.1
[INFO] [stderr]    Compiling ascii v0.8.7
[INFO] [stderr]    Compiling fnv v1.0.6
[INFO] [stderr]    Compiling idna v0.1.5
[INFO] [stderr]    Compiling safemem v0.3.0
[INFO] [stderr]    Compiling hex v0.3.2
[INFO] [stderr]    Compiling cc v1.0.25
[INFO] [stderr]    Compiling quick-error v0.2.2
[INFO] [stderr]    Compiling itoa v0.4.3
[INFO] [stderr]    Compiling termcolor v0.3.6
[INFO] [stderr]    Compiling base64 v0.9.3
[INFO] [stderr]    Compiling chan-signal v0.3.2
[INFO] [stderr]    Compiling stderrlog v0.4.1
[INFO] [stderr]    Compiling env_logger v0.5.13
[INFO] [stderr]    Compiling url v1.7.2
[INFO] [stderr]    Compiling sysconf v0.3.4
[INFO] [stderr]    Compiling page_size v0.4.1
[INFO] [stderr]    Compiling dirs v1.0.4
[INFO] [stderr]    Compiling arrayref v0.3.5
[INFO] [stderr]    Compiling lru v0.1.10
[INFO] [stderr]    Compiling libloading v0.5.0
[INFO] [stderr]    Compiling backtrace-sys v0.1.24
[INFO] [stderr]    Compiling secp256k1 v0.11.5
[INFO] [stderr]    Compiling tiny_http v0.6.0
[INFO] [stderr]    Compiling backtrace v0.3.9
[INFO] [stderr]    Compiling error-chain v0.12.0
[INFO] [stderr]    Compiling serde_json v1.0.33
[INFO] [stderr]    Compiling bincode v1.0.1
[INFO] [stderr]    Compiling serde_derive v1.0.80
[INFO] [stderr]    Compiling bitcoin v0.15.1
[INFO] [stderr]    Compiling librocksdb-sys v5.14.2
[INFO] [stderr] The following warnings were emitted during compilation:
[INFO] [stderr] 
[INFO] [stderr] warning: librocksdb-sys@5.14.2: In file included from rocksdb/db/range_del_aggregator.h:16,
[INFO] [stderr] warning: librocksdb-sys@5.14.2:                  from rocksdb/db/memtable.h:19,
[INFO] [stderr] warning: librocksdb-sys@5.14.2:                  from rocksdb/db/memtable_list.h:17,
[INFO] [stderr] warning: librocksdb-sys@5.14.2:                  from rocksdb/db/column_family.h:17,
[INFO] [stderr] warning: librocksdb-sys@5.14.2:                  from rocksdb/db/db_impl.h:22,
[INFO] [stderr] warning: librocksdb-sys@5.14.2:                  from rocksdb/db/db_filesnapshot.cc:17:
[INFO] [stderr] warning: librocksdb-sys@5.14.2: rocksdb/db/version_edit.h: In constructor 'rocksdb::FdWithKeyRange::FdWithKeyRange(rocksdb::FileDescriptor, rocksdb::Slice, rocksdb::Slice, rocksdb::FileMetaData*)':
[INFO] [stderr] warning: librocksdb-sys@5.14.2: rocksdb/db/version_edit.h:154:9: warning: implicitly-declared 'constexpr rocksdb::FileDescriptor::FileDescriptor(const rocksdb::FileDescriptor&)' is deprecated [-Wdeprecated-copy]
[INFO] [stderr] warning: librocksdb-sys@5.14.2:   154 |       : fd(_fd),
[INFO] [stderr] warning: librocksdb-sys@5.14.2:       |         ^~~~~~~
[INFO] [stderr] warning: librocksdb-sys@5.14.2: rocksdb/db/version_edit.h:47:19: note: because 'rocksdb::FileDescriptor' has user-provided 'rocksdb::FileDescriptor& rocksdb::FileDescriptor::operator=(const rocksdb::FileDescriptor&)'
[INFO] [stderr] warning: librocksdb-sys@5.14.2:    47 |   FileDescriptor& operator=(const FileDescriptor& fd) {
[INFO] [stderr] warning: librocksdb-sys@5.14.2:       |                   ^~~~~~~~
[INFO] [stderr] warning: librocksdb-sys@5.14.2: In file included from rocksdb/db/range_del_aggregator.h:16,
[INFO] [stderr] warning: librocksdb-sys@5.14.2:                  from rocksdb/db/memtable.h:19,
[INFO] [stderr] warning: librocksdb-sys@5.14.2:                  from rocksdb/db/memtable_list.h:17,
[INFO] [stderr] warning: librocksdb-sys@5.14.2:                  from rocksdb/db/column_family.h:17,
[INFO] [stderr] warning: librocksdb-sys@5.14.2:                  from rocksdb/db/db_impl.h:22,
[INFO] [stderr] warning: librocksdb-sys@5.14.2:                  from rocksdb/db/experimental.cc:8:
[INFO] [stderr] warning: librocksdb-sys@5.14.2: rocksdb/db/version_edit.h: In constructor 'rocksdb::FdWithKeyRange::FdWithKeyRange(rocksdb::FileDescriptor, rocksdb::Slice, rocksdb::Slice, rocksdb::FileMetaData*)':
[INFO] [stderr] warning: librocksdb-sys@5.14.2: rocksdb/db/version_edit.h:154:9: warning: implicitly-declared 'constexpr rocksdb::FileDescriptor::FileDescriptor(const rocksdb::FileDescriptor&)' is deprecated [-Wdeprecated-copy]
[INFO] [stderr] warning: librocksdb-sys@5.14.2:   154 |       : fd(_fd),
[INFO] [stderr] warning: librocksdb-sys@5.14.2:       |         ^~~~~~~
[INFO] [stderr] warning: librocksdb-sys@5.14.2: rocksdb/db/version_edit.h:47:19: note: because 'rocksdb::FileDescriptor' has user-provided 'rocksdb::FileDescriptor& rocksdb::FileDescriptor::operator=(const rocksdb::FileDescriptor&)'
[INFO] [stderr] warning: librocksdb-sys@5.14.2:    47 |   FileDescriptor& operator=(const FileDescriptor& fd) {
[INFO] [stderr] warning: librocksdb-sys@5.14.2:       |                   ^~~~~~~~
[INFO] [stderr] warning: librocksdb-sys@5.14.2: In file included from rocksdb/db/range_del_aggregator.h:16,
[INFO] [stderr] warning: librocksdb-sys@5.14.2: In file included from rocksdb/db/range_del_aggregator.h:16,
[INFO] [stderr] warning: librocksdb-sys@5.14.2:                  from rocksdb/db/memtable.h:19,
[INFO] [stderr] warning: librocksdb-sys@5.14.2:                  from rocksdb/db/memtable_list.h:17,
[INFO] [stderr] warning: librocksdb-sys@5.14.2:                  from rocksdb/db/memtable.h:19,
[INFO] [stderr] warning: librocksdb-sys@5.14.2:                  from rocksdb/db/column_family.h:17,
[INFO] [stderr] warning: librocksdb-sys@5.14.2:                  from rocksdb/db/memtable_list.h:17,
[INFO] [stderr] warning: librocksdb-sys@5.14.2:                  from rocksdb/db/db_impl.h:22,
[INFO] [stderr] warning: librocksdb-sys@5.14.2:                  from rocksdb/db/column_family.h:17,
[INFO] [stderr] warning: librocksdb-sys@5.14.2:                  from rocksdb/db/db_impl_open.cc:9:
[INFO] [stderr] warning: librocksdb-sys@5.14.2:                  from rocksdb/db/write_batch.cc:43:
[INFO] [stderr] warning: librocksdb-sys@5.14.2: rocksdb/db/version_edit.h: In constructor 'rocksdb::FdWithKeyRange::FdWithKeyRange(rocksdb::FileDescriptor, rocksdb::Slice, rocksdb::Slice, rocksdb::FileMetaData*)':
[INFO] [stderr] warning: librocksdb-sys@5.14.2: rocksdb/db/version_edit.h: In constructor 'rocksdb::FdWithKeyRange::FdWithKeyRange(rocksdb::FileDescriptor, rocksdb::Slice, rocksdb::Slice, rocksdb::FileMetaData*)':
[INFO] [stderr] warning: librocksdb-sys@5.14.2: rocksdb/db/version_edit.h:154:9: warning: implicitly-declared 'constexpr rocksdb::FileDescriptor::FileDescriptor(const rocksdb::FileDescriptor&)' is deprecated [-Wdeprecated-copy]
[INFO] [stderr] warning: librocksdb-sys@5.14.2: rocksdb/db/version_edit.h:154:9: warning: implicitly-declared 'constexpr rocksdb::FileDescriptor::FileDescriptor(const rocksdb::FileDescriptor&)' is deprecated [-Wdeprecated-copy]
[INFO] [stderr] warning: librocksdb-sys@5.14.2:   154 |       : fd(_fd),
[INFO] [stderr] warning: librocksdb-sys@5.14.2:   154 |       : fd(_fd),
[INFO] [stderr] warning: librocksdb-sys@5.14.2:       |         ^~~~~~~
[INFO] [stderr] warning: librocksdb-sys@5.14.2:       |         ^~~~~~~
[INFO] [stderr] warning: librocksdb-sys@5.14.2: rocksdb/db/version_edit.h:47:19: note: because 'rocksdb::FileDescriptor' has user-provided 'rocksdb::FileDescriptor& rocksdb::FileDescriptor::operator=(const rocksdb::FileDescriptor&)'
[INFO] [stderr] warning: librocksdb-sys@5.14.2: rocksdb/db/version_edit.h:47:19: note: because 'rocksdb::FileDescriptor' has user-provided 'rocksdb::FileDescriptor& rocksdb::FileDescriptor::operator=(const rocksdb::FileDescriptor&)'
[INFO] [stderr] warning: librocksdb-sys@5.14.2:    47 |   FileDescriptor& operator=(const FileDescriptor& fd) {
[INFO] [stderr] warning: librocksdb-sys@5.14.2:    47 |   FileDescriptor& operator=(const FileDescriptor& fd) {
[INFO] [stderr] warning: librocksdb-sys@5.14.2:       |                   ^~~~~~~~
[INFO] [stderr] warning: librocksdb-sys@5.14.2:       |                   ^~~~~~~~
[INFO] [stderr] warning: librocksdb-sys@5.14.2: c++: fatal error: Killed signal terminated program cc1plus
[INFO] [stderr] warning: librocksdb-sys@5.14.2: compilation terminated.
[INFO] [stderr] warning: librocksdb-sys@5.14.2: c++: fatal error: Killed signal terminated program cc1plus
[INFO] [stderr] warning: librocksdb-sys@5.14.2: compilation terminated.
[INFO] [stderr] warning: librocksdb-sys@5.14.2: c++: fatal error: Killed signal terminated program cc1plus
[INFO] [stderr] warning: librocksdb-sys@5.14.2: compilation terminated.
[INFO] [stderr] warning: librocksdb-sys@5.14.2: c++: fatal error: Killed signal terminated program cc1plus
[INFO] [stderr] warning: librocksdb-sys@5.14.2: compilation terminated.
[INFO] [stderr] warning: librocksdb-sys@5.14.2: In file included from rocksdb/db/range_del_aggregator.h:16,
[INFO] [stderr] warning: librocksdb-sys@5.14.2:                  from rocksdb/db/memtable.h:19,
[INFO] [stderr] warning: librocksdb-sys@5.14.2:                  from rocksdb/db/memtable_list.h:17,
[INFO] [stderr] warning: librocksdb-sys@5.14.2:                  from rocksdb/db/column_family.h:17,
[INFO] [stderr] warning: librocksdb-sys@5.14.2:                  from rocksdb/db/db_impl.h:22,
[INFO] [stderr] warning: librocksdb-sys@5.14.2:                  from rocksdb/db/db_impl_readonly.h:10,
[INFO] [stderr] warning: librocksdb-sys@5.14.2:                  from rocksdb/db/db_impl_readonly.cc:6:
[INFO] [stderr] warning: librocksdb-sys@5.14.2: rocksdb/db/version_edit.h: In constructor 'rocksdb::FdWithKeyRange::FdWithKeyRange(rocksdb::FileDescriptor, rocksdb::Slice, rocksdb::Slice, rocksdb::FileMetaData*)':
[INFO] [stderr] warning: librocksdb-sys@5.14.2: rocksdb/db/version_edit.h:154:9: warning: implicitly-declared 'constexpr rocksdb::FileDescriptor::FileDescriptor(const rocksdb::FileDescriptor&)' is deprecated [-Wdeprecated-copy]
[INFO] [stderr] warning: librocksdb-sys@5.14.2:   154 |       : fd(_fd),
[INFO] [stderr] warning: librocksdb-sys@5.14.2:       |         ^~~~~~~
[INFO] [stderr] warning: librocksdb-sys@5.14.2: rocksdb/db/version_edit.h:47:19: note: because 'rocksdb::FileDescriptor' has user-provided 'rocksdb::FileDescriptor& rocksdb::FileDescriptor::operator=(const rocksdb::FileDescriptor&)'
[INFO] [stderr] warning: librocksdb-sys@5.14.2:    47 |   FileDescriptor& operator=(const FileDescriptor& fd) {
[INFO] [stderr] warning: librocksdb-sys@5.14.2:       |                   ^~~~~~~~
[INFO] [stderr] warning: librocksdb-sys@5.14.2: In file included from rocksdb/db/range_del_aggregator.h:16,
[INFO] [stderr] warning: librocksdb-sys@5.14.2:                  from rocksdb/db/memtable.h:19,
[INFO] [stderr] warning: librocksdb-sys@5.14.2:                  from rocksdb/db/memtable_list.h:17,
[INFO] [stderr] warning: librocksdb-sys@5.14.2:                  from rocksdb/db/column_family.h:17,
[INFO] [stderr] warning: librocksdb-sys@5.14.2:                  from rocksdb/db/version_set.h:31,
[INFO] [stderr] warning: librocksdb-sys@5.14.2:                  from rocksdb/db/compaction.h:11,
[INFO] [stderr] warning: librocksdb-sys@5.14.2:                  from rocksdb/util/sst_file_manager_impl.h:14,
[INFO] [stderr] warning: librocksdb-sys@5.14.2:                  from rocksdb/util/sst_file_manager_impl.cc:6:
[INFO] [stderr] warning: librocksdb-sys@5.14.2: rocksdb/db/version_edit.h: In constructor 'rocksdb::FdWithKeyRange::FdWithKeyRange(rocksdb::FileDescriptor, rocksdb::Slice, rocksdb::Slice, rocksdb::FileMetaData*)':
[INFO] [stderr] warning: librocksdb-sys@5.14.2: rocksdb/db/version_edit.h:154:9: warning: implicitly-declared 'constexpr rocksdb::FileDescriptor::FileDescriptor(const rocksdb::FileDescriptor&)' is deprecated [-Wdeprecated-copy]
[INFO] [stderr] warning: librocksdb-sys@5.14.2:   154 |       : fd(_fd),
[INFO] [stderr] warning: librocksdb-sys@5.14.2:       |         ^~~~~~~
[INFO] [stderr] warning: librocksdb-sys@5.14.2: rocksdb/db/version_edit.h:47:19: note: because 'rocksdb::FileDescriptor' has user-provided 'rocksdb::FileDescriptor& rocksdb::FileDescriptor::operator=(const rocksdb::FileDescriptor&)'
[INFO] [stderr] warning: librocksdb-sys@5.14.2:    47 |   FileDescriptor& operator=(const FileDescriptor& fd) {
[INFO] [stderr] warning: librocksdb-sys@5.14.2:       |                   ^~~~~~~~
[INFO] [stderr] warning: librocksdb-sys@5.14.2: c++: fatal error: Killed signal terminated program cc1plus
[INFO] [stderr] warning: librocksdb-sys@5.14.2: compilation terminated.
[INFO] [stderr] warning: librocksdb-sys@5.14.2: rocksdb/db/version_edit.h: In instantiation of 'constexpr std::pair<_T1, _T2>::pair(_U1&&, _U2&&) [with _U1 = int&; _U2 = rocksdb::FileMetaData; typename std::enable_if<(std::_PCC<true, _T1, _T2>::_MoveConstructiblePair<_U1, _U2>() && std::_PCC<true, _T1, _T2>::_ImplicitlyMoveConvertiblePair<_U1, _U2>()), bool>::type <anonymous> = true; _T1 = int; _T2 = rocksdb::FileMetaData]':
[INFO] [stderr] warning: librocksdb-sys@5.14.2: /usr/include/c++/11/ext/new_allocator.h:162:4:   required from 'void __gnu_cxx::new_allocator<_Tp>::construct(_Up*, _Args&& ...) [with _Up = std::pair<int, rocksdb::FileMetaData>; _Args = {int&, rocksdb::FileMetaData}; _Tp = std::pair<int, rocksdb::FileMetaData>]'
[INFO] [stderr] warning: librocksdb-sys@5.14.2: /usr/include/c++/11/bits/alloc_traits.h:516:17:   required from 'static void std::allocator_traits<std::allocator<_CharT> >::construct(std::allocator_traits<std::allocator<_CharT> >::allocator_type&, _Up*, _Args&& ...) [with _Up = std::pair<int, rocksdb::FileMetaData>; _Args = {int&, rocksdb::FileMetaData}; _Tp = std::pair<int, rocksdb::FileMetaData>; std::allocator_traits<std::allocator<_CharT> >::allocator_type = std::allocator<std::pair<int, rocksdb::FileMetaData> >]'
[INFO] [stderr] warning: librocksdb-sys@5.14.2: /usr/include/c++/11/bits/vector.tcc:115:30:   required from 'void std::vector<_Tp, _Alloc>::emplace_back(_Args&& ...) [with _Args = {int&, rocksdb::FileMetaData}; _Tp = std::pair<int, rocksdb::FileMetaData>; _Alloc = std::allocator<std::pair<int, rocksdb::FileMetaData> >]'
[INFO] [stderr] warning: librocksdb-sys@5.14.2: rocksdb/db/version_edit.h:227:28:   required from here
[INFO] [stderr] warning: librocksdb-sys@5.14.2: rocksdb/db/version_edit.h:76:8: warning: implicitly-declared 'constexpr rocksdb::FileDescriptor::FileDescriptor(const rocksdb::FileDescriptor&)' is deprecated [-Wdeprecated-copy]
[INFO] [stderr] warning: librocksdb-sys@5.14.2:    76 | struct FileMetaData {
[INFO] [stderr] warning: librocksdb-sys@5.14.2:       |        ^~~~~~~~~~~~
[INFO] [stderr] warning: librocksdb-sys@5.14.2: rocksdb/db/version_edit.h:47:19: note: because 'rocksdb::FileDescriptor' has user-provided 'rocksdb::FileDescriptor& rocksdb::FileDescriptor::operator=(const rocksdb::FileDescriptor&)'
[INFO] [stderr] warning: librocksdb-sys@5.14.2:    47 |   FileDescriptor& operator=(const FileDescriptor& fd) {
[INFO] [stderr] warning: librocksdb-sys@5.14.2:       |                   ^~~~~~~~
[INFO] [stderr] warning: librocksdb-sys@5.14.2: In file included from /usr/include/c++/11/bits/stl_algobase.h:64,
[INFO] [stderr] warning: librocksdb-sys@5.14.2:                  from /usr/include/c++/11/bits/char_traits.h:39,
[INFO] [stderr] warning: librocksdb-sys@5.14.2:                  from /usr/include/c++/11/string:40,
[INFO] [stderr] warning: librocksdb-sys@5.14.2:                  from rocksdb/util/sst_file_manager_impl.h:10,
[INFO] [stderr] warning: librocksdb-sys@5.14.2:                  from rocksdb/util/sst_file_manager_impl.cc:6:
[INFO] [stderr] warning: librocksdb-sys@5.14.2: /usr/include/c++/11/bits/stl_pair.h:353:42: note: synthesized method 'rocksdb::FileMetaData::FileMetaData(rocksdb::FileMetaData&&)' first required here
[INFO] [stderr] warning: librocksdb-sys@5.14.2:   353 |         : first(std::forward<_U1>(__x)), second(std::forward<_U2>(__y)) { }
[INFO] [stderr] warning: librocksdb-sys@5.14.2:       |                                          ^~~~~~~~~~~~~~~~~~~~~~~~~~~~~~
[INFO] [stderr] warning: librocksdb-sys@5.14.2: In file included from rocksdb/db/range_del_aggregator.h:16,
[INFO] [stderr] warning: librocksdb-sys@5.14.2:                  from rocksdb/db/memtable.h:19,
[INFO] [stderr] warning: librocksdb-sys@5.14.2:                  from rocksdb/db/memtable_list.h:17,
[INFO] [stderr] warning: librocksdb-sys@5.14.2:                  from rocksdb/db/column_family.h:17,
[INFO] [stderr] warning: librocksdb-sys@5.14.2:                  from rocksdb/db/version_set.h:31,
[INFO] [stderr] warning: librocksdb-sys@5.14.2:                  from rocksdb/db/compaction.h:11,
[INFO] [stderr] warning: librocksdb-sys@5.14.2:                  from rocksdb/util/sst_file_manager_impl.h:14,
[INFO] [stderr] warning: librocksdb-sys@5.14.2:                  from rocksdb/util/sst_file_manager_impl.cc:6:
[INFO] [stderr] warning: librocksdb-sys@5.14.2: rocksdb/db/version_edit.h: In instantiation of 'constexpr std::pair<_T1, _T2>::pair(_U1&&, const _T2&) [with _U1 = int&; typename std::enable_if<std::_PCC<true, _T1, _T2>::_MoveCopyPair<true, _U1, _T2>(), bool>::type <anonymous> = true; _T1 = int; _T2 = rocksdb::FileMetaData]':
[INFO] [stderr] warning: librocksdb-sys@5.14.2: /usr/include/c++/11/ext/new_allocator.h:162:4:   required from 'void __gnu_cxx::new_allocator<_Tp>::construct(_Up*, _Args&& ...) [with _Up = std::pair<int, rocksdb::FileMetaData>; _Args = {int&, const rocksdb::FileMetaData&}; _Tp = std::pair<int, rocksdb::FileMetaData>]'
[INFO] [stderr] warning: librocksdb-sys@5.14.2: /usr/include/c++/11/bits/alloc_traits.h:516:17:   required from 'static void std::allocator_traits<std::allocator<_CharT> >::construct(std::allocator_traits<std::allocator<_CharT> >::allocator_type&, _Up*, _Args&& ...) [with _Up = std::pair<int, rocksdb::FileMetaData>; _Args = {int&, const rocksdb::FileMetaData&}; _Tp = std::pair<int, rocksdb::FileMetaData>; std::allocator_traits<std::allocator<_CharT> >::allocator_type = std::allocator<std::pair<int, rocksdb::FileMetaData> >]'
[INFO] [stderr] warning: librocksdb-sys@5.14.2: /usr/include/c++/11/bits/vector.tcc:115:30:   required from 'void std::vector<_Tp, _Alloc>::emplace_back(_Args&& ...) [with _Args = {int&, const rocksdb::FileMetaData&}; _Tp = std::pair<int, rocksdb::FileMetaData>; _Alloc = std::allocator<std::pair<int, rocksdb::FileMetaData> >]'
[INFO] [stderr] warning: librocksdb-sys@5.14.2: rocksdb/db/version_edit.h:232:28:   required from here
[INFO] [stderr] warning: librocksdb-sys@5.14.2: rocksdb/db/version_edit.h:76:8: warning: implicitly-declared 'constexpr rocksdb::FileDescriptor::FileDescriptor(const rocksdb::FileDescriptor&)' is deprecated [-Wdeprecated-copy]
[INFO] [stderr] warning: librocksdb-sys@5.14.2:    76 | struct FileMetaData {
[INFO] [stderr] warning: librocksdb-sys@5.14.2:       |        ^~~~~~~~~~~~
[INFO] [stderr] warning: librocksdb-sys@5.14.2: rocksdb/db/version_edit.h:47:19: note: because 'rocksdb::FileDescriptor' has user-provided 'rocksdb::FileDescriptor& rocksdb::FileDescriptor::operator=(const rocksdb::FileDescriptor&)'
[INFO] [stderr] warning: librocksdb-sys@5.14.2:    47 |   FileDescriptor& operator=(const FileDescriptor& fd) {
[INFO] [stderr] warning: librocksdb-sys@5.14.2:       |                   ^~~~~~~~
[INFO] [stderr] warning: librocksdb-sys@5.14.2: In file included from /usr/include/c++/11/bits/stl_algobase.h:64,
[INFO] [stderr] warning: librocksdb-sys@5.14.2:                  from /usr/include/c++/11/bits/char_traits.h:39,
[INFO] [stderr] warning: librocksdb-sys@5.14.2:                  from /usr/include/c++/11/string:40,
[INFO] [stderr] warning: librocksdb-sys@5.14.2:                  from rocksdb/util/sst_file_manager_impl.h:10,
[INFO] [stderr] warning: librocksdb-sys@5.14.2:                  from rocksdb/util/sst_file_manager_impl.cc:6:
[INFO] [stderr] warning: librocksdb-sys@5.14.2: /usr/include/c++/11/bits/stl_pair.h:323:41: note: synthesized method 'rocksdb::FileMetaData::FileMetaData(const rocksdb::FileMetaData&)' first required here
[INFO] [stderr] warning: librocksdb-sys@5.14.2:   323 |        : first(std::forward<_U1>(__x)), second(__y) { }
[INFO] [stderr] warning: librocksdb-sys@5.14.2:       |                                         ^~~~~~~~~~~
[INFO] [stderr] warning: librocksdb-sys@5.14.2: rocksdb/db/version_edit.h: In instantiation of 'constexpr std::pair<_T1, _T2>::pair(_U1&&, _U2&&) [with _U1 = int&; _U2 = rocksdb::FileMetaData; typename std::enable_if<(std::_PCC<true, _T1, _T2>::_MoveConstructiblePair<_U1, _U2>() && std::_PCC<true, _T1, _T2>::_ImplicitlyMoveConvertiblePair<_U1, _U2>()), bool>::type <anonymous> = true; _T1 = int; _T2 = rocksdb::FileMetaData]':
[INFO] [stderr] warning: librocksdb-sys@5.14.2: /usr/include/c++/11/ext/new_allocator.h:162:4:   required from 'void __gnu_cxx::new_allocator<_Tp>::construct(_Up*, _Args&& ...) [with _Up = std::pair<int, rocksdb::FileMetaData>; _Args = {int&, rocksdb::FileMetaData}; _Tp = std::pair<int, rocksdb::FileMetaData>]'
[INFO] [stderr] warning: librocksdb-sys@5.14.2: /usr/include/c++/11/bits/alloc_traits.h:516:17:   required from 'static void std::allocator_traits<std::allocator<_Tp1> >::construct(std::allocator_traits<std::allocator<_Tp1> >::allocator_type&, _Up*, _Args&& ...) [with _Up = std::pair<int, rocksdb::FileMetaData>; _Args = {int&, rocksdb::FileMetaData}; _Tp = std::pair<int, rocksdb::FileMetaData>; std::allocator_traits<std::allocator<_Tp1> >::allocator_type = std::allocator<std::pair<int, rocksdb::FileMetaData> >]'
[INFO] [stderr] warning: librocksdb-sys@5.14.2: /usr/include/c++/11/bits/vector.tcc:115:30:   required from 'void std::vector<_Tp, _Alloc>::emplace_back(_Args&& ...) [with _Args = {int&, rocksdb::FileMetaData}; _Tp = std::pair<int, rocksdb::FileMetaData>; _Alloc = std::allocator<std::pair<int, rocksdb::FileMetaData> >]'
[INFO] [stderr] warning: librocksdb-sys@5.14.2: rocksdb/db/version_edit.h:227:28:   required from here
[INFO] [stderr] warning: librocksdb-sys@5.14.2: rocksdb/db/version_edit.h:76:8: warning: implicitly-declared 'constexpr rocksdb::FileDescriptor::FileDescriptor(const rocksdb::FileDescriptor&)' is deprecated [-Wdeprecated-copy]
[INFO] [stderr] warning: librocksdb-sys@5.14.2:    76 | struct FileMetaData {
[INFO] [stderr] warning: librocksdb-sys@5.14.2:       |        ^~~~~~~~~~~~
[INFO] [stderr] warning: librocksdb-sys@5.14.2: rocksdb/db/version_edit.h:47:19: note: because 'rocksdb::FileDescriptor' has user-provided 'rocksdb::FileDescriptor& rocksdb::FileDescriptor::operator=(const rocksdb::FileDescriptor&)'
[INFO] [stderr] warning: librocksdb-sys@5.14.2:    47 |   FileDescriptor& operator=(const FileDescriptor& fd) {
[INFO] [stderr] warning: librocksdb-sys@5.14.2:       |                   ^~~~~~~~
[INFO] [stderr] warning: librocksdb-sys@5.14.2: In file included from /usr/include/c++/11/bits/stl_algobase.h:64,
[INFO] [stderr] warning: librocksdb-sys@5.14.2:                  from /usr/include/c++/11/deque:60,
[INFO] [stderr] warning: librocksdb-sys@5.14.2:                  from rocksdb/db/db_impl.h:12,
[INFO] [stderr] warning: librocksdb-sys@5.14.2:                  from rocksdb/db/db_impl_readonly.h:10,
[INFO] [stderr] warning: librocksdb-sys@5.14.2:                  from rocksdb/db/db_impl_readonly.cc:6:
[INFO] [stderr] warning: librocksdb-sys@5.14.2: /usr/include/c++/11/bits/stl_pair.h:353:42: note: synthesized method 'rocksdb::FileMetaData::FileMetaData(rocksdb::FileMetaData&&)' first required here
[INFO] [stderr] warning: librocksdb-sys@5.14.2:   353 |         : first(std::forward<_U1>(__x)), second(std::forward<_U2>(__y)) { }
[INFO] [stderr] warning: librocksdb-sys@5.14.2:       |                                          ^~~~~~~~~~~~~~~~~~~~~~~~~~~~~~
[INFO] [stderr] warning: librocksdb-sys@5.14.2: In file included from rocksdb/db/range_del_aggregator.h:16,
[INFO] [stderr] warning: librocksdb-sys@5.14.2:                  from rocksdb/db/memtable.h:19,
[INFO] [stderr] warning: librocksdb-sys@5.14.2:                  from rocksdb/db/memtable_list.h:17,
[INFO] [stderr] warning: librocksdb-sys@5.14.2:                  from rocksdb/db/column_family.h:17,
[INFO] [stderr] warning: librocksdb-sys@5.14.2:                  from rocksdb/db/db_impl.h:22,
[INFO] [stderr] warning: librocksdb-sys@5.14.2:                  from rocksdb/db/db_impl_readonly.h:10,
[INFO] [stderr] warning: librocksdb-sys@5.14.2:                  from rocksdb/db/db_impl_readonly.cc:6:
[INFO] [stderr] warning: librocksdb-sys@5.14.2: rocksdb/db/version_edit.h: In instantiation of 'constexpr std::pair<_T1, _T2>::pair(_U1&&, const _T2&) [with _U1 = int&; typename std::enable_if<std::_PCC<true, _T1, _T2>::_MoveCopyPair<true, _U1, _T2>(), bool>::type <anonymous> = true; _T1 = int; _T2 = rocksdb::FileMetaData]':
[INFO] [stderr] warning: librocksdb-sys@5.14.2: /usr/include/c++/11/ext/new_allocator.h:162:4:   required from 'void __gnu_cxx::new_allocator<_Tp>::construct(_Up*, _Args&& ...) [with _Up = std::pair<int, rocksdb::FileMetaData>; _Args = {int&, const rocksdb::FileMetaData&}; _Tp = std::pair<int, rocksdb::FileMetaData>]'
[INFO] [stderr] warning: librocksdb-sys@5.14.2: /usr/include/c++/11/bits/alloc_traits.h:516:17:   required from 'static void std::allocator_traits<std::allocator<_Tp1> >::construct(std::allocator_traits<std::allocator<_Tp1> >::allocator_type&, _Up*, _Args&& ...) [with _Up = std::pair<int, rocksdb::FileMetaData>; _Args = {int&, const rocksdb::FileMetaData&}; _Tp = std::pair<int, rocksdb::FileMetaData>; std::allocator_traits<std::allocator<_Tp1> >::allocator_type = std::allocator<std::pair<int, rocksdb::FileMetaData> >]'
[INFO] [stderr] warning: librocksdb-sys@5.14.2: /usr/include/c++/11/bits/vector.tcc:115:30:   required from 'void std::vector<_Tp, _Alloc>::emplace_back(_Args&& ...) [with _Args = {int&, const rocksdb::FileMetaData&}; _Tp = std::pair<int, rocksdb::FileMetaData>; _Alloc = std::allocator<std::pair<int, rocksdb::FileMetaData> >]'
[INFO] [stderr] warning: librocksdb-sys@5.14.2: rocksdb/db/version_edit.h:232:28:   required from here
[INFO] [stderr] warning: librocksdb-sys@5.14.2: rocksdb/db/version_edit.h:76:8: warning: implicitly-declared 'constexpr rocksdb::FileDescriptor::FileDescriptor(const rocksdb::FileDescriptor&)' is deprecated [-Wdeprecated-copy]
[INFO] [stderr] warning: librocksdb-sys@5.14.2:    76 | struct FileMetaData {
[INFO] [stderr] warning: librocksdb-sys@5.14.2:       |        ^~~~~~~~~~~~
[INFO] [stderr] warning: librocksdb-sys@5.14.2: rocksdb/db/version_edit.h:47:19: note: because 'rocksdb::FileDescriptor' has user-provided 'rocksdb::FileDescriptor& rocksdb::FileDescriptor::operator=(const rocksdb::FileDescriptor&)'
[INFO] [stderr] warning: librocksdb-sys@5.14.2:    47 |   FileDescriptor& operator=(const FileDescriptor& fd) {
[INFO] [stderr] warning: librocksdb-sys@5.14.2:       |                   ^~~~~~~~
[INFO] [stderr] warning: librocksdb-sys@5.14.2: In file included from /usr/include/c++/11/bits/stl_algobase.h:64,
[INFO] [stderr] warning: librocksdb-sys@5.14.2:                  from /usr/include/c++/11/deque:60,
[INFO] [stderr] warning: librocksdb-sys@5.14.2:                  from rocksdb/db/db_impl.h:12,
[INFO] [stderr] warning: librocksdb-sys@5.14.2:                  from rocksdb/db/db_impl_readonly.h:10,
[INFO] [stderr] warning: librocksdb-sys@5.14.2:                  from rocksdb/db/db_impl_readonly.cc:6:
[INFO] [stderr] warning: librocksdb-sys@5.14.2: /usr/include/c++/11/bits/stl_pair.h:323:41: note: synthesized method 'rocksdb::FileMetaData::FileMetaData(const rocksdb::FileMetaData&)' first required here
[INFO] [stderr] warning: librocksdb-sys@5.14.2:   323 |        : first(std::forward<_U1>(__x)), second(__y) { }
[INFO] [stderr] warning: librocksdb-sys@5.14.2:       |                                         ^~~~~~~~~~~
[INFO] [stderr] 
[INFO] [stderr] error: failed to run custom build command for `librocksdb-sys v5.14.2`
[INFO] [stderr] note: To improve backtraces for build dependencies, set the CARGO_PROFILE_DEV_BUILD_OVERRIDE_DEBUG=true environment variable to enable debug information generation.
[INFO] [stderr] 
[INFO] [stderr] Caused by:
[INFO] [stderr]   process didn't exit successfully: `/opt/rustwide/target/debug/build/librocksdb-sys-757845953b54363e/build-script-build` (exit status: 101)
[INFO] [stderr]   --- stdout
[INFO] [stderr]   cargo:rerun-if-changed=build.rs
[INFO] [stderr]   cargo:rerun-if-changed=rocksdb/
[INFO] [stderr]   cargo:rerun-if-changed=snappy/
[INFO] [stderr]   TARGET = Some("x86_64-unknown-linux-gnu")
[INFO] [stderr]   OPT_LEVEL = Some("0")
[INFO] [stderr]   HOST = Some("x86_64-unknown-linux-gnu")
[INFO] [stderr]   CXX_x86_64-unknown-linux-gnu = None
[INFO] [stderr]   CXX_x86_64_unknown_linux_gnu = None
[INFO] [stderr]   HOST_CXX = None
[INFO] [stderr]   CXX = None
[INFO] [stderr]   CXXFLAGS_x86_64-unknown-linux-gnu = None
[INFO] [stderr]   CXXFLAGS_x86_64_unknown_linux_gnu = None
[INFO] [stderr]   HOST_CXXFLAGS = None
[INFO] [stderr]   CXXFLAGS = None
[INFO] [stderr]   DEBUG = Some("true")
[INFO] [stderr]   running: "c++" "-O0" "-ffunction-sections" "-fdata-sections" "-fPIC" "-g" "-fno-omit-frame-pointer" "-m64" "-I" "rocksdb/include/" "-I" "rocksdb/" "-I" "rocksdb/third-party/gtest-1.7.0/fused-src/" "-I" "snappy/" "-I" "." "-Wall" "-Wextra" "-std=c++11" "-Wno-unused-parameter" "-DNDEBUG=1" "-DSNAPPY=1" "-DOS_LINUX=1" "-DROCKSDB_PLATFORM_POSIX=1" "-DROCKSDB_LIB_IO_POSIX=1" "-o" "/opt/rustwide/target/debug/build/librocksdb-sys-52cf53b183fa0c80/out/rocksdb/utilities/blob_db/blob_log_format.o" "-c" "rocksdb/utilities/blob_db/blob_log_format.cc"
[INFO] [stderr]   running: "c++" "-O0" "-ffunction-sections" "-fdata-sections" "-fPIC" "-g" "-fno-omit-frame-pointer" "-m64" "-I" "rocksdb/include/" "-I" "rocksdb/" "-I" "rocksdb/third-party/gtest-1.7.0/fused-src/" "-I" "snappy/" "-I" "." "-Wall" "-Wextra" "-std=c++11" "-Wno-unused-parameter" "-DNDEBUG=1" "-DSNAPPY=1" "-DOS_LINUX=1" "-DROCKSDB_PLATFORM_POSIX=1" "-DROCKSDB_LIB_IO_POSIX=1" "-o" "/opt/rustwide/target/debug/build/librocksdb-sys-52cf53b183fa0c80/out/rocksdb/util/hash.o" "-c" "rocksdb/util/hash.cc"
[INFO] [stderr]   running: "c++" "-O0" "-ffunction-sections" "-fdata-sections" "-fPIC" "-g" "-fno-omit-frame-pointer" "-m64" "-I" "rocksdb/include/" "-I" "rocksdb/" "-I" "rocksdb/third-party/gtest-1.7.0/fused-src/" "-I" "snappy/" "-I" "." "-Wall" "-Wextra" "-std=c++11" "-Wno-unused-parameter" "-DNDEBUG=1" "-DSNAPPY=1" "-DOS_LINUX=1" "-DROCKSDB_PLATFORM_POSIX=1" "-DROCKSDB_LIB_IO_POSIX=1" "-o" "/opt/rustwide/target/debug/build/librocksdb-sys-52cf53b183fa0c80/out/rocksdb/db/write_batch.o" "-c" "rocksdb/db/write_batch.cc"
[INFO] [stderr]   running: "c++" "-O0" "-ffunction-sections" "-fdata-sections" "-fPIC" "-g" "-fno-omit-frame-pointer" "-m64" "-I" "rocksdb/include/" "-I" "rocksdb/" "-I" "rocksdb/third-party/gtest-1.7.0/fused-src/" "-I" "snappy/" "-I" "." "-Wall" "-Wextra" "-std=c++11" "-Wno-unused-parameter" "-DNDEBUG=1" "-DSNAPPY=1" "-DOS_LINUX=1" "-DROCKSDB_PLATFORM_POSIX=1" "-DROCKSDB_LIB_IO_POSIX=1" "-o" "/opt/rustwide/target/debug/build/librocksdb-sys-52cf53b183fa0c80/out/rocksdb/util/status.o" "-c" "rocksdb/util/status.cc"
[INFO] [stderr]   running: "c++" "-O0" "-ffunction-sections" "-fdata-sections" "-fPIC" "-g" "-fno-omit-frame-pointer" "-m64" "-I" "rocksdb/include/" "-I" "rocksdb/" "-I" "rocksdb/third-party/gtest-1.7.0/fused-src/" "-I" "snappy/" "-I" "." "-Wall" "-Wextra" "-std=c++11" "-Wno-unused-parameter" "-DNDEBUG=1" "-DSNAPPY=1" "-DOS_LINUX=1" "-DROCKSDB_PLATFORM_POSIX=1" "-DROCKSDB_LIB_IO_POSIX=1" "-o" "/opt/rustwide/target/debug/build/librocksdb-sys-52cf53b183fa0c80/out/rocksdb/util/dynamic_bloom.o" "-c" "rocksdb/util/dynamic_bloom.cc"
[INFO] [stderr]   running: "c++" "-O0" "-ffunction-sections" "-fdata-sections" "-fPIC" "-g" "-fno-omit-frame-pointer" "-m64" "-I" "rocksdb/include/" "-I" "rocksdb/" "-I" "rocksdb/third-party/gtest-1.7.0/fused-src/" "-I" "snappy/" "-I" "." "-Wall" "-Wextra" "-std=c++11" "-Wno-unused-parameter" "-DNDEBUG=1" "-DSNAPPY=1" "-DOS_LINUX=1" "-DROCKSDB_PLATFORM_POSIX=1" "-DROCKSDB_LIB_IO_POSIX=1" "-o" "/opt/rustwide/target/debug/build/librocksdb-sys-52cf53b183fa0c80/out/rocksdb/utilities/merge_operators/bytesxor.o" "-c" "rocksdb/utilities/merge_operators/bytesxor.cc"
[INFO] [stderr]   running: "c++" "-O0" "-ffunction-sections" "-fdata-sections" "-fPIC" "-g" "-fno-omit-frame-pointer" "-m64" "-I" "rocksdb/include/" "-I" "rocksdb/" "-I" "rocksdb/third-party/gtest-1.7.0/fused-src/" "-I" "snappy/" "-I" "." "-Wall" "-Wextra" "-std=c++11" "-Wno-unused-parameter" "-DNDEBUG=1" "-DSNAPPY=1" "-DOS_LINUX=1" "-DROCKSDB_PLATFORM_POSIX=1" "-DROCKSDB_LIB_IO_POSIX=1" "-o" "/opt/rustwide/target/debug/build/librocksdb-sys-52cf53b183fa0c80/out/rocksdb/table/full_filter_block.o" "-c" "rocksdb/table/full_filter_block.cc"
[INFO] [stderr]   running: "c++" "-O0" "-ffunction-sections" "-fdata-sections" "-fPIC" "-g" "-fno-omit-frame-pointer" "-m64" "-I" "rocksdb/include/" "-I" "rocksdb/" "-I" "rocksdb/third-party/gtest-1.7.0/fused-src/" "-I" "snappy/" "-I" "." "-Wall" "-Wextra" "-std=c++11" "-Wno-unused-parameter" "-DNDEBUG=1" "-DSNAPPY=1" "-DOS_LINUX=1" "-DROCKSDB_PLATFORM_POSIX=1" "-DROCKSDB_LIB_IO_POSIX=1" "-o" "/opt/rustwide/target/debug/build/librocksdb-sys-52cf53b183fa0c80/out/rocksdb/util/random.o" "-c" "rocksdb/util/random.cc"
[INFO] [stderr]   running: "c++" "-O0" "-ffunction-sections" "-fdata-sections" "-fPIC" "-g" "-fno-omit-frame-pointer" "-m64" "-I" "rocksdb/include/" "-I" "rocksdb/" "-I" "rocksdb/third-party/gtest-1.7.0/fused-src/" "-I" "snappy/" "-I" "." "-Wall" "-Wextra" "-std=c++11" "-Wno-unused-parameter" "-DNDEBUG=1" "-DSNAPPY=1" "-DOS_LINUX=1" "-DROCKSDB_PLATFORM_POSIX=1" "-DROCKSDB_LIB_IO_POSIX=1" "-o" "/opt/rustwide/target/debug/build/librocksdb-sys-52cf53b183fa0c80/out/rocksdb/util/murmurhash.o" "-c" "rocksdb/util/murmurhash.cc"
[INFO] [stderr]   running: "c++" "-O0" "-ffunction-sections" "-fdata-sections" "-fPIC" "-g" "-fno-omit-frame-pointer" "-m64" "-I" "rocksdb/include/" "-I" "rocksdb/" "-I" "rocksdb/third-party/gtest-1.7.0/fused-src/" "-I" "snappy/" "-I" "." "-Wall" "-Wextra" "-std=c++11" "-Wno-unused-parameter" "-DNDEBUG=1" "-DSNAPPY=1" "-DOS_LINUX=1" "-DROCKSDB_PLATFORM_POSIX=1" "-DROCKSDB_LIB_IO_POSIX=1" "-o" "/opt/rustwide/target/debug/build/librocksdb-sys-52cf53b183fa0c80/out/rocksdb/cache/clock_cache.o" "-c" "rocksdb/cache/clock_cache.cc"
[INFO] [stderr]   running: "c++" "-O0" "-ffunction-sections" "-fdata-sections" "-fPIC" "-g" "-fno-omit-frame-pointer" "-m64" "-I" "rocksdb/include/" "-I" "rocksdb/" "-I" "rocksdb/third-party/gtest-1.7.0/fused-src/" "-I" "snappy/" "-I" "." "-Wall" "-Wextra" "-std=c++11" "-Wno-unused-parameter" "-DNDEBUG=1" "-DSNAPPY=1" "-DOS_LINUX=1" "-DROCKSDB_PLATFORM_POSIX=1" "-DROCKSDB_LIB_IO_POSIX=1" "-o" "/opt/rustwide/target/debug/build/librocksdb-sys-52cf53b183fa0c80/out/rocksdb/util/log_buffer.o" "-c" "rocksdb/util/log_buffer.cc"
[INFO] [stderr]   running: "c++" "-O0" "-ffunction-sections" "-fdata-sections" "-fPIC" "-g" "-fno-omit-frame-pointer" "-m64" "-I" "rocksdb/include/" "-I" "rocksdb/" "-I" "rocksdb/third-party/gtest-1.7.0/fused-src/" "-I" "snappy/" "-I" "." "-Wall" "-Wextra" "-std=c++11" "-Wno-unused-parameter" "-DNDEBUG=1" "-DSNAPPY=1" "-DOS_LINUX=1" "-DROCKSDB_PLATFORM_POSIX=1" "-DROCKSDB_LIB_IO_POSIX=1" "-o" "/opt/rustwide/target/debug/build/librocksdb-sys-52cf53b183fa0c80/out/rocksdb/db/db_filesnapshot.o" "-c" "rocksdb/db/db_filesnapshot.cc"
[INFO] [stderr]   running: "c++" "-O0" "-ffunction-sections" "-fdata-sections" "-fPIC" "-g" "-fno-omit-frame-pointer" "-m64" "-I" "rocksdb/include/" "-I" "rocksdb/" "-I" "rocksdb/third-party/gtest-1.7.0/fused-src/" "-I" "snappy/" "-I" "." "-Wall" "-Wextra" "-std=c++11" "-Wno-unused-parameter" "-DNDEBUG=1" "-DSNAPPY=1" "-DOS_LINUX=1" "-DROCKSDB_PLATFORM_POSIX=1" "-DROCKSDB_LIB_IO_POSIX=1" "-o" "/opt/rustwide/target/debug/build/librocksdb-sys-52cf53b183fa0c80/out/rocksdb/db/db_impl_open.o" "-c" "rocksdb/db/db_impl_open.cc"
[INFO] [stderr]   running: "c++" "-O0" "-ffunction-sections" "-fdata-sections" "-fPIC" "-g" "-fno-omit-frame-pointer" "-m64" "-I" "rocksdb/include/" "-I" "rocksdb/" "-I" "rocksdb/third-party/gtest-1.7.0/fused-src/" "-I" "snappy/" "-I" "." "-Wall" "-Wextra" "-std=c++11" "-Wno-unused-parameter" "-DNDEBUG=1" "-DSNAPPY=1" "-DOS_LINUX=1" "-DROCKSDB_PLATFORM_POSIX=1" "-DROCKSDB_LIB_IO_POSIX=1" "-o" "/opt/rustwide/target/debug/build/librocksdb-sys-52cf53b183fa0c80/out/rocksdb/db/experimental.o" "-c" "rocksdb/db/experimental.cc"
[INFO] [stderr]   running: "c++" "-O0" "-ffunction-sections" "-fdata-sections" "-fPIC" "-g" "-fno-omit-frame-pointer" "-m64" "-I" "rocksdb/include/" "-I" "rocksdb/" "-I" "rocksdb/third-party/gtest-1.7.0/fused-src/" "-I" "snappy/" "-I" "." "-Wall" "-Wextra" "-std=c++11" "-Wno-unused-parameter" "-DNDEBUG=1" "-DSNAPPY=1" "-DOS_LINUX=1" "-DROCKSDB_PLATFORM_POSIX=1" "-DROCKSDB_LIB_IO_POSIX=1" "-o" "/opt/rustwide/target/debug/build/librocksdb-sys-52cf53b183fa0c80/out/rocksdb/util/slice.o" "-c" "rocksdb/util/slice.cc"
[INFO] [stderr]   running: "c++" "-O0" "-ffunction-sections" "-fdata-sections" "-fPIC" "-g" "-fno-omit-frame-pointer" "-m64" "-I" "rocksdb/include/" "-I" "rocksdb/" "-I" "rocksdb/third-party/gtest-1.7.0/fused-src/" "-I" "snappy/" "-I" "." "-Wall" "-Wextra" "-std=c++11" "-Wno-unused-parameter" "-DNDEBUG=1" "-DSNAPPY=1" "-DOS_LINUX=1" "-DROCKSDB_PLATFORM_POSIX=1" "-DROCKSDB_LIB_IO_POSIX=1" "-o" "/opt/rustwide/target/debug/build/librocksdb-sys-52cf53b183fa0c80/out/rocksdb/table/sst_file_writer.o" "-c" "rocksdb/table/sst_file_writer.cc"
[INFO] [stderr]   exit status: 0
[INFO] [stderr]   running: "c++" "-O0" "-ffunction-sections" "-fdata-sections" "-fPIC" "-g" "-fno-omit-frame-pointer" "-m64" "-I" "rocksdb/include/" "-I" "rocksdb/" "-I" "rocksdb/third-party/gtest-1.7.0/fused-src/" "-I" "snappy/" "-I" "." "-Wall" "-Wextra" "-std=c++11" "-Wno-unused-parameter" "-DNDEBUG=1" "-DSNAPPY=1" "-DOS_LINUX=1" "-DROCKSDB_PLATFORM_POSIX=1" "-DROCKSDB_LIB_IO_POSIX=1" "-o" "/opt/rustwide/target/debug/build/librocksdb-sys-52cf53b183fa0c80/out/rocksdb/db/db_info_dumper.o" "-c" "rocksdb/db/db_info_dumper.cc"
[INFO] [stderr]   exit status: 0
[INFO] [stderr]   running: "c++" "-O0" "-ffunction-sections" "-fdata-sections" "-fPIC" "-g" "-fno-omit-frame-pointer" "-m64" "-I" "rocksdb/include/" "-I" "rocksdb/" "-I" "rocksdb/third-party/gtest-1.7.0/fused-src/" "-I" "snappy/" "-I" "." "-Wall" "-Wextra" "-std=c++11" "-Wno-unused-parameter" "-DNDEBUG=1" "-DSNAPPY=1" "-DOS_LINUX=1" "-DROCKSDB_PLATFORM_POSIX=1" "-DROCKSDB_LIB_IO_POSIX=1" "-o" "/opt/rustwide/target/debug/build/librocksdb-sys-52cf53b183fa0c80/out/rocksdb/db/db_impl_readonly.o" "-c" "rocksdb/db/db_impl_readonly.cc"
[INFO] [stderr]   exit status: 0
[INFO] [stderr]   running: "c++" "-O0" "-ffunction-sections" "-fdata-sections" "-fPIC" "-g" "-fno-omit-frame-pointer" "-m64" "-I" "rocksdb/include/" "-I" "rocksdb/" "-I" "rocksdb/third-party/gtest-1.7.0/fused-src/" "-I" "snappy/" "-I" "." "-Wall" "-Wextra" "-std=c++11" "-Wno-unused-parameter" "-DNDEBUG=1" "-DSNAPPY=1" "-DOS_LINUX=1" "-DROCKSDB_PLATFORM_POSIX=1" "-DROCKSDB_LIB_IO_POSIX=1" "-o" "/opt/rustwide/target/debug/build/librocksdb-sys-52cf53b183fa0c80/out/rocksdb/util/status_message.o" "-c" "rocksdb/util/status_message.cc"
[INFO] [stderr]   exit status: 0
[INFO] [stderr]   running: "c++" "-O0" "-ffunction-sections" "-fdata-sections" "-fPIC" "-g" "-fno-omit-frame-pointer" "-m64" "-I" "rocksdb/include/" "-I" "rocksdb/" "-I" "rocksdb/third-party/gtest-1.7.0/fused-src/" "-I" "snappy/" "-I" "." "-Wall" "-Wextra" "-std=c++11" "-Wno-unused-parameter" "-DNDEBUG=1" "-DSNAPPY=1" "-DOS_LINUX=1" "-DROCKSDB_PLATFORM_POSIX=1" "-DROCKSDB_LIB_IO_POSIX=1" "-o" "/opt/rustwide/target/debug/build/librocksdb-sys-52cf53b183fa0c80/out/rocksdb/util/sst_file_manager_impl.o" "-c" "rocksdb/util/sst_file_manager_impl.cc"
[INFO] [stderr]   exit status: 0
[INFO] [stderr]   running: "c++" "-O0" "-ffunction-sections" "-fdata-sections" "-fPIC" "-g" "-fno-omit-frame-pointer" "-m64" "-I" "rocksdb/include/" "-I" "rocksdb/" "-I" "rocksdb/third-party/gtest-1.7.0/fused-src/" "-I" "snappy/" "-I" "." "-Wall" "-Wextra" "-std=c++11" "-Wno-unused-parameter" "-DNDEBUG=1" "-DSNAPPY=1" "-DOS_LINUX=1" "-DROCKSDB_PLATFORM_POSIX=1" "-DROCKSDB_LIB_IO_POSIX=1" "-o" "/opt/rustwide/target/debug/build/librocksdb-sys-52cf53b183fa0c80/out/rocksdb/utilities/option_change_migration/option_change_migration.o" "-c" "rocksdb/utilities/option_change_migration/option_change_migration.cc"
[INFO] [stderr]   exit status: 0
[INFO] [stderr]   running: "c++" "-O0" "-ffunction-sections" "-fdata-sections" "-fPIC" "-g" "-fno-omit-frame-pointer" "-m64" "-I" "rocksdb/include/" "-I" "rocksdb/" "-I" "rocksdb/third-party/gtest-1.7.0/fused-src/" "-I" "snappy/" "-I" "." "-Wall" "-Wextra" "-std=c++11" "-Wno-unused-parameter" "-DNDEBUG=1" "-DSNAPPY=1" "-DOS_LINUX=1" "-DROCKSDB_PLATFORM_POSIX=1" "-DROCKSDB_LIB_IO_POSIX=1" "-o" "/opt/rustwide/target/debug/build/librocksdb-sys-52cf53b183fa0c80/out/rocksdb/util/rate_limiter.o" "-c" "rocksdb/util/rate_limiter.cc"
[INFO] [stderr]   exit status: 0
[INFO] [stderr]   running: "c++" "-O0" "-ffunction-sections" "-fdata-sections" "-fPIC" "-g" "-fno-omit-frame-pointer" "-m64" "-I" "rocksdb/include/" "-I" "rocksdb/" "-I" "rocksdb/third-party/gtest-1.7.0/fused-src/" "-I" "snappy/" "-I" "." "-Wall" "-Wextra" "-std=c++11" "-Wno-unused-parameter" "-DNDEBUG=1" "-DSNAPPY=1" "-DOS_LINUX=1" "-DROCKSDB_PLATFORM_POSIX=1" "-DROCKSDB_LIB_IO_POSIX=1" "-o" "/opt/rustwide/target/debug/build/librocksdb-sys-52cf53b183fa0c80/out/rocksdb/cache/lru_cache.o" "-c" "rocksdb/cache/lru_cache.cc"
[INFO] [stderr]   exit status: 0
[INFO] [stderr]   running: "c++" "-O0" "-ffunction-sections" "-fdata-sections" "-fPIC" "-g" "-fno-omit-frame-pointer" "-m64" "-I" "rocksdb/include/" "-I" "rocksdb/" "-I" "rocksdb/third-party/gtest-1.7.0/fused-src/" "-I" "snappy/" "-I" "." "-Wall" "-Wextra" "-std=c++11" "-Wno-unused-parameter" "-DNDEBUG=1" "-DSNAPPY=1" "-DOS_LINUX=1" "-DROCKSDB_PLATFORM_POSIX=1" "-DROCKSDB_LIB_IO_POSIX=1" "-o" "/opt/rustwide/target/debug/build/librocksdb-sys-52cf53b183fa0c80/out/rocksdb/util/event_logger.o" "-c" "rocksdb/util/event_logger.cc"
[INFO] [stderr]   exit status: 0
[INFO] [stderr]   running: "c++" "-O0" "-ffunction-sections" "-fdata-sections" "-fPIC" "-g" "-fno-omit-frame-pointer" "-m64" "-I" "rocksdb/include/" "-I" "rocksdb/" "-I" "rocksdb/third-party/gtest-1.7.0/fused-src/" "-I" "snappy/" "-I" "." "-Wall" "-Wextra" "-std=c++11" "-Wno-unused-parameter" "-DNDEBUG=1" "-DSNAPPY=1" "-DOS_LINUX=1" "-DROCKSDB_PLATFORM_POSIX=1" "-DROCKSDB_LIB_IO_POSIX=1" "-o" "/opt/rustwide/target/debug/build/librocksdb-sys-52cf53b183fa0c80/out/rocksdb/util/string_util.o" "-c" "rocksdb/util/string_util.cc"
[INFO] [stderr]   cargo:warning=In file included from rocksdb/db/range_del_aggregator.h:16,
[INFO] [stderr]   cargo:warning=                 from rocksdb/db/memtable.h:19,
[INFO] [stderr]   cargo:warning=                 from rocksdb/db/memtable_list.h:17,
[INFO] [stderr]   cargo:warning=                 from rocksdb/db/column_family.h:17,
[INFO] [stderr]   cargo:warning=                 from rocksdb/db/db_impl.h:22,
[INFO] [stderr]   cargo:warning=                 from rocksdb/db/db_filesnapshot.cc:17:
[INFO] [stderr]   cargo:warning=rocksdb/db/version_edit.h: In constructor 'rocksdb::FdWithKeyRange::FdWithKeyRange(rocksdb::FileDescriptor, rocksdb::Slice, rocksdb::Slice, rocksdb::FileMetaData*)':
[INFO] [stderr]   cargo:warning=rocksdb/db/version_edit.h:154:9: warning: implicitly-declared 'constexpr rocksdb::FileDescriptor::FileDescriptor(const rocksdb::FileDescriptor&)' is deprecated [-Wdeprecated-copy]
[INFO] [stderr]   cargo:warning=  154 |       : fd(_fd),
[INFO] [stderr]   cargo:warning=      |         ^~~~~~~
[INFO] [stderr]   cargo:warning=rocksdb/db/version_edit.h:47:19: note: because 'rocksdb::FileDescriptor' has user-provided 'rocksdb::FileDescriptor& rocksdb::FileDescriptor::operator=(const rocksdb::FileDescriptor&)'
[INFO] [stderr]   cargo:warning=   47 |   FileDescriptor& operator=(const FileDescriptor& fd) {
[INFO] [stderr]   cargo:warning=      |                   ^~~~~~~~
[INFO] [stderr]   cargo:warning=In file included from rocksdb/db/range_del_aggregator.h:16,
[INFO] [stderr]   cargo:warning=                 from rocksdb/db/memtable.h:19,
[INFO] [stderr]   cargo:warning=                 from rocksdb/db/memtable_list.h:17,
[INFO] [stderr]   cargo:warning=                 from rocksdb/db/column_family.h:17,
[INFO] [stderr]   cargo:warning=                 from rocksdb/db/db_impl.h:22,
[INFO] [stderr]   cargo:warning=                 from rocksdb/db/experimental.cc:8:
[INFO] [stderr]   cargo:warning=rocksdb/db/version_edit.h: In constructor 'rocksdb::FdWithKeyRange::FdWithKeyRange(rocksdb::FileDescriptor, rocksdb::Slice, rocksdb::Slice, rocksdb::FileMetaData*)':
[INFO] [stderr]   cargo:warning=rocksdb/db/version_edit.h:154:9: warning: implicitly-declared 'constexpr rocksdb::FileDescriptor::FileDescriptor(const rocksdb::FileDescriptor&)' is deprecated [-Wdeprecated-copy]
[INFO] [stderr]   cargo:warning=  154 |       : fd(_fd),
[INFO] [stderr]   cargo:warning=      |         ^~~~~~~
[INFO] [stderr]   cargo:warning=rocksdb/db/version_edit.h:47:19: note: because 'rocksdb::FileDescriptor' has user-provided 'rocksdb::FileDescriptor& rocksdb::FileDescriptor::operator=(const rocksdb::FileDescriptor&)'
[INFO] [stderr]   cargo:warning=   47 |   FileDescriptor& operator=(const FileDescriptor& fd) {
[INFO] [stderr]   cargo:warning=      |                   ^~~~~~~~
[INFO] [stderr]   exit status: 0
[INFO] [stderr]   running: "c++" "-O0" "-ffunction-sections" "-fdata-sections" "-fPIC" "-g" "-fno-omit-frame-pointer" "-m64" "-I" "rocksdb/include/" "-I" "rocksdb/" "-I" "rocksdb/third-party/gtest-1.7.0/fused-src/" "-I" "snappy/" "-I" "." "-Wall" "-Wextra" "-std=c++11" "-Wno-unused-parameter" "-DNDEBUG=1" "-DSNAPPY=1" "-DOS_LINUX=1" "-DROCKSDB_PLATFORM_POSIX=1" "-DROCKSDB_LIB_IO_POSIX=1" "-o" "/opt/rustwide/target/debug/build/librocksdb-sys-52cf53b183fa0c80/out/rocksdb/db/dbformat.o" "-c" "rocksdb/db/dbformat.cc"
[INFO] [stderr]   cargo:warning=In file included from rocksdb/db/range_del_aggregator.h:16,
[INFO] [stderr]   cargo:warning=In file included from rocksdb/db/range_del_aggregator.h:16,
[INFO] [stderr]   cargo:warning=                 from rocksdb/db/memtable.h:19,
[INFO] [stderr]   cargo:warning=                 from rocksdb/db/memtable_list.h:17,
[INFO] [stderr]   cargo:warning=                 from rocksdb/db/memtable.h:19,
[INFO] [stderr]   cargo:warning=                 from rocksdb/db/column_family.h:17,
[INFO] [stderr]   cargo:warning=                 from rocksdb/db/memtable_list.h:17,
[INFO] [stderr]   cargo:warning=                 from rocksdb/db/db_impl.h:22,
[INFO] [stderr]   cargo:warning=                 from rocksdb/db/column_family.h:17,
[INFO] [stderr]   cargo:warning=                 from rocksdb/db/db_impl_open.cc:9:
[INFO] [stderr]   cargo:warning=                 from rocksdb/db/write_batch.cc:43:
[INFO] [stderr]   cargo:warning=rocksdb/db/version_edit.h: In constructor 'rocksdb::FdWithKeyRange::FdWithKeyRange(rocksdb::FileDescriptor, rocksdb::Slice, rocksdb::Slice, rocksdb::FileMetaData*)':
[INFO] [stderr]   cargo:warning=rocksdb/db/version_edit.h: In constructor 'rocksdb::FdWithKeyRange::FdWithKeyRange(rocksdb::FileDescriptor, rocksdb::Slice, rocksdb::Slice, rocksdb::FileMetaData*)':
[INFO] [stderr]   cargo:warning=rocksdb/db/version_edit.h:154:9: warning: implicitly-declared 'constexpr rocksdb::FileDescriptor::FileDescriptor(const rocksdb::FileDescriptor&)' is deprecated [-Wdeprecated-copy]
[INFO] [stderr]   cargo:warning=rocksdb/db/version_edit.h:154:9: warning: implicitly-declared 'constexpr rocksdb::FileDescriptor::FileDescriptor(const rocksdb::FileDescriptor&)' is deprecated [-Wdeprecated-copy]
[INFO] [stderr]   cargo:warning=  154 |       : fd(_fd),
[INFO] [stderr]   cargo:warning=  154 |       : fd(_fd),
[INFO] [stderr]   cargo:warning=      |         ^~~~~~~
[INFO] [stderr]   cargo:warning=      |         ^~~~~~~
[INFO] [stderr]   cargo:warning=rocksdb/db/version_edit.h:47:19: note: because 'rocksdb::FileDescriptor' has user-provided 'rocksdb::FileDescriptor& rocksdb::FileDescriptor::operator=(const rocksdb::FileDescriptor&)'
[INFO] [stderr]   cargo:warning=rocksdb/db/version_edit.h:47:19: note: because 'rocksdb::FileDescriptor' has user-provided 'rocksdb::FileDescriptor& rocksdb::FileDescriptor::operator=(const rocksdb::FileDescriptor&)'
[INFO] [stderr]   cargo:warning=   47 |   FileDescriptor& operator=(const FileDescriptor& fd) {
[INFO] [stderr]   cargo:warning=   47 |   FileDescriptor& operator=(const FileDescriptor& fd) {
[INFO] [stderr]   cargo:warning=      |                   ^~~~~~~~
[INFO] [stderr]   cargo:warning=      |                   ^~~~~~~~
[INFO] [stderr]   exit status: 0
[INFO] [stderr]   running: "c++" "-O0" "-ffunction-sections" "-fdata-sections" "-fPIC" "-g" "-fno-omit-frame-pointer" "-m64" "-I" "rocksdb/include/" "-I" "rocksdb/" "-I" "rocksdb/third-party/gtest-1.7.0/fused-src/" "-I" "snappy/" "-I" "." "-Wall" "-Wextra" "-std=c++11" "-Wno-unused-parameter" "-DNDEBUG=1" "-DSNAPPY=1" "-DOS_LINUX=1" "-DROCKSDB_PLATFORM_POSIX=1" "-DROCKSDB_LIB_IO_POSIX=1" "-o" "/opt/rustwide/target/debug/build/librocksdb-sys-52cf53b183fa0c80/out/rocksdb/utilities/blob_db/blob_log_reader.o" "-c" "rocksdb/utilities/blob_db/blob_log_reader.cc"
[INFO] [stderr]   cargo:warning=c++: fatal error: Killed signal terminated program cc1plus
[INFO] [stderr]   cargo:warning=compilation terminated.
[INFO] [stderr]   exit status: 1
[INFO] [stderr]   cargo:warning=c++: fatal error: Killed signal terminated program cc1plus
[INFO] [stderr]   cargo:warning=compilation terminated.
[INFO] [stderr]   exit status: 1
[INFO] [stderr]   cargo:warning=c++: fatal error: Killed signal terminated program cc1plus
[INFO] [stderr]   cargo:warning=compilation terminated.
[INFO] [stderr]   exit status: 1
[INFO] [stderr]   cargo:warning=c++: fatal error: Killed signal terminated program cc1plus
[INFO] [stderr]   cargo:warning=compilation terminated.
[INFO] [stderr]   exit status: 1
[INFO] [stderr]   cargo:warning=In file included from rocksdb/db/range_del_aggregator.h:16,
[INFO] [stderr]   cargo:warning=                 from rocksdb/db/memtable.h:19,
[INFO] [stderr]   cargo:warning=                 from rocksdb/db/memtable_list.h:17,
[INFO] [stderr]   cargo:warning=                 from rocksdb/db/column_family.h:17,
[INFO] [stderr]   cargo:warning=                 from rocksdb/db/db_impl.h:22,
[INFO] [stderr]   cargo:warning=                 from rocksdb/db/db_impl_readonly.h:10,
[INFO] [stderr]   cargo:warning=                 from rocksdb/db/db_impl_readonly.cc:6:
[INFO] [stderr]   cargo:warning=rocksdb/db/version_edit.h: In constructor 'rocksdb::FdWithKeyRange::FdWithKeyRange(rocksdb::FileDescriptor, rocksdb::Slice, rocksdb::Slice, rocksdb::FileMetaData*)':
[INFO] [stderr]   cargo:warning=rocksdb/db/version_edit.h:154:9: warning: implicitly-declared 'constexpr rocksdb::FileDescriptor::FileDescriptor(const rocksdb::FileDescriptor&)' is deprecated [-Wdeprecated-copy]
[INFO] [stderr]   cargo:warning=  154 |       : fd(_fd),
[INFO] [stderr]   cargo:warning=      |         ^~~~~~~
[INFO] [stderr]   cargo:warning=rocksdb/db/version_edit.h:47:19: note: because 'rocksdb::FileDescriptor' has user-provided 'rocksdb::FileDescriptor& rocksdb::FileDescriptor::operator=(const rocksdb::FileDescriptor&)'
[INFO] [stderr]   cargo:warning=   47 |   FileDescriptor& operator=(const FileDescriptor& fd) {
[INFO] [stderr]   cargo:warning=      |                   ^~~~~~~~
[INFO] [stderr]   cargo:warning=In file included from rocksdb/db/range_del_aggregator.h:16,
[INFO] [stderr]   cargo:warning=                 from rocksdb/db/memtable.h:19,
[INFO] [stderr]   cargo:warning=                 from rocksdb/db/memtable_list.h:17,
[INFO] [stderr]   cargo:warning=                 from rocksdb/db/column_family.h:17,
[INFO] [stderr]   cargo:warning=                 from rocksdb/db/version_set.h:31,
[INFO] [stderr]   cargo:warning=                 from rocksdb/db/compaction.h:11,
[INFO] [stderr]   cargo:warning=                 from rocksdb/util/sst_file_manager_impl.h:14,
[INFO] [stderr]   cargo:warning=                 from rocksdb/util/sst_file_manager_impl.cc:6:
[INFO] [stderr]   cargo:warning=rocksdb/db/version_edit.h: In constructor 'rocksdb::FdWithKeyRange::FdWithKeyRange(rocksdb::FileDescriptor, rocksdb::Slice, rocksdb::Slice, rocksdb::FileMetaData*)':
[INFO] [stderr]   cargo:warning=rocksdb/db/version_edit.h:154:9: warning: implicitly-declared 'constexpr rocksdb::FileDescriptor::FileDescriptor(const rocksdb::FileDescriptor&)' is deprecated [-Wdeprecated-copy]
[INFO] [stderr]   cargo:warning=  154 |       : fd(_fd),
[INFO] [stderr]   cargo:warning=      |         ^~~~~~~
[INFO] [stderr]   cargo:warning=rocksdb/db/version_edit.h:47:19: note: because 'rocksdb::FileDescriptor' has user-provided 'rocksdb::FileDescriptor& rocksdb::FileDescriptor::operator=(const rocksdb::FileDescriptor&)'
[INFO] [stderr]   cargo:warning=   47 |   FileDescriptor& operator=(const FileDescriptor& fd) {
[INFO] [stderr]   cargo:warning=      |                   ^~~~~~~~
[INFO] [stderr]   cargo:warning=c++: fatal error: Killed signal terminated program cc1plus
[INFO] [stderr]   cargo:warning=compilation terminated.
[INFO] [stderr]   exit status: 1
[INFO] [stderr]   exit status: 0
[INFO] [stderr]   exit status: 0
[INFO] [stderr]   exit status: 0
[INFO] [stderr]   exit status: 0
[INFO] [stderr]   exit status: 0
[INFO] [stderr]   exit status: 0
[INFO] [stderr]   exit status: 0
[INFO] [stderr]   cargo:warning=rocksdb/db/version_edit.h: In instantiation of 'constexpr std::pair<_T1, _T2>::pair(_U1&&, _U2&&) [with _U1 = int&; _U2 = rocksdb::FileMetaData; typename std::enable_if<(std::_PCC<true, _T1, _T2>::_MoveConstructiblePair<_U1, _U2>() && std::_PCC<true, _T1, _T2>::_ImplicitlyMoveConvertiblePair<_U1, _U2>()), bool>::type <anonymous> = true; _T1 = int; _T2 = rocksdb::FileMetaData]':
[INFO] [stderr]   cargo:warning=/usr/include/c++/11/ext/new_allocator.h:162:4:   required from 'void __gnu_cxx::new_allocator<_Tp>::construct(_Up*, _Args&& ...) [with _Up = std::pair<int, rocksdb::FileMetaData>; _Args = {int&, rocksdb::FileMetaData}; _Tp = std::pair<int, rocksdb::FileMetaData>]'
[INFO] [stderr]   cargo:warning=/usr/include/c++/11/bits/alloc_traits.h:516:17:   required from 'static void std::allocator_traits<std::allocator<_CharT> >::construct(std::allocator_traits<std::allocator<_CharT> >::allocator_type&, _Up*, _Args&& ...) [with _Up = std::pair<int, rocksdb::FileMetaData>; _Args = {int&, rocksdb::FileMetaData}; _Tp = std::pair<int, rocksdb::FileMetaData>; std::allocator_traits<std::allocator<_CharT> >::allocator_type = std::allocator<std::pair<int, rocksdb::FileMetaData> >]'
[INFO] [stderr]   cargo:warning=/usr/include/c++/11/bits/vector.tcc:115:30:   required from 'void std::vector<_Tp, _Alloc>::emplace_back(_Args&& ...) [with _Args = {int&, rocksdb::FileMetaData}; _Tp = std::pair<int, rocksdb::FileMetaData>; _Alloc = std::allocator<std::pair<int, rocksdb::FileMetaData> >]'
[INFO] [stderr]   cargo:warning=rocksdb/db/version_edit.h:227:28:   required from here
[INFO] [stderr]   cargo:warning=rocksdb/db/version_edit.h:76:8: warning: implicitly-declared 'constexpr rocksdb::FileDescriptor::FileDescriptor(const rocksdb::FileDescriptor&)' is deprecated [-Wdeprecated-copy]
[INFO] [stderr]   cargo:warning=   76 | struct FileMetaData {
[INFO] [stderr]   cargo:warning=      |        ^~~~~~~~~~~~
[INFO] [stderr]   cargo:warning=rocksdb/db/version_edit.h:47:19: note: because 'rocksdb::FileDescriptor' has user-provided 'rocksdb::FileDescriptor& rocksdb::FileDescriptor::operator=(const rocksdb::FileDescriptor&)'
[INFO] [stderr]   cargo:warning=   47 |   FileDescriptor& operator=(const FileDescriptor& fd) {
[INFO] [stderr]   cargo:warning=      |                   ^~~~~~~~
[INFO] [stderr]   cargo:warning=In file included from /usr/include/c++/11/bits/stl_algobase.h:64,
[INFO] [stderr]   cargo:warning=                 from /usr/include/c++/11/bits/char_traits.h:39,
[INFO] [stderr]   cargo:warning=                 from /usr/include/c++/11/string:40,
[INFO] [stderr]   cargo:warning=                 from rocksdb/util/sst_file_manager_impl.h:10,
[INFO] [stderr]   cargo:warning=                 from rocksdb/util/sst_file_manager_impl.cc:6:
[INFO] [stderr]   cargo:warning=/usr/include/c++/11/bits/stl_pair.h:353:42: note: synthesized method 'rocksdb::FileMetaData::FileMetaData(rocksdb::FileMetaData&&)' first required here
[INFO] [stderr]   cargo:warning=  353 |         : first(std::forward<_U1>(__x)), second(std::forward<_U2>(__y)) { }
[INFO] [stderr]   cargo:warning=      |                                          ^~~~~~~~~~~~~~~~~~~~~~~~~~~~~~
[INFO] [stderr]   cargo:warning=In file included from rocksdb/db/range_del_aggregator.h:16,
[INFO] [stderr]   cargo:warning=                 from rocksdb/db/memtable.h:19,
[INFO] [stderr]   cargo:warning=                 from rocksdb/db/memtable_list.h:17,
[INFO] [stderr]   cargo:warning=                 from rocksdb/db/column_family.h:17,
[INFO] [stderr]   cargo:warning=                 from rocksdb/db/version_set.h:31,
[INFO] [stderr]   cargo:warning=                 from rocksdb/db/compaction.h:11,
[INFO] [stderr]   cargo:warning=                 from rocksdb/util/sst_file_manager_impl.h:14,
[INFO] [stderr]   cargo:warning=                 from rocksdb/util/sst_file_manager_impl.cc:6:
[INFO] [stderr]   cargo:warning=rocksdb/db/version_edit.h: In instantiation of 'constexpr std::pair<_T1, _T2>::pair(_U1&&, const _T2&) [with _U1 = int&; typename std::enable_if<std::_PCC<true, _T1, _T2>::_MoveCopyPair<true, _U1, _T2>(), bool>::type <anonymous> = true; _T1 = int; _T2 = rocksdb::FileMetaData]':
[INFO] [stderr]   cargo:warning=/usr/include/c++/11/ext/new_allocator.h:162:4:   required from 'void __gnu_cxx::new_allocator<_Tp>::construct(_Up*, _Args&& ...) [with _Up = std::pair<int, rocksdb::FileMetaData>; _Args = {int&, const rocksdb::FileMetaData&}; _Tp = std::pair<int, rocksdb::FileMetaData>]'
[INFO] [stderr]   cargo:warning=/usr/include/c++/11/bits/alloc_traits.h:516:17:   required from 'static void std::allocator_traits<std::allocator<_CharT> >::construct(std::allocator_traits<std::allocator<_CharT> >::allocator_type&, _Up*, _Args&& ...) [with _Up = std::pair<int, rocksdb::FileMetaData>; _Args = {int&, const rocksdb::FileMetaData&}; _Tp = std::pair<int, rocksdb::FileMetaData>; std::allocator_traits<std::allocator<_CharT> >::allocator_type = std::allocator<std::pair<int, rocksdb::FileMetaData> >]'
[INFO] [stderr]   cargo:warning=/usr/include/c++/11/bits/vector.tcc:115:30:   required from 'void std::vector<_Tp, _Alloc>::emplace_back(_Args&& ...) [with _Args = {int&, const rocksdb::FileMetaData&}; _Tp = std::pair<int, rocksdb::FileMetaData>; _Alloc = std::allocator<std::pair<int, rocksdb::FileMetaData> >]'
[INFO] [stderr]   cargo:warning=rocksdb/db/version_edit.h:232:28:   required from here
[INFO] [stderr]   cargo:warning=rocksdb/db/version_edit.h:76:8: warning: implicitly-declared 'constexpr rocksdb::FileDescriptor::FileDescriptor(const rocksdb::FileDescriptor&)' is deprecated [-Wdeprecated-copy]
[INFO] [stderr]   cargo:warning=   76 | struct FileMetaData {
[INFO] [stderr]   cargo:warning=      |        ^~~~~~~~~~~~
[INFO] [stderr]   cargo:warning=rocksdb/db/version_edit.h:47:19: note: because 'rocksdb::FileDescriptor' has user-provided 'rocksdb::FileDescriptor& rocksdb::FileDescriptor::operator=(const rocksdb::FileDescriptor&)'
[INFO] [stderr]   cargo:warning=   47 |   FileDescriptor& operator=(const FileDescriptor& fd) {
[INFO] [stderr]   cargo:warning=      |                   ^~~~~~~~
[INFO] [stderr]   cargo:warning=In file included from /usr/include/c++/11/bits/stl_algobase.h:64,
[INFO] [stderr]   cargo:warning=                 from /usr/include/c++/11/bits/char_traits.h:39,
[INFO] [stderr]   cargo:warning=                 from /usr/include/c++/11/string:40,
[INFO] [stderr]   cargo:warning=                 from rocksdb/util/sst_file_manager_impl.h:10,
[INFO] [stderr]   cargo:warning=                 from rocksdb/util/sst_file_manager_impl.cc:6:
[INFO] [stderr]   cargo:warning=/usr/include/c++/11/bits/stl_pair.h:323:41: note: synthesized method 'rocksdb::FileMetaData::FileMetaData(const rocksdb::FileMetaData&)' first required here
[INFO] [stderr]   cargo:warning=  323 |        : first(std::forward<_U1>(__x)), second(__y) { }
[INFO] [stderr]   cargo:warning=      |                                         ^~~~~~~~~~~
[INFO] [stderr]   exit status: 0
[INFO] [stderr]   exit status: 0
[INFO] [stderr]   cargo:warning=rocksdb/db/version_edit.h: In instantiation of 'constexpr std::pair<_T1, _T2>::pair(_U1&&, _U2&&) [with _U1 = int&; _U2 = rocksdb::FileMetaData; typename std::enable_if<(std::_PCC<true, _T1, _T2>::_MoveConstructiblePair<_U1, _U2>() && std::_PCC<true, _T1, _T2>::_ImplicitlyMoveConvertiblePair<_U1, _U2>()), bool>::type <anonymous> = true; _T1 = int; _T2 = rocksdb::FileMetaData]':
[INFO] [stderr]   cargo:warning=/usr/include/c++/11/ext/new_allocator.h:162:4:   required from 'void __gnu_cxx::new_allocator<_Tp>::construct(_Up*, _Args&& ...) [with _Up = std::pair<int, rocksdb::FileMetaData>; _Args = {int&, rocksdb::FileMetaData}; _Tp = std::pair<int, rocksdb::FileMetaData>]'
[INFO] [stderr]   cargo:warning=/usr/include/c++/11/bits/alloc_traits.h:516:17:   required from 'static void std::allocator_traits<std::allocator<_Tp1> >::construct(std::allocator_traits<std::allocator<_Tp1> >::allocator_type&, _Up*, _Args&& ...) [with _Up = std::pair<int, rocksdb::FileMetaData>; _Args = {int&, rocksdb::FileMetaData}; _Tp = std::pair<int, rocksdb::FileMetaData>; std::allocator_traits<std::allocator<_Tp1> >::allocator_type = std::allocator<std::pair<int, rocksdb::FileMetaData> >]'
[INFO] [stderr]   cargo:warning=/usr/include/c++/11/bits/vector.tcc:115:30:   required from 'void std::vector<_Tp, _Alloc>::emplace_back(_Args&& ...) [with _Args = {int&, rocksdb::FileMetaData}; _Tp = std::pair<int, rocksdb::FileMetaData>; _Alloc = std::allocator<std::pair<int, rocksdb::FileMetaData> >]'
[INFO] [stderr]   cargo:warning=rocksdb/db/version_edit.h:227:28:   required from here
[INFO] [stderr]   cargo:warning=rocksdb/db/version_edit.h:76:8: warning: implicitly-declared 'constexpr rocksdb::FileDescriptor::FileDescriptor(const rocksdb::FileDescriptor&)' is deprecated [-Wdeprecated-copy]
[INFO] [stderr]   cargo:warning=   76 | struct FileMetaData {
[INFO] [stderr]   cargo:warning=      |        ^~~~~~~~~~~~
[INFO] [stderr]   cargo:warning=rocksdb/db/version_edit.h:47:19: note: because 'rocksdb::FileDescriptor' has user-provided 'rocksdb::FileDescriptor& rocksdb::FileDescriptor::operator=(const rocksdb::FileDescriptor&)'
[INFO] [stderr]   cargo:warning=   47 |   FileDescriptor& operator=(const FileDescriptor& fd) {
[INFO] [stderr]   cargo:warning=      |                   ^~~~~~~~
[INFO] [stderr]   cargo:warning=In file included from /usr/include/c++/11/bits/stl_algobase.h:64,
[INFO] [stderr]   cargo:warning=                 from /usr/include/c++/11/deque:60,
[INFO] [stderr]   cargo:warning=                 from rocksdb/db/db_impl.h:12,
[INFO] [stderr]   cargo:warning=                 from rocksdb/db/db_impl_readonly.h:10,
[INFO] [stderr]   cargo:warning=                 from rocksdb/db/db_impl_readonly.cc:6:
[INFO] [stderr]   cargo:warning=/usr/include/c++/11/bits/stl_pair.h:353:42: note: synthesized method 'rocksdb::FileMetaData::FileMetaData(rocksdb::FileMetaData&&)' first required here
[INFO] [stderr]   cargo:warning=  353 |         : first(std::forward<_U1>(__x)), second(std::forward<_U2>(__y)) { }
[INFO] [stderr]   cargo:warning=      |                                          ^~~~~~~~~~~~~~~~~~~~~~~~~~~~~~
[INFO] [stderr]   cargo:warning=In file included from rocksdb/db/range_del_aggregator.h:16,
[INFO] [stderr]   cargo:warning=                 from rocksdb/db/memtable.h:19,
[INFO] [stderr]   cargo:warning=                 from rocksdb/db/memtable_list.h:17,
[INFO] [stderr]   cargo:warning=                 from rocksdb/db/column_family.h:17,
[INFO] [stderr]   cargo:warning=                 from rocksdb/db/db_impl.h:22,
[INFO] [stderr]   cargo:warning=                 from rocksdb/db/db_impl_readonly.h:10,
[INFO] [stderr]   cargo:warning=                 from rocksdb/db/db_impl_readonly.cc:6:
[INFO] [stderr]   cargo:warning=rocksdb/db/version_edit.h: In instantiation of 'constexpr std::pair<_T1, _T2>::pair(_U1&&, const _T2&) [with _U1 = int&; typename std::enable_if<std::_PCC<true, _T1, _T2>::_MoveCopyPair<true, _U1, _T2>(), bool>::type <anonymous> = true; _T1 = int; _T2 = rocksdb::FileMetaData]':
[INFO] [stderr]   cargo:warning=/usr/include/c++/11/ext/new_allocator.h:162:4:   required from 'void __gnu_cxx::new_allocator<_Tp>::construct(_Up*, _Args&& ...) [with _Up = std::pair<int, rocksdb::FileMetaData>; _Args = {int&, const rocksdb::FileMetaData&}; _Tp = std::pair<int, rocksdb::FileMetaData>]'
[INFO] [stderr]   cargo:warning=/usr/include/c++/11/bits/alloc_traits.h:516:17:   required from 'static void std::allocator_traits<std::allocator<_Tp1> >::construct(std::allocator_traits<std::allocator<_Tp1> >::allocator_type&, _Up*, _Args&& ...) [with _Up = std::pair<int, rocksdb::FileMetaData>; _Args = {int&, const rocksdb::FileMetaData&}; _Tp = std::pair<int, rocksdb::FileMetaData>; std::allocator_traits<std::allocator<_Tp1> >::allocator_type = std::allocator<std::pair<int, rocksdb::FileMetaData> >]'
[INFO] [stderr]   cargo:warning=/usr/include/c++/11/bits/vector.tcc:115:30:   required from 'void std::vector<_Tp, _Alloc>::emplace_back(_Args&& ...) [with _Args = {int&, const rocksdb::FileMetaData&}; _Tp = std::pair<int, rocksdb::FileMetaData>; _Alloc = std::allocator<std::pair<int, rocksdb::FileMetaData> >]'
[INFO] [stderr]   cargo:warning=rocksdb/db/version_edit.h:232:28:   required from here
[INFO] [stderr]   cargo:warning=rocksdb/db/version_edit.h:76:8: warning: implicitly-declared 'constexpr rocksdb::FileDescriptor::FileDescriptor(const rocksdb::FileDescriptor&)' is deprecated [-Wdeprecated-copy]
[INFO] [stderr]   cargo:warning=   76 | struct FileMetaData {
[INFO] [stderr]   cargo:warning=      |        ^~~~~~~~~~~~
[INFO] [stderr]   cargo:warning=rocksdb/db/version_edit.h:47:19: note: because 'rocksdb::FileDescriptor' has user-provided 'rocksdb::FileDescriptor& rocksdb::FileDescriptor::operator=(const rocksdb::FileDescriptor&)'
[INFO] [stderr]   cargo:warning=   47 |   FileDescriptor& operator=(const FileDescriptor& fd) {
[INFO] [stderr]   cargo:warning=      |                   ^~~~~~~~
[INFO] [stderr]   cargo:warning=In file included from /usr/include/c++/11/bits/stl_algobase.h:64,
[INFO] [stderr]   cargo:warning=                 from /usr/include/c++/11/deque:60,
[INFO] [stderr]   cargo:warning=                 from rocksdb/db/db_impl.h:12,
[INFO] [stderr]   cargo:warning=                 from rocksdb/db/db_impl_readonly.h:10,
[INFO] [stderr]   cargo:warning=                 from rocksdb/db/db_impl_readonly.cc:6:
[INFO] [stderr]   cargo:warning=/usr/include/c++/11/bits/stl_pair.h:323:41: note: synthesized method 'rocksdb::FileMetaData::FileMetaData(const rocksdb::FileMetaData&)' first required here
[INFO] [stderr]   cargo:warning=  323 |        : first(std::forward<_U1>(__x)), second(__y) { }
[INFO] [stderr]   cargo:warning=      |                                         ^~~~~~~~~~~
[INFO] [stderr]   exit status: 0
[INFO] [stderr]   exit status: 0
[INFO] [stderr] 
[INFO] [stderr]   --- stderr
[INFO] [stderr]   error: 'rustfmt' is not installed for the toolchain '1.75.0-x86_64-unknown-linux-gnu'
[INFO] [stderr]   To install, run `rustup component add rustfmt --toolchain 1.75.0-x86_64-unknown-linux-gnu`
[INFO] [stderr]   Custom { kind: Other, error: "Internal rustfmt error" }
[INFO] [stderr]   thread 'main' panicked at /opt/rustwide/cargo-home/registry/src/index.crates.io-6f17d22bba15001f/cc-1.0.25/src/lib.rs:2260:5:
[INFO] [stderr] 
[INFO] [stderr] 
[INFO] [stderr]   Internal error occurred: Command "c++" "-O0" "-ffunction-sections" "-fdata-sections" "-fPIC" "-g" "-fno-omit-frame-pointer" "-m64" "-I" "rocksdb/include/" "-I" "rocksdb/" "-I" "rocksdb/third-party/gtest-1.7.0/fused-src/" "-I" "snappy/" "-I" "." "-Wall" "-Wextra" "-std=c++11" "-Wno-unused-parameter" "-DNDEBUG=1" "-DSNAPPY=1" "-DOS_LINUX=1" "-DROCKSDB_PLATFORM_POSIX=1" "-DROCKSDB_LIB_IO_POSIX=1" "-o" "/opt/rustwide/target/debug/build/librocksdb-sys-52cf53b183fa0c80/out/rocksdb/table/full_filter_block.o" "-c" "rocksdb/table/full_filter_block.cc" with args "c++" did not execute successfully (status code exit status: 1).
[INFO] [stderr] 
[INFO] [stderr] 
[INFO] [stderr]   stack backtrace:
[INFO] [stderr]      0:     0x560d9b36a88c - std::backtrace_rs::backtrace::libunwind::trace::ha637c64ce894333a
[INFO] [stderr]                                  at /rustc/82e1608dfa6e0b5569232559e3d385fea5a93112/library/std/src/../../backtrace/src/backtrace/libunwind.rs:104:5
[INFO] [stderr]      1:     0x560d9b36a88c - std::backtrace_rs::backtrace::trace_unsynchronized::h47f62dea28e0c88d
[INFO] [stderr]                                  at /rustc/82e1608dfa6e0b5569232559e3d385fea5a93112/library/std/src/../../backtrace/src/backtrace/mod.rs:66:5
[INFO] [stderr]      2:     0x560d9b36a88c - std::sys_common::backtrace::_print_fmt::h9eef0abe20ede486
[INFO] [stderr]                                  at /rustc/82e1608dfa6e0b5569232559e3d385fea5a93112/library/std/src/sys_common/backtrace.rs:67:5
[INFO] [stderr]      3:     0x560d9b36a88c - <std::sys_common::backtrace::_print::DisplayBacktrace as core::fmt::Display>::fmt::hed7f999df88cc644
[INFO] [stderr]                                  at /rustc/82e1608dfa6e0b5569232559e3d385fea5a93112/library/std/src/sys_common/backtrace.rs:44:22
[INFO] [stderr]      4:     0x560d9b396b60 - core::fmt::rt::Argument::fmt::h1539a9308b8d058d
[INFO] [stderr]                                  at /rustc/82e1608dfa6e0b5569232559e3d385fea5a93112/library/core/src/fmt/rt.rs:142:9
[INFO] [stderr]      5:     0x560d9b396b60 - core::fmt::write::h3a39390d8560d9c9
[INFO] [stderr]                                  at /rustc/82e1608dfa6e0b5569232559e3d385fea5a93112/library/core/src/fmt/mod.rs:1120:17
[INFO] [stderr]      6:     0x560d9b3679ff - std::io::Write::write_fmt::h5fc9997dfe05f882
[INFO] [stderr]                                  at /rustc/82e1608dfa6e0b5569232559e3d385fea5a93112/library/std/src/io/mod.rs:1762:15
[INFO] [stderr]      7:     0x560d9b36a674 - std::sys_common::backtrace::_print::h894006fb5c6f3d45
[INFO] [stderr]                                  at /rustc/82e1608dfa6e0b5569232559e3d385fea5a93112/library/std/src/sys_common/backtrace.rs:47:5
[INFO] [stderr]      8:     0x560d9b36a674 - std::sys_common::backtrace::print::h23a2d212c6fff936
[INFO] [stderr]                                  at /rustc/82e1608dfa6e0b5569232559e3d385fea5a93112/library/std/src/sys_common/backtrace.rs:34:9
[INFO] [stderr]      9:     0x560d9b36be87 - std::panicking::default_hook::{{closure}}::h8a1d2ee00185001a
[INFO] [stderr]     10:     0x560d9b36bbef - std::panicking::default_hook::h6038f2eba384e475
[INFO] [stderr]                                  at /rustc/82e1608dfa6e0b5569232559e3d385fea5a93112/library/std/src/panicking.rs:292:9
[INFO] [stderr]     11:     0x560d9b36c308 - std::panicking::rust_panic_with_hook::h2b5517d590cab22e
[INFO] [stderr]                                  at /rustc/82e1608dfa6e0b5569232559e3d385fea5a93112/library/std/src/panicking.rs:779:13
[INFO] [stderr]     12:     0x560d9b36c1ee - std::panicking::begin_panic_handler::{{closure}}::h233112c06e0ef43e
[INFO] [stderr]                                  at /rustc/82e1608dfa6e0b5569232559e3d385fea5a93112/library/std/src/panicking.rs:657:13
[INFO] [stderr]     13:     0x560d9b36ad56 - std::sys_common::backtrace::__rust_end_short_backtrace::h6e893f24d7ebbff8
[INFO] [stderr]                                  at /rustc/82e1608dfa6e0b5569232559e3d385fea5a93112/library/std/src/sys_common/backtrace.rs:170:18
[INFO] [stderr]     14:     0x560d9b36bf52 - rust_begin_unwind
[INFO] [stderr]                                  at /rustc/82e1608dfa6e0b5569232559e3d385fea5a93112/library/std/src/panicking.rs:645:5
[INFO] [stderr]     15:     0x560d9af74cd5 - core::panicking::panic_fmt::hbf0e066aabfa482c
[INFO] [stderr]                                  at /rustc/82e1608dfa6e0b5569232559e3d385fea5a93112/library/core/src/panicking.rs:72:14
[INFO] [stderr]     16:     0x560d9b2f5b81 - cc::fail::h5d84b876c5bc30d0
[INFO] [stderr]     17:     0x560d9b2e5075 - cc::Build::compile::hdb4974f248a433aa
[INFO] [stderr]     18:     0x560d9af7aaa0 - build_script_build::build_rocksdb::ha60975221ccad517
[INFO] [stderr]     19:     0x560d9af7b3cb - build_script_build::main::hc1168a4633c844ec
[INFO] [stderr]     20:     0x560d9af76e83 - core::ops::function::FnOnce::call_once::h688d674ef779eda9
[INFO] [stderr]     21:     0x560d9af76486 - std::sys_common::backtrace::__rust_begin_short_backtrace::h31cfec0475036e07
[INFO] [stderr]     22:     0x560d9af76ae9 - std::rt::lang_start::{{closure}}::h23418e9fa6c21348
[INFO] [stderr]     23:     0x560d9b3634b7 - core::ops::function::impls::<impl core::ops::function::FnOnce<A> for &F>::call_once::hd95060ecd5e1ca24
[INFO] [stderr]                                  at /rustc/82e1608dfa6e0b5569232559e3d385fea5a93112/library/core/src/ops/function.rs:284:13
[INFO] [stderr]     24:     0x560d9b3634b7 - std::panicking::try::do_call::h6e8cf51db32a6e4b
[INFO] [stderr]                                  at /rustc/82e1608dfa6e0b5569232559e3d385fea5a93112/library/std/src/panicking.rs:552:40
[INFO] [stderr]     25:     0x560d9b3634b7 - std::panicking::try::h3a52eefe24fe3c29
[INFO] [stderr]                                  at /rustc/82e1608dfa6e0b5569232559e3d385fea5a93112/library/std/src/panicking.rs:516:19
[INFO] [stderr]     26:     0x560d9b3634b7 - std::panic::catch_unwind::h24c28c23c02c3841
[INFO] [stderr]                                  at /rustc/82e1608dfa6e0b5569232559e3d385fea5a93112/library/std/src/panic.rs:142:14
[INFO] [stderr]     27:     0x560d9b3634b7 - std::rt::lang_start_internal::{{closure}}::h705d3c9cbc06ef47
[INFO] [stderr]                                  at /rustc/82e1608dfa6e0b5569232559e3d385fea5a93112/library/std/src/rt.rs:148:48
[INFO] [stderr]     28:     0x560d9b3634b7 - std::panicking::try::do_call::ha21f52ba13158470
[INFO] [stderr]                                  at /rustc/82e1608dfa6e0b5569232559e3d385fea5a93112/library/std/src/panicking.rs:552:40
[INFO] [stderr]     29:     0x560d9b3634b7 - std::panicking::try::h5581346bf6aeb1f8
[INFO] [stderr]                                  at /rustc/82e1608dfa6e0b5569232559e3d385fea5a93112/library/std/src/panicking.rs:516:19
[INFO] [stderr]     30:     0x560d9b3634b7 - std::panic::catch_unwind::h7919645a6b72e25b
[INFO] [stderr]                                  at /rustc/82e1608dfa6e0b5569232559e3d385fea5a93112/library/std/src/panic.rs:142:14
[INFO] [stderr]     31:     0x560d9b3634b7 - std::rt::lang_start_internal::h12de51168669836e
[INFO] [stderr]                                  at /rustc/82e1608dfa6e0b5569232559e3d385fea5a93112/library/std/src/rt.rs:148:20
[INFO] [stderr]     32:     0x560d9af76ac7 - std::rt::lang_start::hdcc269899f6e6272
[INFO] [stderr]     33:     0x560d9af7b405 - main
[INFO] [stderr]     34:     0x7f4c76b82d90 - <unknown>
[INFO] [stderr]     35:     0x7f4c76b82e40 - __libc_start_main
[INFO] [stderr]     36:     0x560d9af755a5 - _start
[INFO] [stderr]     37:                0x0 - <unknown>
[INFO] running `Command { std: "docker" "inspect" "ac8b73bbb4fdf71135a1ff6247d4f9e521750904dcef46b0e97865bfec4a1021", kill_on_drop: false }`
[INFO] running `Command { std: "docker" "rm" "-f" "ac8b73bbb4fdf71135a1ff6247d4f9e521750904dcef46b0e97865bfec4a1021", kill_on_drop: false }`
[INFO] [stdout] ac8b73bbb4fdf71135a1ff6247d4f9e521750904dcef46b0e97865bfec4a1021
[INFO] testing AYCH-Inc/aych.blockend.electrum against beta-2023-12-22 for beta-1.76-1
[INFO] running `Command { std: "git" "clone" "/workspace/cache/git-repos/https%3A%2F%2Fgithub.com%2FAYCH-Inc%2Faych.blockend.electrum" "/workspace/builds/worker-7-tc2/source", kill_on_drop: false }`
[INFO] [stderr] Cloning into '/workspace/builds/worker-7-tc2/source'...
[INFO] [stderr] done.
[INFO] validating manifest of git repo https://github.com/AYCH-Inc/aych.blockend.electrum on toolchain beta-2023-12-22
[INFO] running `Command { std: CARGO_HOME="/workspace/cargo-home" RUSTUP_HOME="/workspace/rustup-home" "/workspace/cargo-home/bin/cargo" "+beta-2023-12-22" "metadata" "--manifest-path" "Cargo.toml" "--no-deps", kill_on_drop: false }`
[INFO] started tweaking git repo https://github.com/AYCH-Inc/aych.blockend.electrum
[INFO] finished tweaking git repo https://github.com/AYCH-Inc/aych.blockend.electrum
[INFO] tweaked toml for git repo https://github.com/AYCH-Inc/aych.blockend.electrum written to /workspace/builds/worker-7-tc2/source/Cargo.toml
[INFO] crate git repo https://github.com/AYCH-Inc/aych.blockend.electrum already has a lockfile, it will not be regenerated
[INFO] running `Command { std: CARGO_HOME="/workspace/cargo-home" RUSTUP_HOME="/workspace/rustup-home" "/workspace/cargo-home/bin/cargo" "+beta-2023-12-22" "fetch" "--manifest-path" "Cargo.toml", kill_on_drop: false }`
[INFO] running `Command { std: "docker" "create" "-v" "/var/lib/crater-agent-workspace/builds/worker-7-tc2/target:/opt/rustwide/target:rw,Z" "-v" "/var/lib/crater-agent-workspace/builds/worker-7-tc2/source:/opt/rustwide/workdir:ro,Z" "-v" "/var/lib/crater-agent-workspace/cargo-home:/opt/rustwide/cargo-home:ro,Z" "-v" "/var/lib/crater-agent-workspace/rustup-home:/opt/rustwide/rustup-home:ro,Z" "-e" "SOURCE_DIR=/opt/rustwide/workdir" "-e" "CARGO_TARGET_DIR=/opt/rustwide/target" "-e" "CARGO_HOME=/opt/rustwide/cargo-home" "-e" "RUSTUP_HOME=/opt/rustwide/rustup-home" "-w" "/opt/rustwide/workdir" "-m" "1610612736" "--user" "0:0" "--network" "none" "ghcr.io/rust-lang/crates-build-env/linux@sha256:2788e3201cd34a07e3172128adcd8b3090168a8e3bcc40d7c032b9dda1df7d1c" "/opt/rustwide/cargo-home/bin/cargo" "+beta-2023-12-22" "metadata" "--no-deps" "--format-version=1", kill_on_drop: false }`
[INFO] [stdout] 140f1915c33bd3e2d2d7eee991bd6c97b9e223581bd821610232ee95aae36cbf
[INFO] running `Command { std: "docker" "start" "-a" "140f1915c33bd3e2d2d7eee991bd6c97b9e223581bd821610232ee95aae36cbf", kill_on_drop: false }`
[INFO] running `Command { std: "docker" "inspect" "140f1915c33bd3e2d2d7eee991bd6c97b9e223581bd821610232ee95aae36cbf", kill_on_drop: false }`
[INFO] running `Command { std: "docker" "rm" "-f" "140f1915c33bd3e2d2d7eee991bd6c97b9e223581bd821610232ee95aae36cbf", kill_on_drop: false }`
[INFO] [stdout] 140f1915c33bd3e2d2d7eee991bd6c97b9e223581bd821610232ee95aae36cbf
[INFO] running `Command { std: "docker" "create" "-v" "/var/lib/crater-agent-workspace/builds/worker-7-tc2/target:/opt/rustwide/target:rw,Z" "-v" "/var/lib/crater-agent-workspace/builds/worker-7-tc2/source:/opt/rustwide/workdir:ro,Z" "-v" "/var/lib/crater-agent-workspace/cargo-home:/opt/rustwide/cargo-home:ro,Z" "-v" "/var/lib/crater-agent-workspace/rustup-home:/opt/rustwide/rustup-home:ro,Z" "-e" "SOURCE_DIR=/opt/rustwide/workdir" "-e" "CARGO_TARGET_DIR=/opt/rustwide/target" "-e" "CARGO_INCREMENTAL=0" "-e" "RUST_BACKTRACE=full" "-e" "RUSTFLAGS=--cap-lints=warn" "-e" "RUSTDOCFLAGS=--cap-lints=warn" "-e" "CARGO_HOME=/opt/rustwide/cargo-home" "-e" "RUSTUP_HOME=/opt/rustwide/rustup-home" "-w" "/opt/rustwide/workdir" "-m" "1610612736" "--user" "0:0" "--network" "none" "ghcr.io/rust-lang/crates-build-env/linux@sha256:2788e3201cd34a07e3172128adcd8b3090168a8e3bcc40d7c032b9dda1df7d1c" "/opt/rustwide/cargo-home/bin/cargo" "+beta-2023-12-22" "build" "--frozen" "--message-format=json", kill_on_drop: false }`
[INFO] [stdout] 84074742f473fbfad444de54d424e03a17d8e76bf363cbc09c329b9f97fad475
[INFO] running `Command { std: "docker" "start" "-a" "84074742f473fbfad444de54d424e03a17d8e76bf363cbc09c329b9f97fad475", kill_on_drop: false }`
[INFO] [stderr]    Compiling libc v0.2.43
[INFO] [stderr]    Compiling cfg-if v0.1.6
[INFO] [stderr]    Compiling lazy_static v1.2.0
[INFO] [stderr]    Compiling nodrop v0.1.12
[INFO] [stderr]    Compiling rayon-core v1.4.1
[INFO] [stderr]    Compiling scopeguard v0.3.3
[INFO] [stderr]    Compiling memoffset v0.2.1
[INFO] [stderr]    Compiling rayon v1.0.3
[INFO] [stderr]    Compiling either v1.5.0
[INFO] [stderr]    Compiling version_check v0.1.5
[INFO] [stderr]    Compiling unicode-xid v0.1.0
[INFO] [stderr]    Compiling glob v0.2.11
[INFO] [stderr]    Compiling regex v1.0.6
[INFO] [stderr]    Compiling ucd-util v0.1.2
[INFO] [stderr]    Compiling utf8-ranges v1.0.2
[INFO] [stderr]    Compiling quick-error v1.2.2
[INFO] [stderr]    Compiling crossbeam-utils v0.2.2
[INFO] [stderr]    Compiling arrayvec v0.4.7
[INFO] [stderr]    Compiling thread_local v0.3.6
[INFO] [stderr]    Compiling log v0.4.6
[INFO] [stderr]    Compiling unicode-width v0.1.5
[INFO] [stderr]    Compiling encoding_index_tests v0.1.4
[INFO] [stderr]    Compiling proc-macro2 v0.3.5
[INFO] [stderr]    Compiling regex-syntax v0.6.3
[INFO] [stderr]    Compiling textwrap v0.10.0
[INFO] [stderr]    Compiling humantime v1.1.1
[INFO] [stderr]    Compiling ansi_term v0.11.0
[INFO] [stderr]    Compiling crossbeam-epoch v0.3.1
[INFO] [stderr]    Compiling bindgen v0.37.4
[INFO] [stderr]    Compiling strsim v0.7.0
[INFO] [stderr]    Compiling vec_map v0.8.1
[INFO] [stderr]    Compiling bitflags v1.0.4
[INFO] [stderr]    Compiling num-traits v0.2.6
[INFO] [stderr]    Compiling memchr v2.1.1
[INFO] [stderr]    Compiling termcolor v1.0.4
[INFO] [stderr]    Compiling peeking_take_while v0.1.2
[INFO] [stderr]    Compiling proc-macro2 v0.4.21
[INFO] [stderr]    Compiling num-integer v0.1.39
[INFO] [stderr]    Compiling quote v0.5.2
[INFO] [stderr]    Compiling num_cpus v1.8.0
[INFO] [stderr]    Compiling memchr v1.0.2
[INFO] [stderr]    Compiling atty v0.2.11
[INFO] [stderr]    Compiling rand v0.4.3
[INFO] [stderr]    Compiling clap v2.32.0
[INFO] [stderr]    Compiling nom v3.2.1
[INFO] [stderr]    Compiling time v0.1.40
[INFO] [stderr]    Compiling which v1.0.5
[INFO] [stderr]    Compiling crossbeam-deque v0.2.0
[INFO] [stderr]    Compiling clang-sys v0.23.0
[INFO] [stderr]    Compiling aho-corasick v0.6.9
[INFO] [stderr]    Compiling serde v1.0.80
[INFO] [stderr]    Compiling make-cmd v0.1.0
[INFO] [stderr]    Compiling matches v0.1.8
[INFO] [stderr]    Compiling winapi-build v0.1.1
[INFO] [stderr]    Compiling gcc v0.3.55
[INFO] [stderr]    Compiling unicode-bidi v0.3.4
[INFO] [stderr]    Compiling ryu v0.2.6
[INFO] [stderr]    Compiling kernel32-sys v0.2.2
[INFO] [stderr]    Compiling rand v0.3.22
[INFO] [stderr]    Compiling unicode-normalization v0.1.7
[INFO] [stderr]    Compiling byteorder v1.2.7
[INFO] [stderr]    Compiling cexpr v0.2.3
[INFO] [stderr]    Compiling protobuf v2.1.4
[INFO] [stderr]    Compiling quote v0.6.10
[INFO] [stderr]    Compiling chrono v0.4.6
[INFO] [stderr]    Compiling encoding-index-simpchinese v1.20141219.5
[INFO] [stderr]    Compiling encoding-index-singlebyte v1.20141219.5
[INFO] [stderr]    Compiling encoding-index-tradchinese v1.20141219.5
[INFO] [stderr]    Compiling encoding-index-japanese v1.20141219.5
[INFO] [stderr]    Compiling rust-crypto v0.2.36
[INFO] [stderr]    Compiling encoding-index-korean v1.20141219.5
[INFO] [stderr]    Compiling bit-vec v0.4.4
[INFO] [stderr]    Compiling prometheus v0.4.2
[INFO] [stderr]    Compiling lazy_static v0.2.11
[INFO] [stderr]    Compiling winapi v0.2.8
[INFO] [stderr]    Compiling bech32 v0.5.0
[INFO] [stderr]    Compiling percent-encoding v1.0.1
[INFO] [stderr]    Compiling rustc-demangle v0.1.9
[INFO] [stderr]    Compiling rustc-serialize v0.3.24
[INFO] [stderr]    Compiling encoding v0.2.33
[INFO] [stderr]    Compiling bitcoin-bech32 v0.8.1
[INFO] [stderr]    Compiling bit-set v0.4.0
[INFO] [stderr]    Compiling syn v0.15.18
[INFO] [stderr]    Compiling chan v0.1.23
[INFO] [stdout] error[E0310]: the parameter type `T` may not live long enough
[INFO] [stdout]     --> /opt/rustwide/cargo-home/registry/src/index.crates.io-6f17d22bba15001f/rustc-serialize-0.3.24/src/serialize.rs:1155:5
[INFO] [stdout]      |
[INFO] [stdout] 1155 |     fn decode<D: Decoder>(d: &mut D) -> Result<Cow<'static, T>, D::Error> {
[INFO] [stdout]      |     ^^^^^^^^^^^^^^^^^^^^^^^^^^^^^^^^^^^^^^^^^^^^^^^^^^^^^^^^^^^^^^^^^^^^^
[INFO] [stdout]      |     |
[INFO] [stdout]      |     the parameter type `T` must be valid for the static lifetime...
[INFO] [stdout]      |     ...so that the type `T` will meet its required lifetime bounds...
[INFO] [stdout]      |
[INFO] [stdout] note: ...that is required by this bound
[INFO] [stdout]     --> /rustc/0e09125c6c3c2fd70d7de961bcf0e51575235fad/library/alloc/src/borrow.rs:180:30
[INFO] [stdout] help: consider adding an explicit lifetime bound
[INFO] [stdout]      |
[INFO] [stdout] 1151 | impl<'a, T: ?Sized + 'static> Decodable for Cow<'a, T>
[INFO] [stdout]      |                    +++++++++
[INFO] [stdout] 
[INFO] [stdout] 
[INFO] [stderr]    Compiling errno v0.2.4
[INFO] [stderr]    Compiling chunked_transfer v0.3.1
[INFO] [stderr]    Compiling hex v0.3.2
[INFO] [stderr]    Compiling quick-error v0.2.2
[INFO] [stderr]    Compiling safemem v0.3.0
[INFO] [stderr]    Compiling termcolor v0.3.6
[INFO] [stderr]    Compiling idna v0.1.5
[INFO] [stderr]    Compiling cc v1.0.25
[INFO] [stderr]    Compiling ascii v0.8.7
[INFO] [stderr]    Compiling spin v0.4.10
[INFO] [stderr]    Compiling itoa v0.4.3
[INFO] [stderr]    Compiling fnv v1.0.6
[INFO] [stdout] error: aborting due to 1 previous error
[INFO] [stdout] 
[INFO] [stdout] 
[INFO] [stdout] For more information about this error, try `rustc --explain E0310`.
[INFO] [stdout] 
[INFO] [stderr] error: could not compile `rustc-serialize` (lib) due to 2 previous errors
[INFO] [stderr] warning: build failed, waiting for other jobs to finish...
[INFO] running `Command { std: "docker" "inspect" "84074742f473fbfad444de54d424e03a17d8e76bf363cbc09c329b9f97fad475", kill_on_drop: false }`
[INFO] running `Command { std: "docker" "rm" "-f" "84074742f473fbfad444de54d424e03a17d8e76bf363cbc09c329b9f97fad475", kill_on_drop: false }`
[INFO] [stdout] 84074742f473fbfad444de54d424e03a17d8e76bf363cbc09c329b9f97fad475
