[INFO] cloning repository https://github.com/AXIA-DEV/axia
[INFO] running `Command { std: "git" "-c" "credential.helper=" "-c" "credential.helper=/workspace/cargo-home/bin/git-credential-null" "clone" "--bare" "https://github.com/AXIA-DEV/axia" "/workspace/cache/git-repos/https%3A%2F%2Fgithub.com%2FAXIA-DEV%2Faxia", kill_on_drop: false }`
[INFO] [stderr] Cloning into bare repository '/workspace/cache/git-repos/https%3A%2F%2Fgithub.com%2FAXIA-DEV%2Faxia'...
[INFO] running `Command { std: "git" "rev-parse" "HEAD", kill_on_drop: false }`
[INFO] [stdout] 7d4569a33acbd00df2a9657464cf7de2c3bbd36e
[INFO] testing AXIA-DEV/axia against 1.75.0 for beta-1.76-1
[INFO] running `Command { std: "git" "clone" "/workspace/cache/git-repos/https%3A%2F%2Fgithub.com%2FAXIA-DEV%2Faxia" "/workspace/builds/worker-4-tc1/source", kill_on_drop: false }`
[INFO] [stderr] Cloning into '/workspace/builds/worker-4-tc1/source'...
[INFO] [stderr] done.
[INFO] validating manifest of git repo https://github.com/AXIA-DEV/axia on toolchain 1.75.0
[INFO] running `Command { std: CARGO_HOME="/workspace/cargo-home" RUSTUP_HOME="/workspace/rustup-home" "/workspace/cargo-home/bin/cargo" "+1.75.0" "metadata" "--manifest-path" "Cargo.toml" "--no-deps", kill_on_drop: false }`
[INFO] started tweaking git repo https://github.com/AXIA-DEV/axia
[INFO] finished tweaking git repo https://github.com/AXIA-DEV/axia
[INFO] tweaked toml for git repo https://github.com/AXIA-DEV/axia written to /workspace/builds/worker-4-tc1/source/Cargo.toml
[INFO] crate git repo https://github.com/AXIA-DEV/axia already has a lockfile, it will not be regenerated
[INFO] running `Command { std: CARGO_HOME="/workspace/cargo-home" RUSTUP_HOME="/workspace/rustup-home" "/workspace/cargo-home/bin/cargo" "+1.75.0" "fetch" "--manifest-path" "Cargo.toml", kill_on_drop: false }`
[INFO] [stderr]     Updating git repository `https://github.com/AXIA-DEV/axlib-axtend`
[INFO] [stderr]     Updating crates.io index
[INFO] [stderr]     Updating git repository `https://github.com/paritytech/substrate-debug-kit`
[INFO] [stderr]  Downloading crates ...
[INFO] [stderr]   Downloaded tikv-jemallocator v0.4.1
[INFO] [stderr]   Downloaded libp2p-yamux v0.33.0
[INFO] [stderr]   Downloaded file-per-thread-logger v0.1.3
[INFO] [stderr]   Downloaded libp2p-wasm-ext v0.29.0
[INFO] [stderr]   Downloaded arrayvec v0.7.0
[INFO] [stderr]   Downloaded getrandom v0.2.1
[INFO] [stderr]   Downloaded static_init v0.5.2
[INFO] [stderr]   Downloaded always-assert v0.1.2
[INFO] [stderr]   Downloaded static_init_macro v0.5.0
[INFO] [stderr]   Downloaded async-std-resolver v0.20.1
[INFO] [stderr]   Downloaded ordered-float v1.1.0
[INFO] [stderr]   Downloaded salsa20 v0.8.1
[INFO] [stderr]   Downloaded num-format v0.4.0
[INFO] [stderr]   Downloaded soketto v0.6.0
[INFO] [stderr]   Downloaded tikv-jemalloc-sys v0.4.2+5.2.1-patched.2
[INFO] [stderr]   Downloaded ethbloom v0.11.0
[INFO] [stderr]   Downloaded fs_extra v1.1.0
[INFO] [stderr]   Downloaded libp2p-kad v0.31.0
[INFO] [stderr]   Downloaded aes-gcm v0.9.3
[INFO] [stderr]   Downloaded snow v0.8.0
[INFO] [stderr]   Downloaded honggfuzz v0.5.54
[INFO] [stderr]   Downloaded libsecp256k1 v0.7.0
[INFO] [stderr]   Downloaded rustversion v1.0.4
[INFO] [stderr]   Downloaded handlebars v3.5.1
[INFO] [stderr]   Downloaded wasmi v0.9.0
[INFO] [stderr]   Downloaded integer-encoding v1.1.5
[INFO] [stderr]   Downloaded enumn v0.1.3
[INFO] [stderr]   Downloaded camino v1.0.4
[INFO] [stderr]   Downloaded hex-literal v0.3.3
[INFO] [stderr]   Downloaded parity-db v0.3.2
[INFO] [stderr]   Downloaded libp2p-dns v0.29.0
[INFO] [stderr]   Downloaded aes v0.7.4
[INFO] [stderr]   Downloaded libp2p-floodsub v0.30.0
[INFO] [stderr]   Downloaded minicbor v0.8.0
[INFO] [stderr]   Downloaded libp2p-swarm v0.30.0
[INFO] [stderr]   Downloaded poly1305 v0.7.1
[INFO] [stderr]   Downloaded matrixmultiply v0.3.1
[INFO] [stderr]   Downloaded chacha20poly1305 v0.8.0
[INFO] [stderr]   Downloaded libp2p v0.39.1
[INFO] [stderr]   Downloaded indenter v0.3.0
[INFO] [stderr]   Downloaded libp2p-swarm-derive v0.24.0
[INFO] [stderr]   Downloaded jsonrpc-ws-server v18.0.0
[INFO] [stderr]   Downloaded wasm-bindgen-futures v0.4.25
[INFO] [stderr]   Downloaded memoffset v0.5.5
[INFO] [stderr]   Downloaded zstd-sys v1.6.1+zstd.1.5.0
[INFO] [stderr]   Downloaded zstd v0.9.0+zstd.1.5.0
[INFO] [stderr]   Downloaded linregress v0.4.3
[INFO] [stderr]   Downloaded cranelift-native v0.77.0
[INFO] [stderr]   Downloaded cranelift-bforest v0.77.0
[INFO] [stderr]   Downloaded wasmtime-cranelift v0.30.0
[INFO] [stderr]   Downloaded bounded-vec v0.4.0
[INFO] [stderr]   Downloaded cargo_metadata v0.13.1
[INFO] [stderr]   Downloaded wasmtime-types v0.30.0
[INFO] [stderr]   Downloaded curve25519-dalek v3.0.0
[INFO] [stderr]   Downloaded signature v1.1.0
[INFO] [stderr]   Downloaded sharded-slab v0.1.0
[INFO] [stderr]   Downloaded names v0.12.0
[INFO] [stderr]   Downloaded rpassword v5.0.0
[INFO] [stderr]   Downloaded ip_network v0.4.0
[INFO] [stderr]   Downloaded linked_hash_set v0.1.3
[INFO] [stderr]   Downloaded libp2p-deflate v0.29.0
[INFO] [stderr]   Downloaded libp2p-ping v0.30.0
[INFO] [stderr]   Downloaded libp2p-relay v0.3.0
[INFO] [stderr]   Downloaded arbitrary v1.0.2
[INFO] [stderr]   Downloaded libp2p-request-response v0.12.0
[INFO] [stderr]   Downloaded parity-ws v0.11.0
[INFO] [stderr]   Downloaded retain_mut v0.1.4
[INFO] [stderr]   Downloaded cranelift-codegen-shared v0.77.0
[INFO] [stderr]   Downloaded mick-jaeger v0.1.4
[INFO] [stderr]   Downloaded cranelift-frontend v0.77.0
[INFO] [stderr]   Downloaded prometheus v0.12.0
[INFO] [stderr]   Downloaded ed25519 v1.0.1
[INFO] [stderr]   Downloaded generator v0.6.23
[INFO] [stderr]   Downloaded dlmalloc v0.2.1
[INFO] [stderr]   Downloaded ref-cast-impl v1.0.2
[INFO] [stderr]   Downloaded fs-err v2.5.0
[INFO] [stderr]   Downloaded reed-solomon-novelpoly v1.0.0
[INFO] [stderr]   Downloaded rand_distr v0.4.1
[INFO] [stderr]   Downloaded bae v0.1.6
[INFO] [stderr]   Downloaded jsonrpsee-proc-macros v0.3.1
[INFO] [stderr]   Downloaded jsonrpsee-types v0.3.1
[INFO] [stderr]   Downloaded rocksdb v0.17.0
[INFO] [stderr]   Downloaded kvdb-rocksdb v0.14.0
[INFO] [stderr]   Downloaded lz4-sys v1.9.2
[INFO] [stderr]   Downloaded memory-lru v0.1.0
[INFO] [stderr]   Downloaded memmap2 v0.2.0
[INFO] [stderr]   Downloaded libp2p-gossipsub v0.32.0
[INFO] [stderr]   Downloaded libp2p-mdns v0.31.0
[INFO] [stderr]   Downloaded ghash v0.4.3
[INFO] [stderr]   Downloaded libp2p-tcp v0.29.0
[INFO] [stderr]   Downloaded parity-tokio-ipc v0.9.0
[INFO] [stderr]   Downloaded multihash v0.13.1
[INFO] [stderr]   Downloaded cranelift-codegen-meta v0.77.0
[INFO] [stderr]   Downloaded cranelift-codegen v0.77.0
[INFO] [stderr]   Downloaded pwasm-utils v0.18.0
[INFO] [stderr]   Downloaded kvdb v0.10.0
[INFO] [stderr]   Downloaded integer-sqrt v0.1.3
[INFO] [stderr]   Downloaded environmental v1.1.3
[INFO] [stderr]   Downloaded loom v0.3.6
[INFO] [stderr]   Downloaded ref-cast v1.0.2
[INFO] [stderr]   Downloaded curve25519-dalek v2.1.0
[INFO] [stderr]   Downloaded merlin v2.0.0
[INFO] [stderr]   Downloaded anyhow v1.0.39
[INFO] [stderr]   Downloaded zeroize v1.4.2
[INFO] [stderr]   Downloaded ss58-registry v1.0.0
[INFO] [stderr]   Downloaded rlp v0.5.0
[INFO] [stderr]   Downloaded tap v1.0.0
[INFO] [stderr]   Downloaded parity-util-mem v0.10.2
[INFO] [stderr]   Downloaded libp2p-core v0.29.0
[INFO] [stderr]   Downloaded cranelift-wasm v0.77.0
[INFO] [stderr]   Downloaded bitvec v0.20.1
[INFO] [stderr]   Downloaded finality-grandpa v0.14.4
[INFO] [stderr]   Downloaded trust-dns-resolver v0.20.1
[INFO] [stderr]   Downloaded polyval v0.5.1
[INFO] [stderr]   Downloaded flate2 v1.0.16
[INFO] [stderr]   Downloaded soketto v0.4.1
[INFO] [stderr]   Downloaded jsonrpc-ipc-server v18.0.0
[INFO] [stderr]   Downloaded wasmtime v0.30.0
[INFO] [stderr]   Downloaded memory-db v0.27.0
[INFO] [stderr]   Downloaded tikv-jemalloc-ctl v0.4.2
[INFO] [stderr]   Downloaded ckb-merkle-mountain-range v0.3.1
[INFO] [stderr]   Downloaded trybuild v1.0.50
[INFO] [stderr]   Downloaded lru v0.7.0
[INFO] [stderr]   Downloaded jsonrpsee-ws-client v0.3.1
[INFO] [stderr]   Downloaded lz4 v1.23.2
[INFO] [stderr]   Downloaded aead v0.4.2
[INFO] [stderr]   Downloaded chacha20 v0.7.1
[INFO] [stderr]   Downloaded libp2p-plaintext v0.29.0
[INFO] [stderr]   Downloaded asn1_der v0.7.4
[INFO] [stderr]   Downloaded cranelift-entity v0.77.0
[INFO] [stderr]   Downloaded wasmtime-environ v0.30.0
[INFO] [stderr]   Downloaded wasmtime-runtime v0.30.0
[INFO] [stderr]   Downloaded wasmi-validation v0.4.0
[INFO] [stderr]   Downloaded eyre v0.6.2
[INFO] [stderr]   Downloaded ethereum-types v0.12.0
[INFO] [stderr]   Downloaded wasmtime-cache v0.30.0
[INFO] [stderr]   Downloaded libp2p-identify v0.30.0
[INFO] [stderr]   Downloaded wasmtime-jit v0.30.0
[INFO] [stderr]   Downloaded frame-metadata v14.0.0
[INFO] [stderr]   Downloaded kvdb-memorydb v0.10.0
[INFO] [stderr]   Downloaded cid v0.6.0
[INFO] [stderr]   Downloaded libp2p-mplex v0.29.0
[INFO] [stderr]   Downloaded yamux v0.9.0
[INFO] [stderr]   Downloaded target-lexicon v0.12.0
[INFO] [stderr]   Downloaded humantime v2.0.1
[INFO] [stderr]   Downloaded libp2p-noise v0.32.0
[INFO] [stderr]   Downloaded libp2p-pnet v0.21.0
[INFO] [stderr]   Downloaded libp2p-websocket v0.30.0
[INFO] [stderr]   Downloaded multistream-select v0.10.0
[INFO] [stderr]   Downloaded multihash v0.14.0
[INFO] [stderr]   Downloaded zstd-safe v4.1.1+zstd.1.5.0
[INFO] [stderr]   Downloaded libp2p-uds v0.29.0
[INFO] [stderr]   Downloaded multiaddr v0.13.0
[INFO] [stderr]   Downloaded owo-colors v1.2.1
[INFO] running `Command { std: "docker" "create" "-v" "/var/lib/crater-agent-workspace/builds/worker-4-tc1/target:/opt/rustwide/target:rw,Z" "-v" "/var/lib/crater-agent-workspace/builds/worker-4-tc1/source:/opt/rustwide/workdir:ro,Z" "-v" "/var/lib/crater-agent-workspace/cargo-home:/opt/rustwide/cargo-home:ro,Z" "-v" "/var/lib/crater-agent-workspace/rustup-home:/opt/rustwide/rustup-home:ro,Z" "-e" "SOURCE_DIR=/opt/rustwide/workdir" "-e" "CARGO_TARGET_DIR=/opt/rustwide/target" "-e" "CARGO_HOME=/opt/rustwide/cargo-home" "-e" "RUSTUP_HOME=/opt/rustwide/rustup-home" "-w" "/opt/rustwide/workdir" "-m" "1610612736" "--user" "0:0" "--network" "none" "ghcr.io/rust-lang/crates-build-env/linux@sha256:2788e3201cd34a07e3172128adcd8b3090168a8e3bcc40d7c032b9dda1df7d1c" "/opt/rustwide/cargo-home/bin/cargo" "+1.75.0" "metadata" "--no-deps" "--format-version=1", kill_on_drop: false }`
[INFO] [stdout] ae18c3e8d160f11895695589c1e51f23340a0df062fed409c0940f5f99ee069a
[INFO] running `Command { std: "docker" "start" "-a" "ae18c3e8d160f11895695589c1e51f23340a0df062fed409c0940f5f99ee069a", kill_on_drop: false }`
[INFO] running `Command { std: "docker" "inspect" "ae18c3e8d160f11895695589c1e51f23340a0df062fed409c0940f5f99ee069a", kill_on_drop: false }`
[INFO] running `Command { std: "docker" "rm" "-f" "ae18c3e8d160f11895695589c1e51f23340a0df062fed409c0940f5f99ee069a", kill_on_drop: false }`
[INFO] [stdout] ae18c3e8d160f11895695589c1e51f23340a0df062fed409c0940f5f99ee069a
[INFO] running `Command { std: "docker" "create" "-v" "/var/lib/crater-agent-workspace/builds/worker-4-tc1/target:/opt/rustwide/target:rw,Z" "-v" "/var/lib/crater-agent-workspace/builds/worker-4-tc1/source:/opt/rustwide/workdir:ro,Z" "-v" "/var/lib/crater-agent-workspace/cargo-home:/opt/rustwide/cargo-home:ro,Z" "-v" "/var/lib/crater-agent-workspace/rustup-home:/opt/rustwide/rustup-home:ro,Z" "-e" "SOURCE_DIR=/opt/rustwide/workdir" "-e" "CARGO_TARGET_DIR=/opt/rustwide/target" "-e" "CARGO_INCREMENTAL=0" "-e" "RUST_BACKTRACE=full" "-e" "RUSTFLAGS=--cap-lints=warn" "-e" "RUSTDOCFLAGS=--cap-lints=warn" "-e" "CARGO_HOME=/opt/rustwide/cargo-home" "-e" "RUSTUP_HOME=/opt/rustwide/rustup-home" "-w" "/opt/rustwide/workdir" "-m" "1610612736" "--user" "0:0" "--network" "none" "ghcr.io/rust-lang/crates-build-env/linux@sha256:2788e3201cd34a07e3172128adcd8b3090168a8e3bcc40d7c032b9dda1df7d1c" "/opt/rustwide/cargo-home/bin/cargo" "+1.75.0" "build" "--frozen" "--message-format=json", kill_on_drop: false }`
[INFO] [stdout] 68f360283e127020b657c558162f798fbbb1c8b9e24c26e8aaba820797a4760b
[INFO] running `Command { std: "docker" "start" "-a" "68f360283e127020b657c558162f798fbbb1c8b9e24c26e8aaba820797a4760b", kill_on_drop: false }`
[INFO] [stderr]    Compiling proc-macro2 v1.0.30
[INFO] [stderr]    Compiling syn v1.0.80
[INFO] [stderr]    Compiling libc v0.2.103
[INFO] [stderr]    Compiling autocfg v1.0.0
[INFO] [stderr]    Compiling serde_derive v1.0.130
[INFO] [stderr]    Compiling serde v1.0.130
[INFO] [stderr]    Compiling value-bag v1.0.0-alpha.6
[INFO] [stderr]    Compiling log v0.4.14
[INFO] [stderr]    Compiling memchr v2.4.1
[INFO] [stderr]    Compiling once_cell v1.8.0
[INFO] [stderr]    Compiling getrandom v0.2.1
[INFO] [stderr]    Compiling ppv-lite86 v0.2.8
[INFO] [stderr]    Compiling cfg-if v0.1.10
[INFO] [stderr]    Compiling typenum v1.12.0
[INFO] [stderr]    Compiling bytes v1.0.1
[INFO] [stderr]    Compiling pin-project-lite v0.2.4
[INFO] [stderr]    Compiling generic-array v0.14.4
[INFO] [stderr]    Compiling futures-core v0.3.17
[INFO] [stderr]    Compiling byteorder v1.3.4
[INFO] [stderr]    Compiling futures-io v0.3.17
[INFO] [stderr]    Compiling ahash v0.7.4
[INFO] [stderr]    Compiling slab v0.4.2
[INFO] [stderr]    Compiling proc-macro-hack v0.5.19
[INFO] [stderr]    Compiling futures-sink v0.3.17
[INFO] [stderr]    Compiling futures-macro v0.3.17
[INFO] [stderr]    Compiling futures-channel v0.3.17
[INFO] [stderr]    Compiling futures-task v0.3.17
[INFO] [stderr]    Compiling proc-macro-nested v0.1.6
[INFO] [stderr]    Compiling futures-util v0.3.17
[INFO] [stderr]    Compiling futures v0.1.29
[INFO] [stderr]    Compiling smallvec v1.7.0
[INFO] [stderr]    Compiling anyhow v1.0.39
[INFO] [stderr]    Compiling indexmap v1.7.0
[INFO] [stderr]    Compiling crunchy v0.2.2
[INFO] [stderr]    Compiling getrandom v0.1.14
[INFO] [stderr]    Compiling instant v0.1.6
[INFO] [stderr]    Compiling lock_api v0.4.1
[INFO] [stderr]    Compiling block-padding v0.2.1
[INFO] [stderr]    Compiling either v1.6.0
[INFO] [stderr]    Compiling static_assertions v1.1.0
[INFO] [stderr]    Compiling tinyvec v0.3.3
[INFO] [stderr]    Compiling itoa v0.4.6
[INFO] [stderr]    Compiling quote v1.0.10
[INFO] [stderr]    Compiling cpufeatures v0.2.1
[INFO] [stderr]    Compiling arrayref v0.3.6
[INFO] [stderr]    Compiling ryu v1.0.5
[INFO] [stderr]    Compiling regex-syntax v0.6.25
[INFO] [stderr]    Compiling serde_json v1.0.68
[INFO] [stderr]    Compiling aho-corasick v0.7.18
[INFO] [stderr]    Compiling funty v1.1.0
[INFO] [stderr]    Compiling wyz v0.2.0
[INFO] [stderr]    Compiling unicode-normalization v0.1.13
[INFO] [stderr]    Compiling tap v1.0.0
[INFO] [stderr]    Compiling libm v0.2.1
[INFO] [stderr]    Compiling num-traits v0.2.14
[INFO] [stderr]    Compiling convert_case v0.4.0
[INFO] [stderr]    Compiling base64 v0.12.3
[INFO] [stderr]    Compiling radium v0.6.2
[INFO] [stderr]    Compiling signature v1.1.0
[INFO] [stderr]    Compiling ed25519 v1.0.1
[INFO] [stderr]    Compiling byte-slice-cast v1.0.0
[INFO] [stderr]    Compiling arrayvec v0.7.0
[INFO] [stderr]    Compiling tracing-core v0.1.21
[INFO] [stderr]    Compiling byte-tools v0.3.1
[INFO] [stderr]    Compiling generic-array v0.12.3
[INFO] [stderr]    Compiling jobserver v0.1.21
[INFO] [stderr]    Compiling num_cpus v1.13.0
[INFO] [stderr]    Compiling parking_lot_core v0.8.0
[INFO] [stderr]    Compiling cc v1.0.67
[INFO] [stderr]    Compiling rand_core v0.6.1
[INFO] [stderr]    Compiling bitvec v0.20.1
[INFO] [stderr]    Compiling digest v0.9.0
[INFO] [stderr]    Compiling rand_core v0.5.1
[INFO] [stderr]    Compiling parking_lot v0.11.1
[INFO] [stderr]    Compiling rand_chacha v0.3.1
[INFO] [stderr]    Compiling block-buffer v0.9.0
[INFO] [stderr]    Compiling crypto-mac v0.8.0
[INFO] [stderr]    Compiling libsecp256k1-core v0.2.2
[INFO] [stderr]    Compiling hashbrown v0.11.2
[INFO] [stderr]    Compiling rand_pcg v0.2.1
[INFO] [stderr]    Compiling rand_chacha v0.2.2
[INFO] [stderr]    Compiling sha2 v0.9.8
[INFO] [stderr]    Compiling hmac v0.8.1
[INFO] [stderr]    Compiling rand v0.8.4
[INFO] [stderr]    Compiling hmac-drbg v0.3.0
[INFO] [stderr]    Compiling num-integer v0.1.43
[INFO] [stderr]    Compiling opaque-debug v0.2.3
[INFO] [stderr]    Compiling rand v0.7.3
[INFO] [stderr]    Compiling rustc-hex v2.1.0
[INFO] [stderr]    Compiling rustc-hash v1.1.0
[INFO] [stderr]    Compiling uint v0.9.0
[INFO] [stderr]    Compiling digest v0.8.1
[INFO] [stderr]    Compiling block-padding v0.1.5
[INFO] [stderr]    Compiling paste v1.0.5
[INFO] [stderr]    Compiling block-buffer v0.7.3
[INFO] [stderr]    Compiling ansi_term v0.12.1
[INFO] [stderr]    Compiling fake-simd v0.1.2
[INFO] [stderr]    Compiling crc32fast v1.2.0
[INFO] [stderr]    Compiling lru v0.6.6
[INFO] [stderr]    Compiling rlp v0.5.0
[INFO] [stderr]    Compiling arrayvec v0.5.2
[INFO] [stderr]    Compiling fs_extra v1.1.0
[INFO] [stderr]    Compiling keccak v0.1.0
[INFO] [stderr]    Compiling regex v1.5.4
[INFO] [stderr]    Compiling libsecp256k1-gen-genmult v0.2.1
[INFO] [stderr]    Compiling libsecp256k1-gen-ecmult v0.2.1
[INFO] [stderr]    Compiling fixed-hash v0.7.0
[INFO] [stderr]    Compiling tikv-jemalloc-sys v0.4.2+5.2.1-patched.2
[INFO] [stderr]    Compiling impl-rlp v0.3.0
[INFO] [stderr]    Compiling tiny-keccak v2.0.2
[INFO] [stderr]    Compiling rustc-demangle v0.1.16
[INFO] [stderr]    Compiling stable_deref_trait v1.1.1
[INFO] [stderr]    Compiling constant_time_eq v0.1.5
[INFO] [stderr]    Compiling adler v0.2.2
[INFO] [stderr]    Compiling sp-std v4.0.0-dev (https://github.com/AXIA-DEV/axlib-axtend?branch=master#25061241)
[INFO] [stderr]    Compiling fallible-iterator v0.2.0
[INFO] [stderr]    Compiling parity-util-mem v0.10.2
[INFO] [stderr]    Compiling miniz_oxide v0.4.0
[INFO] [stderr]    Compiling num-bigint v0.2.6
[INFO] [stderr]    Compiling time v0.1.43
[INFO] [stderr]    Compiling num-rational v0.2.4
[INFO] [stderr]    Compiling parity-wasm v0.42.2
[INFO] [stderr]    Compiling arrayvec v0.4.12
[INFO] [stderr]    Compiling regex-automata v0.1.9
[INFO] [stderr]    Compiling async-trait v0.1.51
[INFO] [stderr]    Compiling chrono v0.4.19
[INFO] [stderr]    Compiling nodrop v0.1.14
[INFO] [stderr]    Compiling crypto-mac v0.11.1
[INFO] [stderr]    Compiling thread_local v1.1.3
[INFO] [stderr]    Compiling sharded-slab v0.1.0
[INFO] [stderr]    Compiling downcast-rs v1.2.0
[INFO] [stderr]    Compiling memory_units v0.3.0
[INFO] [stderr]    Compiling hash-db v0.15.2
[INFO] [stderr]    Compiling libsecp256k1 v0.6.0
[INFO] [stderr]    Compiling sha2 v0.8.2
[INFO] [stderr]    Compiling environmental v1.1.3
[INFO] [stderr]    Compiling Inflector v0.11.4
[INFO] [stderr]    Compiling hmac v0.11.0
[INFO] [stderr]    Compiling pbkdf2 v0.8.0
[INFO] [stderr]    Compiling blake2-rfc v0.2.18
[INFO] [stderr]    Compiling pbkdf2 v0.4.0
[INFO] [stderr]    Compiling dyn-clone v1.0.2
[INFO] [stderr]    Compiling twox-hash v1.6.1
[INFO] [stderr]    Compiling backtrace v0.3.61
[INFO] [stderr]    Compiling matchers v0.0.1
[INFO] [stderr]    Compiling hash256-std-hasher v0.15.2
[INFO] [stderr]    Compiling base58 v0.2.0
[INFO] [stderr]    Compiling trie-root v0.16.0
[INFO] [stderr]    Compiling integer-sqrt v0.1.3
[INFO] [stderr]    Compiling futures-timer v3.0.2
[INFO] [stderr]    Compiling itertools v0.10.1
[INFO] [stderr]    Compiling tempfile v3.2.0
[INFO] [stderr]    Compiling wasmi-validation v0.4.0
[INFO] [stderr]    Compiling fixedbitset v0.2.0
[INFO] [stderr]    Compiling multimap v0.8.1
[INFO] [stderr]    Compiling matches v0.1.8
[INFO] [stderr]    Compiling unicode-bidi v0.3.4
[INFO] [stderr]    Compiling ring v0.16.20
[INFO] [stderr]    Compiling zstd-sys v1.6.1+zstd.1.5.0
[INFO] [stderr]    Compiling signal-hook-registry v1.4.0
[INFO] [stderr]    Compiling percent-encoding v2.1.0
[INFO] [stderr]    Compiling wasmi v0.9.0
[INFO] [stderr]    Compiling form_urlencoded v1.0.0
[INFO] [stderr]    Compiling idna v0.2.0
[INFO] [stderr]    Compiling base64 v0.13.0
[INFO] [stderr]    Compiling zstd-safe v4.1.1+zstd.1.5.0
[INFO] [stderr]    Compiling proc-macro-error-attr v1.0.4
[INFO] [stderr]    Compiling ucd-trie v0.1.3
[INFO] [stderr]    Compiling cache-padded v1.1.1
[INFO] [stderr]    Compiling pin-project-internal v0.4.23
[INFO] [stderr]    Compiling httparse v1.4.1
[INFO] [stderr]    Compiling fastrand v1.4.0
[INFO] [stderr]    Compiling concurrent-queue v1.2.2
[INFO] [stderr]    Compiling tokio v1.12.0
[INFO] [stderr]    Compiling synstructure v0.12.4
[INFO] [stderr]    Compiling url v2.2.0
[INFO] [stderr]    Compiling pest v2.1.3
[INFO] [stderr]    Compiling futures-lite v1.11.3
[INFO] [stderr]    Compiling proc-macro-error v1.0.4
[INFO] [stderr]    Compiling libsecp256k1 v0.5.0
[INFO] [stderr]    Compiling nb-connect v1.0.2
[INFO] [stderr]    Compiling bytes v0.5.6
[INFO] [stderr]    Compiling event-listener v2.5.1
[INFO] [stderr]    Compiling vec-arena v1.0.0
[INFO] [stderr]    Compiling bs58 v0.4.0
[INFO] [stderr]    Compiling socket2 v0.4.0
[INFO] [stderr]    Compiling asn1_der v0.7.4
[INFO] [stderr]    Compiling void v1.0.2
[INFO] [stderr]    Compiling signal-hook v0.3.9
[INFO] [stderr]    Compiling async-task v4.0.3
[INFO] [stderr]    Compiling async-channel v1.5.1
[INFO] [stderr]    Compiling semver-parser v0.10.2
[INFO] [stderr]    Compiling crossbeam-utils v0.8.1
[INFO] [stderr]    Compiling target-lexicon v0.12.0
[INFO] [stderr]    Compiling blocking v1.0.2
[INFO] [stderr]    Compiling async-executor v1.4.1
[INFO] [stderr]    Compiling async-mutex v1.4.0
[INFO] [stderr]    Compiling http v0.2.1
[INFO] [stderr]    Compiling async-lock v2.4.0
[INFO] [stderr]    Compiling cranelift-codegen-shared v0.77.0
[INFO] [stderr]    Compiling try-lock v0.2.2
[INFO] [stderr]    Compiling tower-service v0.3.0
[INFO] [stderr]    Compiling atty v0.2.14
[INFO] [stderr]    Compiling crossbeam-utils v0.7.2
[INFO] [stderr]    Compiling maybe-uninit v2.0.0
[INFO] [stderr]    Compiling httpdate v1.0.1
[INFO] [stderr]    Compiling memoffset v0.5.5
[INFO] [stderr]    Compiling cpufeatures v0.1.4
[INFO] [stderr]    Compiling wasmparser v0.80.2
[INFO] [stderr]    Compiling crossbeam-epoch v0.8.2
[INFO] [stderr]    Compiling prometheus v0.12.0
[INFO] [stderr]    Compiling termcolor v1.1.0
[INFO] [stderr]    Compiling memoffset v0.6.1
[INFO] [stderr]    Compiling rayon-core v1.7.1
[INFO] [stderr]    Compiling more-asserts v0.2.1
[INFO] [stderr]    Compiling humantime v1.3.0
[INFO] [stderr]    Compiling wasmtime-runtime v0.30.0
[INFO] [stderr]    Compiling cpp_demangle v0.3.2
[INFO] [stderr]    Compiling region v2.2.0
[INFO] [stderr]    Compiling psm v0.1.12
[INFO] [stderr]    Compiling dirs-sys-next v0.1.2
[INFO] [stderr]    Compiling rayon v1.3.1
[INFO] [stderr]    Compiling crossbeam-queue v0.2.3
[INFO] [stderr]    Compiling wasmtime-cache v0.30.0
[INFO] [stderr]    Compiling directories-next v2.0.0
[INFO] [stderr]    Compiling crossbeam-deque v0.7.4
[INFO] [stderr]    Compiling cipher v0.3.0
[INFO] [stderr]    Compiling errno v0.2.5
[INFO] [stderr]    Compiling wasm-bindgen-shared v0.2.75
[INFO] [stderr]    Compiling wasmtime v0.30.0
[INFO] [stderr]    Compiling universal-hash v0.4.0
[INFO] [stderr]    Compiling bumpalo v3.4.0
[INFO] [stderr]    Compiling ipnet v2.3.0
[INFO] [stderr]    Compiling scoped-tls v1.0.0
[INFO] [stderr]    Compiling pkg-config v0.3.17
[INFO] [stderr]    Compiling linked-hash-map v0.5.4
[INFO] [stderr]    Compiling sha-1 v0.8.2
[INFO] [stderr]    Compiling wasm-bindgen v0.2.75
[INFO] [stderr]    Compiling tinyvec v1.1.1
[INFO] [stderr]    Compiling hostname v0.3.1
[INFO] [stderr]    Compiling polyval v0.5.1
[INFO] [stderr]    Compiling aead v0.4.2
[INFO] [stderr]    Compiling http-body v0.4.2
[INFO] [stderr]    Compiling resolv-conf v0.7.0
[INFO] [stderr]    Compiling lru-cache v0.1.2
[INFO] [stderr]    Compiling aes v0.7.4
[INFO] [stderr]    Compiling ghash v0.4.3
[INFO] [stderr]    Compiling ctr v0.8.0
[INFO] [stderr]    Compiling poly1305 v0.7.1
[INFO] [stderr]    Compiling sha3 v0.9.1
[INFO] [stderr]    Compiling libz-sys v1.1.3
[INFO] [stderr]    Compiling webpki v0.21.3
[INFO] [stderr]    Compiling sct v0.6.0
[INFO] [stderr]    Compiling ctor v0.1.16
[INFO] [stderr]    Compiling thiserror-impl v1.0.30
[INFO] [stderr]    Compiling zeroize_derive v1.0.0
[INFO] [stderr]    Compiling derive_more v0.99.16
[INFO] [stderr]    Compiling impl-trait-for-tuples v0.2.1
[INFO] [stderr]    Compiling tracing-attributes v0.1.18
[INFO] [stderr]    Compiling parity-util-mem-derive v0.1.0
[INFO] [stderr]    Compiling sp-debug-derive v3.0.0 (https://github.com/AXIA-DEV/axlib-axtend?branch=master#25061241)
[INFO] [stderr]    Compiling ref-cast-impl v1.0.2
[INFO] [stderr]    Compiling zeroize v1.4.2
[INFO] [stderr]    Compiling curve25519-dalek v3.0.0
[INFO] [stderr]    Compiling merlin v2.0.0
[INFO] [stderr]    Compiling curve25519-dalek v2.1.0
[INFO] [stderr]    Compiling tracing-log v0.1.2
[INFO] [stderr]    Compiling dyn-clonable-impl v0.9.0
[INFO] [stderr]    Compiling secrecy v0.8.0
[INFO] [stderr]    Compiling ref-cast v1.0.2
[INFO] [stderr]    Compiling trie-db v0.22.6
[INFO] [stderr]    Compiling frame-support-procedural-tools-derive v3.0.0 (https://github.com/AXIA-DEV/axlib-axtend?branch=master#25061241)
[INFO] [stderr]    Compiling schnorrkel v0.9.1
[INFO] [stderr]    Compiling prost-derive v0.8.0
[INFO] [stderr]    Compiling thiserror v1.0.30
[INFO] [stderr]    Compiling tiny-bip39 v0.8.2
[INFO] [stderr]    Compiling which v4.0.2
[INFO] [stderr]    Compiling tracing v0.1.29
[INFO] [stderr]    Compiling dyn-clonable v0.9.0
[INFO] [stderr]    Compiling prost-build v0.8.0
[INFO] [stderr]    Compiling pin-project-internal v1.0.8
[INFO] [stderr]    Compiling mio v0.7.13
[INFO] [stderr]    Compiling tokio-macros v1.3.0
[INFO] [stderr]    Compiling polling v2.0.2
[INFO] [stderr]    Compiling kv-log-macro v1.0.7
[INFO] [stderr]    Compiling substrate-bip39 v0.4.4
[INFO] [stderr]    Compiling async-attributes v1.1.2
[INFO] [stderr]    Compiling async-io v1.3.1
[INFO] [stderr]    Compiling want v0.3.0
[INFO] [stderr]    Compiling regalloc v0.0.31
[INFO] [stderr]    Compiling env_logger v0.7.1
[INFO] [stderr]    Compiling pwasm-utils v0.18.0
[INFO] [stderr]    Compiling async-process v1.1.0
[INFO] [stderr]    Compiling async-global-executor v2.0.2
[INFO] [stderr]    Compiling file-per-thread-logger v0.1.3
[INFO] [stderr]    Compiling async-std v1.10.0
[INFO] [stderr]    Compiling rustls v0.19.1
[INFO] [stderr]    Compiling wasm-bindgen-backend v0.2.75
[INFO] [stderr]    Compiling pin-project v1.0.8
[INFO] [stderr]    Compiling enum-as-inner v0.3.3
[INFO] [stderr]    Compiling prost v0.8.0
[INFO] [stderr]    Compiling flate2 v1.0.16
[INFO] [stderr]    Compiling futures-executor v0.3.17
[INFO] [stderr]    Compiling asynchronous-codec v0.6.0
[INFO] [stderr]    Compiling pin-project v0.4.23
[INFO] [stderr]    Compiling prost-types v0.8.0
[INFO] [stderr]    Compiling futures v0.3.17
[INFO] [stderr]    Compiling unsigned-varint v0.7.0
[INFO] [stderr]    Compiling asynchronous-codec v0.5.0
[INFO] [stderr]    Compiling rw-stream-sink v0.2.1
[INFO] [stderr]    Compiling wasm-timer v0.2.5
[INFO] [stderr]    Compiling sc-utils v4.0.0-dev (https://github.com/AXIA-DEV/axlib-axtend?branch=master#25061241)
[INFO] [stderr]    Compiling wasm-bindgen-macro-support v0.2.75
[INFO] [stderr]    Compiling unsigned-varint v0.6.0
[INFO] [stderr]    Compiling trust-dns-proto v0.20.1
[INFO] [stderr]    Compiling multistream-select v0.10.0
[INFO] [stderr]    Compiling chacha20 v0.7.1
[INFO] [stderr]    Compiling nohash-hasher v0.2.0
[INFO] [stderr]    Compiling if-watch v0.2.0
[INFO] [stderr]    Compiling x25519-dalek v1.1.0
[INFO] [stderr]    Compiling minicbor-derive v0.6.2
[INFO] [stderr]    Compiling chacha20poly1305 v0.8.0
[INFO] [stderr]    Compiling aes-gcm v0.9.3
[INFO] [stderr]    Compiling blake2 v0.9.0
[INFO] [stderr]    Compiling atomic v0.5.0
[INFO] [stderr]    Compiling pin-project-lite v0.1.7
[INFO] [stderr]    Compiling quicksink v0.1.2
[INFO] [stderr]    Compiling futures-rustls v0.21.1
[INFO] [stderr]    Compiling yamux v0.9.0
[INFO] [stderr]    Compiling soketto v0.4.1
[INFO] [stderr]    Compiling webpki-roots v0.21.0
[INFO] [stderr]    Compiling salsa20 v0.8.1
[INFO] [stderr]    Compiling wasm-bindgen-macro v0.2.75
[INFO] [stderr]    Compiling dns-parser v0.8.0
[INFO] [stderr]    Compiling cuckoofilter v0.5.0
[INFO] [stderr]    Compiling hex_fmt v0.3.0
[INFO] [stderr]    Compiling parity-send-wrapper v0.1.0
[INFO] [stderr]    Compiling libp2p-pnet v0.21.0
[INFO] [stderr]    Compiling libp2p-swarm-derive v0.24.0
[INFO] [stderr]    Compiling blake3 v0.3.7
[INFO] [stderr]    Compiling data-encoding-macro-internal v0.1.9
[INFO] [stderr]    Compiling blake2b_simd v0.5.10
[INFO] [stderr]    Compiling blake2s_simd v0.5.11
[INFO] [stderr]    Compiling base-x v0.2.8
[INFO] [stderr]    Compiling trust-dns-resolver v0.20.1
[INFO] [stderr]    Compiling unsigned-varint v0.5.1
[INFO] [stderr]    Compiling linked_hash_set v0.1.3
[INFO] [stderr]    Compiling ip_network v0.4.0
[INFO] [stderr]    Compiling data-encoding-macro v0.1.10
[INFO] [stderr]    Compiling multibase v0.8.0
[INFO] [stderr] error: could not compile `tokio` (lib)
[INFO] [stderr] 
[INFO] [stderr] Caused by:
[INFO] [stderr]   process didn't exit successfully: `/opt/rustwide/rustup-home/toolchains/1.75.0-x86_64-unknown-linux-gnu/bin/rustc --crate-name tokio --edition=2018 /opt/rustwide/cargo-home/registry/src/index.crates.io-6f17d22bba15001f/tokio-1.12.0/src/lib.rs --error-format=json --json=diagnostic-rendered-ansi,artifacts,future-incompat --crate-type lib --emit=dep-info,metadata,link -C embed-bitcode=no -C debuginfo=2 --cfg 'feature="bytes"' --cfg 'feature="default"' --cfg 'feature="io-util"' --cfg 'feature="libc"' --cfg 'feature="macros"' --cfg 'feature="memchr"' --cfg 'feature="mio"' --cfg 'feature="net"' --cfg 'feature="num_cpus"' --cfg 'feature="once_cell"' --cfg 'feature="rt"' --cfg 'feature="rt-multi-thread"' --cfg 'feature="signal"' --cfg 'feature="signal-hook-registry"' --cfg 'feature="sync"' --cfg 'feature="time"' --cfg 'feature="tokio-macros"' --cfg 'feature="winapi"' -C metadata=2a0f23e31c024762 -C extra-filename=-2a0f23e31c024762 --out-dir /opt/rustwide/target/debug/deps -L dependency=/opt/rustwide/target/debug/deps --extern bytes=/opt/rustwide/target/debug/deps/libbytes-5e138d6842c3c4cd.rmeta --extern libc=/opt/rustwide/target/debug/deps/liblibc-05a2d447ee800ca3.rmeta --extern memchr=/opt/rustwide/target/debug/deps/libmemchr-5a84f82bd0d05428.rmeta --extern mio=/opt/rustwide/target/debug/deps/libmio-191016d5bd48e89e.rmeta --extern num_cpus=/opt/rustwide/target/debug/deps/libnum_cpus-9716052748e7521d.rmeta --extern once_cell=/opt/rustwide/target/debug/deps/libonce_cell-f7170199c952460e.rmeta --extern pin_project_lite=/opt/rustwide/target/debug/deps/libpin_project_lite-8012f1a582c4855e.rmeta --extern signal_hook_registry=/opt/rustwide/target/debug/deps/libsignal_hook_registry-729504ce1a087f2f.rmeta --extern tokio_macros=/opt/rustwide/target/debug/deps/libtokio_macros-cd82a1af9b8a8c37.so --cap-lints allow --cap-lints=warn --cfg tokio_track_caller` (signal: 9, SIGKILL: kill)
[INFO] [stderr] warning: build failed, waiting for other jobs to finish...
[INFO] running `Command { std: "docker" "inspect" "68f360283e127020b657c558162f798fbbb1c8b9e24c26e8aaba820797a4760b", kill_on_drop: false }`
[INFO] running `Command { std: "docker" "rm" "-f" "68f360283e127020b657c558162f798fbbb1c8b9e24c26e8aaba820797a4760b", kill_on_drop: false }`
[INFO] [stdout] 68f360283e127020b657c558162f798fbbb1c8b9e24c26e8aaba820797a4760b
[INFO] testing AXIA-DEV/axia against beta-2023-12-22 for beta-1.76-1
[INFO] running `Command { std: "git" "clone" "/workspace/cache/git-repos/https%3A%2F%2Fgithub.com%2FAXIA-DEV%2Faxia" "/workspace/builds/worker-4-tc2/source", kill_on_drop: false }`
[INFO] [stderr] Cloning into '/workspace/builds/worker-4-tc2/source'...
[INFO] [stderr] done.
[INFO] validating manifest of git repo https://github.com/AXIA-DEV/axia on toolchain beta-2023-12-22
[INFO] running `Command { std: CARGO_HOME="/workspace/cargo-home" RUSTUP_HOME="/workspace/rustup-home" "/workspace/cargo-home/bin/cargo" "+beta-2023-12-22" "metadata" "--manifest-path" "Cargo.toml" "--no-deps", kill_on_drop: false }`
[INFO] started tweaking git repo https://github.com/AXIA-DEV/axia
[INFO] finished tweaking git repo https://github.com/AXIA-DEV/axia
[INFO] tweaked toml for git repo https://github.com/AXIA-DEV/axia written to /workspace/builds/worker-4-tc2/source/Cargo.toml
[INFO] crate git repo https://github.com/AXIA-DEV/axia already has a lockfile, it will not be regenerated
[INFO] running `Command { std: CARGO_HOME="/workspace/cargo-home" RUSTUP_HOME="/workspace/rustup-home" "/workspace/cargo-home/bin/cargo" "+beta-2023-12-22" "fetch" "--manifest-path" "Cargo.toml", kill_on_drop: false }`
[INFO] running `Command { std: "docker" "create" "-v" "/var/lib/crater-agent-workspace/builds/worker-4-tc2/target:/opt/rustwide/target:rw,Z" "-v" "/var/lib/crater-agent-workspace/builds/worker-4-tc2/source:/opt/rustwide/workdir:ro,Z" "-v" "/var/lib/crater-agent-workspace/cargo-home:/opt/rustwide/cargo-home:ro,Z" "-v" "/var/lib/crater-agent-workspace/rustup-home:/opt/rustwide/rustup-home:ro,Z" "-e" "SOURCE_DIR=/opt/rustwide/workdir" "-e" "CARGO_TARGET_DIR=/opt/rustwide/target" "-e" "CARGO_HOME=/opt/rustwide/cargo-home" "-e" "RUSTUP_HOME=/opt/rustwide/rustup-home" "-w" "/opt/rustwide/workdir" "-m" "1610612736" "--user" "0:0" "--network" "none" "ghcr.io/rust-lang/crates-build-env/linux@sha256:2788e3201cd34a07e3172128adcd8b3090168a8e3bcc40d7c032b9dda1df7d1c" "/opt/rustwide/cargo-home/bin/cargo" "+beta-2023-12-22" "metadata" "--no-deps" "--format-version=1", kill_on_drop: false }`
[INFO] [stdout] 194f96231f34e78e00b6bed620e111ad982f68343874efd9eedbaaf248355d4a
[INFO] running `Command { std: "docker" "start" "-a" "194f96231f34e78e00b6bed620e111ad982f68343874efd9eedbaaf248355d4a", kill_on_drop: false }`
[INFO] running `Command { std: "docker" "inspect" "194f96231f34e78e00b6bed620e111ad982f68343874efd9eedbaaf248355d4a", kill_on_drop: false }`
[INFO] running `Command { std: "docker" "rm" "-f" "194f96231f34e78e00b6bed620e111ad982f68343874efd9eedbaaf248355d4a", kill_on_drop: false }`
[INFO] [stdout] 194f96231f34e78e00b6bed620e111ad982f68343874efd9eedbaaf248355d4a
[INFO] running `Command { std: "docker" "create" "-v" "/var/lib/crater-agent-workspace/builds/worker-4-tc2/target:/opt/rustwide/target:rw,Z" "-v" "/var/lib/crater-agent-workspace/builds/worker-4-tc2/source:/opt/rustwide/workdir:ro,Z" "-v" "/var/lib/crater-agent-workspace/cargo-home:/opt/rustwide/cargo-home:ro,Z" "-v" "/var/lib/crater-agent-workspace/rustup-home:/opt/rustwide/rustup-home:ro,Z" "-e" "SOURCE_DIR=/opt/rustwide/workdir" "-e" "CARGO_TARGET_DIR=/opt/rustwide/target" "-e" "CARGO_INCREMENTAL=0" "-e" "RUST_BACKTRACE=full" "-e" "RUSTFLAGS=--cap-lints=warn" "-e" "RUSTDOCFLAGS=--cap-lints=warn" "-e" "CARGO_HOME=/opt/rustwide/cargo-home" "-e" "RUSTUP_HOME=/opt/rustwide/rustup-home" "-w" "/opt/rustwide/workdir" "-m" "1610612736" "--user" "0:0" "--network" "none" "ghcr.io/rust-lang/crates-build-env/linux@sha256:2788e3201cd34a07e3172128adcd8b3090168a8e3bcc40d7c032b9dda1df7d1c" "/opt/rustwide/cargo-home/bin/cargo" "+beta-2023-12-22" "build" "--frozen" "--message-format=json", kill_on_drop: false }`
[INFO] [stdout] 17216998503bfa8014537faef7aa72b0f5603e51afe3168d1d648d55e1cefc4a
[INFO] running `Command { std: "docker" "start" "-a" "17216998503bfa8014537faef7aa72b0f5603e51afe3168d1d648d55e1cefc4a", kill_on_drop: false }`
[INFO] [stderr]    Compiling proc-macro2 v1.0.30
[INFO] [stderr]    Compiling syn v1.0.80
[INFO] [stderr]    Compiling libc v0.2.103
[INFO] [stderr]    Compiling autocfg v1.0.0
[INFO] [stderr]    Compiling serde_derive v1.0.130
[INFO] [stderr]    Compiling serde v1.0.130
[INFO] [stderr]    Compiling value-bag v1.0.0-alpha.6
[INFO] [stderr]    Compiling log v0.4.14
[INFO] [stderr]    Compiling memchr v2.4.1
[INFO] [stderr]    Compiling once_cell v1.8.0
[INFO] [stderr]    Compiling getrandom v0.2.1
[INFO] [stderr]    Compiling ppv-lite86 v0.2.8
[INFO] [stderr]    Compiling cfg-if v0.1.10
[INFO] [stderr]    Compiling typenum v1.12.0
[INFO] [stderr]    Compiling bytes v1.0.1
[INFO] [stderr]    Compiling pin-project-lite v0.2.4
[INFO] [stderr]    Compiling generic-array v0.14.4
[INFO] [stderr]    Compiling futures-core v0.3.17
[INFO] [stderr]    Compiling byteorder v1.3.4
[INFO] [stderr]    Compiling futures-io v0.3.17
[INFO] [stderr]    Compiling ahash v0.7.4
[INFO] [stderr]    Compiling slab v0.4.2
[INFO] [stderr]    Compiling futures-sink v0.3.17
[INFO] [stderr]    Compiling proc-macro-hack v0.5.19
[INFO] [stderr]    Compiling futures-macro v0.3.17
[INFO] [stderr]    Compiling futures-task v0.3.17
[INFO] [stderr]    Compiling futures-channel v0.3.17
[INFO] [stderr]    Compiling proc-macro-nested v0.1.6
[INFO] [stderr]    Compiling futures-util v0.3.17
[INFO] [stderr]    Compiling futures v0.1.29
[INFO] [stderr]    Compiling smallvec v1.7.0
[INFO] [stderr]    Compiling anyhow v1.0.39
[INFO] [stderr]    Compiling indexmap v1.7.0
[INFO] [stderr]    Compiling crunchy v0.2.2
[INFO] [stderr]    Compiling getrandom v0.1.14
[INFO] [stderr]    Compiling instant v0.1.6
[INFO] [stderr]    Compiling lock_api v0.4.1
[INFO] [stderr]    Compiling quote v1.0.10
[INFO] [stderr]    Compiling block-padding v0.2.1
[INFO] [stderr]    Compiling either v1.6.0
[INFO] [stderr]    Compiling static_assertions v1.1.0
[INFO] [stderr]    Compiling tinyvec v0.3.3
[INFO] [stderr]    Compiling itoa v0.4.6
[INFO] [stderr]    Compiling cpufeatures v0.2.1
[INFO] [stderr]    Compiling ryu v1.0.5
[INFO] [stderr]    Compiling regex-syntax v0.6.25
[INFO] [stderr]    Compiling arrayref v0.3.6
[INFO] [stderr]    Compiling serde_json v1.0.68
[INFO] [stderr]    Compiling aho-corasick v0.7.18
[INFO] [stderr]    Compiling tap v1.0.0
[INFO] [stderr]    Compiling funty v1.1.0
[INFO] [stderr]    Compiling wyz v0.2.0
[INFO] [stderr]    Compiling libm v0.2.1
[INFO] [stderr]    Compiling unicode-normalization v0.1.13
[INFO] [stderr]    Compiling num-traits v0.2.14
[INFO] [stderr]    Compiling convert_case v0.4.0
[INFO] [stderr]    Compiling base64 v0.12.3
[INFO] [stderr]    Compiling radium v0.6.2
[INFO] [stderr]    Compiling signature v1.1.0
[INFO] [stderr]    Compiling ed25519 v1.0.1
[INFO] [stderr]    Compiling arrayvec v0.7.0
[INFO] [stderr]    Compiling byte-slice-cast v1.0.0
[INFO] [stderr]    Compiling jobserver v0.1.21
[INFO] [stderr]    Compiling num_cpus v1.13.0
[INFO] [stderr]    Compiling parking_lot_core v0.8.0
[INFO] [stderr]    Compiling rand_core v0.6.1
[INFO] [stderr]    Compiling cc v1.0.67
[INFO] [stderr]    Compiling rand_chacha v0.3.1
[INFO] [stderr]    Compiling hashbrown v0.11.2
[INFO] [stderr]    Compiling parking_lot v0.11.1
[INFO] [stderr]    Compiling rand_core v0.5.1
[INFO] [stderr]    Compiling digest v0.9.0
[INFO] [stderr]    Compiling block-buffer v0.9.0
[INFO] [stderr]    Compiling crypto-mac v0.8.0
[INFO] [stderr]    Compiling bitvec v0.20.1
[INFO] [stderr]    Compiling tracing-core v0.1.21
[INFO] [stderr]    Compiling rand_chacha v0.2.2
[INFO] [stderr]    Compiling rand_pcg v0.2.1
[INFO] [stderr]    Compiling sha2 v0.9.8
[INFO] [stderr]    Compiling rand v0.8.4
[INFO] [stderr]    Compiling libsecp256k1-core v0.2.2
[INFO] [stderr]    Compiling hmac v0.8.1
[INFO] [stderr]    Compiling byte-tools v0.3.1
[INFO] [stderr]    Compiling rand v0.7.3
[INFO] [stderr]    Compiling hmac-drbg v0.3.0
[INFO] [stderr]    Compiling generic-array v0.12.3
[INFO] [stderr]    Compiling num-integer v0.1.43
[INFO] [stderr]    Compiling opaque-debug v0.2.3
[INFO] [stderr]    Compiling rustc-hex v2.1.0
[INFO] [stderr]    Compiling rustc-hash v1.1.0
[INFO] [stderr]    Compiling digest v0.8.1
[INFO] [stderr]    Compiling uint v0.9.0
[INFO] [stderr]    Compiling block-padding v0.1.5
[INFO] [stderr]    Compiling fake-simd v0.1.2
[INFO] [stderr]    Compiling paste v1.0.5
[INFO] [stderr]    Compiling ansi_term v0.12.1
[INFO] [stderr]    Compiling block-buffer v0.7.3
[INFO] [stderr]    Compiling crc32fast v1.2.0
[INFO] [stderr]    Compiling rlp v0.5.0
[INFO] [stderr]    Compiling lru v0.6.6
[INFO] [stderr]    Compiling fs_extra v1.1.0
[INFO] [stderr]    Compiling arrayvec v0.5.2
[INFO] [stderr]    Compiling tiny-keccak v2.0.2
[INFO] [stderr]    Compiling regex v1.5.4
[INFO] [stderr]    Compiling fixed-hash v0.7.0
[INFO] [stderr]    Compiling impl-rlp v0.3.0
[INFO] [stderr]    Compiling libsecp256k1-gen-genmult v0.2.1
[INFO] [stderr]    Compiling libsecp256k1-gen-ecmult v0.2.1
[INFO] [stderr]    Compiling keccak v0.1.0
[INFO] [stderr]    Compiling rustc-demangle v0.1.16
[INFO] [stderr]    Compiling tikv-jemalloc-sys v0.4.2+5.2.1-patched.2
[INFO] [stderr]    Compiling stable_deref_trait v1.1.1
[INFO] [stderr]    Compiling constant_time_eq v0.1.5
[INFO] [stderr]    Compiling parity-util-mem v0.10.2
[INFO] [stderr]    Compiling fallible-iterator v0.2.0
[INFO] [stderr]    Compiling adler v0.2.2
[INFO] [stderr]    Compiling sp-std v4.0.0-dev (https://github.com/AXIA-DEV/axlib-axtend?branch=master#25061241)
[INFO] [stderr]    Compiling num-bigint v0.2.6
[INFO] [stderr]    Compiling miniz_oxide v0.4.0
[INFO] [stderr]    Compiling time v0.1.43
[INFO] [stderr]    Compiling num-rational v0.2.4
[INFO] [stderr]    Compiling parity-wasm v0.42.2
[INFO] [stderr]    Compiling arrayvec v0.4.12
[INFO] [stderr]    Compiling regex-automata v0.1.9
[INFO] [stderr]    Compiling nodrop v0.1.14
[INFO] [stderr]    Compiling async-trait v0.1.51
[INFO] [stderr]    Compiling crypto-mac v0.11.1
[INFO] [stderr]    Compiling chrono v0.4.19
[INFO] [stderr]    Compiling thread_local v1.1.3
[INFO] [stderr]    Compiling sharded-slab v0.1.0
[INFO] [stderr]    Compiling hash-db v0.15.2
[INFO] [stderr]    Compiling memory_units v0.3.0
[INFO] [stderr]    Compiling downcast-rs v1.2.0
[INFO] [stderr]    Compiling libsecp256k1 v0.6.0
[INFO] [stderr]    Compiling sha2 v0.8.2
[INFO] [stderr]    Compiling environmental v1.1.3
[INFO] [stderr]    Compiling pbkdf2 v0.8.0
[INFO] [stderr]    Compiling Inflector v0.11.4
[INFO] [stderr]    Compiling blake2-rfc v0.2.18
[INFO] [stderr]    Compiling hmac v0.11.0
[INFO] [stderr]    Compiling pbkdf2 v0.4.0
[INFO] [stderr]    Compiling dyn-clone v1.0.2
[INFO] [stderr]    Compiling matchers v0.0.1
[INFO] [stderr]    Compiling backtrace v0.3.61
[INFO] [stderr]    Compiling twox-hash v1.6.1
[INFO] [stderr]    Compiling hash256-std-hasher v0.15.2
[INFO] [stderr]    Compiling base58 v0.2.0
[INFO] [stderr]    Compiling trie-root v0.16.0
[INFO] [stderr]    Compiling integer-sqrt v0.1.3
[INFO] [stderr]    Compiling futures-timer v3.0.2
[INFO] [stderr]    Compiling itertools v0.10.1
[INFO] [stderr]    Compiling tempfile v3.2.0
[INFO] [stderr]    Compiling wasmi-validation v0.4.0
[INFO] [stderr]    Compiling fixedbitset v0.2.0
[INFO] [stderr]    Compiling multimap v0.8.1
[INFO] [stderr]    Compiling wasmi v0.9.0
[INFO] [stderr]    Compiling matches v0.1.8
[INFO] [stderr]    Compiling ring v0.16.20
[INFO] [stderr]    Compiling zstd-sys v1.6.1+zstd.1.5.0
[INFO] [stderr]    Compiling signal-hook-registry v1.4.0
[INFO] [stderr]    Compiling unicode-bidi v0.3.4
[INFO] [stderr]    Compiling percent-encoding v2.1.0
[INFO] [stderr]    Compiling zstd-safe v4.1.1+zstd.1.5.0
[INFO] [stderr]    Compiling base64 v0.13.0
[INFO] [stderr]    Compiling idna v0.2.0
[INFO] [stderr]    Compiling form_urlencoded v1.0.0
[INFO] [stderr]    Compiling proc-macro-error-attr v1.0.4
[INFO] [stderr]    Compiling ucd-trie v0.1.3
[INFO] [stderr]    Compiling cache-padded v1.1.1
[INFO] [stderr]    Compiling httparse v1.4.1
[INFO] [stderr]    Compiling concurrent-queue v1.2.2
[INFO] [stderr]    Compiling fastrand v1.4.0
[INFO] [stderr]    Compiling pest v2.1.3
[INFO] [stderr]    Compiling synstructure v0.12.4
[INFO] [stderr]    Compiling pin-project-internal v0.4.23
[INFO] [stderr]    Compiling url v2.2.0
[INFO] [stderr]    Compiling futures-lite v1.11.3
[INFO] [stderr]    Compiling tokio v1.12.0
[INFO] [stderr]    Compiling proc-macro-error v1.0.4
[INFO] [stderr]    Compiling libsecp256k1 v0.5.0
[INFO] [stderr]    Compiling nb-connect v1.0.2
[INFO] [stderr]    Compiling event-listener v2.5.1
[INFO] [stderr]    Compiling bytes v0.5.6
[INFO] [stderr]    Compiling vec-arena v1.0.0
[INFO] [stderr]    Compiling bs58 v0.4.0
[INFO] [stderr]    Compiling semver-parser v0.10.2
[INFO] [stderr]    Compiling socket2 v0.4.0
[INFO] [stderr]    Compiling asn1_der v0.7.4
[INFO] [stderr]    Compiling void v1.0.2
[INFO] [stderr]    Compiling async-task v4.0.3
[INFO] [stderr]    Compiling signal-hook v0.3.9
[INFO] [stderr]    Compiling async-channel v1.5.1
[INFO] [stderr]    Compiling crossbeam-utils v0.8.1
[INFO] [stderr]    Compiling target-lexicon v0.12.0
[INFO] [stderr]    Compiling async-executor v1.4.1
[INFO] [stderr]    Compiling blocking v1.0.2
[INFO] [stderr]    Compiling async-mutex v1.4.0
[INFO] [stderr]    Compiling http v0.2.1
[INFO] [stderr]    Compiling async-lock v2.4.0
[INFO] [stderr]    Compiling tower-service v0.3.0
[INFO] [stderr]    Compiling try-lock v0.2.2
[INFO] [stderr]    Compiling cranelift-codegen-shared v0.77.0
[INFO] [stderr]    Compiling atty v0.2.14
[INFO] [stderr]    Compiling crossbeam-utils v0.7.2
[INFO] [stderr]    Compiling httpdate v1.0.1
[INFO] [stderr]    Compiling maybe-uninit v2.0.0
[INFO] [stderr]    Compiling memoffset v0.5.5
[INFO] [stderr]    Compiling cpufeatures v0.1.4
[INFO] [stderr]    Compiling wasmparser v0.80.2
[INFO] [stderr]    Compiling crossbeam-epoch v0.8.2
[INFO] [stderr]    Compiling prometheus v0.12.0
[INFO] [stderr]    Compiling termcolor v1.1.0
[INFO] [stderr]    Compiling memoffset v0.6.1
[INFO] [stderr]    Compiling rayon-core v1.7.1
[INFO] [stderr]    Compiling more-asserts v0.2.1
[INFO] [stderr]    Compiling humantime v1.3.0
[INFO] [stderr]    Compiling wasmtime-runtime v0.30.0
[INFO] [stderr]    Compiling cpp_demangle v0.3.2
[INFO] [stderr]    Compiling region v2.2.0
[INFO] [stderr]    Compiling psm v0.1.12
[INFO] [stderr]    Compiling dirs-sys-next v0.1.2
[INFO] [stderr]    Compiling rayon v1.3.1
[INFO] [stderr]    Compiling wasmtime-cache v0.30.0
[INFO] [stderr]    Compiling cipher v0.3.0
[INFO] [stderr]    Compiling directories-next v2.0.0
[INFO] [stderr]    Compiling errno v0.2.5
[INFO] [stderr]    Compiling crossbeam-queue v0.2.3
[INFO] [stderr]    Compiling wasm-bindgen-shared v0.2.75
[INFO] [stderr]    Compiling wasmtime v0.30.0
[INFO] [stderr]    Compiling universal-hash v0.4.0
[INFO] [stderr]    Compiling bumpalo v3.4.0
[INFO] [stderr]    Compiling crossbeam-deque v0.7.4
[INFO] [stderr]    Compiling ipnet v2.3.0
[INFO] [stderr]    Compiling pkg-config v0.3.17
[INFO] [stderr]    Compiling linked-hash-map v0.5.4
[INFO] [stderr]    Compiling scoped-tls v1.0.0
[INFO] [stderr]    Compiling sha-1 v0.8.2
[INFO] [stderr]    Compiling http-body v0.4.2
[INFO] [stderr]    Compiling wasm-bindgen v0.2.75
[INFO] [stderr]    Compiling tinyvec v1.1.1
[INFO] [stderr]    Compiling hostname v0.3.1
[INFO] [stderr]    Compiling polyval v0.5.1
[INFO] [stderr]    Compiling aead v0.4.2
[INFO] [stderr]    Compiling resolv-conf v0.7.0
[INFO] [stderr]    Compiling lru-cache v0.1.2
[INFO] [stderr]    Compiling poly1305 v0.7.1
[INFO] [stderr]    Compiling ctor v0.1.16
[INFO] [stderr]    Compiling thiserror-impl v1.0.30
[INFO] [stderr]    Compiling zeroize_derive v1.0.0
[INFO] [stderr]    Compiling derive_more v0.99.16
[INFO] [stderr]    Compiling impl-trait-for-tuples v0.2.1
[INFO] [stderr]    Compiling tracing-attributes v0.1.18
[INFO] [stderr]    Compiling parity-util-mem-derive v0.1.0
[INFO] [stderr]    Compiling sp-debug-derive v3.0.0 (https://github.com/AXIA-DEV/axlib-axtend?branch=master#25061241)
[INFO] [stderr]    Compiling ref-cast-impl v1.0.2
[INFO] [stderr]    Compiling zeroize v1.4.2
[INFO] [stderr]    Compiling curve25519-dalek v3.0.0
[INFO] [stderr]    Compiling merlin v2.0.0
[INFO] [stderr]    Compiling curve25519-dalek v2.1.0
[INFO] [stderr]    Compiling ref-cast v1.0.2
[INFO] [stderr]    Compiling tracing-log v0.1.2
[INFO] [stderr]    Compiling dyn-clonable-impl v0.9.0
[INFO] [stderr]    Compiling secrecy v0.8.0
[INFO] [stderr]    Compiling trie-db v0.22.6
[INFO] [stderr]    Compiling frame-support-procedural-tools-derive v3.0.0 (https://github.com/AXIA-DEV/axlib-axtend?branch=master#25061241)
[INFO] [stderr]    Compiling thiserror v1.0.30
[INFO] [stderr]    Compiling prost-derive v0.8.0
[INFO] [stderr]    Compiling tiny-bip39 v0.8.2
[INFO] [stderr]    Compiling tracing v0.1.29
[INFO] [stderr]    Compiling schnorrkel v0.9.1
[INFO] [stderr]    Compiling which v4.0.2
[INFO] [stderr]    Compiling pin-project-internal v1.0.8
[INFO] [stderr]    Compiling dyn-clonable v0.9.0
[INFO] [stderr]    Compiling mio v0.7.13
[INFO] [stderr]    Compiling tokio-macros v1.3.0
[INFO] [stderr]    Compiling prost-build v0.8.0
[INFO] [stderr]    Compiling polling v2.0.2
[INFO] [stderr]    Compiling kv-log-macro v1.0.7
[INFO] [stderr]    Compiling async-io v1.3.1
[INFO] [stderr]    Compiling async-attributes v1.1.2
[INFO] [stderr]    Compiling substrate-bip39 v0.4.4
[INFO] [stderr]    Compiling want v0.3.0
[INFO] [stderr]    Compiling regalloc v0.0.31
[INFO] [stderr]    Compiling env_logger v0.7.1
[INFO] [stderr]    Compiling pwasm-utils v0.18.0
[INFO] [stderr]    Compiling async-global-executor v2.0.2
[INFO] [stderr]    Compiling async-process v1.1.0
[INFO] [stderr]    Compiling async-std v1.10.0
[INFO] [stderr]    Compiling file-per-thread-logger v0.1.3
[INFO] [stderr]    Compiling sct v0.6.0
[INFO] [stderr]    Compiling webpki v0.21.3
[INFO] [stderr]    Compiling pin-project v1.0.8
[INFO] [stderr]    Compiling wasm-bindgen-backend v0.2.75
[INFO] [stderr]    Compiling prost v0.8.0
[INFO] [stderr]    Compiling rustls v0.19.1
[INFO] [stderr]    Compiling futures-executor v0.3.17
[INFO] [stderr]    Compiling prost-types v0.8.0
[INFO] [stderr]    Compiling asynchronous-codec v0.6.0
[INFO] [stderr]    Compiling pin-project v0.4.23
[INFO] [stderr]    Compiling futures v0.3.17
[INFO] [stderr]    Compiling asynchronous-codec v0.5.0
[INFO] [stderr]    Compiling unsigned-varint v0.7.0
[INFO] [stderr]    Compiling rw-stream-sink v0.2.1
[INFO] [stderr]    Compiling wasm-timer v0.2.5
[INFO] [stderr]    Compiling unsigned-varint v0.6.0
[INFO] [stderr]    Compiling sc-utils v4.0.0-dev (https://github.com/AXIA-DEV/axlib-axtend?branch=master#25061241)
[INFO] [stderr]    Compiling libz-sys v1.1.3
[INFO] [stderr]    Compiling multistream-select v0.10.0
[INFO] [stderr]    Compiling wasm-bindgen-macro-support v0.2.75
[INFO] [stderr]    Compiling enum-as-inner v0.3.3
[INFO] [stderr]    Compiling chacha20 v0.7.1
[INFO] [stderr]    Compiling ghash v0.4.3
[INFO] [stderr]    Compiling aes v0.7.4
[INFO] [stderr]    Compiling flate2 v1.0.16
[INFO] [stderr]    Compiling ctr v0.8.0
[INFO] [stderr]    Compiling sha3 v0.9.1
[INFO] [stderr]    Compiling nohash-hasher v0.2.0
[INFO] [stderr]    Compiling chacha20poly1305 v0.8.0
[INFO] [stderr]    Compiling if-watch v0.2.0
[INFO] [stderr]    Compiling x25519-dalek v1.1.0
[INFO] [stderr]    Compiling aes-gcm v0.9.3
[INFO] [stderr]    Compiling minicbor-derive v0.6.2
[INFO] [stderr]    Compiling blake2 v0.9.0
[INFO] [stderr]    Compiling atomic v0.5.0
[INFO] [stderr]    Compiling trust-dns-proto v0.20.1
[INFO] [stderr]    Compiling pin-project-lite v0.1.7
[INFO] [stderr]    Compiling soketto v0.4.1
[INFO] [stderr]    Compiling yamux v0.9.0
[INFO] [stderr]    Compiling webpki-roots v0.21.0
[INFO] [stderr]    Compiling quicksink v0.1.2
[INFO] [stderr]    Compiling salsa20 v0.8.1
[INFO] [stderr]    Compiling dns-parser v0.8.0
[INFO] [stderr]    Compiling cuckoofilter v0.5.0
[INFO] [stderr]    Compiling wasm-bindgen-macro v0.2.75
[INFO] [stderr]    Compiling futures-rustls v0.21.1
[INFO] [stderr]    Compiling hex_fmt v0.3.0
[INFO] [stderr]    Compiling parity-send-wrapper v0.1.0
[INFO] [stderr]    Compiling libp2p-pnet v0.21.0
[INFO] [stderr]    Compiling libp2p-swarm-derive v0.24.0
[INFO] [stderr]    Compiling blake3 v0.3.7
[INFO] [stderr]    Compiling data-encoding-macro-internal v0.1.9
[INFO] [stderr]    Compiling blake2s_simd v0.5.11
[INFO] [stderr]    Compiling blake2b_simd v0.5.10
[INFO] [stderr]    Compiling unsigned-varint v0.5.1
[INFO] [stderr]    Compiling base-x v0.2.8
[INFO] [stderr]    Compiling linked_hash_set v0.1.3
[INFO] [stderr]    Compiling ip_network v0.4.0
[INFO] [stderr]    Compiling hex-literal v0.3.3
[INFO] [stderr]    Compiling data-encoding-macro v0.1.10
[INFO] [stderr]    Compiling toml v0.5.6
[INFO] [stderr]    Compiling ed25519-dalek v1.0.1
[INFO] [stderr]    Compiling impl-serde v0.3.1
[INFO] [stderr]    Compiling tracing-serde v0.1.2
[INFO] [stderr]    Compiling ethbloom v0.11.0
[INFO] [stderr]    Compiling gimli v0.25.0
[INFO] [stderr]    Compiling object v0.26.2
[INFO] [stderr]    Compiling petgraph v0.5.1
[INFO] [stderr]    Compiling cranelift-entity v0.77.0
[INFO] [stderr]    Compiling proc-macro-crate v1.1.0
[INFO] [stderr]    Compiling semver v0.11.0
[INFO] [stderr]    Compiling tracing-subscriber v0.2.19
[INFO] [stderr]    Compiling frame-support-procedural-tools v4.0.0-dev (https://github.com/AXIA-DEV/axlib-axtend?branch=master#25061241)
[INFO] [stderr]    Compiling cranelift-codegen-meta v0.77.0
[INFO] [stderr]    Compiling hyper v0.14.11
[INFO] [stderr]    Compiling cranelift-bforest v0.77.0
[INFO] [stderr]    Compiling wasmtime-types v0.30.0
[INFO] [stderr]    Compiling bincode v1.3.1
[INFO] [stderr]    Compiling ss58-registry v1.0.0
[INFO] [stderr]    Compiling sp-serializer v3.0.0 (https://github.com/AXIA-DEV/axlib-axtend?branch=master#25061241)
[INFO] [stderr]    Compiling rustc_version v0.3.3
[INFO] [stderr]    Compiling trust-dns-resolver v0.20.1
[INFO] [stderr]    Compiling parity-scale-codec-derive v2.3.1
[INFO] [stderr]    Compiling scale-info-derive v1.0.0
[INFO] [stderr]    Compiling sp-runtime-interface-proc-macro v4.0.0-dev (https://github.com/AXIA-DEV/axlib-axtend?branch=master#25061241)
[INFO] [stderr]    Compiling sp-api-proc-macro v4.0.0-dev (https://github.com/AXIA-DEV/axlib-axtend?branch=master#25061241)
[INFO] [stderr]    Compiling frame-support-procedural v4.0.0-dev (https://github.com/AXIA-DEV/axlib-axtend?branch=master#25061241)
[INFO] [stderr]    Compiling multihash-derive v0.7.2
[INFO] [stderr] error: could not compile `libsecp256k1` (lib)
[INFO] [stderr] 
[INFO] [stderr] Caused by:
[INFO] [stderr]   process didn't exit successfully: `/opt/rustwide/rustup-home/toolchains/beta-2023-12-22-x86_64-unknown-linux-gnu/bin/rustc --crate-name libsecp256k1 --edition=2018 /opt/rustwide/cargo-home/registry/src/index.crates.io-6f17d22bba15001f/libsecp256k1-0.6.0/src/lib.rs --error-format=json --json=diagnostic-rendered-ansi,artifacts,future-incompat --crate-type lib --emit=dep-info,metadata,link -C embed-bitcode=no -C debuginfo=2 --cfg 'feature="default"' --cfg 'feature="hmac"' --cfg 'feature="hmac-drbg"' --cfg 'feature="sha2"' --cfg 'feature="static-context"' --cfg 'feature="std"' --cfg 'feature="typenum"' -C metadata=12c2b0e847f84163 -C extra-filename=-12c2b0e847f84163 --out-dir /opt/rustwide/target/debug/deps -L dependency=/opt/rustwide/target/debug/deps --extern arrayref=/opt/rustwide/target/debug/deps/libarrayref-5415a74d7f013a3b.rmeta --extern base64=/opt/rustwide/target/debug/deps/libbase64-3ea0acb8791808bf.rmeta --extern digest=/opt/rustwide/target/debug/deps/libdigest-34a3530fe4a3cf72.rmeta --extern hmac_drbg=/opt/rustwide/target/debug/deps/libhmac_drbg-61a7766055e61748.rmeta --extern libsecp256k1_core=/opt/rustwide/target/debug/deps/liblibsecp256k1_core-a2c0e32dc4f8e2d3.rmeta --extern rand=/opt/rustwide/target/debug/deps/librand-6645a0e461662223.rmeta --extern serde=/opt/rustwide/target/debug/deps/libserde-6b5611f584baa307.rmeta --extern sha2=/opt/rustwide/target/debug/deps/libsha2-9d9878fea8bb1008.rmeta --extern typenum=/opt/rustwide/target/debug/deps/libtypenum-c02ab5d65be96983.rmeta --cap-lints allow --cap-lints=warn` (signal: 9, SIGKILL: kill)
[INFO] [stderr] warning: build failed, waiting for other jobs to finish...
[INFO] [stderr] error: could not compile `libsecp256k1` (lib)
[INFO] [stderr] 
[INFO] [stderr] Caused by:
[INFO] [stderr]   process didn't exit successfully: `/opt/rustwide/rustup-home/toolchains/beta-2023-12-22-x86_64-unknown-linux-gnu/bin/rustc --crate-name libsecp256k1 --edition=2018 /opt/rustwide/cargo-home/registry/src/index.crates.io-6f17d22bba15001f/libsecp256k1-0.5.0/src/lib.rs --error-format=json --json=diagnostic-rendered-ansi,artifacts,future-incompat --crate-type lib --emit=dep-info,metadata,link -C embed-bitcode=no -C debuginfo=2 --cfg 'feature="default"' --cfg 'feature="hmac"' --cfg 'feature="hmac-drbg"' --cfg 'feature="sha2"' --cfg 'feature="static-context"' --cfg 'feature="std"' --cfg 'feature="typenum"' -C metadata=693551932498334d -C extra-filename=-693551932498334d --out-dir /opt/rustwide/target/debug/deps -L dependency=/opt/rustwide/target/debug/deps --extern arrayref=/opt/rustwide/target/debug/deps/libarrayref-5415a74d7f013a3b.rmeta --extern base64=/opt/rustwide/target/debug/deps/libbase64-3ea0acb8791808bf.rmeta --extern digest=/opt/rustwide/target/debug/deps/libdigest-34a3530fe4a3cf72.rmeta --extern hmac_drbg=/opt/rustwide/target/debug/deps/libhmac_drbg-61a7766055e61748.rmeta --extern libsecp256k1_core=/opt/rustwide/target/debug/deps/liblibsecp256k1_core-a2c0e32dc4f8e2d3.rmeta --extern rand=/opt/rustwide/target/debug/deps/librand-6645a0e461662223.rmeta --extern serde=/opt/rustwide/target/debug/deps/libserde-6b5611f584baa307.rmeta --extern sha2=/opt/rustwide/target/debug/deps/libsha2-9d9878fea8bb1008.rmeta --extern typenum=/opt/rustwide/target/debug/deps/libtypenum-c02ab5d65be96983.rmeta --cap-lints allow --cap-lints=warn` (signal: 9, SIGKILL: kill)
[INFO] [stderr] error: could not compile `object` (lib)
[INFO] [stderr] 
[INFO] [stderr] Caused by:
[INFO] [stderr]   process didn't exit successfully: `/opt/rustwide/rustup-home/toolchains/beta-2023-12-22-x86_64-unknown-linux-gnu/bin/rustc --crate-name object --edition=2018 /opt/rustwide/cargo-home/registry/src/index.crates.io-6f17d22bba15001f/object-0.26.2/src/lib.rs --error-format=json --json=diagnostic-rendered-ansi,artifacts,future-incompat --crate-type lib --emit=dep-info,metadata,link -C embed-bitcode=no -C debuginfo=2 --cfg 'feature="archive"' --cfg 'feature="coff"' --cfg 'feature="crc32fast"' --cfg 'feature="elf"' --cfg 'feature="indexmap"' --cfg 'feature="macho"' --cfg 'feature="pe"' --cfg 'feature="read_core"' --cfg 'feature="std"' --cfg 'feature="unaligned"' --cfg 'feature="write"' --cfg 'feature="write_core"' -C metadata=c3db7bb7982fd50c -C extra-filename=-c3db7bb7982fd50c --out-dir /opt/rustwide/target/debug/deps -L dependency=/opt/rustwide/target/debug/deps --extern crc32fast=/opt/rustwide/target/debug/deps/libcrc32fast-bd440cef269aa7d9.rmeta --extern indexmap=/opt/rustwide/target/debug/deps/libindexmap-962191dc8c4a8227.rmeta --extern memchr=/opt/rustwide/target/debug/deps/libmemchr-96c7c37583bcf710.rmeta --cap-lints allow --cap-lints=warn` (signal: 9, SIGKILL: kill)
[INFO] [stderr] error: could not compile `gimli` (lib)
[INFO] [stderr] 
[INFO] [stderr] Caused by:
[INFO] [stderr]   process didn't exit successfully: `/opt/rustwide/rustup-home/toolchains/beta-2023-12-22-x86_64-unknown-linux-gnu/bin/rustc --crate-name gimli --edition=2018 /opt/rustwide/cargo-home/registry/src/index.crates.io-6f17d22bba15001f/gimli-0.25.0/src/lib.rs --error-format=json --json=diagnostic-rendered-ansi,artifacts,future-incompat --crate-type lib --emit=dep-info,metadata,link -C embed-bitcode=no -C debuginfo=2 --cfg 'feature="fallible-iterator"' --cfg 'feature="indexmap"' --cfg 'feature="read"' --cfg 'feature="stable_deref_trait"' --cfg 'feature="std"' --cfg 'feature="write"' -C metadata=6dca873682b4a206 -C extra-filename=-6dca873682b4a206 --out-dir /opt/rustwide/target/debug/deps -L dependency=/opt/rustwide/target/debug/deps --extern fallible_iterator=/opt/rustwide/target/debug/deps/libfallible_iterator-d4ed002c546fbc05.rmeta --extern indexmap=/opt/rustwide/target/debug/deps/libindexmap-962191dc8c4a8227.rmeta --extern stable_deref_trait=/opt/rustwide/target/debug/deps/libstable_deref_trait-d7c9543e2e588e67.rmeta --cap-lints allow --cap-lints=warn` (signal: 9, SIGKILL: kill)
[INFO] [stderr] error: could not compile `cranelift-codegen-meta` (lib)
[INFO] [stderr] 
[INFO] [stderr] Caused by:
[INFO] [stderr]   process didn't exit successfully: `/opt/rustwide/rustup-home/toolchains/beta-2023-12-22-x86_64-unknown-linux-gnu/bin/rustc --crate-name cranelift_codegen_meta --edition=2018 /opt/rustwide/cargo-home/registry/src/index.crates.io-6f17d22bba15001f/cranelift-codegen-meta-0.77.0/src/lib.rs --error-format=json --json=diagnostic-rendered-ansi,artifacts,future-incompat --crate-type lib --emit=dep-info,metadata,link -C embed-bitcode=no -C metadata=775f2c38ca10e0c1 -C extra-filename=-775f2c38ca10e0c1 --out-dir /opt/rustwide/target/debug/deps -L dependency=/opt/rustwide/target/debug/deps --extern cranelift_codegen_shared=/opt/rustwide/target/debug/deps/libcranelift_codegen_shared-e4929eb409f39373.rmeta --extern cranelift_entity=/opt/rustwide/target/debug/deps/libcranelift_entity-75e9d289c7970a5c.rmeta --cap-lints allow --cap-lints=warn` (signal: 9, SIGKILL: kill)
[INFO] [stderr] error: could not compile `hyper` (lib)
[INFO] [stderr] 
[INFO] [stderr] Caused by:
[INFO] [stderr]   process didn't exit successfully: `/opt/rustwide/rustup-home/toolchains/beta-2023-12-22-x86_64-unknown-linux-gnu/bin/rustc --crate-name hyper --edition=2018 /opt/rustwide/cargo-home/registry/src/index.crates.io-6f17d22bba15001f/hyper-0.14.11/src/lib.rs --error-format=json --json=diagnostic-rendered-ansi,artifacts,future-incompat --crate-type lib --crate-type staticlib --crate-type cdylib --emit=dep-info,link -C embed-bitcode=no -C debuginfo=2 --cfg 'feature="client"' --cfg 'feature="default"' --cfg 'feature="http1"' --cfg 'feature="runtime"' --cfg 'feature="server"' --cfg 'feature="socket2"' --cfg 'feature="stream"' --cfg 'feature="tcp"' -C metadata=4a8c0cedf858b225 -C extra-filename=-4a8c0cedf858b225 --out-dir /opt/rustwide/target/debug/deps -L dependency=/opt/rustwide/target/debug/deps --extern bytes=/opt/rustwide/target/debug/deps/libbytes-3630a6d6f500bb07.rlib --extern futures_channel=/opt/rustwide/target/debug/deps/libfutures_channel-a09171bcaf41fc68.rlib --extern futures_core=/opt/rustwide/target/debug/deps/libfutures_core-aa3f1047df846fe4.rlib --extern futures_util=/opt/rustwide/target/debug/deps/libfutures_util-9b39489da2da7f46.rlib --extern http=/opt/rustwide/target/debug/deps/libhttp-84bd275d7ed47fef.rlib --extern http_body=/opt/rustwide/target/debug/deps/libhttp_body-f2cb177841846e4c.rlib --extern httparse=/opt/rustwide/target/debug/deps/libhttparse-8adf4b4ab5824db2.rlib --extern httpdate=/opt/rustwide/target/debug/deps/libhttpdate-84355520ec8a825f.rlib --extern itoa=/opt/rustwide/target/debug/deps/libitoa-ecbf5ad18afd3647.rlib --extern pin_project_lite=/opt/rustwide/target/debug/deps/libpin_project_lite-58fac2852849a085.rlib --extern socket2=/opt/rustwide/target/debug/deps/libsocket2-fe401e204311acdc.rlib --extern tokio=/opt/rustwide/target/debug/deps/libtokio-84cca7a00745e6dc.rlib --extern tower_service=/opt/rustwide/target/debug/deps/libtower_service-067073f95ebaef74.rlib --extern tracing=/opt/rustwide/target/debug/deps/libtracing-7d17dafa3a9cdc72.rlib --extern want=/opt/rustwide/target/debug/deps/libwant-cf08780996cd0b4c.rlib --cap-lints allow --cap-lints=warn` (signal: 9, SIGKILL: kill)
[INFO] [stderr] error: could not compile `tracing-subscriber` (lib)
[INFO] [stderr] 
[INFO] [stderr] Caused by:
[INFO] [stderr]   process didn't exit successfully: `/opt/rustwide/rustup-home/toolchains/beta-2023-12-22-x86_64-unknown-linux-gnu/bin/rustc --crate-name tracing_subscriber --edition=2018 /opt/rustwide/cargo-home/registry/src/index.crates.io-6f17d22bba15001f/tracing-subscriber-0.2.19/src/lib.rs --error-format=json --json=diagnostic-rendered-ansi,artifacts,future-incompat --crate-type lib --emit=dep-info,metadata,link -C embed-bitcode=no -C debuginfo=2 --cfg 'feature="ansi"' --cfg 'feature="ansi_term"' --cfg 'feature="chrono"' --cfg 'feature="default"' --cfg 'feature="env-filter"' --cfg 'feature="fmt"' --cfg 'feature="json"' --cfg 'feature="lazy_static"' --cfg 'feature="matchers"' --cfg 'feature="regex"' --cfg 'feature="registry"' --cfg 'feature="serde"' --cfg 'feature="serde_json"' --cfg 'feature="sharded-slab"' --cfg 'feature="smallvec"' --cfg 'feature="thread_local"' --cfg 'feature="tracing"' --cfg 'feature="tracing-log"' --cfg 'feature="tracing-serde"' -C metadata=1d37c062608a4e81 -C extra-filename=-1d37c062608a4e81 --out-dir /opt/rustwide/target/debug/deps -L dependency=/opt/rustwide/target/debug/deps --extern ansi_term=/opt/rustwide/target/debug/deps/libansi_term-f435e404af61098a.rmeta --extern chrono=/opt/rustwide/target/debug/deps/libchrono-f1930039256e55c1.rmeta --extern lazy_static=/opt/rustwide/target/debug/deps/liblazy_static-efa3519517df6cf0.rmeta --extern matchers=/opt/rustwide/target/debug/deps/libmatchers-fcdbd70e55ad51ad.rmeta --extern regex=/opt/rustwide/target/debug/deps/libregex-764d62505debfc1b.rmeta --extern serde=/opt/rustwide/target/debug/deps/libserde-6b5611f584baa307.rmeta --extern serde_json=/opt/rustwide/target/debug/deps/libserde_json-252703781a2d7f5e.rmeta --extern sharded_slab=/opt/rustwide/target/debug/deps/libsharded_slab-2209efd4f33ea4ca.rmeta --extern smallvec=/opt/rustwide/target/debug/deps/libsmallvec-2009b1c4d251fbd1.rmeta --extern thread_local=/opt/rustwide/target/debug/deps/libthread_local-a08d5e367a9f9077.rmeta --extern tracing=/opt/rustwide/target/debug/deps/libtracing-7d17dafa3a9cdc72.rmeta --extern tracing_core=/opt/rustwide/target/debug/deps/libtracing_core-82a6da654ce76213.rmeta --extern tracing_log=/opt/rustwide/target/debug/deps/libtracing_log-4b42ec1a57c0e885.rmeta --extern tracing_serde=/opt/rustwide/target/debug/deps/libtracing_serde-c90f168f2d4b3f2f.rmeta --cap-lints allow --cap-lints=warn` (signal: 9, SIGKILL: kill)
[INFO] [stderr] error: failed to run custom build command for `tikv-jemalloc-sys v0.4.2+5.2.1-patched.2`
[INFO] [stderr] note: To improve backtraces for build dependencies, set the CARGO_PROFILE_DEV_BUILD_OVERRIDE_DEBUG=true environment variable to enable debug information generation.
[INFO] [stderr] 
[INFO] [stderr] Caused by:
[INFO] [stderr]   process didn't exit successfully: `/opt/rustwide/target/debug/build/tikv-jemalloc-sys-b9149c46fd696c0e/build-script-build` (exit status: 101)
[INFO] [stderr]   --- stdout
[INFO] [stderr]   TARGET=x86_64-unknown-linux-gnu
[INFO] [stderr]   HOST=x86_64-unknown-linux-gnu
[INFO] [stderr]   NUM_JOBS=16
[INFO] [stderr]   OUT_DIR="/opt/rustwide/target/debug/build/tikv-jemalloc-sys-f878f86c21d346ab/out"
[INFO] [stderr]   BUILD_DIR="/opt/rustwide/target/debug/build/tikv-jemalloc-sys-f878f86c21d346ab/out/build"
[INFO] [stderr]   SRC_DIR="/opt/rustwide/cargo-home/registry/src/index.crates.io-6f17d22bba15001f/tikv-jemalloc-sys-0.4.2+5.2.1-patched.2"
[INFO] [stderr]   cargo:rustc-cfg=prefixed
[INFO] [stderr]   OPT_LEVEL = Some("0")
[INFO] [stderr]   TARGET = Some("x86_64-unknown-linux-gnu")
[INFO] [stderr]   HOST = Some("x86_64-unknown-linux-gnu")
[INFO] [stderr]   CC_x86_64-unknown-linux-gnu = None
[INFO] [stderr]   CC_x86_64_unknown_linux_gnu = None
[INFO] [stderr]   HOST_CC = None
[INFO] [stderr]   CC = None
[INFO] [stderr]   CFLAGS_x86_64-unknown-linux-gnu = None
[INFO] [stderr]   CFLAGS_x86_64_unknown_linux_gnu = None
[INFO] [stderr]   HOST_CFLAGS = None
[INFO] [stderr]   CFLAGS = None
[INFO] [stderr]   CRATE_CC_NO_DEFAULTS = None
[INFO] [stderr]   DEBUG = Some("true")
[INFO] [stderr]   CARGO_CFG_TARGET_FEATURE = Some("fxsr,sse,sse2")
[INFO] [stderr]   CC="cc"
[INFO] [stderr]   CFLAGS="-O0 -ffunction-sections -fdata-sections -fPIC -g -fno-omit-frame-pointer -m64 -Wall"
[INFO] [stderr]   JEMALLOC_REPO_DIR="jemalloc"
[INFO] [stderr]   --with-jemalloc-prefix=_rjem_
[INFO] [stderr]   running: cd "/opt/rustwide/target/debug/build/tikv-jemalloc-sys-f878f86c21d346ab/out/build" && CC="cc" CFLAGS="-O0 -ffunction-sections -fdata-sections -fPIC -g -fno-omit-frame-pointer -m64 -Wall" CPPFLAGS="-O0 -ffunction-sections -fdata-sections -fPIC -g -fno-omit-frame-pointer -m64 -Wall" LDFLAGS="-O0 -ffunction-sections -fdata-sections -fPIC -g -fno-omit-frame-pointer -m64 -Wall" "sh" "/opt/rustwide/target/debug/build/tikv-jemalloc-sys-f878f86c21d346ab/out/build/configure" "--disable-cxx" "--with-jemalloc-prefix=_rjem_" "--with-private-namespace=_rjem_" "--host=x86_64-unknown-linux-gnu" "--build=x86_64-unknown-linux-gnu" "--prefix=/opt/rustwide/target/debug/build/tikv-jemalloc-sys-f878f86c21d346ab/out"
[INFO] [stderr]   checking for xsltproc... false
[INFO] [stderr]   checking for x86_64-unknown-linux-gnu-gcc... cc
[INFO] [stderr]   checking whether the C compiler works... yes
[INFO] [stderr]   checking for C compiler default output file name... a.out
[INFO] [stderr]   checking for suffix of executables... 
[INFO] [stderr]   checking whether we are cross compiling... no
[INFO] [stderr]   checking for suffix of object files... o
[INFO] [stderr]   checking whether we are using the GNU C compiler... yes
[INFO] [stderr]   checking whether cc accepts -g... yes
[INFO] [stderr]   checking for cc option to accept ISO C89... none needed
[INFO] [stderr]   checking whether compiler is cray... no
[INFO] [stderr]   checking whether compiler supports -std=gnu11... yes
[INFO] [stderr]   checking whether compiler supports -Wall... yes
[INFO] [stderr]   checking whether compiler supports -Wextra... yes
[INFO] [stderr]   checking whether compiler supports -Wshorten-64-to-32... no
[INFO] [stderr]   checking whether compiler supports -Wsign-compare... yes
[INFO] [stderr]   checking whether compiler supports -Wundef... yes
[INFO] [stderr]   checking whether compiler supports -Wno-format-zero-length... yes
[INFO] [stderr]   checking whether compiler supports -pipe... yes
[INFO] [stderr]   checking whether compiler supports -g3... yes
[INFO] [stderr]   checking how to run the C preprocessor... cc -E
[INFO] [stderr]   checking for grep that handles long lines and -e... /usr/bin/grep
[INFO] [stderr]   checking for egrep... /usr/bin/grep -E
[INFO] [stderr]   checking for ANSI C header files... yes
[INFO] [stderr]   checking for sys/types.h... yes
[INFO] [stderr]   checking for sys/stat.h... yes
[INFO] [stderr]   checking for stdlib.h... yes
[INFO] [stderr]   checking for string.h... yes
[INFO] [stderr]   checking for memory.h... yes
[INFO] [stderr]   checking for strings.h... yes
[INFO] [stderr]   checking for inttypes.h... yes
[INFO] [stderr]   checking for stdint.h... yes
[INFO] [stderr]   checking for unistd.h... yes
[INFO] [stderr]   checking whether byte ordering is bigendian... no
[INFO] [stderr]   checking size of void *... 8
[INFO] [stderr]   checking size of int... 4
[INFO] [stderr]   checking size of long... 8
[INFO] [stderr]   checking size of long long... 8
[INFO] [stderr]   checking size of intmax_t... 8
[INFO] [stderr]   checking build system type... x86_64-unknown-linux-gnu
[INFO] [stderr]   checking host system type... x86_64-unknown-linux-gnu
[INFO] [stderr]   checking whether pause instruction is compilable... yes
[INFO] [stderr]   checking number of significant virtual address bits... 48
[INFO] [stderr]   checking for x86_64-unknown-linux-gnu-ar... no
[INFO] [stderr]   checking for ar... ar
[INFO] [stderr]   checking for x86_64-unknown-linux-gnu-nm... no
[INFO] [stderr]   checking for nm... nm
[INFO] [stderr]   checking for gawk... no
[INFO] [stderr]   checking for mawk... mawk
[INFO] [stderr]   checking malloc.h usability... yes
[INFO] [stderr]   checking malloc.h presence... yes
[INFO] [stderr]   checking for malloc.h... yes
[INFO] [stderr]   checking whether malloc_usable_size definition can use const argument... no
[INFO] [stderr]   checking for library containing log... -lm
[INFO] [stderr]   checking whether __attribute__ syntax is compilable... yes
[INFO] [stderr]   checking whether compiler supports -fvisibility=hidden... yes
[INFO] [stderr]   checking whether compiler supports -fvisibility=hidden... no
[INFO] [stderr]   checking whether compiler supports -Werror... yes
[INFO] [stderr]   checking whether compiler supports -herror_on_warning... yes
[INFO] [stderr]   checking whether tls_model attribute is compilable... yes
[INFO] [stderr]   checking whether compiler supports -Werror... yes
[INFO] [stderr]   checking whether compiler supports -herror_on_warning... yes
[INFO] [stderr]   checking whether alloc_size attribute is compilable... yes
[INFO] [stderr]   checking whether compiler supports -Werror... yes
[INFO] [stderr]   checking whether compiler supports -herror_on_warning... yes
[INFO] [stderr]   checking whether format(gnu_printf, ...) attribute is compilable... yes
[INFO] [stderr]   checking whether compiler supports -Werror... yes
[INFO] [stderr]   checking whether compiler supports -herror_on_warning... yes
[INFO] [stderr]   checking whether format(printf, ...) attribute is compilable... yes
[INFO] [stderr]   checking whether compiler supports -Werror... yes
[INFO] [stderr]   checking whether compiler supports -herror_on_warning... yes
[INFO] [stderr]   checking whether format(printf, ...) attribute is compilable... yes
[INFO] [stderr]   checking for a BSD-compatible install... /usr/bin/install -c
[INFO] [stderr]   checking for x86_64-unknown-linux-gnu-ranlib... no
[INFO] [stderr]   checking for ranlib... ranlib
[INFO] [stderr]   checking for ld... /usr/bin/ld
[INFO] [stderr]   checking for autoconf... /usr/bin/autoconf
[INFO] [stderr]   checking for memalign... yes
[INFO] [stderr]   checking for valloc... yes
[INFO] [stderr]   checking whether compiler supports -O3... yes
[INFO] [stderr]   checking whether compiler supports -O3... no
[INFO] [stderr]   checking whether compiler supports -funroll-loops... yes
[INFO] [stderr]   checking configured backtracing method... N/A
[INFO] [stderr]   checking for sbrk... yes
[INFO] [stderr]   checking whether utrace(2) is compilable... no
[INFO] [stderr]   checking whether a program using __builtin_unreachable is compilable... yes
[INFO] [stderr]   checking whether a program using __builtin_ffsl is compilable... yes
[INFO] [stderr]   checking whether a program using __builtin_popcountl is compilable... yes
[INFO] [stderr]   checking LG_PAGE... 12
[INFO] [stderr]   checking pthread.h usability... yes
[INFO] [stderr]   checking pthread.h presence... yes
[INFO] [stderr]   checking for pthread.h... yes
[INFO] [stderr]   checking for pthread_create in -lpthread... yes
[INFO] [stderr]   checking dlfcn.h usability... yes
[INFO] [stderr]   checking dlfcn.h presence... yes
[INFO] [stderr]   checking for dlfcn.h... yes
[INFO] [stderr]   checking for dlsym... yes
[INFO] [stderr]   checking whether pthread_atfork(3) is compilable... yes
[INFO] [stderr]   checking whether pthread_setname_np(3) is compilable... yes
[INFO] [stderr]   checking for library containing clock_gettime... none required
[INFO] [stderr]   checking whether clock_gettime(CLOCK_MONOTONIC_COARSE, ...) is compilable... yes
[INFO] [stderr]   checking whether clock_gettime(CLOCK_MONOTONIC, ...) is compilable... yes
[INFO] [stderr]   checking whether mach_absolute_time() is compilable... no
[INFO] [stderr]   checking whether compiler supports -Werror... yes
[INFO] [stderr]   checking whether syscall(2) is compilable... yes
[INFO] [stderr]   checking for secure_getenv... yes
[INFO] [stderr]   checking for sched_getcpu... yes
[INFO] [stderr]   checking for sched_setaffinity... yes
[INFO] [stderr]   checking for issetugid... no
[INFO] [stderr]   checking for _malloc_thread_cleanup... no
[INFO] [stderr]   checking for _pthread_mutex_init_calloc_cb... no
[INFO] [stderr]   checking for TLS... yes
[INFO] [stderr]   checking whether C11 atomics is compilable... yes
[INFO] [stderr]   checking whether GCC __atomic atomics is compilable... yes
[INFO] [stderr]   checking whether GCC 8-bit __atomic atomics is compilable... yes
[INFO] [stderr]   checking whether GCC __sync atomics is compilable... yes
[INFO] [stderr]   checking whether GCC 8-bit __sync atomics is compilable... yes
[INFO] [stderr]   checking whether Darwin OSAtomic*() is compilable... no
[INFO] [stderr]   checking whether madvise(2) is compilable... yes
[INFO] [stderr]   checking whether madvise(..., MADV_FREE) is compilable... yes
[INFO] [stderr]   checking whether madvise(..., MADV_DONTNEED) is compilable... yes
[INFO] [stderr]   checking whether madvise(..., MADV_DO[NT]DUMP) is compilable... yes
[INFO] [stderr]   checking whether madvise(..., MADV_[NO]HUGEPAGE) is compilable... yes
[INFO] [stderr]   checking for __builtin_clz... yes
[INFO] [stderr]   checking whether Darwin os_unfair_lock_*() is compilable... no
[INFO] [stderr]   checking whether glibc malloc hook is compilable... no
[INFO] [stderr]   checking whether glibc memalign hook is compilable... no
[INFO] [stderr]   checking whether pthreads adaptive mutexes is compilable... yes
[INFO] [stderr]   checking whether compiler supports -D_GNU_SOURCE... yes
[INFO] [stderr]   checking whether compiler supports -Werror... yes
[INFO] [stderr]   checking whether compiler supports -herror_on_warning... yes
[INFO] [stderr]   checking whether strerror_r returns char with gnu source is compilable... yes
[INFO] [stderr]   checking for stdbool.h that conforms to C99... yes
[INFO] [stderr]   checking for _Bool... yes
[INFO] [stderr]   configure: creating ./config.status
[INFO] [stderr]   config.status: creating Makefile
[INFO] [stderr]   config.status: creating jemalloc.pc
[INFO] [stderr]   config.status: creating doc/html.xsl
[INFO] [stderr]   config.status: creating doc/manpages.xsl
[INFO] [stderr]   config.status: creating doc/jemalloc.xml
[INFO] [stderr]   config.status: creating include/jemalloc/jemalloc_macros.h
[INFO] [stderr]   config.status: creating include/jemalloc/jemalloc_protos.h
[INFO] [stderr]   config.status: creating include/jemalloc/jemalloc_typedefs.h
[INFO] [stderr]   config.status: creating include/jemalloc/internal/jemalloc_preamble.h
[INFO] [stderr]   config.status: creating test/test.sh
[INFO] [stderr]   config.status: creating test/include/test/jemalloc_test.h
[INFO] [stderr]   config.status: creating config.stamp
[INFO] [stderr]   config.status: creating bin/jemalloc-config
[INFO] [stderr]   config.status: creating bin/jemalloc.sh
[INFO] [stderr]   config.status: creating bin/jeprof
[INFO] [stderr]   config.status: creating include/jemalloc/jemalloc_defs.h
[INFO] [stderr]   config.status: creating include/jemalloc/internal/jemalloc_internal_defs.h
[INFO] [stderr]   config.status: creating test/include/test/jemalloc_test_defs.h
[INFO] [stderr]   config.status: executing include/jemalloc/internal/public_symbols.txt commands
[INFO] [stderr]   config.status: executing include/jemalloc/internal/private_symbols.awk commands
[INFO] [stderr]   config.status: executing include/jemalloc/internal/private_symbols_jet.awk commands
[INFO] [stderr]   config.status: executing include/jemalloc/internal/public_namespace.h commands
[INFO] [stderr]   config.status: executing include/jemalloc/internal/public_unnamespace.h commands
[INFO] [stderr]   config.status: executing include/jemalloc/jemalloc_protos_jet.h commands
[INFO] [stderr]   config.status: executing include/jemalloc/jemalloc_rename.h commands
[INFO] [stderr]   config.status: executing include/jemalloc/jemalloc_mangle.h commands
[INFO] [stderr]   config.status: executing include/jemalloc/jemalloc_mangle_jet.h commands
[INFO] [stderr]   config.status: executing include/jemalloc/jemalloc.h commands
[INFO] [stderr]   ===============================================================================
[INFO] [stderr]   jemalloc version   : 5.2.1-2-g172143a2979d9d948035423ce347e35cd1388fc3
[INFO] [stderr]   library revision   : 2
[INFO] [stderr] 
[INFO] [stderr]   CONFIG             : --disable-cxx --with-jemalloc-prefix=_rjem_ --with-private-namespace=_rjem_ --host=x86_64-unknown-linux-gnu --build=x86_64-unknown-linux-gnu --prefix=/opt/rustwide/target/debug/build/tikv-jemalloc-sys-f878f86c21d346ab/out build_alias=x86_64-unknown-linux-gnu host_alias=x86_64-unknown-linux-gnu CC=cc 'CFLAGS=-O0 -ffunction-sections -fdata-sections -fPIC -g -fno-omit-frame-pointer -m64 -Wall' 'LDFLAGS=-O0 -ffunction-sections -fdata-sections -fPIC -g -fno-omit-frame-pointer -m64 -Wall' 'CPPFLAGS=-O0 -ffunction-sections -fdata-sections -fPIC -g -fno-omit-frame-pointer -m64 -Wall'
[INFO] [stderr]   CC                 : cc
[INFO] [stderr]   CONFIGURE_CFLAGS   : -std=gnu11 -Wall -Wextra -Wsign-compare -Wundef -Wno-format-zero-length -pipe -g3 -fvisibility=hidden -O3 -funroll-loops
[INFO] [stderr]   SPECIFIED_CFLAGS   : -O0 -ffunction-sections -fdata-sections -fPIC -g -fno-omit-frame-pointer -m64 -Wall
[INFO] [stderr]   EXTRA_CFLAGS       : 
[INFO] [stderr]   CPPFLAGS           : -O0 -ffunction-sections -fdata-sections -fPIC -g -fno-omit-frame-pointer -m64 -Wall -D_GNU_SOURCE -D_REENTRANT
[INFO] [stderr]   CXX                : 
[INFO] [stderr]   CONFIGURE_CXXFLAGS : 
[INFO] [stderr]   SPECIFIED_CXXFLAGS : 
[INFO] [stderr]   EXTRA_CXXFLAGS     : 
[INFO] [stderr]   LDFLAGS            : -O0 -ffunction-sections -fdata-sections -fPIC -g -fno-omit-frame-pointer -m64 -Wall
[INFO] [stderr]   EXTRA_LDFLAGS      : 
[INFO] [stderr]   DSO_LDFLAGS        : -shared -Wl,-soname,$(@F)
[INFO] [stderr]   LIBS               : -lm  -pthread
[INFO] [stderr]   RPATH_EXTRA        : 
[INFO] [stderr] 
[INFO] [stderr]   XSLTPROC           : false
[INFO] [stderr]   XSLROOT            : 
[INFO] [stderr] 
[INFO] [stderr]   PREFIX             : /opt/rustwide/target/debug/build/tikv-jemalloc-sys-f878f86c21d346ab/out
[INFO] [stderr]   BINDIR             : /opt/rustwide/target/debug/build/tikv-jemalloc-sys-f878f86c21d346ab/out/bin
[INFO] [stderr]   DATADIR            : /opt/rustwide/target/debug/build/tikv-jemalloc-sys-f878f86c21d346ab/out/share
[INFO] [stderr]   INCLUDEDIR         : /opt/rustwide/target/debug/build/tikv-jemalloc-sys-f878f86c21d346ab/out/include
[INFO] [stderr]   LIBDIR             : /opt/rustwide/target/debug/build/tikv-jemalloc-sys-f878f86c21d346ab/out/lib
[INFO] [stderr]   MANDIR             : /opt/rustwide/target/debug/build/tikv-jemalloc-sys-f878f86c21d346ab/out/share/man
[INFO] [stderr] 
[INFO] [stderr]   srcroot            : 
[INFO] [stderr]   abs_srcroot        : /opt/rustwide/target/debug/build/tikv-jemalloc-sys-f878f86c21d346ab/out/build/
[INFO] [stderr]   objroot            : 
[INFO] [stderr]   abs_objroot        : /opt/rustwide/target/debug/build/tikv-jemalloc-sys-f878f86c21d346ab/out/build/
[INFO] [stderr] 
[INFO] [stderr]   JEMALLOC_PREFIX    : _rjem_
[INFO] [stderr]   JEMALLOC_PRIVATE_NAMESPACE
[INFO] [stderr]                      : _rjem_je_
[INFO] [stderr]   install_suffix     : 
[INFO] [stderr]   malloc_conf        : 
[INFO] [stderr]   documentation      : 1
[INFO] [stderr]   shared libs        : 1
[INFO] [stderr]   static libs        : 1
[INFO] [stderr]   autogen            : 0
[INFO] [stderr]   debug              : 0
[INFO] [stderr]   stats              : 1
[INFO] [stderr]   experimetal_smallocx : 0
[INFO] [stderr]   prof               : 0
[INFO] [stderr]   prof-libunwind     : 0
[INFO] [stderr]   prof-libgcc        : 0
[INFO] [stderr]   prof-gcc           : 0
[INFO] [stderr]   fill               : 1
[INFO] [stderr]   utrace             : 0
[INFO] [stderr]   xmalloc            : 0
[INFO] [stderr]   log                : 0
[INFO] [stderr]   lazy_lock          : 0
[INFO] [stderr]   cache-oblivious    : 1
[INFO] [stderr]   cxx                : 0
[INFO] [stderr]   ===============================================================================
[INFO] [stderr]   running: cd "/opt/rustwide/target/debug/build/tikv-jemalloc-sys-f878f86c21d346ab/out/build" && "make" "-j" "16"
[INFO] [stderr]   cc -std=gnu11 -Wall -Wextra -Wsign-compare -Wundef -Wno-format-zero-length -pipe -g3 -fvisibility=hidden -O3 -funroll-loops -O0 -ffunction-sections -fdata-sections -fPIC -g -fno-omit-frame-pointer -m64 -Wall -fPIC -DPIC -c -O0 -ffunction-sections -fdata-sections -fPIC -g -fno-omit-frame-pointer -m64 -Wall -D_GNU_SOURCE -D_REENTRANT -Iinclude -Iinclude -DJEMALLOC_NO_PRIVATE_NAMESPACE -o src/jemalloc.sym.o src/jemalloc.c
[INFO] [stderr]   cc -std=gnu11 -Wall -Wextra -Wsign-compare -Wundef -Wno-format-zero-length -pipe -g3 -fvisibility=hidden -O3 -funroll-loops -O0 -ffunction-sections -fdata-sections -fPIC -g -fno-omit-frame-pointer -m64 -Wall -fPIC -DPIC -c -O0 -ffunction-sections -fdata-sections -fPIC -g -fno-omit-frame-pointer -m64 -Wall -D_GNU_SOURCE -D_REENTRANT -Iinclude -Iinclude -DJEMALLOC_NO_PRIVATE_NAMESPACE -o src/arena.sym.o src/arena.c
[INFO] [stderr]   cc -std=gnu11 -Wall -Wextra -Wsign-compare -Wundef -Wno-format-zero-length -pipe -g3 -fvisibility=hidden -O3 -funroll-loops -O0 -ffunction-sections -fdata-sections -fPIC -g -fno-omit-frame-pointer -m64 -Wall -fPIC -DPIC -c -O0 -ffunction-sections -fdata-sections -fPIC -g -fno-omit-frame-pointer -m64 -Wall -D_GNU_SOURCE -D_REENTRANT -Iinclude -Iinclude -DJEMALLOC_NO_PRIVATE_NAMESPACE -o src/background_thread.sym.o src/background_thread.c
[INFO] [stderr]   cc -std=gnu11 -Wall -Wextra -Wsign-compare -Wundef -Wno-format-zero-length -pipe -g3 -fvisibility=hidden -O3 -funroll-loops -O0 -ffunction-sections -fdata-sections -fPIC -g -fno-omit-frame-pointer -m64 -Wall -fPIC -DPIC -c -O0 -ffunction-sections -fdata-sections -fPIC -g -fno-omit-frame-pointer -m64 -Wall -D_GNU_SOURCE -D_REENTRANT -Iinclude -Iinclude -DJEMALLOC_NO_PRIVATE_NAMESPACE -o src/base.sym.o src/base.c
[INFO] [stderr]   cc -std=gnu11 -Wall -Wextra -Wsign-compare -Wundef -Wno-format-zero-length -pipe -g3 -fvisibility=hidden -O3 -funroll-loops -O0 -ffunction-sections -fdata-sections -fPIC -g -fno-omit-frame-pointer -m64 -Wall -fPIC -DPIC -c -O0 -ffunction-sections -fdata-sections -fPIC -g -fno-omit-frame-pointer -m64 -Wall -D_GNU_SOURCE -D_REENTRANT -Iinclude -Iinclude -DJEMALLOC_NO_PRIVATE_NAMESPACE -o src/bin.sym.o src/bin.c
[INFO] [stderr]   cc -std=gnu11 -Wall -Wextra -Wsign-compare -Wundef -Wno-format-zero-length -pipe -g3 -fvisibility=hidden -O3 -funroll-loops -O0 -ffunction-sections -fdata-sections -fPIC -g -fno-omit-frame-pointer -m64 -Wall -fPIC -DPIC -c -O0 -ffunction-sections -fdata-sections -fPIC -g -fno-omit-frame-pointer -m64 -Wall -D_GNU_SOURCE -D_REENTRANT -Iinclude -Iinclude -DJEMALLOC_NO_PRIVATE_NAMESPACE -o src/bitmap.sym.o src/bitmap.c
[INFO] [stderr]   cc -std=gnu11 -Wall -Wextra -Wsign-compare -Wundef -Wno-format-zero-length -pipe -g3 -fvisibility=hidden -O3 -funroll-loops -O0 -ffunction-sections -fdata-sections -fPIC -g -fno-omit-frame-pointer -m64 -Wall -fPIC -DPIC -c -O0 -ffunction-sections -fdata-sections -fPIC -g -fno-omit-frame-pointer -m64 -Wall -D_GNU_SOURCE -D_REENTRANT -Iinclude -Iinclude -DJEMALLOC_NO_PRIVATE_NAMESPACE -o src/ckh.sym.o src/ckh.c
[INFO] [stderr]   cc -std=gnu11 -Wall -Wextra -Wsign-compare -Wundef -Wno-format-zero-length -pipe -g3 -fvisibility=hidden -O3 -funroll-loops -O0 -ffunction-sections -fdata-sections -fPIC -g -fno-omit-frame-pointer -m64 -Wall -fPIC -DPIC -c -O0 -ffunction-sections -fdata-sections -fPIC -g -fno-omit-frame-pointer -m64 -Wall -D_GNU_SOURCE -D_REENTRANT -Iinclude -Iinclude -DJEMALLOC_NO_PRIVATE_NAMESPACE -o src/ctl.sym.o src/ctl.c
[INFO] [stderr]   cc -std=gnu11 -Wall -Wextra -Wsign-compare -Wundef -Wno-format-zero-length -pipe -g3 -fvisibility=hidden -O3 -funroll-loops -O0 -ffunction-sections -fdata-sections -fPIC -g -fno-omit-frame-pointer -m64 -Wall -fPIC -DPIC -c -O0 -ffunction-sections -fdata-sections -fPIC -g -fno-omit-frame-pointer -m64 -Wall -D_GNU_SOURCE -D_REENTRANT -Iinclude -Iinclude -DJEMALLOC_NO_PRIVATE_NAMESPACE -o src/div.sym.o src/div.c
[INFO] [stderr]   cc -std=gnu11 -Wall -Wextra -Wsign-compare -Wundef -Wno-format-zero-length -pipe -g3 -fvisibility=hidden -O3 -funroll-loops -O0 -ffunction-sections -fdata-sections -fPIC -g -fno-omit-frame-pointer -m64 -Wall -fPIC -DPIC -c -O0 -ffunction-sections -fdata-sections -fPIC -g -fno-omit-frame-pointer -m64 -Wall -D_GNU_SOURCE -D_REENTRANT -Iinclude -Iinclude -DJEMALLOC_NO_PRIVATE_NAMESPACE -o src/extent.sym.o src/extent.c
[INFO] [stderr]   cc -std=gnu11 -Wall -Wextra -Wsign-compare -Wundef -Wno-format-zero-length -pipe -g3 -fvisibility=hidden -O3 -funroll-loops -O0 -ffunction-sections -fdata-sections -fPIC -g -fno-omit-frame-pointer -m64 -Wall -fPIC -DPIC -c -O0 -ffunction-sections -fdata-sections -fPIC -g -fno-omit-frame-pointer -m64 -Wall -D_GNU_SOURCE -D_REENTRANT -Iinclude -Iinclude -DJEMALLOC_NO_PRIVATE_NAMESPACE -o src/extent_dss.sym.o src/extent_dss.c
[INFO] [stderr]   cc -std=gnu11 -Wall -Wextra -Wsign-compare -Wundef -Wno-format-zero-length -pipe -g3 -fvisibility=hidden -O3 -funroll-loops -O0 -ffunction-sections -fdata-sections -fPIC -g -fno-omit-frame-pointer -m64 -Wall -fPIC -DPIC -c -O0 -ffunction-sections -fdata-sections -fPIC -g -fno-omit-frame-pointer -m64 -Wall -D_GNU_SOURCE -D_REENTRANT -Iinclude -Iinclude -DJEMALLOC_NO_PRIVATE_NAMESPACE -o src/extent_mmap.sym.o src/extent_mmap.c
[INFO] [stderr]   cc -std=gnu11 -Wall -Wextra -Wsign-compare -Wundef -Wno-format-zero-length -pipe -g3 -fvisibility=hidden -O3 -funroll-loops -O0 -ffunction-sections -fdata-sections -fPIC -g -fno-omit-frame-pointer -m64 -Wall -fPIC -DPIC -c -O0 -ffunction-sections -fdata-sections -fPIC -g -fno-omit-frame-pointer -m64 -Wall -D_GNU_SOURCE -D_REENTRANT -Iinclude -Iinclude -DJEMALLOC_NO_PRIVATE_NAMESPACE -o src/hash.sym.o src/hash.c
[INFO] [stderr]   cc -std=gnu11 -Wall -Wextra -Wsign-compare -Wundef -Wno-format-zero-length -pipe -g3 -fvisibility=hidden -O3 -funroll-loops -O0 -ffunction-sections -fdata-sections -fPIC -g -fno-omit-frame-pointer -m64 -Wall -fPIC -DPIC -c -O0 -ffunction-sections -fdata-sections -fPIC -g -fno-omit-frame-pointer -m64 -Wall -D_GNU_SOURCE -D_REENTRANT -Iinclude -Iinclude -DJEMALLOC_NO_PRIVATE_NAMESPACE -o src/hook.sym.o src/hook.c
[INFO] [stderr]   cc -std=gnu11 -Wall -Wextra -Wsign-compare -Wundef -Wno-format-zero-length -pipe -g3 -fvisibility=hidden -O3 -funroll-loops -O0 -ffunction-sections -fdata-sections -fPIC -g -fno-omit-frame-pointer -m64 -Wall -fPIC -DPIC -c -O0 -ffunction-sections -fdata-sections -fPIC -g -fno-omit-frame-pointer -m64 -Wall -D_GNU_SOURCE -D_REENTRANT -Iinclude -Iinclude -DJEMALLOC_NO_PRIVATE_NAMESPACE -o src/large.sym.o src/large.c
[INFO] [stderr]   cc -std=gnu11 -Wall -Wextra -Wsign-compare -Wundef -Wno-format-zero-length -pipe -g3 -fvisibility=hidden -O3 -funroll-loops -O0 -ffunction-sections -fdata-sections -fPIC -g -fno-omit-frame-pointer -m64 -Wall -fPIC -DPIC -c -O0 -ffunction-sections -fdata-sections -fPIC -g -fno-omit-frame-pointer -m64 -Wall -D_GNU_SOURCE -D_REENTRANT -Iinclude -Iinclude -DJEMALLOC_NO_PRIVATE_NAMESPACE -o src/log.sym.o src/log.c
[INFO] [stderr]   cc -std=gnu11 -Wall -Wextra -Wsign-compare -Wundef -Wno-format-zero-length -pipe -g3 -fvisibility=hidden -O3 -funroll-loops -O0 -ffunction-sections -fdata-sections -fPIC -g -fno-omit-frame-pointer -m64 -Wall -fPIC -DPIC -c -O0 -ffunction-sections -fdata-sections -fPIC -g -fno-omit-frame-pointer -m64 -Wall -D_GNU_SOURCE -D_REENTRANT -Iinclude -Iinclude -DJEMALLOC_NO_PRIVATE_NAMESPACE -o src/malloc_io.sym.o src/malloc_io.c
[INFO] [stderr]   cc -std=gnu11 -Wall -Wextra -Wsign-compare -Wundef -Wno-format-zero-length -pipe -g3 -fvisibility=hidden -O3 -funroll-loops -O0 -ffunction-sections -fdata-sections -fPIC -g -fno-omit-frame-pointer -m64 -Wall -fPIC -DPIC -c -O0 -ffunction-sections -fdata-sections -fPIC -g -fno-omit-frame-pointer -m64 -Wall -D_GNU_SOURCE -D_REENTRANT -Iinclude -Iinclude -DJEMALLOC_NO_PRIVATE_NAMESPACE -o src/mutex.sym.o src/mutex.c
[INFO] [stderr]   cc -std=gnu11 -Wall -Wextra -Wsign-compare -Wundef -Wno-format-zero-length -pipe -g3 -fvisibility=hidden -O3 -funroll-loops -O0 -ffunction-sections -fdata-sections -fPIC -g -fno-omit-frame-pointer -m64 -Wall -fPIC -DPIC -c -O0 -ffunction-sections -fdata-sections -fPIC -g -fno-omit-frame-pointer -m64 -Wall -D_GNU_SOURCE -D_REENTRANT -Iinclude -Iinclude -DJEMALLOC_NO_PRIVATE_NAMESPACE -o src/mutex_pool.sym.o src/mutex_pool.c
[INFO] [stderr]   cc -std=gnu11 -Wall -Wextra -Wsign-compare -Wundef -Wno-format-zero-length -pipe -g3 -fvisibility=hidden -O3 -funroll-loops -O0 -ffunction-sections -fdata-sections -fPIC -g -fno-omit-frame-pointer -m64 -Wall -fPIC -DPIC -c -O0 -ffunction-sections -fdata-sections -fPIC -g -fno-omit-frame-pointer -m64 -Wall -D_GNU_SOURCE -D_REENTRANT -Iinclude -Iinclude -DJEMALLOC_NO_PRIVATE_NAMESPACE -o src/nstime.sym.o src/nstime.c
[INFO] [stderr]   cc -std=gnu11 -Wall -Wextra -Wsign-compare -Wundef -Wno-format-zero-length -pipe -g3 -fvisibility=hidden -O3 -funroll-loops -O0 -ffunction-sections -fdata-sections -fPIC -g -fno-omit-frame-pointer -m64 -Wall -fPIC -DPIC -c -O0 -ffunction-sections -fdata-sections -fPIC -g -fno-omit-frame-pointer -m64 -Wall -D_GNU_SOURCE -D_REENTRANT -Iinclude -Iinclude -DJEMALLOC_NO_PRIVATE_NAMESPACE -o src/pages.sym.o src/pages.c
[INFO] [stderr]   cc -std=gnu11 -Wall -Wextra -Wsign-compare -Wundef -Wno-format-zero-length -pipe -g3 -fvisibility=hidden -O3 -funroll-loops -O0 -ffunction-sections -fdata-sections -fPIC -g -fno-omit-frame-pointer -m64 -Wall -fPIC -DPIC -c -O0 -ffunction-sections -fdata-sections -fPIC -g -fno-omit-frame-pointer -m64 -Wall -D_GNU_SOURCE -D_REENTRANT -Iinclude -Iinclude -DJEMALLOC_NO_PRIVATE_NAMESPACE -o src/prng.sym.o src/prng.c
[INFO] [stderr]   cc -std=gnu11 -Wall -Wextra -Wsign-compare -Wundef -Wno-format-zero-length -pipe -g3 -fvisibility=hidden -O3 -funroll-loops -O0 -ffunction-sections -fdata-sections -fPIC -g -fno-omit-frame-pointer -m64 -Wall -fPIC -DPIC -c -O0 -ffunction-sections -fdata-sections -fPIC -g -fno-omit-frame-pointer -m64 -Wall -D_GNU_SOURCE -D_REENTRANT -Iinclude -Iinclude -DJEMALLOC_NO_PRIVATE_NAMESPACE -o src/prof.sym.o src/prof.c
[INFO] [stderr]   cc -std=gnu11 -Wall -Wextra -Wsign-compare -Wundef -Wno-format-zero-length -pipe -g3 -fvisibility=hidden -O3 -funroll-loops -O0 -ffunction-sections -fdata-sections -fPIC -g -fno-omit-frame-pointer -m64 -Wall -fPIC -DPIC -c -O0 -ffunction-sections -fdata-sections -fPIC -g -fno-omit-frame-pointer -m64 -Wall -D_GNU_SOURCE -D_REENTRANT -Iinclude -Iinclude -DJEMALLOC_NO_PRIVATE_NAMESPACE -o src/rtree.sym.o src/rtree.c
[INFO] [stderr]   cc -std=gnu11 -Wall -Wextra -Wsign-compare -Wundef -Wno-format-zero-length -pipe -g3 -fvisibility=hidden -O3 -funroll-loops -O0 -ffunction-sections -fdata-sections -fPIC -g -fno-omit-frame-pointer -m64 -Wall -fPIC -DPIC -c -O0 -ffunction-sections -fdata-sections -fPIC -g -fno-omit-frame-pointer -m64 -Wall -D_GNU_SOURCE -D_REENTRANT -Iinclude -Iinclude -DJEMALLOC_NO_PRIVATE_NAMESPACE -o src/safety_check.sym.o src/safety_check.c
[INFO] [stderr]   cc -std=gnu11 -Wall -Wextra -Wsign-compare -Wundef -Wno-format-zero-length -pipe -g3 -fvisibility=hidden -O3 -funroll-loops -O0 -ffunction-sections -fdata-sections -fPIC -g -fno-omit-frame-pointer -m64 -Wall -fPIC -DPIC -c -O0 -ffunction-sections -fdata-sections -fPIC -g -fno-omit-frame-pointer -m64 -Wall -D_GNU_SOURCE -D_REENTRANT -Iinclude -Iinclude -DJEMALLOC_NO_PRIVATE_NAMESPACE -o src/stats.sym.o src/stats.c
[INFO] [stderr]   cc -std=gnu11 -Wall -Wextra -Wsign-compare -Wundef -Wno-format-zero-length -pipe -g3 -fvisibility=hidden -O3 -funroll-loops -O0 -ffunction-sections -fdata-sections -fPIC -g -fno-omit-frame-pointer -m64 -Wall -fPIC -DPIC -c -O0 -ffunction-sections -fdata-sections -fPIC -g -fno-omit-frame-pointer -m64 -Wall -D_GNU_SOURCE -D_REENTRANT -Iinclude -Iinclude -DJEMALLOC_NO_PRIVATE_NAMESPACE -o src/sc.sym.o src/sc.c
[INFO] [stderr]   cc -std=gnu11 -Wall -Wextra -Wsign-compare -Wundef -Wno-format-zero-length -pipe -g3 -fvisibility=hidden -O3 -funroll-loops -O0 -ffunction-sections -fdata-sections -fPIC -g -fno-omit-frame-pointer -m64 -Wall -fPIC -DPIC -c -O0 -ffunction-sections -fdata-sections -fPIC -g -fno-omit-frame-pointer -m64 -Wall -D_GNU_SOURCE -D_REENTRANT -Iinclude -Iinclude -DJEMALLOC_NO_PRIVATE_NAMESPACE -o src/sz.sym.o src/sz.c
[INFO] [stderr]   cc -std=gnu11 -Wall -Wextra -Wsign-compare -Wundef -Wno-format-zero-length -pipe -g3 -fvisibility=hidden -O3 -funroll-loops -O0 -ffunction-sections -fdata-sections -fPIC -g -fno-omit-frame-pointer -m64 -Wall -fPIC -DPIC -c -O0 -ffunction-sections -fdata-sections -fPIC -g -fno-omit-frame-pointer -m64 -Wall -D_GNU_SOURCE -D_REENTRANT -Iinclude -Iinclude -DJEMALLOC_NO_PRIVATE_NAMESPACE -o src/tcache.sym.o src/tcache.c
[INFO] [stderr]   cc -std=gnu11 -Wall -Wextra -Wsign-compare -Wundef -Wno-format-zero-length -pipe -g3 -fvisibility=hidden -O3 -funroll-loops -O0 -ffunction-sections -fdata-sections -fPIC -g -fno-omit-frame-pointer -m64 -Wall -fPIC -DPIC -c -O0 -ffunction-sections -fdata-sections -fPIC -g -fno-omit-frame-pointer -m64 -Wall -D_GNU_SOURCE -D_REENTRANT -Iinclude -Iinclude -DJEMALLOC_NO_PRIVATE_NAMESPACE -o src/test_hooks.sym.o src/test_hooks.c
[INFO] [stderr]   cc -std=gnu11 -Wall -Wextra -Wsign-compare -Wundef -Wno-format-zero-length -pipe -g3 -fvisibility=hidden -O3 -funroll-loops -O0 -ffunction-sections -fdata-sections -fPIC -g -fno-omit-frame-pointer -m64 -Wall -fPIC -DPIC -c -O0 -ffunction-sections -fdata-sections -fPIC -g -fno-omit-frame-pointer -m64 -Wall -D_GNU_SOURCE -D_REENTRANT -Iinclude -Iinclude -DJEMALLOC_NO_PRIVATE_NAMESPACE -o src/ticker.sym.o src/ticker.c
[INFO] [stderr]   cc -std=gnu11 -Wall -Wextra -Wsign-compare -Wundef -Wno-format-zero-length -pipe -g3 -fvisibility=hidden -O3 -funroll-loops -O0 -ffunction-sections -fdata-sections -fPIC -g -fno-omit-frame-pointer -m64 -Wall -fPIC -DPIC -c -O0 -ffunction-sections -fdata-sections -fPIC -g -fno-omit-frame-pointer -m64 -Wall -D_GNU_SOURCE -D_REENTRANT -Iinclude -Iinclude -DJEMALLOC_NO_PRIVATE_NAMESPACE -o src/tsd.sym.o src/tsd.c
[INFO] [stderr]   cc -std=gnu11 -Wall -Wextra -Wsign-compare -Wundef -Wno-format-zero-length -pipe -g3 -fvisibility=hidden -O3 -funroll-loops -O0 -ffunction-sections -fdata-sections -fPIC -g -fno-omit-frame-pointer -m64 -Wall -fPIC -DPIC -c -O0 -ffunction-sections -fdata-sections -fPIC -g -fno-omit-frame-pointer -m64 -Wall -D_GNU_SOURCE -D_REENTRANT -Iinclude -Iinclude -DJEMALLOC_NO_PRIVATE_NAMESPACE -o src/witness.sym.o src/witness.c
[INFO] [stderr]   nm -a src/background_thread.sym.o | mawk -f include/jemalloc/internal/private_symbols.awk > src/background_thread.sym
[INFO] [stderr]   nm -a src/base.sym.o | mawk -f include/jemalloc/internal/private_symbols.awk > src/base.sym
[INFO] [stderr]   nm -a src/bin.sym.o | mawk -f include/jemalloc/internal/private_symbols.awk > src/bin.sym
[INFO] [stderr]   nm -a src/bitmap.sym.o | mawk -f include/jemalloc/internal/private_symbols.awk > src/bitmap.sym
[INFO] [stderr]   nm -a src/div.sym.o | mawk -f include/jemalloc/internal/private_symbols.awk > src/div.sym
[INFO] [stderr]   nm -a src/extent_dss.sym.o | mawk -f include/jemalloc/internal/private_symbols.awk > src/extent_dss.sym
[INFO] [stderr]   nm -a src/extent_mmap.sym.o | mawk -f include/jemalloc/internal/private_symbols.awk > src/extent_mmap.sym
[INFO] [stderr]   nm -a src/hash.sym.o | mawk -f include/jemalloc/internal/private_symbols.awk > src/hash.sym
[INFO] [stderr]   nm -a src/hook.sym.o | mawk -f include/jemalloc/internal/private_symbols.awk > src/hook.sym
[INFO] [stderr]   nm -a src/large.sym.o | mawk -f include/jemalloc/internal/private_symbols.awk > src/large.sym
[INFO] [stderr]   nm -a src/log.sym.o | mawk -f include/jemalloc/internal/private_symbols.awk > src/log.sym
[INFO] [stderr]   nm -a src/malloc_io.sym.o | mawk -f include/jemalloc/internal/private_symbols.awk > src/malloc_io.sym
[INFO] [stderr]   nm -a src/mutex.sym.o | mawk -f include/jemalloc/internal/private_symbols.awk > src/mutex.sym
[INFO] [stderr]   nm -a src/mutex_pool.sym.o | mawk -f include/jemalloc/internal/private_symbols.awk > src/mutex_pool.sym
[INFO] [stderr]   nm -a src/nstime.sym.o | mawk -f include/jemalloc/internal/private_symbols.awk > src/nstime.sym
[INFO] [stderr]   nm -a src/pages.sym.o | mawk -f include/jemalloc/internal/private_symbols.awk > src/pages.sym
[INFO] [stderr]   nm -a src/prng.sym.o | mawk -f include/jemalloc/internal/private_symbols.awk > src/prng.sym
[INFO] [stderr]   nm -a src/rtree.sym.o | mawk -f include/jemalloc/internal/private_symbols.awk > src/rtree.sym
[INFO] [stderr]   nm -a src/safety_check.sym.o | mawk -f include/jemalloc/internal/private_symbols.awk > src/safety_check.sym
[INFO] [stderr]   nm -a src/stats.sym.o | mawk -f include/jemalloc/internal/private_symbols.awk > src/stats.sym
[INFO] [stderr]   nm -a src/sc.sym.o | mawk -f include/jemalloc/internal/private_symbols.awk > src/sc.sym
[INFO] [stderr]   nm -a src/sz.sym.o | mawk -f include/jemalloc/internal/private_symbols.awk > src/sz.sym
[INFO] [stderr]   nm -a src/test_hooks.sym.o | mawk -f include/jemalloc/internal/private_symbols.awk > src/test_hooks.sym
[INFO] [stderr]   nm -a src/ticker.sym.o | mawk -f include/jemalloc/internal/private_symbols.awk > src/ticker.sym
[INFO] [stderr]   nm -a src/tsd.sym.o | mawk -f include/jemalloc/internal/private_symbols.awk > src/tsd.sym
[INFO] [stderr]   nm -a src/witness.sym.o | mawk -f include/jemalloc/internal/private_symbols.awk > src/witness.sym
[INFO] [stderr]   nm -a src/ckh.sym.o | mawk -f include/jemalloc/internal/private_symbols.awk > src/ckh.sym
[INFO] [stderr]   nm -a src/ctl.sym.o | mawk -f include/jemalloc/internal/private_symbols.awk > src/ctl.sym
[INFO] [stderr]   nm -a src/extent.sym.o | mawk -f include/jemalloc/internal/private_symbols.awk > src/extent.sym
[INFO] [stderr]   nm -a src/arena.sym.o | mawk -f include/jemalloc/internal/private_symbols.awk > src/arena.sym
[INFO] [stderr]   nm -a src/tcache.sym.o | mawk -f include/jemalloc/internal/private_symbols.awk > src/tcache.sym
[INFO] [stderr] 
[INFO] [stderr]   --- stderr
[INFO] [stderr]   cc: fatal error: Killed signal terminated program cc1
[INFO] [stderr]   compilation terminated.
[INFO] [stderr]   make: *** [Makefile:388: src/jemalloc.sym.o] Error 1
[INFO] [stderr]   make: *** Waiting for unfinished jobs....
[INFO] [stderr]   thread 'main' panicked at /opt/rustwide/cargo-home/registry/src/index.crates.io-6f17d22bba15001f/tikv-jemalloc-sys-0.4.2+5.2.1-patched.2/build.rs:333:9:
[INFO] [stderr]   command did not execute successfully: cd "/opt/rustwide/target/debug/build/tikv-jemalloc-sys-f878f86c21d346ab/out/build" && "make" "-j" "16"
[INFO] [stderr]   expected success, got: exit status: 2
[INFO] [stderr]   stack backtrace:
[INFO] [stderr]      0:     0x55b865139e66 - std::backtrace_rs::backtrace::libunwind::trace::h261606ad26a499c1
[INFO] [stderr]                                  at /rustc/0e09125c6c3c2fd70d7de961bcf0e51575235fad/library/std/src/../../backtrace/src/backtrace/libunwind.rs:104:5
[INFO] [stderr]      1:     0x55b865139e66 - std::backtrace_rs::backtrace::trace_unsynchronized::hd183f0625477fb28
[INFO] [stderr]                                  at /rustc/0e09125c6c3c2fd70d7de961bcf0e51575235fad/library/std/src/../../backtrace/src/backtrace/mod.rs:66:5
[INFO] [stderr]      2:     0x55b865139e66 - std::sys_common::backtrace::_print_fmt::hd7f8fef21b4eda67
[INFO] [stderr]                                  at /rustc/0e09125c6c3c2fd70d7de961bcf0e51575235fad/library/std/src/sys_common/backtrace.rs:68:5
[INFO] [stderr]      3:     0x55b865139e66 - <std::sys_common::backtrace::_print::DisplayBacktrace as core::fmt::Display>::fmt::h623d9b51f2f453f1
[INFO] [stderr]                                  at /rustc/0e09125c6c3c2fd70d7de961bcf0e51575235fad/library/std/src/sys_common/backtrace.rs:44:22
[INFO] [stderr]      4:     0x55b86515fbf0 - core::fmt::rt::Argument::fmt::h9f417ac76a86f368
[INFO] [stderr]                                  at /rustc/0e09125c6c3c2fd70d7de961bcf0e51575235fad/library/core/src/fmt/rt.rs:142:9
[INFO] [stderr]      5:     0x55b86515fbf0 - core::fmt::write::hc9b6faf4ac2aeff7
[INFO] [stderr]                                  at /rustc/0e09125c6c3c2fd70d7de961bcf0e51575235fad/library/core/src/fmt/mod.rs:1120:17
[INFO] [stderr]      6:     0x55b86513757f - std::io::Write::write_fmt::hfead1eee52c2e65e
[INFO] [stderr]                                  at /rustc/0e09125c6c3c2fd70d7de961bcf0e51575235fad/library/std/src/io/mod.rs:1810:15
[INFO] [stderr]      7:     0x55b865139c44 - std::sys_common::backtrace::_print::hd5d66399c7df88a2
[INFO] [stderr]                                  at /rustc/0e09125c6c3c2fd70d7de961bcf0e51575235fad/library/std/src/sys_common/backtrace.rs:47:5
[INFO] [stderr]      8:     0x55b865139c44 - std::sys_common::backtrace::print::he81ed2da642d37e5
[INFO] [stderr]                                  at /rustc/0e09125c6c3c2fd70d7de961bcf0e51575235fad/library/std/src/sys_common/backtrace.rs:34:9
[INFO] [stderr]      9:     0x55b86513b527 - std::panicking::default_hook::{{closure}}::h85773f4fa117163d
[INFO] [stderr]     10:     0x55b86513b289 - std::panicking::default_hook::h6a1694a91d09b278
[INFO] [stderr]                                  at /rustc/0e09125c6c3c2fd70d7de961bcf0e51575235fad/library/std/src/panicking.rs:292:9
[INFO] [stderr]     11:     0x55b86513b9b8 - std::panicking::rust_panic_with_hook::h0a7ad96e90f7145b
[INFO] [stderr]                                  at /rustc/0e09125c6c3c2fd70d7de961bcf0e51575235fad/library/std/src/panicking.rs:779:13
[INFO] [stderr]     12:     0x55b86513b892 - std::panicking::begin_panic_handler::{{closure}}::h7919090525c6485e
[INFO] [stderr]                                  at /rustc/0e09125c6c3c2fd70d7de961bcf0e51575235fad/library/std/src/panicking.rs:657:13
[INFO] [stderr]     13:     0x55b86513a366 - std::sys_common::backtrace::__rust_end_short_backtrace::hf3289479464f7dfe
[INFO] [stderr]                                  at /rustc/0e09125c6c3c2fd70d7de961bcf0e51575235fad/library/std/src/sys_common/backtrace.rs:171:18
[INFO] [stderr]     14:     0x55b86513b5f0 - rust_begin_unwind
[INFO] [stderr]                                  at /rustc/0e09125c6c3c2fd70d7de961bcf0e51575235fad/library/std/src/panicking.rs:645:5
[INFO] [stderr]     15:     0x55b8650c76d5 - core::panicking::panic_fmt::hcc9f77c5c132af55
[INFO] [stderr]                                  at /rustc/0e09125c6c3c2fd70d7de961bcf0e51575235fad/library/core/src/panicking.rs:72:14
[INFO] [stderr]     16:     0x55b8650d76aa - build_script_build::execute::h73842350d8597398
[INFO] [stderr]     17:     0x55b8650d70e6 - build_script_build::run::hf54b15ebac689795
[INFO] [stderr]     18:     0x55b8650d64d2 - build_script_build::main::hfde367f0d710b9f0
[INFO] [stderr]     19:     0x55b8650c8c63 - core::ops::function::FnOnce::call_once::h79ba7f810f8e3d13
[INFO] [stderr]     20:     0x55b8650ce5a6 - std::sys_common::backtrace::__rust_begin_short_backtrace::h2007d16b409a97f3
[INFO] [stderr]     21:     0x55b8650ce5f9 - std::rt::lang_start::{{closure}}::h3aceccfededd715d
[INFO] [stderr]     22:     0x55b865133111 - core::ops::function::impls::<impl core::ops::function::FnOnce<A> for &F>::call_once::h4eb4c5e1620f29b0
[INFO] [stderr]                                  at /rustc/0e09125c6c3c2fd70d7de961bcf0e51575235fad/library/core/src/ops/function.rs:284:13
[INFO] [stderr]     23:     0x55b865133111 - std::panicking::try::do_call::h73fd26535faffcdf
[INFO] [stderr]                                  at /rustc/0e09125c6c3c2fd70d7de961bcf0e51575235fad/library/std/src/panicking.rs:552:40
[INFO] [stderr]     24:     0x55b865133111 - std::panicking::try::h77ff1d98f0fb9f39
[INFO] [stderr]                                  at /rustc/0e09125c6c3c2fd70d7de961bcf0e51575235fad/library/std/src/panicking.rs:516:19
[INFO] [stderr]     25:     0x55b865133111 - std::panic::catch_unwind::hab3caf2448b95e37
[INFO] [stderr]                                  at /rustc/0e09125c6c3c2fd70d7de961bcf0e51575235fad/library/std/src/panic.rs:142:14
[INFO] [stderr]     26:     0x55b865133111 - std::rt::lang_start_internal::{{closure}}::h8086711f9c783f78
[INFO] [stderr]                                  at /rustc/0e09125c6c3c2fd70d7de961bcf0e51575235fad/library/std/src/rt.rs:148:48
[INFO] [stderr]     27:     0x55b865133111 - std::panicking::try::do_call::hf920d4dc291cd6ca
[INFO] [stderr]                                  at /rustc/0e09125c6c3c2fd70d7de961bcf0e51575235fad/library/std/src/panicking.rs:552:40
[INFO] [stderr]     28:     0x55b865133111 - std::panicking::try::h2b806ccc0a85db74
[INFO] [stderr]                                  at /rustc/0e09125c6c3c2fd70d7de961bcf0e51575235fad/library/std/src/panicking.rs:516:19
[INFO] [stderr]     29:     0x55b865133111 - std::panic::catch_unwind::h038489539c507df2
[INFO] [stderr]                                  at /rustc/0e09125c6c3c2fd70d7de961bcf0e51575235fad/library/std/src/panic.rs:142:14
[INFO] [stderr]     30:     0x55b865133111 - std::rt::lang_start_internal::h28503b88912e8a5c
[INFO] [stderr]                                  at /rustc/0e09125c6c3c2fd70d7de961bcf0e51575235fad/library/std/src/rt.rs:148:20
[INFO] [stderr]     31:     0x55b8650ce5d7 - std::rt::lang_start::h2d6c12f8eecbe4ac
[INFO] [stderr]     32:     0x55b8650d7bd5 - main
[INFO] [stderr]     33:     0x7eff93cddd90 - <unknown>
[INFO] [stderr]     34:     0x7eff93cdde40 - __libc_start_main
[INFO] [stderr]     35:     0x55b8650c7e05 - _start
[INFO] [stderr]     36:                0x0 - <unknown>
[INFO] running `Command { std: "docker" "inspect" "17216998503bfa8014537faef7aa72b0f5603e51afe3168d1d648d55e1cefc4a", kill_on_drop: false }`
[INFO] running `Command { std: "docker" "rm" "-f" "17216998503bfa8014537faef7aa72b0f5603e51afe3168d1d648d55e1cefc4a", kill_on_drop: false }`
[INFO] [stdout] 17216998503bfa8014537faef7aa72b0f5603e51afe3168d1d648d55e1cefc4a
