[INFO] cloning repository https://github.com/AOSC-Dev/packages-site-rs
[INFO] running `Command { std: "git" "-c" "credential.helper=" "-c" "credential.helper=/workspace/cargo-home/bin/git-credential-null" "clone" "--bare" "https://github.com/AOSC-Dev/packages-site-rs" "/workspace/cache/git-repos/https%3A%2F%2Fgithub.com%2FAOSC-Dev%2Fpackages-site-rs", kill_on_drop: false }`
[INFO] [stderr] Cloning into bare repository '/workspace/cache/git-repos/https%3A%2F%2Fgithub.com%2FAOSC-Dev%2Fpackages-site-rs'...
[INFO] running `Command { std: "git" "rev-parse" "HEAD", kill_on_drop: false }`
[INFO] [stdout] 25d161b19d637a5f4230159aec0bd49d6a307167
[INFO] testing AOSC-Dev/packages-site-rs against 1.75.0 for beta-1.76-1
[INFO] running `Command { std: "git" "clone" "/workspace/cache/git-repos/https%3A%2F%2Fgithub.com%2FAOSC-Dev%2Fpackages-site-rs" "/workspace/builds/worker-0-tc1/source", kill_on_drop: false }`
[INFO] [stderr] Cloning into '/workspace/builds/worker-0-tc1/source'...
[INFO] [stderr] done.
[INFO] validating manifest of git repo https://github.com/AOSC-Dev/packages-site-rs on toolchain 1.75.0
[INFO] running `Command { std: CARGO_HOME="/workspace/cargo-home" RUSTUP_HOME="/workspace/rustup-home" "/workspace/cargo-home/bin/cargo" "+1.75.0" "metadata" "--manifest-path" "Cargo.toml" "--no-deps", kill_on_drop: false }`
[INFO] started tweaking git repo https://github.com/AOSC-Dev/packages-site-rs
[INFO] finished tweaking git repo https://github.com/AOSC-Dev/packages-site-rs
[INFO] tweaked toml for git repo https://github.com/AOSC-Dev/packages-site-rs written to /workspace/builds/worker-0-tc1/source/Cargo.toml
[INFO] crate git repo https://github.com/AOSC-Dev/packages-site-rs already has a lockfile, it will not be regenerated
[INFO] running `Command { std: CARGO_HOME="/workspace/cargo-home" RUSTUP_HOME="/workspace/rustup-home" "/workspace/cargo-home/bin/cargo" "+1.75.0" "fetch" "--manifest-path" "Cargo.toml", kill_on_drop: false }`
[INFO] [stderr]     Updating git repository `https://github.com/AoSC-Dev/abbs-meta-rs`
[INFO] [stderr]     Updating git submodule `https://github.com/openSUSE/libsolv.git`
[INFO] [stderr]     Updating crates.io index
[INFO] [stderr]     Updating git repository `https://github.com/liushuyu/conch-parser`
[INFO] [stderr]  Downloading crates ...
[INFO] [stderr]   Downloaded annotate-snippets v0.9.1
[INFO] [stderr]   Downloaded yansi-term v0.1.2
[INFO] [stderr]   Downloaded whoami v1.4.0
[INFO] [stderr]   Downloaded deb-version v0.1.1
[INFO] [stderr]   Downloaded askama_derive v0.12.0
[INFO] [stderr]   Downloaded axum-macros v0.3.6
[INFO] [stderr]   Downloaded rust-embed-utils v7.5.0
[INFO] [stderr]   Downloaded proc-macro-regex v1.1.0
[INFO] [stderr]   Downloaded serde_html_form v0.2.0
[INFO] [stderr]   Downloaded askama v0.12.0
[INFO] [stderr]   Downloaded axum-extra v0.7.1
[INFO] [stderr]   Downloaded size v0.4.1
[INFO] [stderr]   Downloaded rust-embed v6.6.0
[INFO] [stderr]   Downloaded rust-embed-impl v6.5.0
[INFO] running `Command { std: "docker" "create" "-v" "/var/lib/crater-agent-workspace/builds/worker-0-tc1/target:/opt/rustwide/target:rw,Z" "-v" "/var/lib/crater-agent-workspace/builds/worker-0-tc1/source:/opt/rustwide/workdir:ro,Z" "-v" "/var/lib/crater-agent-workspace/cargo-home:/opt/rustwide/cargo-home:ro,Z" "-v" "/var/lib/crater-agent-workspace/rustup-home:/opt/rustwide/rustup-home:ro,Z" "-e" "SOURCE_DIR=/opt/rustwide/workdir" "-e" "CARGO_TARGET_DIR=/opt/rustwide/target" "-e" "CARGO_HOME=/opt/rustwide/cargo-home" "-e" "RUSTUP_HOME=/opt/rustwide/rustup-home" "-w" "/opt/rustwide/workdir" "-m" "1610612736" "--user" "0:0" "--network" "none" "ghcr.io/rust-lang/crates-build-env/linux@sha256:2788e3201cd34a07e3172128adcd8b3090168a8e3bcc40d7c032b9dda1df7d1c" "/opt/rustwide/cargo-home/bin/cargo" "+1.75.0" "metadata" "--no-deps" "--format-version=1", kill_on_drop: false }`
[INFO] [stdout] 84e3a7bac9fd0684198cb688cb402c1a8a2f34c4b7a08ef748f1de2922ac85a4
[INFO] running `Command { std: "docker" "start" "-a" "84e3a7bac9fd0684198cb688cb402c1a8a2f34c4b7a08ef748f1de2922ac85a4", kill_on_drop: false }`
[INFO] running `Command { std: "docker" "inspect" "84e3a7bac9fd0684198cb688cb402c1a8a2f34c4b7a08ef748f1de2922ac85a4", kill_on_drop: false }`
[INFO] running `Command { std: "docker" "rm" "-f" "84e3a7bac9fd0684198cb688cb402c1a8a2f34c4b7a08ef748f1de2922ac85a4", kill_on_drop: false }`
[INFO] [stdout] 84e3a7bac9fd0684198cb688cb402c1a8a2f34c4b7a08ef748f1de2922ac85a4
[INFO] running `Command { std: "docker" "create" "-v" "/var/lib/crater-agent-workspace/builds/worker-0-tc1/target:/opt/rustwide/target:rw,Z" "-v" "/var/lib/crater-agent-workspace/builds/worker-0-tc1/source:/opt/rustwide/workdir:ro,Z" "-v" "/var/lib/crater-agent-workspace/cargo-home:/opt/rustwide/cargo-home:ro,Z" "-v" "/var/lib/crater-agent-workspace/rustup-home:/opt/rustwide/rustup-home:ro,Z" "-e" "SOURCE_DIR=/opt/rustwide/workdir" "-e" "CARGO_TARGET_DIR=/opt/rustwide/target" "-e" "CARGO_INCREMENTAL=0" "-e" "RUST_BACKTRACE=full" "-e" "RUSTFLAGS=--cap-lints=warn" "-e" "RUSTDOCFLAGS=--cap-lints=warn" "-e" "CARGO_HOME=/opt/rustwide/cargo-home" "-e" "RUSTUP_HOME=/opt/rustwide/rustup-home" "-w" "/opt/rustwide/workdir" "-m" "1610612736" "--user" "0:0" "--network" "none" "ghcr.io/rust-lang/crates-build-env/linux@sha256:2788e3201cd34a07e3172128adcd8b3090168a8e3bcc40d7c032b9dda1df7d1c" "/opt/rustwide/cargo-home/bin/cargo" "+1.75.0" "build" "--frozen" "--message-format=json", kill_on_drop: false }`
[INFO] [stdout] e2da7ad75321f5fa29e92375bbdf0bf895778f37679d52d694fd400b6f382049
[INFO] running `Command { std: "docker" "start" "-a" "e2da7ad75321f5fa29e92375bbdf0bf895778f37679d52d694fd400b6f382049", kill_on_drop: false }`
[INFO] [stderr]    Compiling cfg-if v1.0.0
[INFO] [stderr]    Compiling libc v0.2.140
[INFO] [stderr]    Compiling version_check v0.9.4
[INFO] [stderr]    Compiling proc-macro2 v1.0.52
[INFO] [stderr]    Compiling unicode-ident v1.0.8
[INFO] [stderr]    Compiling quote v1.0.26
[INFO] [stderr]    Compiling autocfg v1.1.0
[INFO] [stderr]    Compiling syn v1.0.109
[INFO] [stderr]    Compiling once_cell v1.17.1
[INFO] [stderr]    Compiling memchr v2.5.0
[INFO] [stderr]    Compiling pin-project-lite v0.2.9
[INFO] [stderr]    Compiling futures-core v0.3.27
[INFO] [stderr]    Compiling bytes v1.4.0
[INFO] [stderr]    Compiling serde_derive v1.0.156
[INFO] [stderr]    Compiling typenum v1.16.0
[INFO] [stderr]    Compiling serde v1.0.156
[INFO] [stderr]    Compiling cc v1.0.79
[INFO] [stderr]    Compiling log v0.4.17
[INFO] [stderr]    Compiling subtle v2.4.1
[INFO] [stderr]    Compiling itoa v1.0.6
[INFO] [stderr]    Compiling futures-task v0.3.27
[INFO] [stderr]    Compiling futures-util v0.3.27
[INFO] [stderr]    Compiling generic-array v0.14.6
[INFO] [stderr]    Compiling ahash v0.7.6
[INFO] [stderr]    Compiling slab v0.4.8
[INFO] [stderr]    Compiling untrusted v0.7.1
[INFO] [stderr]    Compiling pin-utils v0.1.0
[INFO] [stderr]    Compiling spin v0.5.2
[INFO] [stderr]    Compiling tokio v1.26.0
[INFO] [stderr]    Compiling futures-sink v0.3.27
[INFO] [stderr]    Compiling cpufeatures v0.2.5
[INFO] [stderr]    Compiling percent-encoding v2.2.0
[INFO] [stderr]    Compiling lock_api v0.4.9
[INFO] [stderr]    Compiling rustls v0.20.8
[INFO] [stderr]    Compiling regex-syntax v0.6.28
[INFO] [stderr]    Compiling scopeguard v1.1.0
[INFO] [stderr]    Compiling form_urlencoded v1.1.0
[INFO] [stderr]    Compiling unicase v2.6.0
[INFO] [stderr]    Compiling fnv v1.0.7
[INFO] [stderr]    Compiling rustversion v1.0.12
[INFO] [stderr]    Compiling ryu v1.0.13
[INFO] [stderr]    Compiling tinyvec_macros v0.1.1
[INFO] [stderr]    Compiling http v0.2.9
[INFO] [stderr]    Compiling tinyvec v1.6.0
[INFO] [stderr]    Compiling aho-corasick v0.7.20
[INFO] [stderr]    Compiling indexmap v1.9.2
[INFO] [stderr]    Compiling num-traits v0.2.15
[INFO] [stderr]    Compiling tracing-core v0.1.30
[INFO] [stderr]    Compiling getrandom v0.2.8
[INFO] [stderr]    Compiling num_cpus v1.15.0
[INFO] [stderr]    Compiling socket2 v0.4.9
[INFO] [stderr]    Compiling mio v0.8.6
[INFO] [stderr]    Compiling smallvec v1.10.0
[INFO] [stderr]    Compiling minimal-lexical v0.2.1
[INFO] [stderr]    Compiling bitflags v1.3.2
[INFO] [stderr]    Compiling mime v0.3.16
[INFO] [stderr]    Compiling ring v0.16.20
[INFO] [stderr]    Compiling hashbrown v0.12.3
[INFO] [stderr]    Compiling serde_json v1.0.94
[INFO] [stderr]    Compiling parking_lot_core v0.8.6
[INFO] [stderr]    Compiling unicode-segmentation v1.10.1
[INFO] [stderr]    Compiling nom v7.1.3
[INFO] [stderr]    Compiling unicode-normalization v0.1.22
[INFO] [stderr]    Compiling instant v0.1.12
[INFO] [stderr]    Compiling block-buffer v0.10.4
[INFO] [stderr]    Compiling crypto-common v0.1.6
[INFO] [stderr]    Compiling futures-channel v0.3.27
[INFO] [stderr]    Compiling unicode-width v0.1.10
[INFO] [stderr]    Compiling digest v0.10.6
[INFO] [stderr]    Compiling pkg-config v0.3.26
[INFO] [stderr]    Compiling crossbeam-utils v0.8.15
[INFO] [stderr]    Compiling thiserror v1.0.39
[INFO] [stderr]    Compiling vcpkg v0.2.15
[INFO] [stderr]    Compiling unicode-bidi v0.3.11
[INFO] [stderr]    Compiling sha2 v0.10.6
[INFO] [stderr]    Compiling regex v1.7.1
[INFO] [stderr]    Compiling mime_guess v2.0.4
[INFO] [stderr]    Compiling rand_core v0.6.4
[INFO] [stderr]    Compiling spin v0.9.6
[INFO] [stderr]    Compiling either v1.8.1
[INFO] [stderr]    Compiling crossbeam-queue v0.3.8
[INFO] [stderr]    Compiling ppv-lite86 v0.2.17
[INFO] [stderr]    Compiling paste v1.0.12
[INFO] [stderr]    Compiling tower-service v0.3.2
[INFO] [stderr]    Compiling itertools v0.10.5
[INFO] [stderr]    Compiling parking_lot v0.11.2
[INFO] [stderr]    Compiling idna v0.3.0
[INFO] [stderr]    Compiling rand_chacha v0.3.1
[INFO] [stderr]    Compiling libsqlite3-sys v0.24.2
[INFO] [stderr]    Compiling sha1 v0.10.5
[INFO] [stderr]    Compiling hmac v0.12.1
[INFO] [stderr]    Compiling http-body v0.4.5
[INFO] [stderr]    Compiling dirs-sys v0.3.7
[INFO] [stderr]    Compiling proc-macro-error-attr v1.0.4
[INFO] [stderr]    Compiling crc-catalog v2.2.0
[INFO] [stderr]    Compiling httparse v1.8.0
[INFO] [stderr]    Compiling tower-layer v0.3.2
[INFO] [stderr]    Compiling unicode_categories v0.1.1
[INFO] [stderr]    Compiling same-file v1.0.6
[INFO] [stderr]    Compiling async-trait v0.1.66
[INFO] [stderr]    Compiling httpdate v1.0.2
[INFO] [stderr]    Compiling base64 v0.21.0
[INFO] [stderr]    Compiling base64 v0.13.1
[INFO] [stderr]    Compiling walkdir v2.3.3
[INFO] [stderr]    Compiling dirs v4.0.0
[INFO] [stderr]    Compiling crc v3.0.1
[INFO] [stderr]    Compiling url v2.3.1
[INFO] [stderr]    Compiling hkdf v0.12.3
[INFO] [stderr]    Compiling rand v0.8.5
[INFO] [stderr]    Compiling atoi v1.0.0
[INFO] [stderr]    Compiling rustls-pemfile v1.0.2
[INFO] [stderr]    Compiling futures-intrusive v0.4.2
[INFO] [stderr]    Compiling stringprep v0.1.2
[INFO] [stderr]    Compiling axum-core v0.3.3
[INFO] [stderr]    Compiling sqlformat v0.2.1
[INFO] [stderr]    Compiling md-5 v0.10.5
[INFO] [stderr]    Compiling hashlink v0.8.1
[INFO] [stderr]    Compiling heck v0.4.1
[INFO] [stderr]    Compiling proc-macro-error v1.0.4
[INFO] [stderr]    Compiling byteorder v1.4.3
[INFO] [stderr]    Compiling dotenvy v0.15.6
[INFO] [stderr]    Compiling try-lock v0.2.4
[INFO] [stderr]    Compiling libm v0.2.6
[INFO] [stderr]    Compiling anyhow v1.0.69
[INFO] [stderr]    Compiling whoami v1.4.0
[INFO] [stderr]    Compiling hex v0.4.3
[INFO] [stderr]    Compiling event-listener v2.5.3
[INFO] [stderr]    Compiling lazy_static v1.4.0
[INFO] [stderr]    Compiling want v0.3.0
[INFO] [stderr]    Compiling axum v0.6.11
[INFO] [stderr]    Compiling headers-core v0.2.0
[INFO] [stderr]    Compiling yansi-term v0.1.2
[INFO] [stderr]    Compiling void v1.0.2
[INFO] [stderr]    Compiling conch-parser v0.1.1 (https://github.com/liushuyu/conch-parser?rev=9fb470f4dcea6bb86fe64071ee5ae2121dbc4adf#9fb470f4)
[INFO] [stderr]    Compiling webpki v0.22.0
[INFO] [stderr]    Compiling sct v0.7.0
[INFO] [stderr]    Compiling annotate-snippets v0.9.1
[INFO] [stderr]    Compiling headers v0.3.8
[INFO] [stderr]    Compiling rust-embed-utils v7.5.0
[INFO] [stderr]    Compiling futures-executor v0.3.27
[INFO] [stderr]    Compiling webpki-roots v0.22.6
[INFO] [stderr]    Compiling regex-automata v0.1.10
[INFO] [stderr]    Compiling textwrap v0.11.0
[INFO] [stderr]    Compiling heck v0.3.3
[INFO] [stderr]    Compiling tokio-stream v0.1.12
[INFO] [stderr]    Compiling atty v0.2.14
[INFO] [stderr]    Compiling matchit v0.7.0
[INFO] [stderr]    Compiling overload v0.1.1
[INFO] [stderr]    Compiling ansi_term v0.12.1
[INFO] [stderr]    Compiling strsim v0.8.0
[INFO] [stderr]    Compiling winnow v0.3.6
[INFO] [stderr]    Compiling sync_wrapper v0.1.2
[INFO] [stderr]    Compiling vec_map v0.8.2
[INFO] [stderr]    Compiling http-range-header v0.3.0
[INFO] [stderr]    Compiling matchers v0.1.0
[INFO] [stderr]    Compiling nu-ansi-term v0.46.0
[INFO] [stderr]    Compiling abbs-meta-apml v0.1.0 (https://github.com/AoSC-Dev/abbs-meta-rs#534d496f)
[INFO] [stderr]    Compiling clap v2.34.0
[INFO] [stderr]    Compiling humansize v2.1.3
[INFO] [stderr]    Compiling sharded-slab v0.1.4
[INFO] [stderr]    Compiling unicode-linebreak v0.1.4
[INFO] [stderr]    Compiling tracing-log v0.1.3
[INFO] [stderr]    Compiling thread_local v1.1.7
[INFO] [stderr]    Compiling time-core v0.1.0
[INFO] [stderr]    Compiling askama_escape v0.10.3
[INFO] [stderr]    Compiling smawk v0.3.1
[INFO] [stderr]    Compiling utf8-width v0.1.6
[INFO] [stderr]    Compiling time v0.3.20
[INFO] [stderr]    Compiling deb-version v0.1.1
[INFO] [stderr]    Compiling size v0.4.1
[INFO] [stderr]    Compiling html-escape v0.2.13
[INFO] [stderr]    Compiling tokio-macros v1.8.2
[INFO] [stderr]    Compiling pin-project-internal v1.0.12
[INFO] [stderr]    Compiling tracing-attributes v0.1.23
[INFO] [stderr]    Compiling thiserror-impl v1.0.39
[INFO] [stderr]    Compiling tokio-rustls v0.23.4
[INFO] [stderr]    Compiling rust-embed-impl v6.5.0
[INFO] [stderr]    Compiling sqlx-rt v0.6.2
[INFO] [stderr]    Compiling structopt-derive v0.4.18
[INFO] [stderr] The following warnings were emitted during compilation:
[INFO] [stderr] 
[INFO] [stderr] warning: libsqlite3-sys@0.24.2: cc: fatal error: Killed signal terminated program cc1
[INFO] [stderr] warning: libsqlite3-sys@0.24.2: compilation terminated.
[INFO] [stderr] 
[INFO] [stderr] error: failed to run custom build command for `libsqlite3-sys v0.24.2`
[INFO] [stderr] note: To improve backtraces for build dependencies, set the CARGO_PROFILE_DEV_BUILD_OVERRIDE_DEBUG=true environment variable to enable debug information generation.
[INFO] [stderr] 
[INFO] [stderr] Caused by:
[INFO] [stderr]   process didn't exit successfully: `/opt/rustwide/target/debug/build/libsqlite3-sys-15f327ddda2310ae/build-script-build` (exit status: 1)
[INFO] [stderr]   --- stdout
[INFO] [stderr]   cargo:rerun-if-changed=sqlite3/sqlite3.c
[INFO] [stderr]   cargo:rerun-if-changed=sqlite3/wasm32-wasi-vfs.c
[INFO] [stderr]   cargo:rerun-if-env-changed=SQLITE_MAX_VARIABLE_NUMBER
[INFO] [stderr]   cargo:rerun-if-env-changed=SQLITE_MAX_EXPR_DEPTH
[INFO] [stderr]   cargo:rerun-if-env-changed=LIBSQLITE3_FLAGS
[INFO] [stderr]   TARGET = Some("x86_64-unknown-linux-gnu")
[INFO] [stderr]   OPT_LEVEL = Some("0")
[INFO] [stderr]   HOST = Some("x86_64-unknown-linux-gnu")
[INFO] [stderr]   cargo:rerun-if-env-changed=CC_x86_64-unknown-linux-gnu
[INFO] [stderr]   CC_x86_64-unknown-linux-gnu = None
[INFO] [stderr]   cargo:rerun-if-env-changed=CC_x86_64_unknown_linux_gnu
[INFO] [stderr]   CC_x86_64_unknown_linux_gnu = None
[INFO] [stderr]   cargo:rerun-if-env-changed=HOST_CC
[INFO] [stderr]   HOST_CC = None
[INFO] [stderr]   cargo:rerun-if-env-changed=CC
[INFO] [stderr]   CC = None
[INFO] [stderr]   cargo:rerun-if-env-changed=CFLAGS_x86_64-unknown-linux-gnu
[INFO] [stderr]   CFLAGS_x86_64-unknown-linux-gnu = None
[INFO] [stderr]   cargo:rerun-if-env-changed=CFLAGS_x86_64_unknown_linux_gnu
[INFO] [stderr]   CFLAGS_x86_64_unknown_linux_gnu = None
[INFO] [stderr]   cargo:rerun-if-env-changed=HOST_CFLAGS
[INFO] [stderr]   HOST_CFLAGS = None
[INFO] [stderr]   cargo:rerun-if-env-changed=CFLAGS
[INFO] [stderr]   CFLAGS = None
[INFO] [stderr]   cargo:rerun-if-env-changed=CRATE_CC_NO_DEFAULTS
[INFO] [stderr]   CRATE_CC_NO_DEFAULTS = None
[INFO] [stderr]   DEBUG = Some("true")
[INFO] [stderr]   CARGO_CFG_TARGET_FEATURE = Some("fxsr,sse,sse2")
[INFO] [stderr]   running: "cc" "-O0" "-ffunction-sections" "-fdata-sections" "-fPIC" "-gdwarf-4" "-fno-omit-frame-pointer" "-m64" "-DSQLITE_CORE" "-DSQLITE_DEFAULT_FOREIGN_KEYS=1" "-DSQLITE_ENABLE_API_ARMOR" "-DSQLITE_ENABLE_COLUMN_METADATA" "-DSQLITE_ENABLE_DBSTAT_VTAB" "-DSQLITE_ENABLE_FTS3" "-DSQLITE_ENABLE_FTS3_PARENTHESIS" "-DSQLITE_ENABLE_FTS5" "-DSQLITE_ENABLE_JSON1" "-DSQLITE_ENABLE_LOAD_EXTENSION=1" "-DSQLITE_ENABLE_MEMORY_MANAGEMENT" "-DSQLITE_ENABLE_RTREE" "-DSQLITE_ENABLE_STAT2" "-DSQLITE_ENABLE_STAT4" "-DSQLITE_SOUNDEX" "-DSQLITE_THREADSAFE=1" "-DSQLITE_USE_URI" "-DHAVE_USLEEP=1" "-D_POSIX_THREAD_SAFE_FUNCTIONS" "-DHAVE_ISNAN" "-DHAVE_LOCALTIME_R" "-DSQLITE_ENABLE_UNLOCK_NOTIFY" "-o" "/opt/rustwide/target/debug/build/libsqlite3-sys-0814c5a0b38ff747/out/sqlite3/sqlite3.o" "-c" "sqlite3/sqlite3.c"
[INFO] [stderr]   cargo:warning=cc: fatal error: Killed signal terminated program cc1
[INFO] [stderr]   cargo:warning=compilation terminated.
[INFO] [stderr]   exit status: 1
[INFO] [stderr] 
[INFO] [stderr]   --- stderr
[INFO] [stderr] 
[INFO] [stderr] 
[INFO] [stderr]   error occurred: Command "cc" "-O0" "-ffunction-sections" "-fdata-sections" "-fPIC" "-gdwarf-4" "-fno-omit-frame-pointer" "-m64" "-DSQLITE_CORE" "-DSQLITE_DEFAULT_FOREIGN_KEYS=1" "-DSQLITE_ENABLE_API_ARMOR" "-DSQLITE_ENABLE_COLUMN_METADATA" "-DSQLITE_ENABLE_DBSTAT_VTAB" "-DSQLITE_ENABLE_FTS3" "-DSQLITE_ENABLE_FTS3_PARENTHESIS" "-DSQLITE_ENABLE_FTS5" "-DSQLITE_ENABLE_JSON1" "-DSQLITE_ENABLE_LOAD_EXTENSION=1" "-DSQLITE_ENABLE_MEMORY_MANAGEMENT" "-DSQLITE_ENABLE_RTREE" "-DSQLITE_ENABLE_STAT2" "-DSQLITE_ENABLE_STAT4" "-DSQLITE_SOUNDEX" "-DSQLITE_THREADSAFE=1" "-DSQLITE_USE_URI" "-DHAVE_USLEEP=1" "-D_POSIX_THREAD_SAFE_FUNCTIONS" "-DHAVE_ISNAN" "-DHAVE_LOCALTIME_R" "-DSQLITE_ENABLE_UNLOCK_NOTIFY" "-o" "/opt/rustwide/target/debug/build/libsqlite3-sys-0814c5a0b38ff747/out/sqlite3/sqlite3.o" "-c" "sqlite3/sqlite3.c" with args "cc" did not execute successfully (status code exit status: 1).
[INFO] [stderr] 
[INFO] [stderr] 
[INFO] [stderr] warning: build failed, waiting for other jobs to finish...
[INFO] running `Command { std: "docker" "inspect" "e2da7ad75321f5fa29e92375bbdf0bf895778f37679d52d694fd400b6f382049", kill_on_drop: false }`
[INFO] running `Command { std: "docker" "rm" "-f" "e2da7ad75321f5fa29e92375bbdf0bf895778f37679d52d694fd400b6f382049", kill_on_drop: false }`
[INFO] [stdout] e2da7ad75321f5fa29e92375bbdf0bf895778f37679d52d694fd400b6f382049
[INFO] testing AOSC-Dev/packages-site-rs against beta-2023-12-22 for beta-1.76-1
[INFO] running `Command { std: "git" "clone" "/workspace/cache/git-repos/https%3A%2F%2Fgithub.com%2FAOSC-Dev%2Fpackages-site-rs" "/workspace/builds/worker-0-tc2/source", kill_on_drop: false }`
[INFO] [stderr] Cloning into '/workspace/builds/worker-0-tc2/source'...
[INFO] [stderr] done.
[INFO] validating manifest of git repo https://github.com/AOSC-Dev/packages-site-rs on toolchain beta-2023-12-22
[INFO] running `Command { std: CARGO_HOME="/workspace/cargo-home" RUSTUP_HOME="/workspace/rustup-home" "/workspace/cargo-home/bin/cargo" "+beta-2023-12-22" "metadata" "--manifest-path" "Cargo.toml" "--no-deps", kill_on_drop: false }`
[INFO] started tweaking git repo https://github.com/AOSC-Dev/packages-site-rs
[INFO] finished tweaking git repo https://github.com/AOSC-Dev/packages-site-rs
[INFO] tweaked toml for git repo https://github.com/AOSC-Dev/packages-site-rs written to /workspace/builds/worker-0-tc2/source/Cargo.toml
[INFO] crate git repo https://github.com/AOSC-Dev/packages-site-rs already has a lockfile, it will not be regenerated
[INFO] running `Command { std: CARGO_HOME="/workspace/cargo-home" RUSTUP_HOME="/workspace/rustup-home" "/workspace/cargo-home/bin/cargo" "+beta-2023-12-22" "fetch" "--manifest-path" "Cargo.toml", kill_on_drop: false }`
[INFO] running `Command { std: "docker" "create" "-v" "/var/lib/crater-agent-workspace/builds/worker-0-tc2/target:/opt/rustwide/target:rw,Z" "-v" "/var/lib/crater-agent-workspace/builds/worker-0-tc2/source:/opt/rustwide/workdir:ro,Z" "-v" "/var/lib/crater-agent-workspace/cargo-home:/opt/rustwide/cargo-home:ro,Z" "-v" "/var/lib/crater-agent-workspace/rustup-home:/opt/rustwide/rustup-home:ro,Z" "-e" "SOURCE_DIR=/opt/rustwide/workdir" "-e" "CARGO_TARGET_DIR=/opt/rustwide/target" "-e" "CARGO_HOME=/opt/rustwide/cargo-home" "-e" "RUSTUP_HOME=/opt/rustwide/rustup-home" "-w" "/opt/rustwide/workdir" "-m" "1610612736" "--user" "0:0" "--network" "none" "ghcr.io/rust-lang/crates-build-env/linux@sha256:2788e3201cd34a07e3172128adcd8b3090168a8e3bcc40d7c032b9dda1df7d1c" "/opt/rustwide/cargo-home/bin/cargo" "+beta-2023-12-22" "metadata" "--no-deps" "--format-version=1", kill_on_drop: false }`
[INFO] [stdout] 3938a0b2cb39a60d6a98bfad63bf458cb099711f7f11dad5a4ea4af1422b16a8
[INFO] running `Command { std: "docker" "start" "-a" "3938a0b2cb39a60d6a98bfad63bf458cb099711f7f11dad5a4ea4af1422b16a8", kill_on_drop: false }`
[INFO] running `Command { std: "docker" "inspect" "3938a0b2cb39a60d6a98bfad63bf458cb099711f7f11dad5a4ea4af1422b16a8", kill_on_drop: false }`
[INFO] running `Command { std: "docker" "rm" "-f" "3938a0b2cb39a60d6a98bfad63bf458cb099711f7f11dad5a4ea4af1422b16a8", kill_on_drop: false }`
[INFO] [stdout] 3938a0b2cb39a60d6a98bfad63bf458cb099711f7f11dad5a4ea4af1422b16a8
[INFO] running `Command { std: "docker" "create" "-v" "/var/lib/crater-agent-workspace/builds/worker-0-tc2/target:/opt/rustwide/target:rw,Z" "-v" "/var/lib/crater-agent-workspace/builds/worker-0-tc2/source:/opt/rustwide/workdir:ro,Z" "-v" "/var/lib/crater-agent-workspace/cargo-home:/opt/rustwide/cargo-home:ro,Z" "-v" "/var/lib/crater-agent-workspace/rustup-home:/opt/rustwide/rustup-home:ro,Z" "-e" "SOURCE_DIR=/opt/rustwide/workdir" "-e" "CARGO_TARGET_DIR=/opt/rustwide/target" "-e" "CARGO_INCREMENTAL=0" "-e" "RUST_BACKTRACE=full" "-e" "RUSTFLAGS=--cap-lints=warn" "-e" "RUSTDOCFLAGS=--cap-lints=warn" "-e" "CARGO_HOME=/opt/rustwide/cargo-home" "-e" "RUSTUP_HOME=/opt/rustwide/rustup-home" "-w" "/opt/rustwide/workdir" "-m" "1610612736" "--user" "0:0" "--network" "none" "ghcr.io/rust-lang/crates-build-env/linux@sha256:2788e3201cd34a07e3172128adcd8b3090168a8e3bcc40d7c032b9dda1df7d1c" "/opt/rustwide/cargo-home/bin/cargo" "+beta-2023-12-22" "build" "--frozen" "--message-format=json", kill_on_drop: false }`
[INFO] [stdout] 8a4e8ef0d351a1aeeac37190dacb5f11d1c0dc09ea0567139f4eb7bc24b479ec
[INFO] running `Command { std: "docker" "start" "-a" "8a4e8ef0d351a1aeeac37190dacb5f11d1c0dc09ea0567139f4eb7bc24b479ec", kill_on_drop: false }`
[INFO] [stderr]    Compiling cfg-if v1.0.0
[INFO] [stderr]    Compiling libc v0.2.140
[INFO] [stderr]    Compiling proc-macro2 v1.0.52
[INFO] [stderr]    Compiling version_check v0.9.4
[INFO] [stderr]    Compiling quote v1.0.26
[INFO] [stderr]    Compiling autocfg v1.1.0
[INFO] [stderr]    Compiling unicode-ident v1.0.8
[INFO] [stderr]    Compiling syn v1.0.109
[INFO] [stderr]    Compiling once_cell v1.17.1
[INFO] [stderr]    Compiling memchr v2.5.0
[INFO] [stderr]    Compiling pin-project-lite v0.2.9
[INFO] [stderr]    Compiling futures-core v0.3.27
[INFO] [stderr]    Compiling bytes v1.4.0
[INFO] [stderr]    Compiling typenum v1.16.0
[INFO] [stderr]    Compiling serde_derive v1.0.156
[INFO] [stderr]    Compiling serde v1.0.156
[INFO] [stderr]    Compiling log v0.4.17
[INFO] [stderr]    Compiling cc v1.0.79
[INFO] [stderr]    Compiling subtle v2.4.1
[INFO] [stderr]    Compiling itoa v1.0.6
[INFO] [stderr]    Compiling futures-task v0.3.27
[INFO] [stderr]    Compiling futures-util v0.3.27
[INFO] [stderr]    Compiling untrusted v0.7.1
[INFO] [stderr]    Compiling generic-array v0.14.6
[INFO] [stderr]    Compiling ahash v0.7.6
[INFO] [stderr]    Compiling spin v0.5.2
[INFO] [stderr]    Compiling pin-utils v0.1.0
[INFO] [stderr]    Compiling futures-sink v0.3.27
[INFO] [stderr]    Compiling slab v0.4.8
[INFO] [stderr]    Compiling tokio v1.26.0
[INFO] [stderr]    Compiling cpufeatures v0.2.5
[INFO] [stderr]    Compiling percent-encoding v2.2.0
[INFO] [stderr]    Compiling lock_api v0.4.9
[INFO] [stderr]    Compiling rustls v0.20.8
[INFO] [stderr]    Compiling regex-syntax v0.6.28
[INFO] [stderr]    Compiling scopeguard v1.1.0
[INFO] [stderr]    Compiling form_urlencoded v1.1.0
[INFO] [stderr]    Compiling unicase v2.6.0
[INFO] [stderr]    Compiling ryu v1.0.13
[INFO] [stderr]    Compiling rustversion v1.0.12
[INFO] [stderr]    Compiling tinyvec_macros v0.1.1
[INFO] [stderr]    Compiling fnv v1.0.7
[INFO] [stderr]    Compiling tinyvec v1.6.0
[INFO] [stderr]    Compiling aho-corasick v0.7.20
[INFO] [stderr]    Compiling http v0.2.9
[INFO] [stderr]    Compiling indexmap v1.9.2
[INFO] [stderr]    Compiling getrandom v0.2.8
[INFO] [stderr]    Compiling socket2 v0.4.9
[INFO] [stderr]    Compiling num_cpus v1.15.0
[INFO] [stderr]    Compiling mio v0.8.6
[INFO] [stderr]    Compiling num-traits v0.2.15
[INFO] [stderr]    Compiling tracing-core v0.1.30
[INFO] [stderr]    Compiling mime v0.3.16
[INFO] [stderr]    Compiling ring v0.16.20
[INFO] [stderr]    Compiling hashbrown v0.12.3
[INFO] [stderr]    Compiling parking_lot_core v0.8.6
[INFO] [stderr]    Compiling bitflags v1.3.2
[INFO] [stderr]    Compiling unicode-segmentation v1.10.1
[INFO] [stderr]    Compiling smallvec v1.10.0
[INFO] [stderr]    Compiling minimal-lexical v0.2.1
[INFO] [stderr]    Compiling serde_json v1.0.94
[INFO] [stderr]    Compiling unicode-normalization v0.1.22
[INFO] [stderr]    Compiling nom v7.1.3
[INFO] [stderr]    Compiling crypto-common v0.1.6
[INFO] [stderr]    Compiling block-buffer v0.10.4
[INFO] [stderr]    Compiling digest v0.10.6
[INFO] [stderr]    Compiling instant v0.1.12
[INFO] [stderr]    Compiling unicode-bidi v0.3.11
[INFO] [stderr]    Compiling crossbeam-utils v0.8.15
[INFO] [stderr]    Compiling unicode-width v0.1.10
[INFO] [stderr]    Compiling thiserror v1.0.39
[INFO] [stderr]    Compiling sha2 v0.10.6
[INFO] [stderr]    Compiling vcpkg v0.2.15
[INFO] [stderr]    Compiling pkg-config v0.3.26
[INFO] [stderr]    Compiling futures-channel v0.3.27
[INFO] [stderr]    Compiling regex v1.7.1
[INFO] [stderr]    Compiling mime_guess v2.0.4
[INFO] [stderr]    Compiling rand_core v0.6.4
[INFO] [stderr]    Compiling spin v0.9.6
[INFO] [stderr]    Compiling tower-service v0.3.2
[INFO] [stderr]    Compiling either v1.8.1
[INFO] [stderr]    Compiling crossbeam-queue v0.3.8
[INFO] [stderr]    Compiling paste v1.0.12
[INFO] [stderr]    Compiling ppv-lite86 v0.2.17
[INFO] [stderr]    Compiling parking_lot v0.11.2
[INFO] [stderr]    Compiling itertools v0.10.5
[INFO] [stderr]    Compiling idna v0.3.0
[INFO] [stderr]    Compiling libsqlite3-sys v0.24.2
[INFO] [stderr]    Compiling rand_chacha v0.3.1
[INFO] [stderr]    Compiling hmac v0.12.1
[INFO] [stderr]    Compiling sha1 v0.10.5
[INFO] [stderr]    Compiling http-body v0.4.5
[INFO] [stderr]    Compiling dirs-sys v0.3.7
[INFO] [stderr]    Compiling proc-macro-error-attr v1.0.4
[INFO] [stderr]    Compiling base64 v0.21.0
[INFO] [stderr]    Compiling httpdate v1.0.2
[INFO] [stderr]    Compiling tower-layer v0.3.2
[INFO] [stderr]    Compiling unicode_categories v0.1.1
[INFO] [stderr]    Compiling httparse v1.8.0
[INFO] [stderr]    Compiling async-trait v0.1.66
[INFO] [stderr]    Compiling same-file v1.0.6
[INFO] [stderr]    Compiling base64 v0.13.1
[INFO] [stderr]    Compiling crc-catalog v2.2.0
[INFO] [stderr]    Compiling rustls-pemfile v1.0.2
[INFO] [stderr]    Compiling walkdir v2.3.3
[INFO] [stderr]    Compiling crc v3.0.1
[INFO] [stderr]    Compiling url v2.3.1
[INFO] [stderr]    Compiling dirs v4.0.0
[INFO] [stderr]    Compiling rand v0.8.5
[INFO] [stderr]    Compiling hkdf v0.12.3
[INFO] [stderr]    Compiling atoi v1.0.0
[INFO] [stderr]    Compiling futures-intrusive v0.4.2
[INFO] [stderr]    Compiling axum-core v0.3.3
[INFO] [stderr]    Compiling stringprep v0.1.2
[INFO] [stderr]    Compiling sqlformat v0.2.1
[INFO] [stderr]    Compiling md-5 v0.10.5
[INFO] [stderr]    Compiling hashlink v0.8.1
[INFO] [stderr]    Compiling heck v0.4.1
[INFO] [stderr]    Compiling proc-macro-error v1.0.4
[INFO] [stderr]    Compiling hex v0.4.3
[INFO] [stderr]    Compiling try-lock v0.2.4
[INFO] [stderr]    Compiling whoami v1.4.0
[INFO] [stderr]    Compiling anyhow v1.0.69
[INFO] [stderr]    Compiling lazy_static v1.4.0
[INFO] [stderr]    Compiling byteorder v1.4.3
[INFO] [stderr]    Compiling dotenvy v0.15.6
[INFO] [stderr]    Compiling libm v0.2.6
[INFO] [stderr]    Compiling event-listener v2.5.3
[INFO] [stderr]    Compiling want v0.3.0
[INFO] [stderr]    Compiling axum v0.6.11
[INFO] [stderr]    Compiling headers-core v0.2.0
[INFO] [stderr]    Compiling void v1.0.2
[INFO] [stderr]    Compiling yansi-term v0.1.2
[INFO] [stderr]    Compiling headers v0.3.8
[INFO] [stderr]    Compiling conch-parser v0.1.1 (https://github.com/liushuyu/conch-parser?rev=9fb470f4dcea6bb86fe64071ee5ae2121dbc4adf#9fb470f4)
[INFO] [stderr]    Compiling webpki v0.22.0
[INFO] [stderr]    Compiling sct v0.7.0
[INFO] [stderr]    Compiling annotate-snippets v0.9.1
[INFO] [stderr]    Compiling rust-embed-utils v7.5.0
[INFO] [stderr]    Compiling futures-executor v0.3.27
[INFO] [stderr]    Compiling webpki-roots v0.22.6
[INFO] [stderr]    Compiling regex-automata v0.1.10
[INFO] [stderr]    Compiling textwrap v0.11.0
[INFO] [stderr]    Compiling heck v0.3.3
[INFO] [stderr]    Compiling atty v0.2.14
[INFO] [stderr]    Compiling ansi_term v0.12.1
[INFO] [stderr]    Compiling vec_map v0.8.2
[INFO] [stderr]    Compiling strsim v0.8.0
[INFO] [stderr]    Compiling http-range-header v0.3.0
[INFO] [stderr]    Compiling matchit v0.7.0
[INFO] [stderr]    Compiling tokio-stream v0.1.12
[INFO] [stderr]    Compiling winnow v0.3.6
[INFO] [stderr]    Compiling overload v0.1.1
[INFO] [stderr]    Compiling sync_wrapper v0.1.2
[INFO] [stderr]    Compiling nu-ansi-term v0.46.0
[INFO] [stderr]    Compiling matchers v0.1.0
[INFO] [stderr]    Compiling clap v2.34.0
[INFO] [stderr]    Compiling abbs-meta-apml v0.1.0 (https://github.com/AoSC-Dev/abbs-meta-rs#534d496f)
[INFO] [stderr]    Compiling humansize v2.1.3
[INFO] [stderr]    Compiling sharded-slab v0.1.4
[INFO] [stderr]    Compiling tracing-log v0.1.3
[INFO] [stderr]    Compiling thread_local v1.1.7
[INFO] [stderr]    Compiling unicode-linebreak v0.1.4
[INFO] [stderr]    Compiling askama_escape v0.10.3
[INFO] [stderr]    Compiling utf8-width v0.1.6
[INFO] [stderr]    Compiling smawk v0.3.1
[INFO] [stderr]    Compiling time-core v0.1.0
[INFO] [stderr]    Compiling html-escape v0.2.13
[INFO] [stderr]    Compiling time v0.3.20
[INFO] [stderr]    Compiling size v0.4.1
[INFO] [stderr]    Compiling deb-version v0.1.1
[INFO] [stderr]    Compiling tokio-macros v1.8.2
[INFO] [stderr]    Compiling pin-project-internal v1.0.12
[INFO] [stderr]    Compiling tracing-attributes v0.1.23
[INFO] [stderr]    Compiling thiserror-impl v1.0.39
[INFO] [stderr]    Compiling tokio-rustls v0.23.4
[INFO] [stderr]    Compiling sqlx-rt v0.6.2
[INFO] [stderr]    Compiling structopt-derive v0.4.18
[INFO] [stderr]    Compiling rust-embed-impl v6.5.0
[INFO] [stderr]    Compiling axum-macros v0.3.6
[INFO] [stderr]    Compiling textwrap v0.16.0
[INFO] [stderr] The following warnings were emitted during compilation:
[INFO] [stderr] 
[INFO] [stderr] warning: libsqlite3-sys@0.24.2: cc: fatal error: Killed signal terminated program cc1
[INFO] [stderr] warning: libsqlite3-sys@0.24.2: compilation terminated.
[INFO] [stderr] 
[INFO] [stderr] error: failed to run custom build command for `libsqlite3-sys v0.24.2`
[INFO] [stderr] note: To improve backtraces for build dependencies, set the CARGO_PROFILE_DEV_BUILD_OVERRIDE_DEBUG=true environment variable to enable debug information generation.
[INFO] [stderr] 
[INFO] [stderr] Caused by:
[INFO] [stderr]   process didn't exit successfully: `/opt/rustwide/target/debug/build/libsqlite3-sys-05e95397d6d20774/build-script-build` (exit status: 1)
[INFO] [stderr]   --- stdout
[INFO] [stderr]   cargo:rerun-if-changed=sqlite3/sqlite3.c
[INFO] [stderr]   cargo:rerun-if-changed=sqlite3/wasm32-wasi-vfs.c
[INFO] [stderr]   cargo:rerun-if-env-changed=SQLITE_MAX_VARIABLE_NUMBER
[INFO] [stderr]   cargo:rerun-if-env-changed=SQLITE_MAX_EXPR_DEPTH
[INFO] [stderr]   cargo:rerun-if-env-changed=LIBSQLITE3_FLAGS
[INFO] [stderr]   TARGET = Some("x86_64-unknown-linux-gnu")
[INFO] [stderr]   OPT_LEVEL = Some("0")
[INFO] [stderr]   HOST = Some("x86_64-unknown-linux-gnu")
[INFO] [stderr]   cargo:rerun-if-env-changed=CC_x86_64-unknown-linux-gnu
[INFO] [stderr]   CC_x86_64-unknown-linux-gnu = None
[INFO] [stderr]   cargo:rerun-if-env-changed=CC_x86_64_unknown_linux_gnu
[INFO] [stderr]   CC_x86_64_unknown_linux_gnu = None
[INFO] [stderr]   cargo:rerun-if-env-changed=HOST_CC
[INFO] [stderr]   HOST_CC = None
[INFO] [stderr]   cargo:rerun-if-env-changed=CC
[INFO] [stderr]   CC = None
[INFO] [stderr]   cargo:rerun-if-env-changed=CFLAGS_x86_64-unknown-linux-gnu
[INFO] [stderr]   CFLAGS_x86_64-unknown-linux-gnu = None
[INFO] [stderr]   cargo:rerun-if-env-changed=CFLAGS_x86_64_unknown_linux_gnu
[INFO] [stderr]   CFLAGS_x86_64_unknown_linux_gnu = None
[INFO] [stderr]   cargo:rerun-if-env-changed=HOST_CFLAGS
[INFO] [stderr]   HOST_CFLAGS = None
[INFO] [stderr]   cargo:rerun-if-env-changed=CFLAGS
[INFO] [stderr]   CFLAGS = None
[INFO] [stderr]   cargo:rerun-if-env-changed=CRATE_CC_NO_DEFAULTS
[INFO] [stderr]   CRATE_CC_NO_DEFAULTS = None
[INFO] [stderr]   DEBUG = Some("true")
[INFO] [stderr]   CARGO_CFG_TARGET_FEATURE = Some("fxsr,sse,sse2")
[INFO] [stderr]   running: "cc" "-O0" "-ffunction-sections" "-fdata-sections" "-fPIC" "-gdwarf-4" "-fno-omit-frame-pointer" "-m64" "-DSQLITE_CORE" "-DSQLITE_DEFAULT_FOREIGN_KEYS=1" "-DSQLITE_ENABLE_API_ARMOR" "-DSQLITE_ENABLE_COLUMN_METADATA" "-DSQLITE_ENABLE_DBSTAT_VTAB" "-DSQLITE_ENABLE_FTS3" "-DSQLITE_ENABLE_FTS3_PARENTHESIS" "-DSQLITE_ENABLE_FTS5" "-DSQLITE_ENABLE_JSON1" "-DSQLITE_ENABLE_LOAD_EXTENSION=1" "-DSQLITE_ENABLE_MEMORY_MANAGEMENT" "-DSQLITE_ENABLE_RTREE" "-DSQLITE_ENABLE_STAT2" "-DSQLITE_ENABLE_STAT4" "-DSQLITE_SOUNDEX" "-DSQLITE_THREADSAFE=1" "-DSQLITE_USE_URI" "-DHAVE_USLEEP=1" "-D_POSIX_THREAD_SAFE_FUNCTIONS" "-DHAVE_ISNAN" "-DHAVE_LOCALTIME_R" "-DSQLITE_ENABLE_UNLOCK_NOTIFY" "-o" "/opt/rustwide/target/debug/build/libsqlite3-sys-4eb32032d3c3e67b/out/sqlite3/sqlite3.o" "-c" "sqlite3/sqlite3.c"
[INFO] [stderr]   cargo:warning=cc: fatal error: Killed signal terminated program cc1
[INFO] [stderr]   cargo:warning=compilation terminated.
[INFO] [stderr]   exit status: 1
[INFO] [stderr] 
[INFO] [stderr]   --- stderr
[INFO] [stderr] 
[INFO] [stderr] 
[INFO] [stderr]   error occurred: Command "cc" "-O0" "-ffunction-sections" "-fdata-sections" "-fPIC" "-gdwarf-4" "-fno-omit-frame-pointer" "-m64" "-DSQLITE_CORE" "-DSQLITE_DEFAULT_FOREIGN_KEYS=1" "-DSQLITE_ENABLE_API_ARMOR" "-DSQLITE_ENABLE_COLUMN_METADATA" "-DSQLITE_ENABLE_DBSTAT_VTAB" "-DSQLITE_ENABLE_FTS3" "-DSQLITE_ENABLE_FTS3_PARENTHESIS" "-DSQLITE_ENABLE_FTS5" "-DSQLITE_ENABLE_JSON1" "-DSQLITE_ENABLE_LOAD_EXTENSION=1" "-DSQLITE_ENABLE_MEMORY_MANAGEMENT" "-DSQLITE_ENABLE_RTREE" "-DSQLITE_ENABLE_STAT2" "-DSQLITE_ENABLE_STAT4" "-DSQLITE_SOUNDEX" "-DSQLITE_THREADSAFE=1" "-DSQLITE_USE_URI" "-DHAVE_USLEEP=1" "-D_POSIX_THREAD_SAFE_FUNCTIONS" "-DHAVE_ISNAN" "-DHAVE_LOCALTIME_R" "-DSQLITE_ENABLE_UNLOCK_NOTIFY" "-o" "/opt/rustwide/target/debug/build/libsqlite3-sys-4eb32032d3c3e67b/out/sqlite3/sqlite3.o" "-c" "sqlite3/sqlite3.c" with args "cc" did not execute successfully (status code exit status: 1).
[INFO] [stderr] 
[INFO] [stderr] 
[INFO] [stderr] warning: build failed, waiting for other jobs to finish...
[INFO] running `Command { std: "docker" "inspect" "8a4e8ef0d351a1aeeac37190dacb5f11d1c0dc09ea0567139f4eb7bc24b479ec", kill_on_drop: false }`
[INFO] running `Command { std: "docker" "rm" "-f" "8a4e8ef0d351a1aeeac37190dacb5f11d1c0dc09ea0567139f4eb7bc24b479ec", kill_on_drop: false }`
[INFO] [stdout] 8a4e8ef0d351a1aeeac37190dacb5f11d1c0dc09ea0567139f4eb7bc24b479ec
