[INFO] cloning repository https://github.com/AOS55/flyer-rs
[INFO] running `Command { std: "git" "-c" "credential.helper=" "-c" "credential.helper=/workspace/cargo-home/bin/git-credential-null" "clone" "--bare" "https://github.com/AOS55/flyer-rs" "/workspace/cache/git-repos/https%3A%2F%2Fgithub.com%2FAOS55%2Fflyer-rs", kill_on_drop: false }`
[INFO] [stderr] Cloning into bare repository '/workspace/cache/git-repos/https%3A%2F%2Fgithub.com%2FAOS55%2Fflyer-rs'...
[INFO] running `Command { std: "git" "rev-parse" "HEAD", kill_on_drop: false }`
[INFO] [stdout] 1ff911f81c7c9b764f7433dd71a1ac79d63fdd03
[INFO] testing AOS55/flyer-rs against 1.75.0 for beta-1.76-1
[INFO] running `Command { std: "git" "clone" "/workspace/cache/git-repos/https%3A%2F%2Fgithub.com%2FAOS55%2Fflyer-rs" "/workspace/builds/worker-4-tc1/source", kill_on_drop: false }`
[INFO] [stderr] Cloning into '/workspace/builds/worker-4-tc1/source'...
[INFO] [stderr] done.
[INFO] validating manifest of git repo https://github.com/AOS55/flyer-rs on toolchain 1.75.0
[INFO] running `Command { std: CARGO_HOME="/workspace/cargo-home" RUSTUP_HOME="/workspace/rustup-home" "/workspace/cargo-home/bin/cargo" "+1.75.0" "metadata" "--manifest-path" "Cargo.toml" "--no-deps", kill_on_drop: false }`
[INFO] started tweaking git repo https://github.com/AOS55/flyer-rs
[INFO] finished tweaking git repo https://github.com/AOS55/flyer-rs
[INFO] tweaked toml for git repo https://github.com/AOS55/flyer-rs written to /workspace/builds/worker-4-tc1/source/Cargo.toml
[INFO] crate git repo https://github.com/AOS55/flyer-rs already has a lockfile, it will not be regenerated
[INFO] running `Command { std: CARGO_HOME="/workspace/cargo-home" RUSTUP_HOME="/workspace/rustup-home" "/workspace/cargo-home/bin/cargo" "+1.75.0" "fetch" "--manifest-path" "Cargo.toml", kill_on_drop: false }`
[INFO] [stderr]     Updating git repository `https://github.com/rob-clarke/aerso.git`
[INFO] [stderr]     Updating crates.io index
[INFO] [stderr]  Downloading crates ...
[INFO] [stderr]   Downloaded slog-json v2.6.1
[INFO] [stderr]   Downloaded argmin-math v0.3.0
[INFO] [stderr]   Downloaded kiddo v2.1.1
[INFO] [stderr]   Downloaded argmin v0.8.1
[INFO] [stderr]   Downloaded rstest v0.11.0
[INFO] [stderr]   Downloaded noise v0.8.2
[INFO] [stderr]   Downloaded physical_constants v0.4.1
[INFO] running `Command { std: "docker" "create" "-v" "/var/lib/crater-agent-workspace/builds/worker-4-tc1/target:/opt/rustwide/target:rw,Z" "-v" "/var/lib/crater-agent-workspace/builds/worker-4-tc1/source:/opt/rustwide/workdir:ro,Z" "-v" "/var/lib/crater-agent-workspace/cargo-home:/opt/rustwide/cargo-home:ro,Z" "-v" "/var/lib/crater-agent-workspace/rustup-home:/opt/rustwide/rustup-home:ro,Z" "-e" "SOURCE_DIR=/opt/rustwide/workdir" "-e" "CARGO_TARGET_DIR=/opt/rustwide/target" "-e" "CARGO_HOME=/opt/rustwide/cargo-home" "-e" "RUSTUP_HOME=/opt/rustwide/rustup-home" "-w" "/opt/rustwide/workdir" "-m" "1610612736" "--user" "0:0" "--network" "none" "ghcr.io/rust-lang/crates-build-env/linux@sha256:2788e3201cd34a07e3172128adcd8b3090168a8e3bcc40d7c032b9dda1df7d1c" "/opt/rustwide/cargo-home/bin/cargo" "+1.75.0" "metadata" "--no-deps" "--format-version=1", kill_on_drop: false }`
[INFO] [stdout] 0d6a4413b00b1fd30d5d6cef45ac24627da6410614e62af1b5311980c2d35eab
[INFO] running `Command { std: "docker" "start" "-a" "0d6a4413b00b1fd30d5d6cef45ac24627da6410614e62af1b5311980c2d35eab", kill_on_drop: false }`
[INFO] running `Command { std: "docker" "inspect" "0d6a4413b00b1fd30d5d6cef45ac24627da6410614e62af1b5311980c2d35eab", kill_on_drop: false }`
[INFO] running `Command { std: "docker" "rm" "-f" "0d6a4413b00b1fd30d5d6cef45ac24627da6410614e62af1b5311980c2d35eab", kill_on_drop: false }`
[INFO] [stdout] 0d6a4413b00b1fd30d5d6cef45ac24627da6410614e62af1b5311980c2d35eab
[INFO] running `Command { std: "docker" "create" "-v" "/var/lib/crater-agent-workspace/builds/worker-4-tc1/target:/opt/rustwide/target:rw,Z" "-v" "/var/lib/crater-agent-workspace/builds/worker-4-tc1/source:/opt/rustwide/workdir:ro,Z" "-v" "/var/lib/crater-agent-workspace/cargo-home:/opt/rustwide/cargo-home:ro,Z" "-v" "/var/lib/crater-agent-workspace/rustup-home:/opt/rustwide/rustup-home:ro,Z" "-e" "SOURCE_DIR=/opt/rustwide/workdir" "-e" "CARGO_TARGET_DIR=/opt/rustwide/target" "-e" "CARGO_INCREMENTAL=0" "-e" "RUST_BACKTRACE=full" "-e" "RUSTFLAGS=--cap-lints=warn" "-e" "RUSTDOCFLAGS=--cap-lints=warn" "-e" "CARGO_HOME=/opt/rustwide/cargo-home" "-e" "RUSTUP_HOME=/opt/rustwide/rustup-home" "-w" "/opt/rustwide/workdir" "-m" "1610612736" "--user" "0:0" "--network" "none" "ghcr.io/rust-lang/crates-build-env/linux@sha256:2788e3201cd34a07e3172128adcd8b3090168a8e3bcc40d7c032b9dda1df7d1c" "/opt/rustwide/cargo-home/bin/cargo" "+1.75.0" "build" "--frozen" "--message-format=json", kill_on_drop: false }`
[INFO] [stdout] 5750f3cf733f4e6dcf553a8b7dd0a23bd113f99173b656d45b9c861e00128f9c
[INFO] running `Command { std: "docker" "start" "-a" "5750f3cf733f4e6dcf553a8b7dd0a23bd113f99173b656d45b9c861e00128f9c", kill_on_drop: false }`
[INFO] [stderr]    Compiling autocfg v1.1.0
[INFO] [stderr]    Compiling cfg-if v1.0.0
[INFO] [stderr]    Compiling proc-macro2 v1.0.67
[INFO] [stderr]    Compiling unicode-ident v1.0.12
[INFO] [stderr]    Compiling libc v0.2.148
[INFO] [stderr]    Compiling serde v1.0.188
[INFO] [stderr]    Compiling bytemuck v1.14.0
[INFO] [stderr]    Compiling crossbeam-utils v0.8.16
[INFO] [stderr]    Compiling scopeguard v1.2.0
[INFO] [stderr]    Compiling typenum v1.17.0
[INFO] [stderr]    Compiling syn v1.0.109
[INFO] [stderr]    Compiling simd-adler32 v0.3.7
[INFO] [stderr]    Compiling rayon-core v1.12.0
[INFO] [stderr]    Compiling paste v1.0.14
[INFO] [stderr]    Compiling ppv-lite86 v0.2.17
[INFO] [stderr]    Compiling adler v1.0.2
[INFO] [stderr]    Compiling memchr v2.6.3
[INFO] [stderr]    Compiling crc32fast v1.3.2
[INFO] [stderr]    Compiling semver v1.0.19
[INFO] [stderr]    Compiling getrandom v0.1.16
[INFO] [stderr]    Compiling safe_arch v0.7.1
[INFO] [stderr]    Compiling miniz_oxide v0.7.1
[INFO] [stderr]    Compiling either v1.9.0
[INFO] [stderr]    Compiling rawpointer v0.2.1
[INFO] [stderr]    Compiling num-traits v0.2.16
[INFO] [stderr]    Compiling num-integer v0.1.45
[INFO] [stderr]    Compiling memoffset v0.9.0
[INFO] [stderr]    Compiling crossbeam-epoch v0.9.15
[INFO] [stderr]    Compiling num-rational v0.4.1
[INFO] [stderr]    Compiling matrixmultiply v0.3.8
[INFO] [stderr]    Compiling lock_api v0.4.10
[INFO] [stderr]    Compiling slog v2.7.0
[INFO] [stderr]    Compiling regex-syntax v0.7.5
[INFO] [stderr]    Compiling quote v1.0.33
[INFO] [stderr]    Compiling wide v0.7.11
[INFO] [stderr]    Compiling aho-corasick v1.1.1
[INFO] [stderr]    Compiling itoa v1.0.9
[INFO] [stderr]    Compiling syn v2.0.37
[INFO] [stderr]    Compiling crossbeam-deque v0.8.3
[INFO] [stderr]    Compiling num-bigint v0.2.6
[INFO] [stderr]    Compiling getrandom v0.2.10
[INFO] [stderr]    Compiling time-core v0.1.2
[INFO] [stderr]    Compiling version_check v0.9.4
[INFO] [stderr]    Compiling futures-core v0.3.28
[INFO] [stderr]    Compiling rustc_version v0.4.0
[INFO] [stderr]    Compiling time-macros v0.2.15
[INFO] [stderr]    Compiling rand_core v0.5.1
[INFO] [stderr]    Compiling flate2 v1.0.27
[INFO] [stderr]    Compiling dirs-sys-next v0.1.2
[INFO] [stderr]    Compiling generic-array v0.14.7
[INFO] [stderr]    Compiling num-rational v0.2.4
[INFO] [stderr]    Compiling num-iter v0.1.43
[INFO] [stderr]    Compiling num-complex v0.2.4
[INFO] [stderr]    Compiling rayon v1.8.0
[INFO] [stderr]    Compiling half v2.3.1
[INFO] [stderr]    Compiling approx v0.5.1
[INFO] [stderr]    Compiling once_cell v1.18.0
[INFO] [stderr]    Compiling thiserror v1.0.48
[INFO] [stderr]    Compiling deranged v0.3.8
[INFO] [stderr]    Compiling ryu v1.0.15
[INFO] [stderr]    Compiling serde_json v1.0.107
[INFO] [stderr]    Compiling az v1.2.1
[INFO] [stderr]    Compiling anyhow v1.0.75
[INFO] [stderr]    Compiling num_threads v0.1.6
[INFO] [stderr]    Compiling thread_local v1.1.7
[INFO] [stderr]    Compiling spin v0.9.8
[INFO] [stderr]    Compiling rstest v0.11.0
[INFO] [stderr]    Compiling dirs-next v2.0.0
[INFO] [stderr]    Compiling nanorand v0.7.0
[INFO] [stderr]    Compiling fdeflate v0.3.0
[INFO] [stderr]    Compiling regex-automata v0.3.8
[INFO] [stderr]    Compiling futures-sink v0.3.28
[INFO] [stderr]    Compiling weezl v0.1.7
[INFO] [stderr]    Compiling doc-comment v0.3.3
[INFO] [stderr]    Compiling bitflags v1.3.2
[INFO] [stderr]    Compiling stable_deref_trait v1.2.0
[INFO] [stderr]    Compiling fixed v1.24.0
[INFO] [stderr]    Compiling slog-async v2.8.0
[INFO] [stderr]    Compiling as-slice v0.2.1
[INFO] [stderr]    Compiling term v0.7.0
[INFO] [stderr]    Compiling png v0.17.10
[INFO] [stderr]    Compiling rand_chacha v0.2.2
[INFO] [stderr]    Compiling atty v0.2.14
[INFO] [stderr]    Compiling crossbeam-channel v0.5.8
[INFO] [stderr]    Compiling time v0.3.29
[INFO] [stderr]    Compiling zune-inflate v0.2.54
[INFO] [stderr]    Compiling color_quant v1.1.0
[INFO] [stderr]    Compiling log v0.4.20
[INFO] [stderr]    Compiling jpeg-decoder v0.3.0
[INFO] [stderr]    Compiling lebe v0.5.2
[INFO] [stderr]    Compiling bit_field v0.10.2
[INFO] [stderr]    Compiling take_mut v0.2.2
[INFO] [stderr]    Compiling smallvec v1.11.1
[INFO] [stderr]    Compiling arrayref v0.3.7
[INFO] [stderr]    Compiling equivalent v1.0.1
[INFO] [stderr]    Compiling hashbrown v0.14.0
[INFO] [stderr]    Compiling strict-num v0.1.1
[INFO] [stderr]    Compiling num v0.2.1
[INFO] [stderr]    Compiling gif v0.12.0
[INFO] [stderr]    Compiling aligned-array v1.0.1
[INFO] [stderr]    Compiling rand v0.7.3
[INFO] [stderr]    Compiling tiny-skia-path v0.11.1
[INFO] [stderr]    Compiling aligned v0.4.1
[INFO] [stderr]    Compiling approx v0.3.2
[INFO] [stderr]    Compiling rand_xorshift v0.2.0
[INFO] [stderr]    Compiling qoi v0.4.1
[INFO] [stderr]    Compiling instant v0.1.12
[INFO] [stderr]    Compiling byteorder v1.4.3
[INFO] [stderr]    Compiling mint v0.5.9
[INFO] [stderr]    Compiling divrem v1.0.0
[INFO] [stderr]    Compiling elapsed v0.1.2
[INFO] [stderr]    Compiling indexmap v2.0.0
[INFO] [stderr]    Compiling slog-term v2.9.0
[INFO] [stderr]    Compiling tiff v0.9.0
[INFO] [stderr]    Compiling unsafe-libyaml v0.2.9
[INFO] [stderr]    Compiling min-max-heap v1.3.0
[INFO] [stderr]    Compiling arrayvec v0.7.4
[INFO] [stderr]    Compiling noise v0.8.2
[INFO] [stderr]    Compiling argmin_testfunctions v0.1.1
[INFO] [stderr]    Compiling regex v1.9.5
[INFO] [stderr]    Compiling tiny-skia v0.11.1
[INFO] [stderr]    Compiling serde_derive v1.0.188
[INFO] [stderr]    Compiling pin-project-internal v1.1.3
[INFO] [stderr]    Compiling thiserror-impl v1.0.48
[INFO] [stderr]    Compiling physical_constants v0.4.1
[INFO] [stderr]    Compiling nalgebra-macros v0.2.1
[INFO] [stderr]    Compiling nalgebra-macros v0.1.0
[INFO] [stderr]    Compiling pin-project v1.1.3
[INFO] [stderr]    Compiling flume v0.10.14
[INFO] [stderr]    Compiling exr v1.6.4
[INFO] [stderr]    Compiling image v0.24.7
[INFO] [stderr]    Compiling num-complex v0.4.4
[INFO] [stderr]    Compiling rand_core v0.6.4
[INFO] [stderr]    Compiling bincode v1.3.3
[INFO] [stderr]    Compiling glam v0.24.2
[INFO] [stderr]    Compiling serde_yaml v0.9.25
[INFO] [stderr]    Compiling rand_chacha v0.3.1
[INFO] [stderr]    Compiling rand_xoshiro v0.6.0
[INFO] [stderr]    Compiling rand_seeder v0.2.3
[INFO] [stderr]    Compiling rand v0.8.5
[INFO] [stderr]    Compiling simba v0.8.1
[INFO] [stderr]    Compiling simba v0.6.0
[INFO] [stderr]    Compiling slog-json v2.6.1
[INFO] [stderr]    Compiling kiddo v2.1.1
[INFO] [stderr]    Compiling nalgebra v0.29.0
[INFO] [stderr]    Compiling nalgebra v0.32.3
[INFO] [stderr]    Compiling aerso v0.1.0 (https://github.com/rob-clarke/aerso.git#9f726de1)
[INFO] [stderr]    Compiling argmin-math v0.3.0
[INFO] [stderr]    Compiling argmin v0.8.1
[INFO] [stderr]    Compiling flyer-rs v0.1.0 (/opt/rustwide/workdir)
[INFO] [stdout] warning: method `render` is never used
[INFO] [stdout]    --> src/world.rs:260:12
[INFO] [stdout]     |
[INFO] [stdout] 258 | impl World {
[INFO] [stdout]     | ---------- method in this implementation
[INFO] [stdout] 259 |
[INFO] [stdout] 260 |     pub fn render(&mut self) -> Pixmap {
[INFO] [stdout]     |            ^^^^^^
[INFO] [stdout]     |
[INFO] [stdout]     = note: `#[warn(dead_code)]` on by default
[INFO] [stdout] 
[INFO] [stdout] 
[INFO] [stdout] warning: method `approach_points` is never used
[INFO] [stdout]   --> src/runway.rs:47:12
[INFO] [stdout]    |
[INFO] [stdout] 26 | impl Runway {
[INFO] [stdout]    | ----------- method in this implementation
[INFO] [stdout] ...
[INFO] [stdout] 47 |     pub fn approach_points(&self) -> HashMap<String, Vec<f32>> {
[INFO] [stdout]    |            ^^^^^^^^^^^^^^^
[INFO] [stdout] 
[INFO] [stdout] 
[INFO] [stdout] warning: 2 warnings emitted
[INFO] [stdout] 
[INFO] [stdout] 
[INFO] [stderr]     Finished dev [unoptimized + debuginfo] target(s) in 39.21s
[INFO] [stderr] warning: the following packages contain code that will be rejected by a future version of Rust: rstest v0.11.0
[INFO] [stderr] note: to see what the problems were, use the option `--future-incompat-report`, or run `cargo report future-incompatibilities --id 1`
[INFO] running `Command { std: "docker" "inspect" "5750f3cf733f4e6dcf553a8b7dd0a23bd113f99173b656d45b9c861e00128f9c", kill_on_drop: false }`
[INFO] running `Command { std: "docker" "rm" "-f" "5750f3cf733f4e6dcf553a8b7dd0a23bd113f99173b656d45b9c861e00128f9c", kill_on_drop: false }`
[INFO] [stdout] 5750f3cf733f4e6dcf553a8b7dd0a23bd113f99173b656d45b9c861e00128f9c
[INFO] running `Command { std: "docker" "create" "-v" "/var/lib/crater-agent-workspace/builds/worker-4-tc1/target:/opt/rustwide/target:rw,Z" "-v" "/var/lib/crater-agent-workspace/builds/worker-4-tc1/source:/opt/rustwide/workdir:ro,Z" "-v" "/var/lib/crater-agent-workspace/cargo-home:/opt/rustwide/cargo-home:ro,Z" "-v" "/var/lib/crater-agent-workspace/rustup-home:/opt/rustwide/rustup-home:ro,Z" "-e" "SOURCE_DIR=/opt/rustwide/workdir" "-e" "CARGO_TARGET_DIR=/opt/rustwide/target" "-e" "CARGO_INCREMENTAL=0" "-e" "RUST_BACKTRACE=full" "-e" "RUSTFLAGS=--cap-lints=warn" "-e" "RUSTDOCFLAGS=--cap-lints=warn" "-e" "CARGO_HOME=/opt/rustwide/cargo-home" "-e" "RUSTUP_HOME=/opt/rustwide/rustup-home" "-w" "/opt/rustwide/workdir" "-m" "1610612736" "--user" "0:0" "--network" "none" "ghcr.io/rust-lang/crates-build-env/linux@sha256:2788e3201cd34a07e3172128adcd8b3090168a8e3bcc40d7c032b9dda1df7d1c" "/opt/rustwide/cargo-home/bin/cargo" "+1.75.0" "test" "--frozen" "--no-run" "--message-format=json", kill_on_drop: false }`
[INFO] [stdout] aaf12fd823d922b85dedf754c8b7721db039f6ef20f5d0a2e6f6585ec98f09b7
[INFO] running `Command { std: "docker" "start" "-a" "aaf12fd823d922b85dedf754c8b7721db039f6ef20f5d0a2e6f6585ec98f09b7", kill_on_drop: false }`
[INFO] [stderr]    Compiling flyer-rs v0.1.0 (/opt/rustwide/workdir)
[INFO] [stdout] warning: unused variable: `alt_transform`
[INFO] [stdout]   --> examples/skia_test.rs:15:9
[INFO] [stdout]    |
[INFO] [stdout] 15 |     let alt_transform = Transform::from_row(1.0, 0.0, 0.0, 1.0, 30.0, 30.0);
[INFO] [stdout]    |         ^^^^^^^^^^^^^ help: if this is intentional, prefix it with an underscore: `_alt_transform`
[INFO] [stdout]    |
[INFO] [stdout]    = note: `#[warn(unused_variables)]` on by default
[INFO] [stdout] 
[INFO] [stdout] 
[INFO] [stdout] warning: variable does not need to be mutable
[INFO] [stdout]   --> examples/skia_test.rs:12:9
[INFO] [stdout]    |
[INFO] [stdout] 12 |     let mut rot_transform = Transform::from_translate(30.0, 30.0);
[INFO] [stdout]    |         ----^^^^^^^^^^^^^
[INFO] [stdout]    |         |
[INFO] [stdout]    |         help: remove this `mut`
[INFO] [stdout]    |
[INFO] [stdout]    = note: `#[warn(unused_mut)]` on by default
[INFO] [stdout] 
[INFO] [stdout] 
[INFO] [stdout] error[E0433]: failed to resolve: use of undeclared crate or module `plotters`
[INFO] [stdout]  --> examples/simulate.rs:4:5
[INFO] [stdout]   |
[INFO] [stdout] 4 | use plotters::prelude::*;
[INFO] [stdout]   |     ^^^^^^^^ use of undeclared crate or module `plotters`
[INFO] [stdout] 
[INFO] [stdout] 
[INFO] [stdout] error[E0061]: this function takes 7 arguments but 6 arguments were supplied
[INFO] [stdout]    --> examples/trim.rs:33:28
[INFO] [stdout]     |
[INFO] [stdout] 33  |           let mut aircraft = Aircraft::new(
[INFO] [stdout]     |  ____________________________^^^^^^^^^^^^^-
[INFO] [stdout] 34  | |             "TO",
[INFO] [stdout] 35  | |             Vector3::new(0.0, 0.0, self.alt),
[INFO] [stdout] 36  | |             Vector3::new(self.airspeed, 0.0, 0.0),
[INFO] [stdout] ...   |
[INFO] [stdout] 39  | |             None
[INFO] [stdout] 40  | |         );
[INFO] [stdout]     | |_________- an argument of type `Option<String>` is missing
[INFO] [stdout]     |
[INFO] [stdout] note: associated function defined here
[INFO] [stdout]    --> /opt/rustwide/workdir/src/aircraft.rs:383:12
[INFO] [stdout]     |
[INFO] [stdout] 383 |     pub fn new(aircraft_name: &str,
[INFO] [stdout]     |            ^^^
[INFO] [stdout] help: provide the argument
[INFO] [stdout]     |
[INFO] [stdout] 33  |         let mut aircraft = Aircraft::new("TO", Vector3::new(0.0, 0.0, self.alt), Vector3::new(self.airspeed, 0.0, 0.0), UnitQuaternion::from_euler_angles(0.0, u[0], 0.0), Vector3::zeros(), None, /* Option<String> */);
[INFO] [stdout]     |                                         ~~~~~~~~~~~~~~~~~~~~~~~~~~~~~~~~~~~~~~~~~~~~~~~~~~~~~~~~~~~~~~~~~~~~~~~~~~~~~~~~~~~~~~~~~~~~~~~~~~~~~~~~~~~~~~~~~~~~~~~~~~~~~~~~~~~~~~~~~~~~~~~~~~~~~~~~~~~~~~~~~~~~~~~~~~~~~~~~
[INFO] [stdout] 
[INFO] [stdout] 
[INFO] [stdout] error: aborting due to previous error
[INFO] [stdout] 
[INFO] [stdout] 
[INFO] [stdout] For more information about this error, try `rustc --explain E0061`.
[INFO] [stdout] 
[INFO] [stderr] error: could not compile `flyer-rs` (example "trim") due to 2 previous errors
[INFO] [stderr] warning: build failed, waiting for other jobs to finish...
[INFO] [stdout] error[E0425]: cannot find value `WHITE` in this scope
[INFO] [stdout]   --> examples/simulate.rs:11:16
[INFO] [stdout]    |
[INFO] [stdout] 11 |     root.fill(&WHITE)?;
[INFO] [stdout]    |                ^^^^^ not found in this scope
[INFO] [stdout] 
[INFO] [stdout] 
[INFO] [stdout] error[E0425]: cannot find value `RED` in this scope
[INFO] [stdout]   --> examples/simulate.rs:31:14
[INFO] [stdout]    |
[INFO] [stdout] 31 |             &RED,
[INFO] [stdout]    |              ^^^ not found in this scope
[INFO] [stdout] 
[INFO] [stdout] 
[INFO] [stdout] error[E0433]: failed to resolve: use of undeclared type `BitMapBackend`
[INFO] [stdout]   --> examples/simulate.rs:10:16
[INFO] [stdout]    |
[INFO] [stdout] 10 |     let root = BitMapBackend::new("plot.png", (800, 600)).into_drawing_area();
[INFO] [stdout]    |                ^^^^^^^^^^^^^ use of undeclared type `BitMapBackend`
[INFO] [stdout] 
[INFO] [stdout] 
[INFO] [stdout] error[E0433]: failed to resolve: use of undeclared type `ChartBuilder`
[INFO] [stdout]   --> examples/simulate.rs:14:21
[INFO] [stdout]    |
[INFO] [stdout] 14 |     let mut chart = ChartBuilder::on(&root)
[INFO] [stdout]    |                     ^^^^^^^^^^^^ use of undeclared type `ChartBuilder`
[INFO] [stdout] 
[INFO] [stdout] 
[INFO] [stdout] error[E0433]: failed to resolve: use of undeclared type `LineSeries`
[INFO] [stdout]   --> examples/simulate.rs:29:22
[INFO] [stdout]    |
[INFO] [stdout] 29 |         .draw_series(LineSeries::new(
[INFO] [stdout]    |                      ^^^^^^^^^^ use of undeclared type `LineSeries`
[INFO] [stdout] 
[INFO] [stdout] 
[INFO] [stdout] error[E0061]: this function takes 7 arguments but 5 arguments were supplied
[INFO] [stdout]    --> examples/simulate.rs:51:24
[INFO] [stdout]     |
[INFO] [stdout] 51  |       let mut aircraft = Aircraft::new(
[INFO] [stdout]     |  ________________________^^^^^^^^^^^^^-
[INFO] [stdout] 52  | |         "TO",
[INFO] [stdout] 53  | |         Vector3::new(0.0, 0.0, alt),
[INFO] [stdout] 54  | |         Vector3::new(airspeed, 0.0, 0.0),
[INFO] [stdout] 55  | |         UnitQuaternion::from_euler_angles(0.0, trim_cond[0], 0.0),
[INFO] [stdout] 56  | |         Vector3::zeros()
[INFO] [stdout] 57  | |     );
[INFO] [stdout]     | |_____- two arguments of type `Option<HashMap<String, f64>>` and `Option<String>` are missing
[INFO] [stdout]     |
[INFO] [stdout] note: associated function defined here
[INFO] [stdout]    --> /opt/rustwide/workdir/src/aircraft.rs:383:12
[INFO] [stdout]     |
[INFO] [stdout] 383 |     pub fn new(aircraft_name: &str,
[INFO] [stdout]     |            ^^^
[INFO] [stdout] help: provide the arguments
[INFO] [stdout]     |
[INFO] [stdout] 51  |     let mut aircraft = Aircraft::new("TO", Vector3::new(0.0, 0.0, alt), Vector3::new(airspeed, 0.0, 0.0), UnitQuaternion::from_euler_angles(0.0, trim_cond[0], 0.0), Vector3::zeros(), /* Option<HashMap<String, f64>> */, /* Option<String> */);
[INFO] [stdout]     |                                     ~~~~~~~~~~~~~~~~~~~~~~~~~~~~~~~~~~~~~~~~~~~~~~~~~~~~~~~~~~~~~~~~~~~~~~~~~~~~~~~~~~~~~~~~~~~~~~~~~~~~~~~~~~~~~~~~~~~~~~~~~~~~~~~~~~~~~~~~~~~~~~~~~~~~~~~~~~~~~~~~~~~~~~~~~~~~~~~~~~~~~~~~~~~~~~~~~~~~~~~~~~~~
[INFO] [stdout] 
[INFO] [stdout] 
[INFO] [stdout] error: aborting due to 7 previous errors
[INFO] [stdout] 
[INFO] [stdout] 
[INFO] [stdout] Some errors have detailed explanations: E0061, E0425, E0433.
[INFO] [stdout] 
[INFO] [stdout] For more information about an error, try `rustc --explain E0061`.
[INFO] [stdout] 
[INFO] [stderr] error: could not compile `flyer-rs` (example "simulate") due to 8 previous errors
[INFO] [stdout] warning: 2 warnings emitted
[INFO] [stdout] 
[INFO] [stdout] 
[INFO] [stdout] warning: method `render` is never used
[INFO] [stdout]    --> src/world.rs:260:12
[INFO] [stdout]     |
[INFO] [stdout] 258 | impl World {
[INFO] [stdout]     | ---------- method in this implementation
[INFO] [stdout] 259 |
[INFO] [stdout] 260 |     pub fn render(&mut self) -> Pixmap {
[INFO] [stdout]     |            ^^^^^^
[INFO] [stdout]     |
[INFO] [stdout]     = note: `#[warn(dead_code)]` on by default
[INFO] [stdout] 
[INFO] [stdout] 
[INFO] [stdout] warning: method `approach_points` is never used
[INFO] [stdout]   --> src/runway.rs:47:12
[INFO] [stdout]    |
[INFO] [stdout] 26 | impl Runway {
[INFO] [stdout]    | ----------- method in this implementation
[INFO] [stdout] ...
[INFO] [stdout] 47 |     pub fn approach_points(&self) -> HashMap<String, Vec<f32>> {
[INFO] [stdout]    |            ^^^^^^^^^^^^^^^
[INFO] [stdout] 
[INFO] [stdout] 
[INFO] [stdout] warning: 2 warnings emitted
[INFO] [stdout] 
[INFO] [stdout] 
[INFO] running `Command { std: "docker" "inspect" "aaf12fd823d922b85dedf754c8b7721db039f6ef20f5d0a2e6f6585ec98f09b7", kill_on_drop: false }`
[INFO] running `Command { std: "docker" "rm" "-f" "aaf12fd823d922b85dedf754c8b7721db039f6ef20f5d0a2e6f6585ec98f09b7", kill_on_drop: false }`
[INFO] [stdout] aaf12fd823d922b85dedf754c8b7721db039f6ef20f5d0a2e6f6585ec98f09b7
[INFO] testing AOS55/flyer-rs against beta-2023-12-22 for beta-1.76-1
[INFO] running `Command { std: "git" "clone" "/workspace/cache/git-repos/https%3A%2F%2Fgithub.com%2FAOS55%2Fflyer-rs" "/workspace/builds/worker-4-tc2/source", kill_on_drop: false }`
[INFO] [stderr] Cloning into '/workspace/builds/worker-4-tc2/source'...
[INFO] [stderr] done.
[INFO] validating manifest of git repo https://github.com/AOS55/flyer-rs on toolchain beta-2023-12-22
[INFO] running `Command { std: CARGO_HOME="/workspace/cargo-home" RUSTUP_HOME="/workspace/rustup-home" "/workspace/cargo-home/bin/cargo" "+beta-2023-12-22" "metadata" "--manifest-path" "Cargo.toml" "--no-deps", kill_on_drop: false }`
[INFO] started tweaking git repo https://github.com/AOS55/flyer-rs
[INFO] finished tweaking git repo https://github.com/AOS55/flyer-rs
[INFO] tweaked toml for git repo https://github.com/AOS55/flyer-rs written to /workspace/builds/worker-4-tc2/source/Cargo.toml
[INFO] crate git repo https://github.com/AOS55/flyer-rs already has a lockfile, it will not be regenerated
[INFO] running `Command { std: CARGO_HOME="/workspace/cargo-home" RUSTUP_HOME="/workspace/rustup-home" "/workspace/cargo-home/bin/cargo" "+beta-2023-12-22" "fetch" "--manifest-path" "Cargo.toml", kill_on_drop: false }`
[INFO] running `Command { std: "docker" "create" "-v" "/var/lib/crater-agent-workspace/builds/worker-4-tc2/target:/opt/rustwide/target:rw,Z" "-v" "/var/lib/crater-agent-workspace/builds/worker-4-tc2/source:/opt/rustwide/workdir:ro,Z" "-v" "/var/lib/crater-agent-workspace/cargo-home:/opt/rustwide/cargo-home:ro,Z" "-v" "/var/lib/crater-agent-workspace/rustup-home:/opt/rustwide/rustup-home:ro,Z" "-e" "SOURCE_DIR=/opt/rustwide/workdir" "-e" "CARGO_TARGET_DIR=/opt/rustwide/target" "-e" "CARGO_HOME=/opt/rustwide/cargo-home" "-e" "RUSTUP_HOME=/opt/rustwide/rustup-home" "-w" "/opt/rustwide/workdir" "-m" "1610612736" "--user" "0:0" "--network" "none" "ghcr.io/rust-lang/crates-build-env/linux@sha256:2788e3201cd34a07e3172128adcd8b3090168a8e3bcc40d7c032b9dda1df7d1c" "/opt/rustwide/cargo-home/bin/cargo" "+beta-2023-12-22" "metadata" "--no-deps" "--format-version=1", kill_on_drop: false }`
[INFO] [stdout] b8ce5bed128208d36e7654ab8fcb530b4a9102a0dcc22513cb8a0c08131818b8
[INFO] running `Command { std: "docker" "start" "-a" "b8ce5bed128208d36e7654ab8fcb530b4a9102a0dcc22513cb8a0c08131818b8", kill_on_drop: false }`
[INFO] running `Command { std: "docker" "inspect" "b8ce5bed128208d36e7654ab8fcb530b4a9102a0dcc22513cb8a0c08131818b8", kill_on_drop: false }`
[INFO] running `Command { std: "docker" "rm" "-f" "b8ce5bed128208d36e7654ab8fcb530b4a9102a0dcc22513cb8a0c08131818b8", kill_on_drop: false }`
[INFO] [stdout] b8ce5bed128208d36e7654ab8fcb530b4a9102a0dcc22513cb8a0c08131818b8
[INFO] running `Command { std: "docker" "create" "-v" "/var/lib/crater-agent-workspace/builds/worker-4-tc2/target:/opt/rustwide/target:rw,Z" "-v" "/var/lib/crater-agent-workspace/builds/worker-4-tc2/source:/opt/rustwide/workdir:ro,Z" "-v" "/var/lib/crater-agent-workspace/cargo-home:/opt/rustwide/cargo-home:ro,Z" "-v" "/var/lib/crater-agent-workspace/rustup-home:/opt/rustwide/rustup-home:ro,Z" "-e" "SOURCE_DIR=/opt/rustwide/workdir" "-e" "CARGO_TARGET_DIR=/opt/rustwide/target" "-e" "CARGO_INCREMENTAL=0" "-e" "RUST_BACKTRACE=full" "-e" "RUSTFLAGS=--cap-lints=warn" "-e" "RUSTDOCFLAGS=--cap-lints=warn" "-e" "CARGO_HOME=/opt/rustwide/cargo-home" "-e" "RUSTUP_HOME=/opt/rustwide/rustup-home" "-w" "/opt/rustwide/workdir" "-m" "1610612736" "--user" "0:0" "--network" "none" "ghcr.io/rust-lang/crates-build-env/linux@sha256:2788e3201cd34a07e3172128adcd8b3090168a8e3bcc40d7c032b9dda1df7d1c" "/opt/rustwide/cargo-home/bin/cargo" "+beta-2023-12-22" "build" "--frozen" "--message-format=json", kill_on_drop: false }`
[INFO] [stdout] 2cc4ef248ad823308d1c9e6657dd44813705794843162ae7887cc58da45b8d12
[INFO] running `Command { std: "docker" "start" "-a" "2cc4ef248ad823308d1c9e6657dd44813705794843162ae7887cc58da45b8d12", kill_on_drop: false }`
[INFO] [stderr]    Compiling autocfg v1.1.0
[INFO] [stderr]    Compiling cfg-if v1.0.0
[INFO] [stderr]    Compiling proc-macro2 v1.0.67
[INFO] [stderr]    Compiling unicode-ident v1.0.12
[INFO] [stderr]    Compiling libc v0.2.148
[INFO] [stderr]    Compiling serde v1.0.188
[INFO] [stderr]    Compiling bytemuck v1.14.0
[INFO] [stderr]    Compiling crossbeam-utils v0.8.16
[INFO] [stderr]    Compiling scopeguard v1.2.0
[INFO] [stderr]    Compiling typenum v1.17.0
[INFO] [stderr]    Compiling syn v1.0.109
[INFO] [stderr]    Compiling rayon-core v1.12.0
[INFO] [stderr]    Compiling paste v1.0.14
[INFO] [stderr]    Compiling simd-adler32 v0.3.7
[INFO] [stderr]    Compiling ppv-lite86 v0.2.17
[INFO] [stderr]    Compiling adler v1.0.2
[INFO] [stderr]    Compiling crc32fast v1.3.2
[INFO] [stderr]    Compiling memchr v2.6.3
[INFO] [stderr]    Compiling getrandom v0.1.16
[INFO] [stderr]    Compiling semver v1.0.19
[INFO] [stderr]    Compiling safe_arch v0.7.1
[INFO] [stderr]    Compiling miniz_oxide v0.7.1
[INFO] [stderr]    Compiling rawpointer v0.2.1
[INFO] [stderr]    Compiling either v1.9.0
[INFO] [stderr]    Compiling num-traits v0.2.16
[INFO] [stderr]    Compiling num-integer v0.1.45
[INFO] [stderr]    Compiling memoffset v0.9.0
[INFO] [stderr]    Compiling crossbeam-epoch v0.9.15
[INFO] [stderr]    Compiling num-rational v0.4.1
[INFO] [stderr]    Compiling matrixmultiply v0.3.8
[INFO] [stderr]    Compiling aho-corasick v1.1.1
[INFO] [stderr]    Compiling lock_api v0.4.10
[INFO] [stderr]    Compiling regex-syntax v0.7.5
[INFO] [stderr]    Compiling itoa v1.0.9
[INFO] [stderr]    Compiling wide v0.7.11
[INFO] [stderr]    Compiling slog v2.7.0
[INFO] [stderr]    Compiling num-bigint v0.2.6
[INFO] [stderr]    Compiling version_check v0.9.4
[INFO] [stderr]    Compiling quote v1.0.33
[INFO] [stderr]    Compiling getrandom v0.2.10
[INFO] [stderr]    Compiling syn v2.0.37
[INFO] [stderr]    Compiling futures-core v0.3.28
[INFO] [stderr]    Compiling time-core v0.1.2
[INFO] [stderr]    Compiling generic-array v0.14.7
[INFO] [stderr]    Compiling crossbeam-deque v0.8.3
[INFO] [stderr]    Compiling time-macros v0.2.15
[INFO] [stderr]    Compiling rand_core v0.5.1
[INFO] [stderr]    Compiling dirs-sys-next v0.1.2
[INFO] [stderr]    Compiling rustc_version v0.4.0
[INFO] [stderr]    Compiling flate2 v1.0.27
[INFO] [stderr]    Compiling num-complex v0.2.4
[INFO] [stderr]    Compiling num-iter v0.1.43
[INFO] [stderr]    Compiling num-rational v0.2.4
[INFO] [stderr]    Compiling half v2.3.1
[INFO] [stderr]    Compiling ryu v1.0.15
[INFO] [stderr]    Compiling deranged v0.3.8
[INFO] [stderr]    Compiling rayon v1.8.0
[INFO] [stderr]    Compiling anyhow v1.0.75
[INFO] [stderr]    Compiling thiserror v1.0.48
[INFO] [stderr]    Compiling num_threads v0.1.6
[INFO] [stderr]    Compiling once_cell v1.18.0
[INFO] [stderr]    Compiling serde_json v1.0.107
[INFO] [stderr]    Compiling approx v0.5.1
[INFO] [stderr]    Compiling az v1.2.1
[INFO] [stderr]    Compiling thread_local v1.1.7
[INFO] [stderr]    Compiling rstest v0.11.0
[INFO] [stderr]    Compiling spin v0.9.8
[INFO] [stderr]    Compiling dirs-next v2.0.0
[INFO] [stderr]    Compiling nanorand v0.7.0
[INFO] [stderr]    Compiling regex-automata v0.3.8
[INFO] [stderr]    Compiling fdeflate v0.3.0
[INFO] [stderr]    Compiling bitflags v1.3.2
[INFO] [stderr]    Compiling doc-comment v0.3.3
[INFO] [stderr]    Compiling futures-sink v0.3.28
[INFO] [stderr]    Compiling weezl v0.1.7
[INFO] [stderr]    Compiling slog-async v2.8.0
[INFO] [stderr]    Compiling stable_deref_trait v1.2.0
[INFO] [stderr]    Compiling fixed v1.24.0
[INFO] [stderr]    Compiling as-slice v0.2.1
[INFO] [stderr]    Compiling png v0.17.10
[INFO] [stderr]    Compiling term v0.7.0
[INFO] [stderr]    Compiling rand_chacha v0.2.2
[INFO] [stderr]    Compiling atty v0.2.14
[INFO] [stderr]    Compiling crossbeam-channel v0.5.8
[INFO] [stderr]    Compiling zune-inflate v0.2.54
[INFO] [stderr]    Compiling smallvec v1.11.1
[INFO] [stderr]    Compiling time v0.3.29
[INFO] [stderr]    Compiling bit_field v0.10.2
[INFO] [stderr]    Compiling color_quant v1.1.0
[INFO] [stderr]    Compiling take_mut v0.2.2
[INFO] [stderr]    Compiling log v0.4.20
[INFO] [stderr]    Compiling lebe v0.5.2
[INFO] [stderr]    Compiling equivalent v1.0.1
[INFO] [stderr]    Compiling arrayref v0.3.7
[INFO] [stderr]    Compiling hashbrown v0.14.0
[INFO] [stderr]    Compiling strict-num v0.1.1
[INFO] [stderr]    Compiling num v0.2.1
[INFO] [stderr]    Compiling jpeg-decoder v0.3.0
[INFO] [stderr]    Compiling gif v0.12.0
[INFO] [stderr]    Compiling tiny-skia-path v0.11.1
[INFO] [stderr]    Compiling rand v0.7.3
[INFO] [stderr]    Compiling aligned-array v1.0.1
[INFO] [stderr]    Compiling aligned v0.4.1
[INFO] [stderr]    Compiling approx v0.3.2
[INFO] [stderr]    Compiling rand_xorshift v0.2.0
[INFO] [stderr]    Compiling qoi v0.4.1
[INFO] [stderr]    Compiling instant v0.1.12
[INFO] [stderr]    Compiling arrayvec v0.7.4
[INFO] [stderr]    Compiling divrem v1.0.0
[INFO] [stderr]    Compiling mint v0.5.9
[INFO] [stderr]    Compiling byteorder v1.4.3
[INFO] [stderr]    Compiling slog-term v2.9.0
[INFO] [stderr]    Compiling elapsed v0.1.2
[INFO] [stderr]    Compiling unsafe-libyaml v0.2.9
[INFO] [stderr]    Compiling min-max-heap v1.3.0
[INFO] [stderr]    Compiling indexmap v2.0.0
[INFO] [stderr]    Compiling tiff v0.9.0
[INFO] [stderr]    Compiling noise v0.8.2
[INFO] [stderr]    Compiling regex v1.9.5
[INFO] [stderr]    Compiling tiny-skia v0.11.1
[INFO] [stderr]    Compiling argmin_testfunctions v0.1.1
[INFO] [stderr]    Compiling serde_derive v1.0.188
[INFO] [stderr]    Compiling pin-project-internal v1.1.3
[INFO] [stderr]    Compiling thiserror-impl v1.0.48
[INFO] [stderr]    Compiling physical_constants v0.4.1
[INFO] [stderr]    Compiling nalgebra-macros v0.2.1
[INFO] [stderr]    Compiling nalgebra-macros v0.1.0
[INFO] [stderr]    Compiling pin-project v1.1.3
[INFO] [stderr]    Compiling flume v0.10.14
[INFO] [stderr]    Compiling exr v1.6.4
[INFO] [stderr]    Compiling image v0.24.7
[INFO] [stderr]    Compiling num-complex v0.4.4
[INFO] [stderr]    Compiling rand_core v0.6.4
[INFO] [stderr]    Compiling bincode v1.3.3
[INFO] [stderr]    Compiling serde_yaml v0.9.25
[INFO] [stderr]    Compiling glam v0.24.2
[INFO] [stderr]    Compiling rand_chacha v0.3.1
[INFO] [stderr]    Compiling rand_xoshiro v0.6.0
[INFO] [stderr]    Compiling rand_seeder v0.2.3
[INFO] [stderr]    Compiling rand v0.8.5
[INFO] [stderr]    Compiling simba v0.8.1
[INFO] [stderr]    Compiling simba v0.6.0
[INFO] [stderr]    Compiling slog-json v2.6.1
[INFO] [stderr]    Compiling kiddo v2.1.1
[INFO] [stderr]    Compiling nalgebra v0.29.0
[INFO] [stderr]    Compiling nalgebra v0.32.3
[INFO] [stderr]    Compiling aerso v0.1.0 (https://github.com/rob-clarke/aerso.git#9f726de1)
[INFO] [stderr]    Compiling argmin-math v0.3.0
[INFO] [stderr]    Compiling argmin v0.8.1
[INFO] [stderr]    Compiling flyer-rs v0.1.0 (/opt/rustwide/workdir)
[INFO] [stdout] warning: method `render` is never used
[INFO] [stdout]    --> src/world.rs:260:12
[INFO] [stdout]     |
[INFO] [stdout] 258 | impl World {
[INFO] [stdout]     | ---------- method in this implementation
[INFO] [stdout] 259 |
[INFO] [stdout] 260 |     pub fn render(&mut self) -> Pixmap {
[INFO] [stdout]     |            ^^^^^^
[INFO] [stdout]     |
[INFO] [stdout]     = note: `#[warn(dead_code)]` on by default
[INFO] [stdout] 
[INFO] [stdout] 
[INFO] [stdout] warning: method `approach_points` is never used
[INFO] [stdout]   --> src/runway.rs:47:12
[INFO] [stdout]    |
[INFO] [stdout] 26 | impl Runway {
[INFO] [stdout]    | ----------- method in this implementation
[INFO] [stdout] ...
[INFO] [stdout] 47 |     pub fn approach_points(&self) -> HashMap<String, Vec<f32>> {
[INFO] [stdout]    |            ^^^^^^^^^^^^^^^
[INFO] [stdout] 
[INFO] [stdout] 
[INFO] [stdout] warning: 2 warnings emitted
[INFO] [stdout] 
[INFO] [stdout] 
[INFO] [stderr]     Finished dev [unoptimized + debuginfo] target(s) in 37.10s
[INFO] [stderr] warning: the following packages contain code that will be rejected by a future version of Rust: rstest v0.11.0
[INFO] [stderr] note: to see what the problems were, use the option `--future-incompat-report`, or run `cargo report future-incompatibilities --id 1`
[INFO] running `Command { std: "docker" "inspect" "2cc4ef248ad823308d1c9e6657dd44813705794843162ae7887cc58da45b8d12", kill_on_drop: false }`
[INFO] running `Command { std: "docker" "rm" "-f" "2cc4ef248ad823308d1c9e6657dd44813705794843162ae7887cc58da45b8d12", kill_on_drop: false }`
[INFO] [stdout] 2cc4ef248ad823308d1c9e6657dd44813705794843162ae7887cc58da45b8d12
[INFO] running `Command { std: "docker" "create" "-v" "/var/lib/crater-agent-workspace/builds/worker-4-tc2/target:/opt/rustwide/target:rw,Z" "-v" "/var/lib/crater-agent-workspace/builds/worker-4-tc2/source:/opt/rustwide/workdir:ro,Z" "-v" "/var/lib/crater-agent-workspace/cargo-home:/opt/rustwide/cargo-home:ro,Z" "-v" "/var/lib/crater-agent-workspace/rustup-home:/opt/rustwide/rustup-home:ro,Z" "-e" "SOURCE_DIR=/opt/rustwide/workdir" "-e" "CARGO_TARGET_DIR=/opt/rustwide/target" "-e" "CARGO_INCREMENTAL=0" "-e" "RUST_BACKTRACE=full" "-e" "RUSTFLAGS=--cap-lints=warn" "-e" "RUSTDOCFLAGS=--cap-lints=warn" "-e" "CARGO_HOME=/opt/rustwide/cargo-home" "-e" "RUSTUP_HOME=/opt/rustwide/rustup-home" "-w" "/opt/rustwide/workdir" "-m" "1610612736" "--user" "0:0" "--network" "none" "ghcr.io/rust-lang/crates-build-env/linux@sha256:2788e3201cd34a07e3172128adcd8b3090168a8e3bcc40d7c032b9dda1df7d1c" "/opt/rustwide/cargo-home/bin/cargo" "+beta-2023-12-22" "test" "--frozen" "--no-run" "--message-format=json", kill_on_drop: false }`
[INFO] [stdout] c491687dd036f7fb4b1709d1b7ce185036250d9755b9995bee12e97e98ce9d53
[INFO] running `Command { std: "docker" "start" "-a" "c491687dd036f7fb4b1709d1b7ce185036250d9755b9995bee12e97e98ce9d53", kill_on_drop: false }`
[INFO] [stderr]    Compiling flyer-rs v0.1.0 (/opt/rustwide/workdir)
[INFO] [stdout] warning: unused variable: `alt_transform`
[INFO] [stdout]   --> examples/skia_test.rs:15:9
[INFO] [stdout]    |
[INFO] [stdout] 15 |     let alt_transform = Transform::from_row(1.0, 0.0, 0.0, 1.0, 30.0, 30.0);
[INFO] [stdout]    |         ^^^^^^^^^^^^^ help: if this is intentional, prefix it with an underscore: `_alt_transform`
[INFO] [stdout]    |
[INFO] [stdout]    = note: `#[warn(unused_variables)]` on by default
[INFO] [stdout] 
[INFO] [stdout] 
[INFO] [stdout] warning: variable does not need to be mutable
[INFO] [stdout]   --> examples/skia_test.rs:12:9
[INFO] [stdout]    |
[INFO] [stdout] 12 |     let mut rot_transform = Transform::from_translate(30.0, 30.0);
[INFO] [stdout]    |         ----^^^^^^^^^^^^^
[INFO] [stdout]    |         |
[INFO] [stdout]    |         help: remove this `mut`
[INFO] [stdout]    |
[INFO] [stdout]    = note: `#[warn(unused_mut)]` on by default
[INFO] [stdout] 
[INFO] [stdout] 
[INFO] [stdout] error[E0433]: failed to resolve: use of undeclared crate or module `plotters`
[INFO] [stdout]  --> examples/simulate.rs:4:5
[INFO] [stdout]   |
[INFO] [stdout] 4 | use plotters::prelude::*;
[INFO] [stdout]   |     ^^^^^^^^ use of undeclared crate or module `plotters`
[INFO] [stdout] 
[INFO] [stdout] 
[INFO] [stdout] error[E0061]: this function takes 7 arguments but 6 arguments were supplied
[INFO] [stdout]    --> examples/trim.rs:33:28
[INFO] [stdout]     |
[INFO] [stdout] 33  |           let mut aircraft = Aircraft::new(
[INFO] [stdout]     |  ____________________________^^^^^^^^^^^^^-
[INFO] [stdout] 34  | |             "TO",
[INFO] [stdout] 35  | |             Vector3::new(0.0, 0.0, self.alt),
[INFO] [stdout] 36  | |             Vector3::new(self.airspeed, 0.0, 0.0),
[INFO] [stdout] ...   |
[INFO] [stdout] 39  | |             None
[INFO] [stdout] 40  | |         );
[INFO] [stdout]     | |_________- an argument of type `Option<String>` is missing
[INFO] [stdout]     |
[INFO] [stdout] note: associated function defined here
[INFO] [stdout]    --> /opt/rustwide/workdir/src/aircraft.rs:383:12
[INFO] [stdout]     |
[INFO] [stdout] 383 |     pub fn new(aircraft_name: &str,
[INFO] [stdout]     |            ^^^
[INFO] [stdout] help: provide the argument
[INFO] [stdout]     |
[INFO] [stdout] 33  |         let mut aircraft = Aircraft::new("TO", Vector3::new(0.0, 0.0, self.alt), Vector3::new(self.airspeed, 0.0, 0.0), UnitQuaternion::from_euler_angles(0.0, u[0], 0.0), Vector3::zeros(), None, /* Option<String> */);
[INFO] [stdout]     |                                         ~~~~~~~~~~~~~~~~~~~~~~~~~~~~~~~~~~~~~~~~~~~~~~~~~~~~~~~~~~~~~~~~~~~~~~~~~~~~~~~~~~~~~~~~~~~~~~~~~~~~~~~~~~~~~~~~~~~~~~~~~~~~~~~~~~~~~~~~~~~~~~~~~~~~~~~~~~~~~~~~~~~~~~~~~~~~~~~~
[INFO] [stdout] 
[INFO] [stdout] 
[INFO] [stdout] error[E0425]: cannot find value `WHITE` in this scope
[INFO] [stdout]   --> examples/simulate.rs:11:16
[INFO] [stdout]    |
[INFO] [stdout] 11 |     root.fill(&WHITE)?;
[INFO] [stdout]    |                ^^^^^ not found in this scope
[INFO] [stdout] 
[INFO] [stdout] 
[INFO] [stdout] error[E0425]: cannot find value `RED` in this scope
[INFO] [stdout]   --> examples/simulate.rs:31:14
[INFO] [stdout]    |
[INFO] [stdout] 31 |             &RED,
[INFO] [stdout]    |              ^^^ not found in this scope
[INFO] [stdout] 
[INFO] [stdout] 
[INFO] [stdout] error[E0433]: failed to resolve: use of undeclared type `BitMapBackend`
[INFO] [stdout]   --> examples/simulate.rs:10:16
[INFO] [stdout]    |
[INFO] [stdout] 10 |     let root = BitMapBackend::new("plot.png", (800, 600)).into_drawing_area();
[INFO] [stdout]    |                ^^^^^^^^^^^^^ use of undeclared type `BitMapBackend`
[INFO] [stdout] 
[INFO] [stdout] 
[INFO] [stdout] error[E0433]: failed to resolve: use of undeclared type `ChartBuilder`
[INFO] [stdout]   --> examples/simulate.rs:14:21
[INFO] [stdout]    |
[INFO] [stdout] 14 |     let mut chart = ChartBuilder::on(&root)
[INFO] [stdout]    |                     ^^^^^^^^^^^^ use of undeclared type `ChartBuilder`
[INFO] [stdout] 
[INFO] [stdout] 
[INFO] [stdout] error[E0433]: failed to resolve: use of undeclared type `LineSeries`
[INFO] [stdout]   --> examples/simulate.rs:29:22
[INFO] [stdout]    |
[INFO] [stdout] 29 |         .draw_series(LineSeries::new(
[INFO] [stdout]    |                      ^^^^^^^^^^ use of undeclared type `LineSeries`
[INFO] [stdout] 
[INFO] [stdout] 
[INFO] [stdout] error: aborting due to 1 previous error
[INFO] [stdout] 
[INFO] [stdout] 
[INFO] [stdout] For more information about this error, try `rustc --explain E0061`.
[INFO] [stdout] 
[INFO] [stderr] error: could not compile `flyer-rs` (example "trim") due to 2 previous errors
[INFO] [stderr] warning: build failed, waiting for other jobs to finish...
[INFO] [stdout] error[E0061]: this function takes 7 arguments but 5 arguments were supplied
[INFO] [stdout]    --> examples/simulate.rs:51:24
[INFO] [stdout]     |
[INFO] [stdout] 51  |       let mut aircraft = Aircraft::new(
[INFO] [stdout]     |  ________________________^^^^^^^^^^^^^-
[INFO] [stdout] 52  | |         "TO",
[INFO] [stdout] 53  | |         Vector3::new(0.0, 0.0, alt),
[INFO] [stdout] 54  | |         Vector3::new(airspeed, 0.0, 0.0),
[INFO] [stdout] 55  | |         UnitQuaternion::from_euler_angles(0.0, trim_cond[0], 0.0),
[INFO] [stdout] 56  | |         Vector3::zeros()
[INFO] [stdout] 57  | |     );
[INFO] [stdout]     | |_____- two arguments of type `Option<HashMap<String, f64>>` and `Option<String>` are missing
[INFO] [stdout]     |
[INFO] [stdout] note: associated function defined here
[INFO] [stdout]    --> /opt/rustwide/workdir/src/aircraft.rs:383:12
[INFO] [stdout]     |
[INFO] [stdout] 383 |     pub fn new(aircraft_name: &str,
[INFO] [stdout]     |            ^^^
[INFO] [stdout] help: provide the arguments
[INFO] [stdout]     |
[INFO] [stdout] 51  |     let mut aircraft = Aircraft::new("TO", Vector3::new(0.0, 0.0, alt), Vector3::new(airspeed, 0.0, 0.0), UnitQuaternion::from_euler_angles(0.0, trim_cond[0], 0.0), Vector3::zeros(), /* Option<HashMap<String, f64>> */, /* Option<String> */);
[INFO] [stdout]     |                                     ~~~~~~~~~~~~~~~~~~~~~~~~~~~~~~~~~~~~~~~~~~~~~~~~~~~~~~~~~~~~~~~~~~~~~~~~~~~~~~~~~~~~~~~~~~~~~~~~~~~~~~~~~~~~~~~~~~~~~~~~~~~~~~~~~~~~~~~~~~~~~~~~~~~~~~~~~~~~~~~~~~~~~~~~~~~~~~~~~~~~~~~~~~~~~~~~~~~~~~~~~~~~
[INFO] [stdout] 
[INFO] [stdout] 
[INFO] [stdout] error: aborting due to 7 previous errors
[INFO] [stdout] 
[INFO] [stdout] 
[INFO] [stdout] Some errors have detailed explanations: E0061, E0425, E0433.
[INFO] [stdout] 
[INFO] [stdout] For more information about an error, try `rustc --explain E0061`.
[INFO] [stdout] 
[INFO] [stderr] error: could not compile `flyer-rs` (example "simulate") due to 8 previous errors
[INFO] [stdout] warning: method `render` is never used
[INFO] [stdout]    --> src/world.rs:260:12
[INFO] [stdout]     |
[INFO] [stdout] 258 | impl World {
[INFO] [stdout]     | ---------- method in this implementation
[INFO] [stdout] 259 |
[INFO] [stdout] 260 |     pub fn render(&mut self) -> Pixmap {
[INFO] [stdout]     |            ^^^^^^
[INFO] [stdout]     |
[INFO] [stdout]     = note: `#[warn(dead_code)]` on by default
[INFO] [stdout] 
[INFO] [stdout] 
[INFO] [stdout] warning: method `approach_points` is never used
[INFO] [stdout]   --> src/runway.rs:47:12
[INFO] [stdout]    |
[INFO] [stdout] 26 | impl Runway {
[INFO] [stdout]    | ----------- method in this implementation
[INFO] [stdout] ...
[INFO] [stdout] 47 |     pub fn approach_points(&self) -> HashMap<String, Vec<f32>> {
[INFO] [stdout]    |            ^^^^^^^^^^^^^^^
[INFO] [stdout] 
[INFO] [stdout] 
[INFO] [stdout] warning: 2 warnings emitted
[INFO] [stdout] 
[INFO] [stdout] 
[INFO] [stdout] warning: 2 warnings emitted
[INFO] [stdout] 
[INFO] [stdout] 
[INFO] running `Command { std: "docker" "inspect" "c491687dd036f7fb4b1709d1b7ce185036250d9755b9995bee12e97e98ce9d53", kill_on_drop: false }`
[INFO] running `Command { std: "docker" "rm" "-f" "c491687dd036f7fb4b1709d1b7ce185036250d9755b9995bee12e97e98ce9d53", kill_on_drop: false }`
[INFO] [stdout] c491687dd036f7fb4b1709d1b7ce185036250d9755b9995bee12e97e98ce9d53
