[INFO] cloning repository https://github.com/ALEZ-DEV/Anime-Kanri
[INFO] running `Command { std: "git" "-c" "credential.helper=" "-c" "credential.helper=/workspace/cargo-home/bin/git-credential-null" "clone" "--bare" "https://github.com/ALEZ-DEV/Anime-Kanri" "/workspace/cache/git-repos/https%3A%2F%2Fgithub.com%2FALEZ-DEV%2FAnime-Kanri", kill_on_drop: false }`
[INFO] [stderr] Cloning into bare repository '/workspace/cache/git-repos/https%3A%2F%2Fgithub.com%2FALEZ-DEV%2FAnime-Kanri'...
[INFO] running `Command { std: "git" "rev-parse" "HEAD", kill_on_drop: false }`
[INFO] [stdout] 28f1a60777e2bfc03030a77c397c929b7fd48d84
[INFO] testing ALEZ-DEV/Anime-Kanri against 1.75.0 for beta-1.76-1
[INFO] running `Command { std: "git" "clone" "/workspace/cache/git-repos/https%3A%2F%2Fgithub.com%2FALEZ-DEV%2FAnime-Kanri" "/workspace/builds/worker-4-tc1/source", kill_on_drop: false }`
[INFO] [stderr] Cloning into '/workspace/builds/worker-4-tc1/source'...
[INFO] [stderr] done.
[INFO] validating manifest of git repo https://github.com/ALEZ-DEV/Anime-Kanri on toolchain 1.75.0
[INFO] running `Command { std: CARGO_HOME="/workspace/cargo-home" RUSTUP_HOME="/workspace/rustup-home" "/workspace/cargo-home/bin/cargo" "+1.75.0" "metadata" "--manifest-path" "Cargo.toml" "--no-deps", kill_on_drop: false }`
[INFO] started tweaking git repo https://github.com/ALEZ-DEV/Anime-Kanri
[INFO] finished tweaking git repo https://github.com/ALEZ-DEV/Anime-Kanri
[INFO] tweaked toml for git repo https://github.com/ALEZ-DEV/Anime-Kanri written to /workspace/builds/worker-4-tc1/source/Cargo.toml
[INFO] crate git repo https://github.com/ALEZ-DEV/Anime-Kanri already has a lockfile, it will not be regenerated
[INFO] running `Command { std: CARGO_HOME="/workspace/cargo-home" RUSTUP_HOME="/workspace/rustup-home" "/workspace/cargo-home/bin/cargo" "+1.75.0" "fetch" "--manifest-path" "Cargo.toml", kill_on_drop: false }`
[INFO] [stderr]     Updating crates.io index
[INFO] [stderr]  Downloading crates ...
[INFO] [stderr]   Downloaded allo-isolate v0.1.20
[INFO] [stderr]   Downloaded async_wasm_task v0.2.3
[INFO] [stderr]   Downloaded dart-sys v4.0.2
[INFO] [stderr]   Downloaded size_format v1.0.2
[INFO] [stderr]   Downloaded nyaa-rsearch v0.1.3
[INFO] [stderr]   Downloaded librqbit-bencode v2.2.1
[INFO] [stderr]   Downloaded os-thread-local v0.1.3
[INFO] [stderr]   Downloaded librqbit-buffers v2.2.1
[INFO] [stderr]   Downloaded librqbit-clone-to-owned v2.2.1
[INFO] [stderr]   Downloaded librqbit-core v2.2.2
[INFO] [stderr]   Downloaded librqbit-peer-protocol v2.2.2
[INFO] [stderr]   Downloaded librqbit-sha1-wrapper v2.2.1
[INFO] [stderr]   Downloaded librqbit-dht v2.2.2
[INFO] [stderr]   Downloaded librqbit v2.2.2
[INFO] running `Command { std: "docker" "create" "-v" "/var/lib/crater-agent-workspace/builds/worker-4-tc1/target:/opt/rustwide/target:rw,Z" "-v" "/var/lib/crater-agent-workspace/builds/worker-4-tc1/source:/opt/rustwide/workdir:ro,Z" "-v" "/var/lib/crater-agent-workspace/cargo-home:/opt/rustwide/cargo-home:ro,Z" "-v" "/var/lib/crater-agent-workspace/rustup-home:/opt/rustwide/rustup-home:ro,Z" "-e" "SOURCE_DIR=/opt/rustwide/workdir" "-e" "CARGO_TARGET_DIR=/opt/rustwide/target" "-e" "CARGO_HOME=/opt/rustwide/cargo-home" "-e" "RUSTUP_HOME=/opt/rustwide/rustup-home" "-w" "/opt/rustwide/workdir" "-m" "1610612736" "--user" "0:0" "--network" "none" "ghcr.io/rust-lang/crates-build-env/linux@sha256:2788e3201cd34a07e3172128adcd8b3090168a8e3bcc40d7c032b9dda1df7d1c" "/opt/rustwide/cargo-home/bin/cargo" "+1.75.0" "metadata" "--no-deps" "--format-version=1", kill_on_drop: false }`
[INFO] [stdout] c8718185cc645d5ad8b9b029cd84fc3bba0ebfec663b0a829f5693fb25580591
[INFO] running `Command { std: "docker" "start" "-a" "c8718185cc645d5ad8b9b029cd84fc3bba0ebfec663b0a829f5693fb25580591", kill_on_drop: false }`
[INFO] running `Command { std: "docker" "inspect" "c8718185cc645d5ad8b9b029cd84fc3bba0ebfec663b0a829f5693fb25580591", kill_on_drop: false }`
[INFO] running `Command { std: "docker" "rm" "-f" "c8718185cc645d5ad8b9b029cd84fc3bba0ebfec663b0a829f5693fb25580591", kill_on_drop: false }`
[INFO] [stdout] c8718185cc645d5ad8b9b029cd84fc3bba0ebfec663b0a829f5693fb25580591
[INFO] running `Command { std: "docker" "create" "-v" "/var/lib/crater-agent-workspace/builds/worker-4-tc1/target:/opt/rustwide/target:rw,Z" "-v" "/var/lib/crater-agent-workspace/builds/worker-4-tc1/source:/opt/rustwide/workdir:ro,Z" "-v" "/var/lib/crater-agent-workspace/cargo-home:/opt/rustwide/cargo-home:ro,Z" "-v" "/var/lib/crater-agent-workspace/rustup-home:/opt/rustwide/rustup-home:ro,Z" "-e" "SOURCE_DIR=/opt/rustwide/workdir" "-e" "CARGO_TARGET_DIR=/opt/rustwide/target" "-e" "CARGO_INCREMENTAL=0" "-e" "RUST_BACKTRACE=full" "-e" "RUSTFLAGS=--cap-lints=warn" "-e" "RUSTDOCFLAGS=--cap-lints=warn" "-e" "CARGO_HOME=/opt/rustwide/cargo-home" "-e" "RUSTUP_HOME=/opt/rustwide/rustup-home" "-w" "/opt/rustwide/workdir" "-m" "1610612736" "--user" "0:0" "--network" "none" "ghcr.io/rust-lang/crates-build-env/linux@sha256:2788e3201cd34a07e3172128adcd8b3090168a8e3bcc40d7c032b9dda1df7d1c" "/opt/rustwide/cargo-home/bin/cargo" "+1.75.0" "build" "--frozen" "--message-format=json", kill_on_drop: false }`
[INFO] [stdout] c40ee760ce51ff6e92cd2c6e64dbcbd61678d1ac73f78a14ff6d1a9fe1a5ac3b
[INFO] running `Command { std: "docker" "start" "-a" "c40ee760ce51ff6e92cd2c6e64dbcbd61678d1ac73f78a14ff6d1a9fe1a5ac3b", kill_on_drop: false }`
[INFO] [stderr]    Compiling proc-macro2 v1.0.69
[INFO] [stderr]    Compiling unicode-ident v1.0.12
[INFO] [stderr]    Compiling libc v0.2.149
[INFO] [stderr]    Compiling once_cell v1.18.0
[INFO] [stderr]    Compiling smallvec v1.11.1
[INFO] [stderr]    Compiling parking_lot_core v0.9.9
[INFO] [stderr]    Compiling log v0.4.20
[INFO] [stderr]    Compiling siphasher v0.3.11
[INFO] [stderr]    Compiling scopeguard v1.2.0
[INFO] [stderr]    Compiling memchr v2.6.4
[INFO] [stderr]    Compiling serde v1.0.190
[INFO] [stderr]    Compiling bitflags v2.4.1
[INFO] [stderr]    Compiling lock_api v0.4.11
[INFO] [stderr]    Compiling pin-project-lite v0.2.13
[INFO] [stderr]    Compiling pkg-config v0.3.27
[INFO] [stderr]    Compiling vcpkg v0.2.15
[INFO] [stderr]    Compiling futures-core v0.3.29
[INFO] [stderr]    Compiling bytes v1.5.0
[INFO] [stderr]    Compiling itoa v1.0.9
[INFO] [stderr]    Compiling futures-sink v0.3.29
[INFO] [stderr]    Compiling slab v0.4.9
[INFO] [stderr]    Compiling futures-task v0.3.29
[INFO] [stderr]    Compiling futures-channel v0.3.29
[INFO] [stderr]    Compiling phf_shared v0.10.0
[INFO] [stderr]    Compiling openssl v0.10.57
[INFO] [stderr]    Compiling futures-util v0.3.29
[INFO] [stderr]    Compiling futures-io v0.3.29
[INFO] [stderr]    Compiling tracing-core v0.1.32
[INFO] [stderr]    Compiling percent-encoding v2.3.0
[INFO] [stderr]    Compiling indexmap v1.9.3
[INFO] [stderr]    Compiling num-traits v0.2.17
[INFO] [stderr]    Compiling http v0.2.9
[INFO] [stderr]    Compiling form_urlencoded v1.2.0
[INFO] [stderr]    Compiling rustversion v1.0.14
[INFO] [stderr]    Compiling syn v1.0.109
[INFO] [stderr]    Compiling anyhow v1.0.75
[INFO] [stderr]    Compiling unicode-normalization v0.1.22
[INFO] [stderr]    Compiling new_debug_unreachable v1.0.4
[INFO] [stderr]    Compiling unicode-bidi v0.3.13
[INFO] [stderr]    Compiling tower-service v0.3.2
[INFO] [stderr]    Compiling hashbrown v0.12.3
[INFO] [stderr]    Compiling quote v1.0.33
[INFO] [stderr]    Compiling tracing v0.1.40
[INFO] [stderr]    Compiling phf_shared v0.11.2
[INFO] [stderr]    Compiling syn v2.0.38
[INFO] [stderr]    Compiling cc v1.0.83
[INFO] [stderr]    Compiling getrandom v0.2.10
[INFO] [stderr]    Compiling socket2 v0.5.5
[INFO] [stderr]    Compiling num_cpus v1.16.0
[INFO] [stderr]    Compiling mio v0.8.9
[INFO] [stderr]    Compiling signal-hook-registry v1.4.1
[INFO] [stderr]    Compiling rand_core v0.6.4
[INFO] [stderr]    Compiling idna v0.4.0
[INFO] [stderr]    Compiling parking_lot v0.12.1
[INFO] [stderr]    Compiling rand_chacha v0.3.1
[INFO] [stderr]    Compiling http-body v0.4.5
[INFO] [stderr]    Compiling rand v0.8.5
[INFO] [stderr]    Compiling num-integer v0.1.45
[INFO] [stderr]    Compiling rustix v0.38.21
[INFO] [stderr]    Compiling try-lock v0.2.4
[INFO] [stderr]    Compiling native-tls v0.2.11
[INFO] [stderr]    Compiling hex v0.3.2
[INFO] [stderr]    Compiling ryu v1.0.15
[INFO] [stderr]    Compiling want v0.3.1
[INFO] [stderr]    Compiling url v2.4.1
[INFO] [stderr]    Compiling socket2 v0.4.10
[INFO] [stderr]    Compiling aho-corasick v1.1.2
[INFO] [stderr]    Compiling librqbit-clone-to-owned v2.2.1
[INFO] [stderr]    Compiling regex-syntax v0.8.2
[INFO] [stderr]    Compiling mac v0.1.1
[INFO] [stderr]    Compiling linux-raw-sys v0.4.10
[INFO] [stderr]    Compiling precomputed-hash v0.1.1
[INFO] [stderr]    Compiling byteorder v1.5.0
[INFO] [stderr]    Compiling openssl-probe v0.1.5
[INFO] [stderr]    Compiling httpdate v1.0.3
[INFO] [stderr]    Compiling futf v0.1.5
[INFO] [stderr]    Compiling phf v0.10.1
[INFO] [stderr]    Compiling num-rational v0.2.4
[INFO] [stderr]    Compiling phf_generator v0.10.0
[INFO] [stderr]    Compiling phf_generator v0.11.2
[INFO] [stderr]    Compiling num-complex v0.2.4
[INFO] [stderr]    Compiling phf_codegen v0.10.0
[INFO] [stderr]    Compiling string_cache_codegen v0.5.2
[INFO] [stderr]    Compiling num-iter v0.1.43
[INFO] [stderr]    Compiling either v1.9.0
[INFO] [stderr]    Compiling typenum v1.17.0
[INFO] [stderr]    Compiling openssl-sys v0.9.93
[INFO] [stderr]    Compiling utf-8 v0.7.6
[INFO] [stderr]    Compiling mime v0.3.17
[INFO] [stderr]    Compiling async-trait v0.1.74
[INFO] [stderr]    Compiling serde_json v1.0.108
[INFO] [stderr]    Compiling dtoa v1.0.9
[INFO] [stderr]    Compiling tendril v0.4.3
[INFO] [stderr]    Compiling itertools v0.12.0
[INFO] [stderr]    Compiling dtoa-short v0.3.4
[INFO] [stderr]    Compiling ahash v0.8.6
[INFO] [stderr]    Compiling selectors v0.25.0
[INFO] [stderr]    Compiling axum-core v0.3.4
[INFO] [stderr]    Compiling uuid v1.5.0
[INFO] [stderr]    Compiling markup5ever v0.11.0
[INFO] [stderr]    Compiling tower-layer v0.3.2
[INFO] [stderr]    Compiling termcolor v1.4.0
[INFO] [stderr]    Compiling stable_deref_trait v1.2.0
[INFO] [stderr]    Compiling humantime v2.1.0
[INFO] [stderr]    Compiling hex v0.4.3
[INFO] [stderr]    Compiling option-ext v0.2.0
[INFO] [stderr]    Compiling servo_arc v0.3.0
[INFO] [stderr]    Compiling dirs-sys v0.4.1
[INFO] [stderr]    Compiling is-terminal v0.4.9
[INFO] [stderr]    Compiling fxhash v0.2.1
[INFO] [stderr]    Compiling axum v0.6.20
[INFO] [stderr]    Compiling encoding_rs v0.8.33
[INFO] [stderr]    Compiling ipnet v2.9.0
[INFO] [stderr]    Compiling equivalent v1.0.1
[INFO] [stderr]    Compiling zerocopy v0.7.25
[INFO] [stderr]    Compiling base64 v0.21.5
[INFO] [stderr]    Compiling unicode-width v0.1.11
[INFO] [stderr]    Compiling hashbrown v0.14.2
[INFO] [stderr]    Compiling num v0.2.1
[INFO] [stderr]    Compiling generic-array v0.12.4
[INFO] [stderr]    Compiling getopts v0.2.21
[INFO] [stderr]    Compiling regex-automata v0.4.3
[INFO] [stderr]    Compiling itertools v0.11.0
[INFO] [stderr]    Compiling bitvec v1.0.1
[INFO] [stderr]    Compiling directories v5.0.1
[INFO] [stderr]    Compiling backtrace v0.3.69
[INFO] [stderr]    Compiling dart-sys v4.0.2
[INFO] [stderr]    Compiling sync_wrapper v0.1.2
[INFO] [stderr]    Compiling gimli v0.28.0
[INFO] [stderr]    Compiling matchit v0.7.3
[INFO] [stderr]    Compiling indexmap v2.1.0
[INFO] [stderr]    Compiling ego-tree v0.6.2
[INFO] [stderr]    Compiling miniz_oxide v0.7.1
[INFO] [stderr]    Compiling size_format v1.0.2
[INFO] [stderr]    Compiling object v0.32.1
[INFO] [stderr]    Compiling urlencoding v2.1.3
[INFO] [stderr]    Compiling rustc-demangle v0.1.23
[INFO] [stderr]    Compiling atomic v0.5.3
[INFO] [stderr]    Compiling allo-isolate v0.1.20
[INFO] [stderr]    Compiling os-thread-local v0.1.3
[INFO] [stderr]    Compiling bytemuck v1.14.0
[INFO] [stderr]    Compiling serde_derive v1.0.190
[INFO] [stderr]    Compiling openssl-macros v0.1.1
[INFO] [stderr]    Compiling futures-macro v0.3.29
[INFO] [stderr]    Compiling tokio-macros v2.2.0
[INFO] [stderr]    Compiling phf_macros v0.11.2
[INFO] [stderr]    Compiling pin-project-internal v1.1.3
[INFO] [stderr]    Compiling cssparser-macros v0.6.1
[INFO] [stderr]    Compiling prost-derive v0.12.1
[INFO] [stderr]    Compiling html5ever v0.26.0
[INFO] [stderr]    Compiling regex v1.10.2
[INFO] [stderr]    Compiling derive_more v0.99.17
[INFO] [stderr]    Compiling addr2line v0.21.0
[INFO] [stderr]    Compiling env_logger v0.10.1
[INFO] [stderr]    Compiling tokio v1.34.0
[INFO] [stderr]    Compiling phf v0.11.2
[INFO] [stderr]    Compiling cssparser v0.31.2
[INFO] [stderr]    Compiling pretty_env_logger v0.5.0
[INFO] [stderr]    Compiling pin-project v1.1.3
[INFO] [stderr]    Compiling prost v0.12.1
[INFO] [stderr]    Compiling crypto-hash v0.3.4
[INFO] [stderr]    Compiling librqbit-sha1-wrapper v2.2.1
[INFO] [stderr]    Compiling futures-executor v0.3.29
[INFO] [stderr]    Compiling futures v0.3.29
[INFO] [stderr]    Compiling tokio-util v0.7.10
[INFO] [stderr]    Compiling tokio-native-tls v0.3.1
[INFO] [stderr]    Compiling tower v0.4.13
[INFO] [stderr]    Compiling librqbit-buffers v2.2.1
[INFO] [stderr]    Compiling serde_urlencoded v0.7.1
[INFO] [stderr]    Compiling string_cache v0.8.7
[INFO] [stderr]    Compiling serde_path_to_error v0.1.14
[INFO] [stderr]    Compiling bincode v1.3.3
[INFO] [stderr]    Compiling librqbit-bencode v2.2.1
[INFO] [stderr]    Compiling h2 v0.3.21
[INFO] [stderr]    Compiling tokio-stream v0.1.14
[INFO] [stderr]    Compiling librqbit-core v2.2.2
[INFO] [stderr]    Compiling librqbit-peer-protocol v2.2.2
[INFO] [stderr]    Compiling librqbit-dht v2.2.2
[INFO] [stderr]    Compiling scraper v0.17.1
[INFO] [stderr]    Compiling hyper v0.14.27
[INFO] [stderr]    Compiling hyper-tls v0.5.0
[INFO] [stderr]    Compiling reqwest v0.11.22
[INFO] [stderr]    Compiling nyaa-rsearch v0.1.3
[INFO] [stderr]    Compiling librqbit v2.2.2
[INFO] [stderr]    Compiling hub v0.1.0 (/opt/rustwide/workdir/native/hub)
[INFO] [stdout] error[E0583]: file not found for module `messages`
[INFO] [stdout]  --> native/hub/src/lib.rs:7:1
[INFO] [stdout]   |
[INFO] [stdout] 7 | mod messages;
[INFO] [stdout]   | ^^^^^^^^^^^^^
[INFO] [stdout]   |
[INFO] [stdout]   = help: to create the module `messages`, create file "native/hub/src/messages.rs" or "native/hub/src/messages/mod.rs"
[INFO] [stdout]   = note: if there is a `mod messages` elsewhere in the crate already, import it with `use crate::...` instead
[INFO] [stdout] 
[INFO] [stdout] 
[INFO] [stdout] error[E0432]: unresolved import `crate::messages::nyaa_search`
[INFO] [stdout]  --> native/hub/src/nyaa_function.rs:6:22
[INFO] [stdout]   |
[INFO] [stdout] 6 | use crate::messages::nyaa_search::{ReadRequest, ReadResponse, Torrent};
[INFO] [stdout]   |                      ^^^^^^^^^^^ could not find `nyaa_search` in `messages`
[INFO] [stdout] 
[INFO] [stdout] 
[INFO] [stdout] error[E0432]: unresolved import `crate::messages::librqbit_torrent`
[INFO] [stdout]   --> native/hub/src/librqbit_function.rs:10:22
[INFO] [stdout]    |
[INFO] [stdout] 10 | use crate::messages::librqbit_torrent::{CurrentTorrentDownloadInfo, NewSessionInfo, TorrentStartState};
[INFO] [stdout]    |                      ^^^^^^^^^^^^^^^^ could not find `librqbit_torrent` in `messages`
[INFO] [stdout] 
[INFO] [stdout] 
[INFO] [stdout] error[E0432]: unresolved import `crate::messages::librqbit_torrent`
[INFO] [stdout]   --> native/hub/src/librqbit_function.rs:20:26
[INFO] [stdout]    |
[INFO] [stdout] 20 |     use crate::messages::librqbit_torrent::{TorrentAddedInfo, TorrentAddInfo, NewSessionInfo};
[INFO] [stdout]    |                          ^^^^^^^^^^^^^^^^ could not find `librqbit_torrent` in `messages`
[INFO] [stdout] 
[INFO] [stdout] 
[INFO] [stdout] error[E0432]: unresolved import `crate::messages::librqbit_torrent`
[INFO] [stdout]   --> native/hub/src/librqbit_function.rs:75:26
[INFO] [stdout]    |
[INFO] [stdout] 75 |     use crate::messages::librqbit_torrent::{TorrentState, ID, TorrentStartState, CurrentTorrentDownloadInfo};
[INFO] [stdout]    |                          ^^^^^^^^^^^^^^^^ could not find `librqbit_torrent` in `messages`
[INFO] [stdout] 
[INFO] [stdout] 
[INFO] [stdout] error[E0433]: failed to resolve: could not find `nyaa_search` in `messages`
[INFO] [stdout]   --> native/hub/src/with_request.rs:18:19
[INFO] [stdout]    |
[INFO] [stdout] 18 |         messages::nyaa_search::ID => handle_nyaa_search(rust_request).await,
[INFO] [stdout]    |                   ^^^^^^^^^^^ could not find `nyaa_search` in `messages`
[INFO] [stdout] 
[INFO] [stdout] 
[INFO] [stdout] error[E0433]: failed to resolve: could not find `librqbit_torrent` in `messages`
[INFO] [stdout]   --> native/hub/src/with_request.rs:19:19
[INFO] [stdout]    |
[INFO] [stdout] 19 |         messages::librqbit_torrent::ID => manage_torrent(rust_request).await,
[INFO] [stdout]    |                   ^^^^^^^^^^^^^^^^ could not find `librqbit_torrent` in `messages`
[INFO] [stdout] 
[INFO] [stdout] 
[INFO] [stdout] warning: unused import: `super::DartAbi`
[INFO] [stdout]  --> native/hub/src/bridge/bridge_engine/ffi/io.rs:3:9
[INFO] [stdout]   |
[INFO] [stdout] 3 | pub use super::DartAbi;
[INFO] [stdout]   |         ^^^^^^^^^^^^^^
[INFO] [stdout]   |
[INFO] [stdout]   = note: `#[warn(unused_imports)]` on by default
[INFO] [stdout] 
[INFO] [stdout] 
[INFO] [stdout] warning: unused import: `std::error::Error`
[INFO] [stdout]  --> native/hub/src/nyaa_function.rs:1:5
[INFO] [stdout]   |
[INFO] [stdout] 1 | use std::error::Error;
[INFO] [stdout]   |     ^^^^^^^^^^^^^^^^^
[INFO] [stdout] 
[INFO] [stdout] 
[INFO] [stdout] warning: unused import: `RustSignal`
[INFO] [stdout]  --> native/hub/src/nyaa_function.rs:2:68
[INFO] [stdout]   |
[INFO] [stdout] 2 | use crate::bridge::api::{RustOperation, RustRequest, RustResponse, RustSignal};
[INFO] [stdout]   |                                                                    ^^^^^^^^^^
[INFO] [stdout] 
[INFO] [stdout] 
[INFO] [stdout] warning: unused import: `prost::Message`
[INFO] [stdout]  --> native/hub/src/librqbit_function.rs:7:5
[INFO] [stdout]   |
[INFO] [stdout] 7 | use prost::Message;
[INFO] [stdout]   |     ^^^^^^^^^^^^^^
[INFO] [stdout] 
[INFO] [stdout] 
[INFO] [stdout] warning: unused import: `prost::Message`
[INFO] [stdout]  --> native/hub/src/nyaa_function.rs:3:5
[INFO] [stdout]   |
[INFO] [stdout] 3 | use prost::Message;
[INFO] [stdout]   |     ^^^^^^^^^^^^^^
[INFO] [stdout] 
[INFO] [stdout] 
[INFO] [stdout] error: aborting due to 7 previous errors; 5 warnings emitted
[INFO] [stdout] 
[INFO] [stdout] 
[INFO] [stderr] error: could not compile `hub` (lib) due to 8 previous errors; 5 warnings emitted
[INFO] [stdout] Some errors have detailed explanations: E0432, E0433, E0583.
[INFO] [stdout] 
[INFO] [stdout] For more information about an error, try `rustc --explain E0432`.
[INFO] [stdout] 
[INFO] running `Command { std: "docker" "inspect" "c40ee760ce51ff6e92cd2c6e64dbcbd61678d1ac73f78a14ff6d1a9fe1a5ac3b", kill_on_drop: false }`
[INFO] running `Command { std: "docker" "rm" "-f" "c40ee760ce51ff6e92cd2c6e64dbcbd61678d1ac73f78a14ff6d1a9fe1a5ac3b", kill_on_drop: false }`
[INFO] [stdout] c40ee760ce51ff6e92cd2c6e64dbcbd61678d1ac73f78a14ff6d1a9fe1a5ac3b
[INFO] testing ALEZ-DEV/Anime-Kanri against beta-2023-12-22 for beta-1.76-1
[INFO] running `Command { std: "git" "clone" "/workspace/cache/git-repos/https%3A%2F%2Fgithub.com%2FALEZ-DEV%2FAnime-Kanri" "/workspace/builds/worker-4-tc2/source", kill_on_drop: false }`
[INFO] [stderr] Cloning into '/workspace/builds/worker-4-tc2/source'...
[INFO] [stderr] done.
[INFO] validating manifest of git repo https://github.com/ALEZ-DEV/Anime-Kanri on toolchain beta-2023-12-22
[INFO] running `Command { std: CARGO_HOME="/workspace/cargo-home" RUSTUP_HOME="/workspace/rustup-home" "/workspace/cargo-home/bin/cargo" "+beta-2023-12-22" "metadata" "--manifest-path" "Cargo.toml" "--no-deps", kill_on_drop: false }`
[INFO] started tweaking git repo https://github.com/ALEZ-DEV/Anime-Kanri
[INFO] finished tweaking git repo https://github.com/ALEZ-DEV/Anime-Kanri
[INFO] tweaked toml for git repo https://github.com/ALEZ-DEV/Anime-Kanri written to /workspace/builds/worker-4-tc2/source/Cargo.toml
[INFO] crate git repo https://github.com/ALEZ-DEV/Anime-Kanri already has a lockfile, it will not be regenerated
[INFO] running `Command { std: CARGO_HOME="/workspace/cargo-home" RUSTUP_HOME="/workspace/rustup-home" "/workspace/cargo-home/bin/cargo" "+beta-2023-12-22" "fetch" "--manifest-path" "Cargo.toml", kill_on_drop: false }`
[INFO] running `Command { std: "docker" "create" "-v" "/var/lib/crater-agent-workspace/builds/worker-4-tc2/target:/opt/rustwide/target:rw,Z" "-v" "/var/lib/crater-agent-workspace/builds/worker-4-tc2/source:/opt/rustwide/workdir:ro,Z" "-v" "/var/lib/crater-agent-workspace/cargo-home:/opt/rustwide/cargo-home:ro,Z" "-v" "/var/lib/crater-agent-workspace/rustup-home:/opt/rustwide/rustup-home:ro,Z" "-e" "SOURCE_DIR=/opt/rustwide/workdir" "-e" "CARGO_TARGET_DIR=/opt/rustwide/target" "-e" "CARGO_HOME=/opt/rustwide/cargo-home" "-e" "RUSTUP_HOME=/opt/rustwide/rustup-home" "-w" "/opt/rustwide/workdir" "-m" "1610612736" "--user" "0:0" "--network" "none" "ghcr.io/rust-lang/crates-build-env/linux@sha256:2788e3201cd34a07e3172128adcd8b3090168a8e3bcc40d7c032b9dda1df7d1c" "/opt/rustwide/cargo-home/bin/cargo" "+beta-2023-12-22" "metadata" "--no-deps" "--format-version=1", kill_on_drop: false }`
[INFO] [stdout] a8e78922b828868806083ad617f1e4da6c0a37b44aaa8c5c0551dace2754ff2b
[INFO] running `Command { std: "docker" "start" "-a" "a8e78922b828868806083ad617f1e4da6c0a37b44aaa8c5c0551dace2754ff2b", kill_on_drop: false }`
[INFO] running `Command { std: "docker" "inspect" "a8e78922b828868806083ad617f1e4da6c0a37b44aaa8c5c0551dace2754ff2b", kill_on_drop: false }`
[INFO] running `Command { std: "docker" "rm" "-f" "a8e78922b828868806083ad617f1e4da6c0a37b44aaa8c5c0551dace2754ff2b", kill_on_drop: false }`
[INFO] [stdout] a8e78922b828868806083ad617f1e4da6c0a37b44aaa8c5c0551dace2754ff2b
[INFO] running `Command { std: "docker" "create" "-v" "/var/lib/crater-agent-workspace/builds/worker-4-tc2/target:/opt/rustwide/target:rw,Z" "-v" "/var/lib/crater-agent-workspace/builds/worker-4-tc2/source:/opt/rustwide/workdir:ro,Z" "-v" "/var/lib/crater-agent-workspace/cargo-home:/opt/rustwide/cargo-home:ro,Z" "-v" "/var/lib/crater-agent-workspace/rustup-home:/opt/rustwide/rustup-home:ro,Z" "-e" "SOURCE_DIR=/opt/rustwide/workdir" "-e" "CARGO_TARGET_DIR=/opt/rustwide/target" "-e" "CARGO_INCREMENTAL=0" "-e" "RUST_BACKTRACE=full" "-e" "RUSTFLAGS=--cap-lints=warn" "-e" "RUSTDOCFLAGS=--cap-lints=warn" "-e" "CARGO_HOME=/opt/rustwide/cargo-home" "-e" "RUSTUP_HOME=/opt/rustwide/rustup-home" "-w" "/opt/rustwide/workdir" "-m" "1610612736" "--user" "0:0" "--network" "none" "ghcr.io/rust-lang/crates-build-env/linux@sha256:2788e3201cd34a07e3172128adcd8b3090168a8e3bcc40d7c032b9dda1df7d1c" "/opt/rustwide/cargo-home/bin/cargo" "+beta-2023-12-22" "build" "--frozen" "--message-format=json", kill_on_drop: false }`
[INFO] [stdout] 98c9dfaf35da01705e1fb9e28c704a3c6ff3309c1e4bafdde91816d108a47dc0
[INFO] running `Command { std: "docker" "start" "-a" "98c9dfaf35da01705e1fb9e28c704a3c6ff3309c1e4bafdde91816d108a47dc0", kill_on_drop: false }`
[INFO] [stderr]    Compiling proc-macro2 v1.0.69
[INFO] [stderr]    Compiling unicode-ident v1.0.12
[INFO] [stderr]    Compiling libc v0.2.149
[INFO] [stderr]    Compiling once_cell v1.18.0
[INFO] [stderr]    Compiling smallvec v1.11.1
[INFO] [stderr]    Compiling log v0.4.20
[INFO] [stderr]    Compiling parking_lot_core v0.9.9
[INFO] [stderr]    Compiling scopeguard v1.2.0
[INFO] [stderr]    Compiling siphasher v0.3.11
[INFO] [stderr]    Compiling memchr v2.6.4
[INFO] [stderr]    Compiling serde v1.0.190
[INFO] [stderr]    Compiling pin-project-lite v0.2.13
[INFO] [stderr]    Compiling lock_api v0.4.11
[INFO] [stderr]    Compiling bitflags v2.4.1
[INFO] [stderr]    Compiling pkg-config v0.3.27
[INFO] [stderr]    Compiling futures-core v0.3.29
[INFO] [stderr]    Compiling vcpkg v0.2.15
[INFO] [stderr]    Compiling itoa v1.0.9
[INFO] [stderr]    Compiling bytes v1.5.0
[INFO] [stderr]    Compiling futures-sink v0.3.29
[INFO] [stderr]    Compiling slab v0.4.9
[INFO] [stderr]    Compiling futures-channel v0.3.29
[INFO] [stderr]    Compiling futures-task v0.3.29
[INFO] [stderr]    Compiling phf_shared v0.10.0
[INFO] [stderr]    Compiling openssl v0.10.57
[INFO] [stderr]    Compiling futures-util v0.3.29
[INFO] [stderr]    Compiling futures-io v0.3.29
[INFO] [stderr]    Compiling tracing-core v0.1.32
[INFO] [stderr]    Compiling percent-encoding v2.3.0
[INFO] [stderr]    Compiling num-traits v0.2.17
[INFO] [stderr]    Compiling form_urlencoded v1.2.0
[INFO] [stderr]    Compiling indexmap v1.9.3
[INFO] [stderr]    Compiling http v0.2.9
[INFO] [stderr]    Compiling rustversion v1.0.14
[INFO] [stderr]    Compiling anyhow v1.0.75
[INFO] [stderr]    Compiling syn v1.0.109
[INFO] [stderr]    Compiling unicode-normalization v0.1.22
[INFO] [stderr]    Compiling new_debug_unreachable v1.0.4
[INFO] [stderr]    Compiling quote v1.0.33
[INFO] [stderr]    Compiling tracing v0.1.40
[INFO] [stderr]    Compiling hashbrown v0.12.3
[INFO] [stderr]    Compiling tower-service v0.3.2
[INFO] [stderr]    Compiling unicode-bidi v0.3.13
[INFO] [stderr]    Compiling syn v2.0.38
[INFO] [stderr]    Compiling cc v1.0.83
[INFO] [stderr]    Compiling getrandom v0.2.10
[INFO] [stderr]    Compiling socket2 v0.5.5
[INFO] [stderr]    Compiling mio v0.8.9
[INFO] [stderr]    Compiling num_cpus v1.16.0
[INFO] [stderr]    Compiling signal-hook-registry v1.4.1
[INFO] [stderr]    Compiling rand_core v0.6.4
[INFO] [stderr]    Compiling parking_lot v0.12.1
[INFO] [stderr]    Compiling rand_chacha v0.3.1
[INFO] [stderr]    Compiling idna v0.4.0
[INFO] [stderr]    Compiling http-body v0.4.5
[INFO] [stderr]    Compiling rand v0.8.5
[INFO] [stderr]    Compiling phf_shared v0.11.2
[INFO] [stderr]    Compiling num-integer v0.1.45
[INFO] [stderr]    Compiling ryu v1.0.15
[INFO] [stderr]    Compiling hex v0.3.2
[INFO] [stderr]    Compiling native-tls v0.2.11
[INFO] [stderr]    Compiling try-lock v0.2.4
[INFO] [stderr]    Compiling rustix v0.38.21
[INFO] [stderr]    Compiling want v0.3.1
[INFO] [stderr]    Compiling url v2.4.1
[INFO] [stderr]    Compiling socket2 v0.4.10
[INFO] [stderr]    Compiling aho-corasick v1.1.2
[INFO] [stderr]    Compiling regex-syntax v0.8.2
[INFO] [stderr]    Compiling linux-raw-sys v0.4.10
[INFO] [stderr]    Compiling byteorder v1.5.0
[INFO] [stderr]    Compiling librqbit-clone-to-owned v2.2.1
[INFO] [stderr]    Compiling httpdate v1.0.3
[INFO] [stderr]    Compiling phf_generator v0.10.0
[INFO] [stderr]    Compiling phf_generator v0.11.2
[INFO] [stderr]    Compiling phf_codegen v0.10.0
[INFO] [stderr]    Compiling string_cache_codegen v0.5.2
[INFO] [stderr]    Compiling precomputed-hash v0.1.1
[INFO] [stderr]    Compiling mac v0.1.1
[INFO] [stderr]    Compiling openssl-probe v0.1.5
[INFO] [stderr]    Compiling openssl-sys v0.9.93
[INFO] [stderr]    Compiling futf v0.1.5
[INFO] [stderr]    Compiling phf v0.10.1
[INFO] [stderr]    Compiling num-rational v0.2.4
[INFO] [stderr]    Compiling num-iter v0.1.43
[INFO] [stderr]    Compiling num-complex v0.2.4
[INFO] [stderr]    Compiling typenum v1.17.0
[INFO] [stderr]    Compiling either v1.9.0
[INFO] [stderr]    Compiling utf-8 v0.7.6
[INFO] [stderr]    Compiling async-trait v0.1.74
[INFO] [stderr]    Compiling mime v0.3.17
[INFO] [stderr]    Compiling dtoa v1.0.9
[INFO] [stderr]    Compiling serde_json v1.0.108
[INFO] [stderr]    Compiling itertools v0.12.0
[INFO] [stderr]    Compiling dtoa-short v0.3.4
[INFO] [stderr]    Compiling markup5ever v0.11.0
[INFO] [stderr]    Compiling tendril v0.4.3
[INFO] [stderr]    Compiling ahash v0.8.6
[INFO] [stderr]    Compiling selectors v0.25.0
[INFO] [stderr]    Compiling axum-core v0.3.4
[INFO] [stderr]    Compiling uuid v1.5.0
[INFO] [stderr]    Compiling humantime v2.1.0
[INFO] [stderr]    Compiling tower-layer v0.3.2
[INFO] [stderr]    Compiling termcolor v1.4.0
[INFO] [stderr]    Compiling is-terminal v0.4.9
[INFO] [stderr]    Compiling hex v0.4.3
[INFO] [stderr]    Compiling option-ext v0.2.0
[INFO] [stderr]    Compiling stable_deref_trait v1.2.0
[INFO] [stderr]    Compiling servo_arc v0.3.0
[INFO] [stderr]    Compiling dirs-sys v0.4.1
[INFO] [stderr]    Compiling axum v0.6.20
[INFO] [stderr]    Compiling fxhash v0.2.1
[INFO] [stderr]    Compiling encoding_rs v0.8.33
[INFO] [stderr]    Compiling equivalent v1.0.1
[INFO] [stderr]    Compiling base64 v0.21.5
[INFO] [stderr]    Compiling funty v2.0.0
[INFO] [stderr]    Compiling zerocopy v0.7.25
[INFO] [stderr]    Compiling hashbrown v0.14.2
[INFO] [stderr]    Compiling unicode-width v0.1.11
[INFO] [stderr]    Compiling ipnet v2.9.0
[INFO] [stderr]    Compiling regex-automata v0.4.3
[INFO] [stderr]    Compiling getopts v0.2.21
[INFO] [stderr]    Compiling generic-array v0.12.4
[INFO] [stderr]    Compiling num v0.2.1
[INFO] [stderr]    Compiling itertools v0.11.0
[INFO] [stderr]    Compiling bitvec v1.0.1
[INFO] [stderr]    Compiling directories v5.0.1
[INFO] [stderr]    Compiling dart-sys v4.0.2
[INFO] [stderr]    Compiling backtrace v0.3.69
[INFO] [stderr]    Compiling ego-tree v0.6.2
[INFO] [stderr]    Compiling indexmap v2.1.0
[INFO] [stderr]    Compiling sync_wrapper v0.1.2
[INFO] [stderr]    Compiling matchit v0.7.3
[INFO] [stderr]    Compiling gimli v0.28.0
[INFO] [stderr]    Compiling miniz_oxide v0.7.1
[INFO] [stderr]    Compiling size_format v1.0.2
[INFO] [stderr]    Compiling object v0.32.1
[INFO] [stderr]    Compiling rustc-demangle v0.1.23
[INFO] [stderr]    Compiling atomic v0.5.3
[INFO] [stderr]    Compiling urlencoding v2.1.3
[INFO] [stderr]    Compiling allo-isolate v0.1.20
[INFO] [stderr]    Compiling os-thread-local v0.1.3
[INFO] [stderr]    Compiling bytemuck v1.14.0
[INFO] [stderr]    Compiling serde_derive v1.0.190
[INFO] [stderr]    Compiling tokio-macros v2.2.0
[INFO] [stderr]    Compiling openssl-macros v0.1.1
[INFO] [stderr]    Compiling futures-macro v0.3.29
[INFO] [stderr]    Compiling phf_macros v0.11.2
[INFO] [stderr]    Compiling cssparser-macros v0.6.1
[INFO] [stderr]    Compiling pin-project-internal v1.1.3
[INFO] [stderr]    Compiling prost-derive v0.12.1
[INFO] [stderr]    Compiling regex v1.10.2
[INFO] [stderr]    Compiling html5ever v0.26.0
[INFO] [stderr]    Compiling derive_more v0.99.17
[INFO] [stderr]    Compiling env_logger v0.10.1
[INFO] [stderr]    Compiling addr2line v0.21.0
[INFO] [stderr]    Compiling pretty_env_logger v0.5.0
[INFO] [stderr]    Compiling phf v0.11.2
[INFO] [stderr]    Compiling tokio v1.34.0
[INFO] [stderr]    Compiling cssparser v0.31.2
[INFO] [stderr]    Compiling pin-project v1.1.3
[INFO] [stderr]    Compiling prost v0.12.1
[INFO] [stderr]    Compiling futures-executor v0.3.29
[INFO] [stderr]    Compiling crypto-hash v0.3.4
[INFO] [stderr]    Compiling futures v0.3.29
[INFO] [stderr]    Compiling librqbit-sha1-wrapper v2.2.1
[INFO] [stderr]    Compiling tokio-util v0.7.10
[INFO] [stderr]    Compiling tokio-native-tls v0.3.1
[INFO] [stderr]    Compiling tower v0.4.13
[INFO] [stderr]    Compiling h2 v0.3.21
[INFO] [stderr]    Compiling tokio-stream v0.1.14
[INFO] [stderr]    Compiling librqbit-buffers v2.2.1
[INFO] [stderr]    Compiling serde_urlencoded v0.7.1
[INFO] [stderr]    Compiling string_cache v0.8.7
[INFO] [stderr]    Compiling bincode v1.3.3
[INFO] [stderr]    Compiling serde_path_to_error v0.1.14
[INFO] [stderr]    Compiling librqbit-bencode v2.2.1
[INFO] [stderr]    Compiling librqbit-core v2.2.2
[INFO] [stderr]    Compiling librqbit-peer-protocol v2.2.2
[INFO] [stderr]    Compiling librqbit-dht v2.2.2
[INFO] [stderr]    Compiling scraper v0.17.1
[INFO] [stderr]    Compiling hyper v0.14.27
[INFO] [stderr]    Compiling hyper-tls v0.5.0
[INFO] [stderr]    Compiling reqwest v0.11.22
[INFO] [stderr]    Compiling nyaa-rsearch v0.1.3
[INFO] [stderr]    Compiling librqbit v2.2.2
[INFO] [stderr]    Compiling hub v0.1.0 (/opt/rustwide/workdir/native/hub)
[INFO] [stdout] error[E0583]: file not found for module `messages`
[INFO] [stdout]  --> native/hub/src/lib.rs:7:1
[INFO] [stdout]   |
[INFO] [stdout] 7 | mod messages;
[INFO] [stdout]   | ^^^^^^^^^^^^^
[INFO] [stdout]   |
[INFO] [stdout]   = help: to create the module `messages`, create file "native/hub/src/messages.rs" or "native/hub/src/messages/mod.rs"
[INFO] [stdout]   = note: if there is a `mod messages` elsewhere in the crate already, import it with `use crate::...` instead
[INFO] [stdout] 
[INFO] [stdout] 
[INFO] [stdout] error[E0432]: unresolved import `crate::messages::nyaa_search`
[INFO] [stdout]  --> native/hub/src/nyaa_function.rs:6:22
[INFO] [stdout]   |
[INFO] [stdout] 6 | use crate::messages::nyaa_search::{ReadRequest, ReadResponse, Torrent};
[INFO] [stdout]   |                      ^^^^^^^^^^^ could not find `nyaa_search` in `messages`
[INFO] [stdout] 
[INFO] [stdout] 
[INFO] [stdout] error[E0432]: unresolved import `crate::messages::librqbit_torrent`
[INFO] [stdout]   --> native/hub/src/librqbit_function.rs:10:22
[INFO] [stdout]    |
[INFO] [stdout] 10 | use crate::messages::librqbit_torrent::{CurrentTorrentDownloadInfo, NewSessionInfo, TorrentStartState};
[INFO] [stdout]    |                      ^^^^^^^^^^^^^^^^ could not find `librqbit_torrent` in `messages`
[INFO] [stdout] 
[INFO] [stdout] 
[INFO] [stdout] error[E0432]: unresolved import `crate::messages::librqbit_torrent`
[INFO] [stdout]   --> native/hub/src/librqbit_function.rs:20:26
[INFO] [stdout]    |
[INFO] [stdout] 20 |     use crate::messages::librqbit_torrent::{TorrentAddedInfo, TorrentAddInfo, NewSessionInfo};
[INFO] [stdout]    |                          ^^^^^^^^^^^^^^^^ could not find `librqbit_torrent` in `messages`
[INFO] [stdout] 
[INFO] [stdout] 
[INFO] [stdout] error[E0432]: unresolved import `crate::messages::librqbit_torrent`
[INFO] [stdout]   --> native/hub/src/librqbit_function.rs:75:26
[INFO] [stdout]    |
[INFO] [stdout] 75 |     use crate::messages::librqbit_torrent::{TorrentState, ID, TorrentStartState, CurrentTorrentDownloadInfo};
[INFO] [stdout]    |                          ^^^^^^^^^^^^^^^^ could not find `librqbit_torrent` in `messages`
[INFO] [stdout] 
[INFO] [stdout] 
[INFO] [stdout] error[E0433]: failed to resolve: could not find `nyaa_search` in `messages`
[INFO] [stdout]   --> native/hub/src/with_request.rs:18:19
[INFO] [stdout]    |
[INFO] [stdout] 18 |         messages::nyaa_search::ID => handle_nyaa_search(rust_request).await,
[INFO] [stdout]    |                   ^^^^^^^^^^^ could not find `nyaa_search` in `messages`
[INFO] [stdout] 
[INFO] [stdout] 
[INFO] [stdout] error[E0433]: failed to resolve: could not find `librqbit_torrent` in `messages`
[INFO] [stdout]   --> native/hub/src/with_request.rs:19:19
[INFO] [stdout]    |
[INFO] [stdout] 19 |         messages::librqbit_torrent::ID => manage_torrent(rust_request).await,
[INFO] [stdout]    |                   ^^^^^^^^^^^^^^^^ could not find `librqbit_torrent` in `messages`
[INFO] [stdout] 
[INFO] [stdout] 
[INFO] [stdout] warning: unused import: `super::DartAbi`
[INFO] [stdout]  --> native/hub/src/bridge/bridge_engine/ffi/io.rs:3:9
[INFO] [stdout]   |
[INFO] [stdout] 3 | pub use super::DartAbi;
[INFO] [stdout]   |         ^^^^^^^^^^^^^^
[INFO] [stdout]   |
[INFO] [stdout]   = note: `#[warn(unused_imports)]` on by default
[INFO] [stdout] 
[INFO] [stdout] 
[INFO] [stdout] warning: unused import: `std::error::Error`
[INFO] [stdout]  --> native/hub/src/nyaa_function.rs:1:5
[INFO] [stdout]   |
[INFO] [stdout] 1 | use std::error::Error;
[INFO] [stdout]   |     ^^^^^^^^^^^^^^^^^
[INFO] [stdout] 
[INFO] [stdout] 
[INFO] [stdout] warning: unused import: `RustSignal`
[INFO] [stdout]  --> native/hub/src/nyaa_function.rs:2:68
[INFO] [stdout]   |
[INFO] [stdout] 2 | use crate::bridge::api::{RustOperation, RustRequest, RustResponse, RustSignal};
[INFO] [stdout]   |                                                                    ^^^^^^^^^^
[INFO] [stdout] 
[INFO] [stdout] 
[INFO] [stdout] warning: unused import: `prost::Message`
[INFO] [stdout]  --> native/hub/src/librqbit_function.rs:7:5
[INFO] [stdout]   |
[INFO] [stdout] 7 | use prost::Message;
[INFO] [stdout]   |     ^^^^^^^^^^^^^^
[INFO] [stdout] 
[INFO] [stdout] 
[INFO] [stdout] warning: unused import: `prost::Message`
[INFO] [stdout]  --> native/hub/src/nyaa_function.rs:3:5
[INFO] [stdout]   |
[INFO] [stdout] 3 | use prost::Message;
[INFO] [stdout]   |     ^^^^^^^^^^^^^^
[INFO] [stdout] 
[INFO] [stdout] 
[INFO] [stdout] error: aborting due to 7 previous errors; 5 warnings emitted
[INFO] [stdout] 
[INFO] [stdout] 
[INFO] [stdout] Some errors have detailed explanations: E0432, E0433, E0583.
[INFO] [stdout] 
[INFO] [stdout] For more information about an error, try `rustc --explain E0432`.
[INFO] [stdout] 
[INFO] [stderr] error: could not compile `hub` (lib) due to 8 previous errors; 5 warnings emitted
[INFO] running `Command { std: "docker" "inspect" "98c9dfaf35da01705e1fb9e28c704a3c6ff3309c1e4bafdde91816d108a47dc0", kill_on_drop: false }`
[INFO] running `Command { std: "docker" "rm" "-f" "98c9dfaf35da01705e1fb9e28c704a3c6ff3309c1e4bafdde91816d108a47dc0", kill_on_drop: false }`
[INFO] [stdout] 98c9dfaf35da01705e1fb9e28c704a3c6ff3309c1e4bafdde91816d108a47dc0
