[INFO] cloning repository https://github.com/ACoolUsername9001/TestNeural
[INFO] running `Command { std: "git" "-c" "credential.helper=" "-c" "credential.helper=/workspace/cargo-home/bin/git-credential-null" "clone" "--bare" "https://github.com/ACoolUsername9001/TestNeural" "/workspace/cache/git-repos/https%3A%2F%2Fgithub.com%2FACoolUsername9001%2FTestNeural", kill_on_drop: false }`
[INFO] [stderr] Cloning into bare repository '/workspace/cache/git-repos/https%3A%2F%2Fgithub.com%2FACoolUsername9001%2FTestNeural'...
[INFO] running `Command { std: "git" "rev-parse" "HEAD", kill_on_drop: false }`
[INFO] [stdout] 050b9700060e3f7a246779b3976533d837c27f34
[INFO] testing ACoolUsername9001/TestNeural against 1.75.0 for beta-1.76-1
[INFO] running `Command { std: "git" "clone" "/workspace/cache/git-repos/https%3A%2F%2Fgithub.com%2FACoolUsername9001%2FTestNeural" "/workspace/builds/worker-5-tc1/source", kill_on_drop: false }`
[INFO] [stderr] Cloning into '/workspace/builds/worker-5-tc1/source'...
[INFO] [stderr] done.
[INFO] validating manifest of git repo https://github.com/ACoolUsername9001/TestNeural on toolchain 1.75.0
[INFO] running `Command { std: CARGO_HOME="/workspace/cargo-home" RUSTUP_HOME="/workspace/rustup-home" "/workspace/cargo-home/bin/cargo" "+1.75.0" "metadata" "--manifest-path" "Cargo.toml" "--no-deps", kill_on_drop: false }`
[INFO] started tweaking git repo https://github.com/ACoolUsername9001/TestNeural
[INFO] finished tweaking git repo https://github.com/ACoolUsername9001/TestNeural
[INFO] tweaked toml for git repo https://github.com/ACoolUsername9001/TestNeural written to /workspace/builds/worker-5-tc1/source/Cargo.toml
[INFO] crate git repo https://github.com/ACoolUsername9001/TestNeural already has a lockfile, it will not be regenerated
[INFO] running `Command { std: CARGO_HOME="/workspace/cargo-home" RUSTUP_HOME="/workspace/rustup-home" "/workspace/cargo-home/bin/cargo" "+1.75.0" "fetch" "--manifest-path" "Cargo.toml", kill_on_drop: false }`
[INFO] [stderr]     Updating crates.io index
[INFO] [stderr]  Downloading crates ...
[INFO] [stderr]   Downloaded mnist v0.5.0
[INFO] running `Command { std: "docker" "create" "-v" "/var/lib/crater-agent-workspace/builds/worker-5-tc1/target:/opt/rustwide/target:rw,Z" "-v" "/var/lib/crater-agent-workspace/builds/worker-5-tc1/source:/opt/rustwide/workdir:ro,Z" "-v" "/var/lib/crater-agent-workspace/cargo-home:/opt/rustwide/cargo-home:ro,Z" "-v" "/var/lib/crater-agent-workspace/rustup-home:/opt/rustwide/rustup-home:ro,Z" "-e" "SOURCE_DIR=/opt/rustwide/workdir" "-e" "CARGO_TARGET_DIR=/opt/rustwide/target" "-e" "CARGO_HOME=/opt/rustwide/cargo-home" "-e" "RUSTUP_HOME=/opt/rustwide/rustup-home" "-w" "/opt/rustwide/workdir" "-m" "1610612736" "--user" "0:0" "--network" "none" "ghcr.io/rust-lang/crates-build-env/linux@sha256:2788e3201cd34a07e3172128adcd8b3090168a8e3bcc40d7c032b9dda1df7d1c" "/opt/rustwide/cargo-home/bin/cargo" "+1.75.0" "metadata" "--no-deps" "--format-version=1", kill_on_drop: false }`
[INFO] [stdout] aa3723c5f7e8b31ec0a76696d95dd53192c9ebdc99b590e1bbe5a5af27c5da3a
[INFO] running `Command { std: "docker" "start" "-a" "aa3723c5f7e8b31ec0a76696d95dd53192c9ebdc99b590e1bbe5a5af27c5da3a", kill_on_drop: false }`
[INFO] running `Command { std: "docker" "inspect" "aa3723c5f7e8b31ec0a76696d95dd53192c9ebdc99b590e1bbe5a5af27c5da3a", kill_on_drop: false }`
[INFO] running `Command { std: "docker" "rm" "-f" "aa3723c5f7e8b31ec0a76696d95dd53192c9ebdc99b590e1bbe5a5af27c5da3a", kill_on_drop: false }`
[INFO] [stdout] aa3723c5f7e8b31ec0a76696d95dd53192c9ebdc99b590e1bbe5a5af27c5da3a
[INFO] running `Command { std: "docker" "create" "-v" "/var/lib/crater-agent-workspace/builds/worker-5-tc1/target:/opt/rustwide/target:rw,Z" "-v" "/var/lib/crater-agent-workspace/builds/worker-5-tc1/source:/opt/rustwide/workdir:ro,Z" "-v" "/var/lib/crater-agent-workspace/cargo-home:/opt/rustwide/cargo-home:ro,Z" "-v" "/var/lib/crater-agent-workspace/rustup-home:/opt/rustwide/rustup-home:ro,Z" "-e" "SOURCE_DIR=/opt/rustwide/workdir" "-e" "CARGO_TARGET_DIR=/opt/rustwide/target" "-e" "CARGO_INCREMENTAL=0" "-e" "RUST_BACKTRACE=full" "-e" "RUSTFLAGS=--cap-lints=warn" "-e" "RUSTDOCFLAGS=--cap-lints=warn" "-e" "CARGO_HOME=/opt/rustwide/cargo-home" "-e" "RUSTUP_HOME=/opt/rustwide/rustup-home" "-w" "/opt/rustwide/workdir" "-m" "1610612736" "--user" "0:0" "--network" "none" "ghcr.io/rust-lang/crates-build-env/linux@sha256:2788e3201cd34a07e3172128adcd8b3090168a8e3bcc40d7c032b9dda1df7d1c" "/opt/rustwide/cargo-home/bin/cargo" "+1.75.0" "build" "--frozen" "--message-format=json", kill_on_drop: false }`
[INFO] [stdout] f35c96ee9e61d09ab28aafb09f84272de03dc85b923cfce736fcf005edad8490
[INFO] running `Command { std: "docker" "start" "-a" "f35c96ee9e61d09ab28aafb09f84272de03dc85b923cfce736fcf005edad8490", kill_on_drop: false }`
[INFO] [stderr]    Compiling num-traits v0.2.15
[INFO] [stderr]    Compiling num-integer v0.1.45
[INFO] [stderr]    Compiling matrixmultiply v0.3.2
[INFO] [stderr]    Compiling mnist v0.5.0
[INFO] [stderr]    Compiling num-complex v0.4.3
[INFO] [stderr]    Compiling ndarray v0.15.6
[INFO] [stderr]    Compiling TestNeural v0.1.0 (/opt/rustwide/workdir)
[INFO] [stdout] error[E0382]: use of moved value: `last_layer`
[INFO] [stdout]   --> src/neural_infra/mod.rs:41:38
[INFO] [stdout]    |
[INFO] [stdout] 36 |         let last_layer: Vec<Neuron> = Vec::new();
[INFO] [stdout]    |             ---------- move occurs because `last_layer` has type `Vec<Neuron>`, which does not implement the `Copy` trait
[INFO] [stdout] 37 |         for _ in 0..layer_count{
[INFO] [stdout]    |         ----------------------- inside of this loop
[INFO] [stdout] 38 |             let mut layer_neurons: Vec<Rc<Neuron>> = Vec::new();
[INFO] [stdout] 39 |             for _ in 0..node_count_per_layer{
[INFO] [stdout]    |             -------------------------------- inside of this loop
[INFO] [stdout] 40 |                 let current_neuron = Neuron{activation: Option::None, from_relations: Vec::new(), bias: 0.0};
[INFO] [stdout] 41 |                 for mut neuron_rc in last_layer.into_iter(){
[INFO] [stdout]    |                                      ^^^^^^^^^^ ----------- `last_layer` moved due to this method call, in previous iteration of loop
[INFO] [stdout]    |
[INFO] [stdout] note: `into_iter` takes ownership of the receiver `self`, which moves `last_layer`
[INFO] [stdout]   --> /rustc/82e1608dfa6e0b5569232559e3d385fea5a93112/library/core/src/iter/traits/collect.rs:268:18
[INFO] [stdout] 
[INFO] [stdout] 
[INFO] [stdout] error[E0505]: cannot move out of `neuron_rc` because it is borrowed
[INFO] [stdout]   --> src/neural_infra/mod.rs:42:114
[INFO] [stdout]    |
[INFO] [stdout] 41 |                 for mut neuron_rc in last_layer.into_iter(){
[INFO] [stdout]    |                     ------------- binding `neuron_rc` declared here
[INFO] [stdout] 42 |                     neuron_rc.from_relations.push(Rc::from(Relation{from: Rc::from(current_neuron), to: Rc::from(neuron_rc), weight: 0.0}));
[INFO] [stdout]    |                     ------------------------ ---- borrow later used by call                                      ^^^^^^^^^ move out of `neuron_rc` occurs here
[INFO] [stdout]    |                     |
[INFO] [stdout]    |                     borrow of `neuron_rc.from_relations` occurs here
[INFO] [stdout] 
[INFO] [stdout] 
[INFO] [stdout] error[E0382]: use of moved value: `current_neuron`
[INFO] [stdout]   --> src/neural_infra/mod.rs:44:45
[INFO] [stdout]    |
[INFO] [stdout] 40 |                 let current_neuron = Neuron{activation: Option::None, from_relations: Vec::new(), bias: 0.0};
[INFO] [stdout]    |                     --------------   ----------------------------------------------------------------------- this reinitialization might get skipped
[INFO] [stdout]    |                     |
[INFO] [stdout]    |                     move occurs because `current_neuron` has type `Neuron`, which does not implement the `Copy` trait
[INFO] [stdout] 41 |                 for mut neuron_rc in last_layer.into_iter(){
[INFO] [stdout]    |                 ------------------------------------------- inside of this loop
[INFO] [stdout] 42 |                     neuron_rc.from_relations.push(Rc::from(Relation{from: Rc::from(current_neuron), to: Rc::from(neuron_rc), weight: 0.0}));
[INFO] [stdout]    |                                                                                    -------------- value moved here, in previous iteration of loop
[INFO] [stdout] 43 |                 };
[INFO] [stdout] 44 |                 layer_neurons.push(Rc::from(current_neuron));
[INFO] [stdout]    |                                             ^^^^^^^^^^^^^^ value used here after move
[INFO] [stdout] 
[INFO] [stdout] 
[INFO] [stdout] warning: unused variable: `data`
[INFO] [stdout]   --> src/neural_infra/mod.rs:51:25
[INFO] [stdout]    |
[INFO] [stdout] 51 |     pub fn train(&self, data: (&[u8], &str)) {
[INFO] [stdout]    |                         ^^^^ help: if this is intentional, prefix it with an underscore: `_data`
[INFO] [stdout]    |
[INFO] [stdout]    = note: `#[warn(unused_variables)]` on by default
[INFO] [stdout] 
[INFO] [stdout] 
[INFO] [stdout] warning: unused variable: `input_data`
[INFO] [stdout]   --> src/neural_infra/mod.rs:72:23
[INFO] [stdout]    |
[INFO] [stdout] 72 |     pub fn run(&self, input_data: u32) {
[INFO] [stdout]    |                       ^^^^^^^^^^ help: if this is intentional, prefix it with an underscore: `_input_data`
[INFO] [stdout] 
[INFO] [stdout] 
[INFO] [stdout] error: aborting due to 3 previous errors; 2 warnings emitted
[INFO] [stdout] 
[INFO] [stdout] 
[INFO] [stdout] Some errors have detailed explanations: E0382, E0505.
[INFO] [stdout] 
[INFO] [stdout] For more information about an error, try `rustc --explain E0382`.
[INFO] [stdout] 
[INFO] [stderr] error: could not compile `TestNeural` (bin "TestNeural") due to 4 previous errors; 2 warnings emitted
[INFO] running `Command { std: "docker" "inspect" "f35c96ee9e61d09ab28aafb09f84272de03dc85b923cfce736fcf005edad8490", kill_on_drop: false }`
[INFO] running `Command { std: "docker" "rm" "-f" "f35c96ee9e61d09ab28aafb09f84272de03dc85b923cfce736fcf005edad8490", kill_on_drop: false }`
[INFO] [stdout] f35c96ee9e61d09ab28aafb09f84272de03dc85b923cfce736fcf005edad8490
[INFO] testing ACoolUsername9001/TestNeural against beta-2023-12-22 for beta-1.76-1
[INFO] running `Command { std: "git" "clone" "/workspace/cache/git-repos/https%3A%2F%2Fgithub.com%2FACoolUsername9001%2FTestNeural" "/workspace/builds/worker-5-tc2/source", kill_on_drop: false }`
[INFO] [stderr] Cloning into '/workspace/builds/worker-5-tc2/source'...
[INFO] [stderr] done.
[INFO] validating manifest of git repo https://github.com/ACoolUsername9001/TestNeural on toolchain beta-2023-12-22
[INFO] running `Command { std: CARGO_HOME="/workspace/cargo-home" RUSTUP_HOME="/workspace/rustup-home" "/workspace/cargo-home/bin/cargo" "+beta-2023-12-22" "metadata" "--manifest-path" "Cargo.toml" "--no-deps", kill_on_drop: false }`
[INFO] started tweaking git repo https://github.com/ACoolUsername9001/TestNeural
[INFO] finished tweaking git repo https://github.com/ACoolUsername9001/TestNeural
[INFO] tweaked toml for git repo https://github.com/ACoolUsername9001/TestNeural written to /workspace/builds/worker-5-tc2/source/Cargo.toml
[INFO] crate git repo https://github.com/ACoolUsername9001/TestNeural already has a lockfile, it will not be regenerated
[INFO] running `Command { std: CARGO_HOME="/workspace/cargo-home" RUSTUP_HOME="/workspace/rustup-home" "/workspace/cargo-home/bin/cargo" "+beta-2023-12-22" "fetch" "--manifest-path" "Cargo.toml", kill_on_drop: false }`
[INFO] running `Command { std: "docker" "create" "-v" "/var/lib/crater-agent-workspace/builds/worker-5-tc2/target:/opt/rustwide/target:rw,Z" "-v" "/var/lib/crater-agent-workspace/builds/worker-5-tc2/source:/opt/rustwide/workdir:ro,Z" "-v" "/var/lib/crater-agent-workspace/cargo-home:/opt/rustwide/cargo-home:ro,Z" "-v" "/var/lib/crater-agent-workspace/rustup-home:/opt/rustwide/rustup-home:ro,Z" "-e" "SOURCE_DIR=/opt/rustwide/workdir" "-e" "CARGO_TARGET_DIR=/opt/rustwide/target" "-e" "CARGO_HOME=/opt/rustwide/cargo-home" "-e" "RUSTUP_HOME=/opt/rustwide/rustup-home" "-w" "/opt/rustwide/workdir" "-m" "1610612736" "--user" "0:0" "--network" "none" "ghcr.io/rust-lang/crates-build-env/linux@sha256:2788e3201cd34a07e3172128adcd8b3090168a8e3bcc40d7c032b9dda1df7d1c" "/opt/rustwide/cargo-home/bin/cargo" "+beta-2023-12-22" "metadata" "--no-deps" "--format-version=1", kill_on_drop: false }`
[INFO] [stdout] e7c2a94cf80ca074c519e67a33421455e0e385c7b07a567574e8c7ddfb3596b5
[INFO] running `Command { std: "docker" "start" "-a" "e7c2a94cf80ca074c519e67a33421455e0e385c7b07a567574e8c7ddfb3596b5", kill_on_drop: false }`
[INFO] running `Command { std: "docker" "inspect" "e7c2a94cf80ca074c519e67a33421455e0e385c7b07a567574e8c7ddfb3596b5", kill_on_drop: false }`
[INFO] running `Command { std: "docker" "rm" "-f" "e7c2a94cf80ca074c519e67a33421455e0e385c7b07a567574e8c7ddfb3596b5", kill_on_drop: false }`
[INFO] [stdout] e7c2a94cf80ca074c519e67a33421455e0e385c7b07a567574e8c7ddfb3596b5
[INFO] running `Command { std: "docker" "create" "-v" "/var/lib/crater-agent-workspace/builds/worker-5-tc2/target:/opt/rustwide/target:rw,Z" "-v" "/var/lib/crater-agent-workspace/builds/worker-5-tc2/source:/opt/rustwide/workdir:ro,Z" "-v" "/var/lib/crater-agent-workspace/cargo-home:/opt/rustwide/cargo-home:ro,Z" "-v" "/var/lib/crater-agent-workspace/rustup-home:/opt/rustwide/rustup-home:ro,Z" "-e" "SOURCE_DIR=/opt/rustwide/workdir" "-e" "CARGO_TARGET_DIR=/opt/rustwide/target" "-e" "CARGO_INCREMENTAL=0" "-e" "RUST_BACKTRACE=full" "-e" "RUSTFLAGS=--cap-lints=warn" "-e" "RUSTDOCFLAGS=--cap-lints=warn" "-e" "CARGO_HOME=/opt/rustwide/cargo-home" "-e" "RUSTUP_HOME=/opt/rustwide/rustup-home" "-w" "/opt/rustwide/workdir" "-m" "1610612736" "--user" "0:0" "--network" "none" "ghcr.io/rust-lang/crates-build-env/linux@sha256:2788e3201cd34a07e3172128adcd8b3090168a8e3bcc40d7c032b9dda1df7d1c" "/opt/rustwide/cargo-home/bin/cargo" "+beta-2023-12-22" "build" "--frozen" "--message-format=json", kill_on_drop: false }`
[INFO] [stdout] b46aa4edaa1b3b91054da655054fda3b78a6639f6ffb28cc0cecad98ad5fb9ce
[INFO] running `Command { std: "docker" "start" "-a" "b46aa4edaa1b3b91054da655054fda3b78a6639f6ffb28cc0cecad98ad5fb9ce", kill_on_drop: false }`
[INFO] [stderr]    Compiling num-traits v0.2.15
[INFO] [stderr]    Compiling num-integer v0.1.45
[INFO] [stderr]    Compiling matrixmultiply v0.3.2
[INFO] [stderr]    Compiling mnist v0.5.0
[INFO] [stderr]    Compiling num-complex v0.4.3
[INFO] [stderr]    Compiling ndarray v0.15.6
[INFO] [stderr]    Compiling TestNeural v0.1.0 (/opt/rustwide/workdir)
[INFO] [stdout] error[E0382]: use of moved value: `last_layer`
[INFO] [stdout]   --> src/neural_infra/mod.rs:41:38
[INFO] [stdout]    |
[INFO] [stdout] 36 |         let last_layer: Vec<Neuron> = Vec::new();
[INFO] [stdout]    |             ---------- move occurs because `last_layer` has type `Vec<Neuron>`, which does not implement the `Copy` trait
[INFO] [stdout] 37 |         for _ in 0..layer_count{
[INFO] [stdout]    |         ----------------------- inside of this loop
[INFO] [stdout] 38 |             let mut layer_neurons: Vec<Rc<Neuron>> = Vec::new();
[INFO] [stdout] 39 |             for _ in 0..node_count_per_layer{
[INFO] [stdout]    |             -------------------------------- inside of this loop
[INFO] [stdout] 40 |                 let current_neuron = Neuron{activation: Option::None, from_relations: Vec::new(), bias: 0.0};
[INFO] [stdout] 41 |                 for mut neuron_rc in last_layer.into_iter(){
[INFO] [stdout]    |                                      ^^^^^^^^^^ ----------- `last_layer` moved due to this method call, in previous iteration of loop
[INFO] [stdout]    |
[INFO] [stdout] note: `into_iter` takes ownership of the receiver `self`, which moves `last_layer`
[INFO] [stdout]   --> /rustc/0e09125c6c3c2fd70d7de961bcf0e51575235fad/library/core/src/iter/traits/collect.rs:268:18
[INFO] [stdout] help: you could `clone` the value and consume it, if the `Neuron: Clone` trait bound could be satisfied
[INFO] [stdout]    |
[INFO] [stdout] 41 |                 for mut neuron_rc in last_layer.clone().into_iter(){
[INFO] [stdout]    |                                                ++++++++
[INFO] [stdout] help: consider annotating `Neuron` with `#[derive(Clone)]`
[INFO] [stdout]   --> src/neural_infra/neuron.rs:12:1
[INFO] [stdout]    |
[INFO] [stdout] 12 + #[derive(Clone)]
[INFO] [stdout] 13 | pub struct Neuron {
[INFO] [stdout]    |
[INFO] [stdout] 
[INFO] [stdout] 
[INFO] [stdout] error[E0505]: cannot move out of `neuron_rc` because it is borrowed
[INFO] [stdout]   --> src/neural_infra/mod.rs:42:114
[INFO] [stdout]    |
[INFO] [stdout] 41 |                 for mut neuron_rc in last_layer.into_iter(){
[INFO] [stdout]    |                     ------------- binding `neuron_rc` declared here
[INFO] [stdout] 42 |                     neuron_rc.from_relations.push(Rc::from(Relation{from: Rc::from(current_neuron), to: Rc::from(neuron_rc), weight: 0.0}));
[INFO] [stdout]    |                     ------------------------ ---- borrow later used by call                                      ^^^^^^^^^ move out of `neuron_rc` occurs here
[INFO] [stdout]    |                     |
[INFO] [stdout]    |                     borrow of `neuron_rc.from_relations` occurs here
[INFO] [stdout] 
[INFO] [stdout] 
[INFO] [stdout] error[E0382]: use of moved value: `current_neuron`
[INFO] [stdout]   --> src/neural_infra/mod.rs:44:45
[INFO] [stdout]    |
[INFO] [stdout] 40 |                 let current_neuron = Neuron{activation: Option::None, from_relations: Vec::new(), bias: 0.0};
[INFO] [stdout]    |                     --------------   ----------------------------------------------------------------------- this reinitialization might get skipped
[INFO] [stdout]    |                     |
[INFO] [stdout]    |                     move occurs because `current_neuron` has type `Neuron`, which does not implement the `Copy` trait
[INFO] [stdout] 41 |                 for mut neuron_rc in last_layer.into_iter(){
[INFO] [stdout]    |                 ------------------------------------------- inside of this loop
[INFO] [stdout] 42 |                     neuron_rc.from_relations.push(Rc::from(Relation{from: Rc::from(current_neuron), to: Rc::from(neuron_rc), weight: 0.0}));
[INFO] [stdout]    |                                                                                    -------------- value moved here, in previous iteration of loop
[INFO] [stdout] 43 |                 };
[INFO] [stdout] 44 |                 layer_neurons.push(Rc::from(current_neuron));
[INFO] [stdout]    |                                             ^^^^^^^^^^^^^^ value used here after move
[INFO] [stdout] 
[INFO] [stdout] 
[INFO] [stdout] warning: unused variable: `data`
[INFO] [stdout]   --> src/neural_infra/mod.rs:51:25
[INFO] [stdout]    |
[INFO] [stdout] 51 |     pub fn train(&self, data: (&[u8], &str)) {
[INFO] [stdout]    |                         ^^^^ help: if this is intentional, prefix it with an underscore: `_data`
[INFO] [stdout]    |
[INFO] [stdout]    = note: `#[warn(unused_variables)]` on by default
[INFO] [stdout] 
[INFO] [stdout] 
[INFO] [stdout] warning: unused variable: `input_data`
[INFO] [stdout]   --> src/neural_infra/mod.rs:72:23
[INFO] [stdout]    |
[INFO] [stdout] 72 |     pub fn run(&self, input_data: u32) {
[INFO] [stdout]    |                       ^^^^^^^^^^ help: if this is intentional, prefix it with an underscore: `_input_data`
[INFO] [stdout] 
[INFO] [stdout] 
[INFO] [stdout] error: aborting due to 3 previous errors; 2 warnings emitted
[INFO] [stdout] 
[INFO] [stdout] 
[INFO] [stdout] Some errors have detailed explanations: E0382, E0505.
[INFO] [stdout] 
[INFO] [stdout] For more information about an error, try `rustc --explain E0382`.
[INFO] [stdout] 
[INFO] [stderr] error: could not compile `TestNeural` (bin "TestNeural") due to 4 previous errors; 2 warnings emitted
[INFO] running `Command { std: "docker" "inspect" "b46aa4edaa1b3b91054da655054fda3b78a6639f6ffb28cc0cecad98ad5fb9ce", kill_on_drop: false }`
[INFO] running `Command { std: "docker" "rm" "-f" "b46aa4edaa1b3b91054da655054fda3b78a6639f6ffb28cc0cecad98ad5fb9ce", kill_on_drop: false }`
[INFO] [stdout] b46aa4edaa1b3b91054da655054fda3b78a6639f6ffb28cc0cecad98ad5fb9ce
