[INFO] cloning repository https://github.com/ABMatrix/abmatrix-node
[INFO] running `Command { std: "git" "-c" "credential.helper=" "-c" "credential.helper=/workspace/cargo-home/bin/git-credential-null" "clone" "--bare" "https://github.com/ABMatrix/abmatrix-node" "/workspace/cache/git-repos/https%3A%2F%2Fgithub.com%2FABMatrix%2Fabmatrix-node", kill_on_drop: false }`
[INFO] [stderr] Cloning into bare repository '/workspace/cache/git-repos/https%3A%2F%2Fgithub.com%2FABMatrix%2Fabmatrix-node'...
[INFO] running `Command { std: "git" "rev-parse" "HEAD", kill_on_drop: false }`
[INFO] [stdout] 63f9b3c1af71e123c57f3842a529b37f249e6a6e
[INFO] testing ABMatrix/abmatrix-node against 1.75.0 for beta-1.76-1
[INFO] running `Command { std: "git" "clone" "/workspace/cache/git-repos/https%3A%2F%2Fgithub.com%2FABMatrix%2Fabmatrix-node" "/workspace/builds/worker-2-tc1/source", kill_on_drop: false }`
[INFO] [stderr] Cloning into '/workspace/builds/worker-2-tc1/source'...
[INFO] [stderr] done.
[INFO] validating manifest of git repo https://github.com/ABMatrix/abmatrix-node on toolchain 1.75.0
[INFO] running `Command { std: CARGO_HOME="/workspace/cargo-home" RUSTUP_HOME="/workspace/rustup-home" "/workspace/cargo-home/bin/cargo" "+1.75.0" "metadata" "--manifest-path" "Cargo.toml" "--no-deps", kill_on_drop: false }`
[INFO] started tweaking git repo https://github.com/ABMatrix/abmatrix-node
[INFO] finished tweaking git repo https://github.com/ABMatrix/abmatrix-node
[INFO] tweaked toml for git repo https://github.com/ABMatrix/abmatrix-node written to /workspace/builds/worker-2-tc1/source/Cargo.toml
[INFO] crate git repo https://github.com/ABMatrix/abmatrix-node already has a lockfile, it will not be regenerated
[INFO] running `Command { std: CARGO_HOME="/workspace/cargo-home" RUSTUP_HOME="/workspace/rustup-home" "/workspace/cargo-home/bin/cargo" "+1.75.0" "fetch" "--manifest-path" "Cargo.toml", kill_on_drop: false }`
[INFO] [stderr]     Updating crates.io index
[INFO] [stderr]     Updating git repository `https://github.com/paritytech/parity-common`
[INFO] [stderr]     Updating git repository `https://github.com/paritytech/jsonrpc.git`
[INFO] [stderr]  Downloading crates ...
[INFO] [stderr]   Downloaded hyper v0.12.24
[INFO] [stderr]   Downloaded getset v0.0.6
[INFO] [stderr]   Downloaded structopt-derive v0.2.14
[INFO] [stderr]   Downloaded quick-error v0.1.4
[INFO] [stderr]   Downloaded integer-sqrt v0.1.2
[INFO] [stderr]   Downloaded bs58 v0.2.2
[INFO] [stderr]   Downloaded unsigned-varint v0.2.2
[INFO] [stderr]   Downloaded generic-array v0.12.0
[INFO] [stderr]   Downloaded clang-sys v0.26.4
[INFO] [stderr]   Downloaded string v0.1.3
[INFO] [stderr]   Downloaded opaque-debug v0.2.2
[INFO] [stderr]   Downloaded bytes v0.4.11
[INFO] [stderr]   Downloaded cuckoofilter v0.3.2
[INFO] [stderr]   Downloaded crossbeam v0.6.0
[INFO] [stderr]   Downloaded openssl v0.10.16
[INFO] [stderr]   Downloaded fs-swap v0.2.4
[INFO] [stderr]   Downloaded make-cmd v0.1.0
[INFO] [stderr]   Downloaded termcolor v1.0.4
[INFO] [stderr]   Downloaded ethereum-types-serialize v0.2.2
[INFO] [stderr]   Downloaded stdweb-derive v0.5.1
[INFO] [stderr]   Downloaded block-buffer v0.7.0
[INFO] [stderr]   Downloaded safe-mix v1.0.0
[INFO] [stderr]   Downloaded aio-limited v0.1.0
[INFO] [stderr]   Downloaded pwasm-utils v0.6.2
[INFO] [stderr]   Downloaded openssl-sys v0.9.40
[INFO] [stderr]   Downloaded rlp v0.3.0
[INFO] [stderr]   Downloaded tiny-keccak v1.4.2
[INFO] [stderr]   Downloaded parity-wasm v0.31.3
[INFO] [stderr]   Downloaded nix v0.11.0
[INFO] [stderr]   Downloaded libc v0.2.48
[INFO] [stderr]   Downloaded bindgen v0.43.2
[INFO] [stderr]   Downloaded libloading v0.5.0
[INFO] [stderr]   Downloaded target_info v0.1.0
[INFO] [stderr]   Downloaded lru-cache v0.1.1
[INFO] [stderr]   Downloaded env_logger v0.6.0
[INFO] [stderr]   Downloaded cexpr v0.3.4
[INFO] [stderr]   Downloaded ctrlc v3.1.1
[INFO] [stderr]   Downloaded structopt v0.2.14
[INFO] [stderr]   Downloaded unicode-segmentation v1.2.1
[INFO] [stderr]   Downloaded schannel v0.1.14
[INFO] [stderr]   Downloaded tokio-threadpool v0.1.11
[INFO] [stderr]   Downloaded hmac v0.6.3
[INFO] [stderr]   Downloaded fdlimit v0.1.1
[INFO] [stderr]   Downloaded linked-hash-map v0.4.2
[INFO] [stderr]   Downloaded serde_json v1.0.38
[INFO] [stderr]   Downloaded data-encoding v2.1.2
[INFO] [stderr]   Downloaded crypto-mac v0.6.2
[INFO] [stderr]   Downloaded tokio-fs v0.1.5
[INFO] [stderr]   Downloaded rocksdb v0.11.0
[INFO] [stderr]   Downloaded native-tls v0.2.2
[INFO] [stderr]   Downloaded serde_derive v1.0.88
[INFO] [stderr]   Downloaded core-foundation-sys v0.5.1
[INFO] [stderr]   Downloaded byteorder v0.4.2
[INFO] [stderr]   Downloaded tokio-dns-unofficial v0.4.0
[INFO] [stderr]   Downloaded mio v0.6.16
[INFO] [stderr]   Downloaded futures v0.1.25
[INFO] [stderr]   Downloaded mio-extras v2.0.5
[INFO] [stderr]   Downloaded serde v1.0.88
[INFO] [stderr]   Downloaded syn v0.13.11
[INFO] [stderr]   Downloaded hyper v0.10.15
[INFO] [stderr]   Downloaded rw-stream-sink v0.1.0
[INFO] [stderr]   Downloaded exit-future v0.1.3
[INFO] [stderr]   Downloaded core-foundation v0.5.1
[INFO] [stderr]   Downloaded unicase v2.2.0
[INFO] [stderr]   Downloaded crunchy v0.2.1
[INFO] [stderr]   Downloaded interleaved-ordered v0.1.1
[INFO] [stderr]   Downloaded httparse v1.3.3
[INFO] [stderr]   Downloaded ethabi-derive v6.0.2
[INFO] [stderr]   Downloaded libp2p-floodsub v0.2.0
[INFO] [stderr]   Downloaded libp2p-yamux v0.2.0
[INFO] [stderr]   Downloaded trie-root v0.9.1
[INFO] [stderr]   Downloaded slog-scope v4.1.1
[INFO] [stderr]   Downloaded primitive-types v0.1.6
[INFO] [stderr]   Downloaded hash256-std-hasher v0.9.1
[INFO] [stderr]   Downloaded asn1_der v0.5.10
[INFO] [stderr]   Downloaded ethabi-contract v6.0.0
[INFO] [stderr]   Downloaded fixed-hash v0.3.0
[INFO] [stderr]   Downloaded hex-literal v0.1.2
[INFO] [stderr]   Downloaded libp2p-plaintext v0.2.0
[INFO] [stderr]   Downloaded elastic-array v0.10.0
[INFO] [stderr]   Downloaded block-padding v0.1.3
[INFO] [stderr]   Downloaded libp2p-ping v0.2.0
[INFO] [stderr]   Downloaded aes-ctr v0.1.0
[INFO] [stderr]   Downloaded block-cipher-trait v0.5.3
[INFO] [stderr]   Downloaded libp2p-tcp v0.2.0
[INFO] [stderr]   Downloaded memory-db v0.9.1
[INFO] [stderr]   Downloaded environmental v1.0.0
[INFO] [stderr]   Downloaded parity-multihash v0.1.0
[INFO] [stderr]   Downloaded multistream-select v0.2.0
[INFO] [stderr]   Downloaded twox-hash v1.1.2
[INFO] [stderr]   Downloaded stdweb-internal-macros v0.2.6
[INFO] [stderr]   Downloaded mashup-impl v0.1.9
[INFO] [stderr]   Downloaded web3 v0.5.1
[INFO] [stderr]   Downloaded impl-codec v0.1.1
[INFO] [stderr]   Downloaded parity-codec v2.2.0
[INFO] [stderr]   Downloaded bigint v4.4.1
[INFO] [stderr]   Downloaded tokio-sync v0.1.2
[INFO] [stderr]   Downloaded librocksdb-sys v5.14.3
[INFO] [stderr]   Downloaded globset v0.4.2
[INFO] [stderr]   Downloaded parity-ws v0.8.0
[INFO] [stderr]   Downloaded mashup v0.1.9
[INFO] [stderr]   Downloaded trie-db v0.9.1
[INFO] [stderr]   Downloaded libp2p-mdns v0.2.0
[INFO] [stderr]   Downloaded parity-multiaddr v0.1.0
[INFO] [stderr]   Downloaded libp2p-mplex v0.2.0
[INFO] [stderr]   Downloaded protobuf v2.3.0
[INFO] [stderr]   Downloaded finality-grandpa v0.5.1
[INFO] [stderr]   Downloaded libp2p-kad v0.2.1
[INFO] [stderr]   Downloaded sysinfo v0.7.0
[INFO] [stderr]   Downloaded aes-soft v0.2.0
[INFO] [stderr]   Downloaded aesni v0.4.1
[INFO] [stderr]   Downloaded curve25519-dalek v0.20.0
[INFO] [stderr]   Downloaded ed25519-dalek v0.8.1
[INFO] [stderr]   Downloaded libp2p-secio v0.2.1
[INFO] [stderr]   Downloaded wasmi v0.4.3
[INFO] [stderr]   Downloaded stdweb v0.4.14
[INFO] [stderr]   Downloaded libp2p-core v0.2.1
[INFO] [stderr]   Downloaded libp2p-core-derive v0.2.2
[INFO] [stderr]   Downloaded subtle v2.0.0
[INFO] [stderr]   Downloaded stream-cipher v0.1.1
[INFO] [stderr]   Downloaded libp2p-dns v0.2.0
[INFO] [stderr]   Downloaded libp2p-ratelimit v0.2.0
[INFO] [stderr]   Downloaded libp2p v0.2.2
[INFO] [stderr]   Downloaded libp2p-identify v0.2.0
[INFO] [stderr]   Downloaded parity-crypto v0.2.0
[INFO] [stderr]   Downloaded ctr v0.1.1
[INFO] [stderr]   Downloaded yamux v0.1.7
[INFO] [stderr]   Downloaded libp2p-uds v0.2.0
[INFO] [stderr]   Downloaded libp2p-websocket v0.2.0
[INFO] [stderr]   Downloaded twofish v0.1.0
[INFO] [stderr]   Downloaded etrace v1.1.1
[INFO] [stderr]   Downloaded opaque-debug v0.1.1
[INFO] [stderr]   Downloaded stdweb-internal-runtime v0.1.3
[INFO] [stderr]   Downloaded parity-codec-derive v2.2.0
[INFO] [stderr]   Downloaded uint v0.6.1
[INFO] [stderr]   Downloaded hex-literal-impl v0.1.1
[INFO] [stderr]   Downloaded hash-db v0.9.0
[INFO] [stderr]   Downloaded proc-macro-hack-impl v0.4.1
[INFO] [stderr]   Downloaded tokio-timer v0.2.10
[INFO] [stderr]   Downloaded security-framework-sys v0.2.3
[INFO] [stderr]   Downloaded digest v0.8.0
[INFO] [stderr]   Downloaded hyper-tls v0.3.1
[INFO] [stderr]   Downloaded clear_on_drop v0.2.3
[INFO] [stderr]   Downloaded slog v2.4.1
[INFO] [stderr]   Downloaded rustc-hex v1.0.0
[INFO] [stderr]   Downloaded backtrace v0.3.14
[INFO] [stderr]   Downloaded rand_pcg v0.1.1
[INFO] [stderr]   Downloaded ws v0.7.9
[INFO] [stderr]   Downloaded ethabi v6.1.0
[INFO] [stderr]   Downloaded tokio-current-thread v0.1.4
[INFO] [stderr]   Downloaded safemem v0.3.0
[INFO] [stderr]   Downloaded want v0.0.6
[INFO] [stderr]   Downloaded slog-async v2.3.0
[INFO] [stderr]   Downloaded base-x v0.2.4
[INFO] [stderr]   Downloaded impl-serde v0.1.1
[INFO] [stderr]   Downloaded tokio-executor v0.1.6
[INFO] [stderr]   Downloaded slog-json v2.3.0
[INFO] [stderr]   Downloaded jsonrpc-core v8.0.1
[INFO] [stderr]   Downloaded security-framework v0.2.2
[INFO] [stderr]   Downloaded blake2 v0.8.0
[INFO] [stderr]   Downloaded tokio v0.1.15
[INFO] [stderr]   Downloaded tk-listen v0.2.1
[INFO] [stderr]   Downloaded MacTypes-sys v2.1.0
[INFO] [stderr]   Downloaded tokio-io v0.1.11
[INFO] [stderr]   Downloaded tokio-udp v0.1.3
[INFO] [stderr]   Downloaded tokio-reactor v0.1.8
[INFO] [stderr]   Downloaded rand_os v0.1.2
[INFO] [stderr]   Downloaded nohash-hasher v0.1.1
[INFO] [stderr]   Downloaded h2 v0.1.16
[INFO] [stderr]   Downloaded http v0.1.16
[INFO] [stderr]   Downloaded proc-macro-hack v0.4.1
[INFO] [stderr]   Downloaded vergen v2.1.3
[INFO] running `Command { std: "docker" "create" "-v" "/var/lib/crater-agent-workspace/builds/worker-2-tc1/target:/opt/rustwide/target:rw,Z" "-v" "/var/lib/crater-agent-workspace/builds/worker-2-tc1/source:/opt/rustwide/workdir:ro,Z" "-v" "/var/lib/crater-agent-workspace/cargo-home:/opt/rustwide/cargo-home:ro,Z" "-v" "/var/lib/crater-agent-workspace/rustup-home:/opt/rustwide/rustup-home:ro,Z" "-e" "SOURCE_DIR=/opt/rustwide/workdir" "-e" "CARGO_TARGET_DIR=/opt/rustwide/target" "-e" "CARGO_HOME=/opt/rustwide/cargo-home" "-e" "RUSTUP_HOME=/opt/rustwide/rustup-home" "-w" "/opt/rustwide/workdir" "-m" "1610612736" "--user" "0:0" "--network" "none" "ghcr.io/rust-lang/crates-build-env/linux@sha256:2788e3201cd34a07e3172128adcd8b3090168a8e3bcc40d7c032b9dda1df7d1c" "/opt/rustwide/cargo-home/bin/cargo" "+1.75.0" "metadata" "--no-deps" "--format-version=1", kill_on_drop: false }`
[INFO] [stdout] 56106192de43bf8347d167e7651beebf93df17aaec1e4776a2efc146fb448813
[INFO] running `Command { std: "docker" "start" "-a" "56106192de43bf8347d167e7651beebf93df17aaec1e4776a2efc146fb448813", kill_on_drop: false }`
[INFO] running `Command { std: "docker" "inspect" "56106192de43bf8347d167e7651beebf93df17aaec1e4776a2efc146fb448813", kill_on_drop: false }`
[INFO] running `Command { std: "docker" "rm" "-f" "56106192de43bf8347d167e7651beebf93df17aaec1e4776a2efc146fb448813", kill_on_drop: false }`
[INFO] [stdout] 56106192de43bf8347d167e7651beebf93df17aaec1e4776a2efc146fb448813
[INFO] running `Command { std: "docker" "create" "-v" "/var/lib/crater-agent-workspace/builds/worker-2-tc1/target:/opt/rustwide/target:rw,Z" "-v" "/var/lib/crater-agent-workspace/builds/worker-2-tc1/source:/opt/rustwide/workdir:ro,Z" "-v" "/var/lib/crater-agent-workspace/cargo-home:/opt/rustwide/cargo-home:ro,Z" "-v" "/var/lib/crater-agent-workspace/rustup-home:/opt/rustwide/rustup-home:ro,Z" "-e" "SOURCE_DIR=/opt/rustwide/workdir" "-e" "CARGO_TARGET_DIR=/opt/rustwide/target" "-e" "CARGO_INCREMENTAL=0" "-e" "RUST_BACKTRACE=full" "-e" "RUSTFLAGS=--cap-lints=warn" "-e" "RUSTDOCFLAGS=--cap-lints=warn" "-e" "CARGO_HOME=/opt/rustwide/cargo-home" "-e" "RUSTUP_HOME=/opt/rustwide/rustup-home" "-w" "/opt/rustwide/workdir" "-m" "1610612736" "--user" "0:0" "--network" "none" "ghcr.io/rust-lang/crates-build-env/linux@sha256:2788e3201cd34a07e3172128adcd8b3090168a8e3bcc40d7c032b9dda1df7d1c" "/opt/rustwide/cargo-home/bin/cargo" "+1.75.0" "build" "--frozen" "--message-format=json", kill_on_drop: false }`
[INFO] [stdout] b3227a680761ff6ff10605e522107625a89589404e66819bebcd0cdad8d1fc5a
[INFO] running `Command { std: "docker" "start" "-a" "b3227a680761ff6ff10605e522107625a89589404e66819bebcd0cdad8d1fc5a", kill_on_drop: false }`
[INFO] [stderr]    Compiling libc v0.2.48
[INFO] [stderr]    Compiling cfg-if v0.1.6
[INFO] [stderr]    Compiling lazy_static v1.2.0
[INFO] [stderr]    Compiling scopeguard v0.3.3
[INFO] [stderr]    Compiling arrayvec v0.4.10
[INFO] [stderr]    Compiling nodrop v0.1.13
[INFO] [stderr]    Compiling byteorder v1.3.1
[INFO] [stderr]    Compiling memoffset v0.2.1
[INFO] [stderr]    Compiling semver-parser v0.7.0
[INFO] [stderr]    Compiling rand_core v0.4.0
[INFO] [stderr]    Compiling autocfg v0.1.2
[INFO] [stderr]    Compiling rayon-core v1.4.1
[INFO] [stderr]    Compiling rayon v1.0.3
[INFO] [stderr]    Compiling either v1.5.1
[INFO] [stderr]    Compiling smallvec v0.6.9
[INFO] [stderr]    Compiling stable_deref_trait v1.1.1
[INFO] [stderr]    Compiling log v0.4.6
[INFO] [stderr]    Compiling crossbeam-utils v0.2.2
[INFO] [stderr]    Compiling serde v1.0.88
[INFO] [stderr]    Compiling unicode-xid v0.1.0
[INFO] [stderr]    Compiling proc-macro2 v0.4.27
[INFO] [stderr]    Compiling owning_ref v0.4.0
[INFO] [stderr]    Compiling futures v0.1.25
[INFO] [stderr]    Compiling heapsize v0.4.2
[INFO] [stderr]    Compiling semver v0.9.0
[INFO] [stderr]    Compiling rand_core v0.3.1
[INFO] [stderr]    Compiling rand_jitter v0.1.3
[INFO] [stderr]    Compiling lock_api v0.1.5
[INFO] [stderr]    Compiling crossbeam-utils v0.6.5
[INFO] [stderr]    Compiling rand_hc v0.1.0
[INFO] [stderr]    Compiling rand_isaac v0.1.1
[INFO] [stderr]    Compiling rand_chacha v0.1.1
[INFO] [stderr]    Compiling rand v0.6.5
[INFO] [stderr]    Compiling rand_xorshift v0.1.1
[INFO] [stderr]    Compiling rustc_version v0.2.3
[INFO] [stderr]    Compiling rustc-hex v2.0.1
[INFO] [stderr]    Compiling constant_time_eq v0.1.3
[INFO] [stderr]    Compiling proc-macro-hack-impl v0.4.1
[INFO] [stderr]    Compiling crunchy v0.2.1
[INFO] [stderr]    Compiling untrusted v0.6.2
[INFO] [stderr]    Compiling hash-db v0.9.0
[INFO] [stderr]    Compiling static_assertions v0.2.5
[INFO] [stderr]    Compiling num-traits v0.2.6
[INFO] [stderr]    Compiling rand_pcg v0.1.1
[INFO] [stderr]    Compiling parking_lot_core v0.4.0
[INFO] [stderr]    Compiling sr-std v0.1.0 (https://github.com/paritytech/substrate#6a22e7fe)
[INFO] [stderr]    Compiling memory_units v0.3.0
[INFO] [stderr]    Compiling base58 v0.1.0
[INFO] [stderr]    Compiling parity-wasm v0.31.3
[INFO] [stderr]    Compiling crossbeam-epoch v0.3.1
[INFO] [stderr]    Compiling blake2-rfc v0.2.18
[INFO] [stderr]    Compiling lazycell v1.2.1
[INFO] [stderr]    Compiling num_cpus v1.10.0
[INFO] [stderr]    Compiling rand_os v0.1.2
[INFO] [stderr]    Compiling quote v0.6.11
[INFO] [stderr]    Compiling iovec v0.1.2
[INFO] [stderr]    Compiling rand v0.5.6
[INFO] [stderr]    Compiling crossbeam-deque v0.2.0
[INFO] [stderr]    Compiling bytes v0.4.11
[INFO] [stderr]    Compiling syn v0.15.26
[INFO] [stderr]    Compiling proc-macro-hack v0.4.1
[INFO] [stderr]    Compiling uint v0.6.1
[INFO] [stderr]    Compiling hex-literal-impl v0.1.1
[INFO] [stderr]    Compiling hash256-std-hasher v0.9.1
[INFO] [stderr]    Compiling net2 v0.2.33
[INFO] [stderr]    Compiling typenum v1.10.0
[INFO] [stderr]    Compiling rand v0.4.6
[INFO] [stderr]    Compiling elastic-array v0.10.0
[INFO] [stderr]    Compiling fnv v1.0.6
[INFO] [stderr]    Compiling memory-db v0.9.1
[INFO] [stderr]    Compiling mio v0.6.16
[INFO] [stderr]    Compiling trie-root v0.9.1
[INFO] [stderr]    Compiling tokio-io v0.1.11
[INFO] [stderr]    Compiling tokio-executor v0.1.6
[INFO] [stderr]    Compiling hex-literal v0.1.2
[INFO] [stderr]    Compiling sr-io v0.1.0 (https://github.com/paritytech/substrate#6a22e7fe)
[INFO] [stderr]    Compiling sha1 v0.6.0
[INFO] [stderr]    Compiling tokio-timer v0.2.10
[INFO] [stderr]    Compiling wasmi v0.4.3
[INFO] [stderr]    Compiling tokio-codec v0.1.1
[INFO] [stderr]    Compiling twox-hash v1.1.2
[INFO] [stderr]    Compiling fixed-hash v0.3.0
[INFO] [stderr]    Compiling trie-db v0.9.1
[INFO] [stderr]    Compiling crossbeam-epoch v0.7.1
[INFO] [stderr]    Compiling bitflags v1.0.4
[INFO] [stderr]    Compiling environmental v1.0.0
[INFO] [stderr]    Compiling crossbeam-channel v0.3.8
[INFO] [stderr]    Compiling parking_lot v0.7.1
[INFO] [stderr]    Compiling integer-sqrt v0.1.2
[INFO] [stderr]    Compiling crunchy v0.1.6
[INFO] [stderr]    Compiling crossbeam-deque v0.6.3
[INFO] [stderr]    Compiling tokio-reactor v0.1.8
[INFO] [stderr]    Compiling itoa v0.4.3
[INFO] [stderr]    Compiling mio-uds v0.6.7
[INFO] [stderr]    Compiling ryu v0.2.7
[INFO] [stderr]    Compiling tokio-current-thread v0.1.4
[INFO] [stderr]    Compiling tokio-sync v0.1.2
[INFO] [stderr]    Compiling time v0.1.42
[INFO] [stderr]    Compiling quick-error v1.2.2
[INFO] [stderr]    Compiling crossbeam v0.6.0
[INFO] [stderr]    Compiling backtrace v0.3.14
[INFO] [stderr]    Compiling tiny-keccak v1.4.2
[INFO] [stderr]    Compiling pkg-config v0.3.14
[INFO] [stderr]    Compiling httparse v1.3.3
[INFO] [stderr]    Compiling rustc-demangle v0.1.13
[INFO] [stderr]    Compiling tokio-threadpool v0.1.11
[INFO] [stderr]    Compiling tokio-uds v0.2.5
[INFO] [stderr]    Compiling tokio-udp v0.1.3
[INFO] [stderr]    Compiling cc v1.0.26
[INFO] [stderr]    Compiling tokio-tcp v0.1.3
[INFO] [stderr]    Compiling thread_local v0.3.6
[INFO] [stderr]    Compiling subtle v1.0.0
[INFO] [stderr]    Compiling generic-array v0.12.0
[INFO] [stderr]    Compiling unicode-normalization v0.1.8
[INFO] [stderr]    Compiling openssl v0.10.16
[INFO] [stderr]    Compiling byte-tools v0.3.1
[INFO] [stderr]    Compiling fake-simd v0.1.2
[INFO] [stderr]    Compiling block-padding v0.1.3
[INFO] [stderr]    Compiling opaque-debug v0.2.2
[INFO] [stderr]    Compiling unsigned-varint v0.2.2
[INFO] [stderr]    Compiling arrayref v0.3.5
[INFO] [stderr]    Compiling num-integer v0.1.39
[INFO] [stderr]    Compiling protobuf v2.3.0
[INFO] [stderr]    Compiling void v1.0.2
[INFO] [stderr]    Compiling byteorder v0.4.2
[INFO] [stderr]    Compiling digest v0.8.0
[INFO] [stderr]    Compiling tokio-fs v0.1.5
[INFO] [stderr]    Compiling block-buffer v0.7.0
[INFO] [stderr]    Compiling crypto-mac v0.7.0
[INFO] [stderr]    Compiling data-encoding v2.1.2
[INFO] [stderr]    Compiling sha2 v0.8.0
[INFO] [stderr]    Compiling bs58 v0.2.2
[INFO] [stderr]    Compiling blake2 v0.8.0
[INFO] [stderr]    Compiling multistream-select v0.2.0
[INFO] [stderr]    Compiling generic-array v0.9.0
[INFO] [stderr]    Compiling rw-stream-sink v0.1.0
[INFO] [stderr]    Compiling tokio v0.1.15
[INFO] [stderr]    Compiling slog v2.4.1
[INFO] [stderr]    Compiling parity-multihash v0.1.0
[INFO] [stderr]    Compiling mashup-impl v0.1.9
[INFO] [stderr]    Compiling memchr v2.2.0
[INFO] [stderr]    Compiling mio-extras v2.0.5
[INFO] [stderr]    Compiling once_cell v0.1.8
[INFO] [stderr]    Compiling parity-codec v2.2.0
[INFO] [stderr]    Compiling ring v0.13.5
[INFO] [stderr]    Compiling impl-serde v0.1.1
[INFO] [stderr]    Compiling backtrace-sys v0.1.28
[INFO] [stderr]    Compiling serde_json v1.0.38
[INFO] [stderr]    Compiling openssl-sys v0.9.40
[INFO] [stderr]    Compiling parity-multiaddr v0.1.0
[INFO] [stderr]    Compiling idna v0.1.5
[INFO] [stderr]    Compiling chrono v0.4.6
[INFO] [stderr]    Compiling mashup v0.1.9
[INFO] [stderr]    Compiling safe-mix v1.0.0
[INFO] [stderr]    Compiling take_mut v0.2.2
[INFO] [stderr]    Compiling impl-codec v0.1.1
[INFO] [stderr]    Compiling substrate-trie v0.4.0 (https://github.com/paritytech/substrate#6a22e7fe)
[INFO] [stderr]    Compiling primitive-types v0.1.6
[INFO] [stderr]    Compiling parity-bytes v0.1.0 (https://github.com/paritytech/parity-common?rev=b0317f649ab2c665b7987b8475878fc4d2e1f81d#b0317f64)
[INFO] [stderr]    Compiling url v1.7.2
[INFO] [stderr]    Compiling kvdb v0.1.0 (https://github.com/paritytech/parity-common?rev=b0317f649ab2c665b7987b8475878fc4d2e1f81d#b0317f64)
[INFO] [stderr]    Compiling slog-async v2.3.0
[INFO] [stderr]    Compiling slog-scope v4.1.1
[INFO] [stderr] The following warnings were emitted during compilation:
[INFO] [stderr] 
[INFO] [stderr] warning: openssl-sys@0.9.40: /opt/rustwide/target/debug/build/openssl-sys-4191bc6936cc02c0/out/expando.c:4:24: error: pasting "RUST_VERSION_OPENSSL_" and "(" does not give a valid preprocessing token
[INFO] [stderr] warning: openssl-sys@0.9.40:     4 | #define VERSION2(n, v) RUST_VERSION_ ## n ## _ ## v
[INFO] [stderr] warning: openssl-sys@0.9.40:       |                        ^~~~~~~~~~~~~
[INFO] [stderr] warning: openssl-sys@0.9.40: /opt/rustwide/target/debug/build/openssl-sys-4191bc6936cc02c0/out/expando.c:5:23: note: in expansion of macro 'VERSION2'
[INFO] [stderr] warning: openssl-sys@0.9.40:     5 | #define VERSION(n, v) VERSION2(n, v)
[INFO] [stderr] warning: openssl-sys@0.9.40:       |                       ^~~~~~~~
[INFO] [stderr] warning: openssl-sys@0.9.40: /opt/rustwide/target/debug/build/openssl-sys-4191bc6936cc02c0/out/expando.c:7:1: note: in expansion of macro 'VERSION'
[INFO] [stderr] warning: openssl-sys@0.9.40:     7 | VERSION(OPENSSL, OPENSSL_VERSION_NUMBER)
[INFO] [stderr] warning: openssl-sys@0.9.40:       | ^~~~~~~
[INFO] [stderr] 
[INFO] [stderr] error: failed to run custom build command for `openssl-sys v0.9.40`
[INFO] [stderr] note: To improve backtraces for build dependencies, set the CARGO_PROFILE_DEV_BUILD_OVERRIDE_DEBUG=true environment variable to enable debug information generation.
[INFO] [stderr] 
[INFO] [stderr] Caused by:
[INFO] [stderr]   process didn't exit successfully: `/opt/rustwide/target/debug/build/openssl-sys-e2038824c4ac4a29/build-script-main` (exit status: 101)
[INFO] [stderr]   --- stdout
[INFO] [stderr]   cargo:rerun-if-env-changed=X86_64_UNKNOWN_LINUX_GNU_OPENSSL_LIB_DIR
[INFO] [stderr]   cargo:rerun-if-env-changed=OPENSSL_LIB_DIR
[INFO] [stderr]   cargo:rerun-if-env-changed=X86_64_UNKNOWN_LINUX_GNU_OPENSSL_INCLUDE_DIR
[INFO] [stderr]   cargo:rerun-if-env-changed=OPENSSL_INCLUDE_DIR
[INFO] [stderr]   cargo:rerun-if-env-changed=X86_64_UNKNOWN_LINUX_GNU_OPENSSL_DIR
[INFO] [stderr]   cargo:rerun-if-env-changed=OPENSSL_DIR
[INFO] [stderr]   cargo:rustc-link-lib=ssl
[INFO] [stderr]   cargo:rustc-link-lib=crypto
[INFO] [stderr]   OPT_LEVEL = Some("0")
[INFO] [stderr]   TARGET = Some("x86_64-unknown-linux-gnu")
[INFO] [stderr]   HOST = Some("x86_64-unknown-linux-gnu")
[INFO] [stderr]   CC_x86_64-unknown-linux-gnu = None
[INFO] [stderr]   CC_x86_64_unknown_linux_gnu = None
[INFO] [stderr]   HOST_CC = None
[INFO] [stderr]   CC = None
[INFO] [stderr]   CFLAGS_x86_64-unknown-linux-gnu = None
[INFO] [stderr]   CFLAGS_x86_64_unknown_linux_gnu = None
[INFO] [stderr]   HOST_CFLAGS = None
[INFO] [stderr]   CFLAGS = None
[INFO] [stderr]   DEBUG = Some("true")
[INFO] [stderr]   running: "cc" "-O0" "-ffunction-sections" "-fdata-sections" "-fPIC" "-g" "-fno-omit-frame-pointer" "-m64" "-Wall" "-Wextra" "-E" "/opt/rustwide/target/debug/build/openssl-sys-4191bc6936cc02c0/out/expando.c"
[INFO] [stderr]   cargo:warning=/opt/rustwide/target/debug/build/openssl-sys-4191bc6936cc02c0/out/expando.c:4:24: error: pasting "RUST_VERSION_OPENSSL_" and "(" does not give a valid preprocessing token
[INFO] [stderr]   cargo:warning=    4 | #define VERSION2(n, v) RUST_VERSION_ ## n ## _ ## v
[INFO] [stderr]   cargo:warning=      |                        ^~~~~~~~~~~~~
[INFO] [stderr]   cargo:warning=/opt/rustwide/target/debug/build/openssl-sys-4191bc6936cc02c0/out/expando.c:5:23: note: in expansion of macro 'VERSION2'
[INFO] [stderr]   cargo:warning=    5 | #define VERSION(n, v) VERSION2(n, v)
[INFO] [stderr]   cargo:warning=      |                       ^~~~~~~~
[INFO] [stderr]   cargo:warning=/opt/rustwide/target/debug/build/openssl-sys-4191bc6936cc02c0/out/expando.c:7:1: note: in expansion of macro 'VERSION'
[INFO] [stderr]   cargo:warning=    7 | VERSION(OPENSSL, OPENSSL_VERSION_NUMBER)
[INFO] [stderr]   cargo:warning=      | ^~~~~~~
[INFO] [stderr]   exit status: 1
[INFO] [stderr] 
[INFO] [stderr]   --- stderr
[INFO] [stderr]   thread 'main' panicked at /opt/rustwide/cargo-home/registry/src/index.crates.io-6f17d22bba15001f/openssl-sys-0.9.40/build/main.rs:432:13:
[INFO] [stderr] 
[INFO] [stderr]   Header expansion error:
[INFO] [stderr]   Error { kind: ToolExecError, message: "Command \"cc\" \"-O0\" \"-ffunction-sections\" \"-fdata-sections\" \"-fPIC\" \"-g\" \"-fno-omit-frame-pointer\" \"-m64\" \"-Wall\" \"-Wextra\" \"-E\" \"/opt/rustwide/target/debug/build/openssl-sys-4191bc6936cc02c0/out/expando.c\" with args \"cc\" did not execute successfully (status code exit status: 1)." }
[INFO] [stderr] 
[INFO] [stderr]   Failed to find OpenSSL development headers.
[INFO] [stderr] 
[INFO] [stderr]   You can try fixing this setting the `OPENSSL_DIR` environment variable
[INFO] [stderr]   pointing to your OpenSSL installation or installing OpenSSL headers package
[INFO] [stderr]   specific to your distribution:
[INFO] [stderr] 
[INFO] [stderr]       # On Ubuntu
[INFO] [stderr]       sudo apt-get install libssl-dev
[INFO] [stderr]       # On Arch Linux
[INFO] [stderr]       sudo pacman -S openssl
[INFO] [stderr]       # On Fedora
[INFO] [stderr]       sudo dnf install openssl-devel
[INFO] [stderr] 
[INFO] [stderr]   See rust-openssl README for more information:
[INFO] [stderr] 
[INFO] [stderr]       https://github.com/sfackler/rust-openssl#linux
[INFO] [stderr] 
[INFO] [stderr]   stack backtrace:
[INFO] [stderr]      0:     0x55cbc6ed44bc - std::backtrace_rs::backtrace::libunwind::trace::ha637c64ce894333a
[INFO] [stderr]                                  at /rustc/82e1608dfa6e0b5569232559e3d385fea5a93112/library/std/src/../../backtrace/src/backtrace/libunwind.rs:104:5
[INFO] [stderr]      1:     0x55cbc6ed44bc - std::backtrace_rs::backtrace::trace_unsynchronized::h47f62dea28e0c88d
[INFO] [stderr]                                  at /rustc/82e1608dfa6e0b5569232559e3d385fea5a93112/library/std/src/../../backtrace/src/backtrace/mod.rs:66:5
[INFO] [stderr]      2:     0x55cbc6ed44bc - std::sys_common::backtrace::_print_fmt::h9eef0abe20ede486
[INFO] [stderr]                                  at /rustc/82e1608dfa6e0b5569232559e3d385fea5a93112/library/std/src/sys_common/backtrace.rs:67:5
[INFO] [stderr]      3:     0x55cbc6ed44bc - <std::sys_common::backtrace::_print::DisplayBacktrace as core::fmt::Display>::fmt::hed7f999df88cc644
[INFO] [stderr]                                  at /rustc/82e1608dfa6e0b5569232559e3d385fea5a93112/library/std/src/sys_common/backtrace.rs:44:22
[INFO] [stderr]      4:     0x55cbc6efa5f0 - core::fmt::rt::Argument::fmt::h1539a9308b8d058d
[INFO] [stderr]                                  at /rustc/82e1608dfa6e0b5569232559e3d385fea5a93112/library/core/src/fmt/rt.rs:142:9
[INFO] [stderr]      5:     0x55cbc6efa5f0 - core::fmt::write::h3a39390d8560d9c9
[INFO] [stderr]                                  at /rustc/82e1608dfa6e0b5569232559e3d385fea5a93112/library/core/src/fmt/mod.rs:1120:17
[INFO] [stderr]      6:     0x55cbc6ed1dff - std::io::Write::write_fmt::h5fc9997dfe05f882
[INFO] [stderr]                                  at /rustc/82e1608dfa6e0b5569232559e3d385fea5a93112/library/std/src/io/mod.rs:1762:15
[INFO] [stderr]      7:     0x55cbc6ed42a4 - std::sys_common::backtrace::_print::h894006fb5c6f3d45
[INFO] [stderr]                                  at /rustc/82e1608dfa6e0b5569232559e3d385fea5a93112/library/std/src/sys_common/backtrace.rs:47:5
[INFO] [stderr]      8:     0x55cbc6ed42a4 - std::sys_common::backtrace::print::h23a2d212c6fff936
[INFO] [stderr]                                  at /rustc/82e1608dfa6e0b5569232559e3d385fea5a93112/library/std/src/sys_common/backtrace.rs:34:9
[INFO] [stderr]      9:     0x55cbc6ed5ab7 - std::panicking::default_hook::{{closure}}::h8a1d2ee00185001a
[INFO] [stderr]     10:     0x55cbc6ed581f - std::panicking::default_hook::h6038f2eba384e475
[INFO] [stderr]                                  at /rustc/82e1608dfa6e0b5569232559e3d385fea5a93112/library/std/src/panicking.rs:292:9
[INFO] [stderr]     11:     0x55cbc6ed5f38 - std::panicking::rust_panic_with_hook::h2b5517d590cab22e
[INFO] [stderr]                                  at /rustc/82e1608dfa6e0b5569232559e3d385fea5a93112/library/std/src/panicking.rs:779:13
[INFO] [stderr]     12:     0x55cbc6ed5e1e - std::panicking::begin_panic_handler::{{closure}}::h233112c06e0ef43e
[INFO] [stderr]                                  at /rustc/82e1608dfa6e0b5569232559e3d385fea5a93112/library/std/src/panicking.rs:657:13
[INFO] [stderr]     13:     0x55cbc6ed4986 - std::sys_common::backtrace::__rust_end_short_backtrace::h6e893f24d7ebbff8
[INFO] [stderr]                                  at /rustc/82e1608dfa6e0b5569232559e3d385fea5a93112/library/std/src/sys_common/backtrace.rs:170:18
[INFO] [stderr]     14:     0x55cbc6ed5b82 - rust_begin_unwind
[INFO] [stderr]                                  at /rustc/82e1608dfa6e0b5569232559e3d385fea5a93112/library/std/src/panicking.rs:645:5
[INFO] [stderr]     15:     0x55cbc6e4c685 - core::panicking::panic_fmt::hbf0e066aabfa482c
[INFO] [stderr]                                  at /rustc/82e1608dfa6e0b5569232559e3d385fea5a93112/library/core/src/panicking.rs:72:14
[INFO] [stderr]     16:     0x55cbc6e54904 - build_script_main::validate_headers::h090ce93ee5747062
[INFO] [stderr]     17:     0x55cbc6e52d3f - build_script_main::imp::try_pkg_config::h14d4e5588d73bc5e
[INFO] [stderr]     18:     0x55cbc6e51c04 - build_script_main::imp::find_openssl_dir::h2b2d5b09b5169f30
[INFO] [stderr]     19:     0x55cbc6e51aa2 - build_script_main::imp::get_openssl::{{closure}}::ha04a5d55eda6459c
[INFO] [stderr]     20:     0x55cbc6e57c19 - core::option::Option<T>::unwrap_or_else::h7c3880c2d4a0b399
[INFO] [stderr]     21:     0x55cbc6e518a1 - build_script_main::imp::get_openssl::h1899f3b9180feba3
[INFO] [stderr]     22:     0x55cbc6e506f0 - build_script_main::main::h975390aa637e2f45
[INFO] [stderr]     23:     0x55cbc6e56b53 - core::ops::function::FnOnce::call_once::h06b5833f6cf35097
[INFO] [stderr]     24:     0x55cbc6e55ff6 - std::sys_common::backtrace::__rust_begin_short_backtrace::h519c498fc2305d02
[INFO] [stderr]     25:     0x55cbc6e4d6a9 - std::rt::lang_start::{{closure}}::h56e7afdaf3b31e25
[INFO] [stderr]     26:     0x55cbc6ece347 - core::ops::function::impls::<impl core::ops::function::FnOnce<A> for &F>::call_once::hd95060ecd5e1ca24
[INFO] [stderr]                                  at /rustc/82e1608dfa6e0b5569232559e3d385fea5a93112/library/core/src/ops/function.rs:284:13
[INFO] [stderr]     27:     0x55cbc6ece347 - std::panicking::try::do_call::h6e8cf51db32a6e4b
[INFO] [stderr]                                  at /rustc/82e1608dfa6e0b5569232559e3d385fea5a93112/library/std/src/panicking.rs:552:40
[INFO] [stderr]     28:     0x55cbc6ece347 - std::panicking::try::h3a52eefe24fe3c29
[INFO] [stderr]                                  at /rustc/82e1608dfa6e0b5569232559e3d385fea5a93112/library/std/src/panicking.rs:516:19
[INFO] [stderr]     29:     0x55cbc6ece347 - std::panic::catch_unwind::h24c28c23c02c3841
[INFO] [stderr]                                  at /rustc/82e1608dfa6e0b5569232559e3d385fea5a93112/library/std/src/panic.rs:142:14
[INFO] [stderr]     30:     0x55cbc6ece347 - std::rt::lang_start_internal::{{closure}}::h705d3c9cbc06ef47
[INFO] [stderr]                                  at /rustc/82e1608dfa6e0b5569232559e3d385fea5a93112/library/std/src/rt.rs:148:48
[INFO] [stderr]     31:     0x55cbc6ece347 - std::panicking::try::do_call::ha21f52ba13158470
[INFO] [stderr]                                  at /rustc/82e1608dfa6e0b5569232559e3d385fea5a93112/library/std/src/panicking.rs:552:40
[INFO] [stderr]     32:     0x55cbc6ece347 - std::panicking::try::h5581346bf6aeb1f8
[INFO] [stderr]                                  at /rustc/82e1608dfa6e0b5569232559e3d385fea5a93112/library/std/src/panicking.rs:516:19
[INFO] [stderr]     33:     0x55cbc6ece347 - std::panic::catch_unwind::h7919645a6b72e25b
[INFO] [stderr]                                  at /rustc/82e1608dfa6e0b5569232559e3d385fea5a93112/library/std/src/panic.rs:142:14
[INFO] [stderr]     34:     0x55cbc6ece347 - std::rt::lang_start_internal::h12de51168669836e
[INFO] [stderr]                                  at /rustc/82e1608dfa6e0b5569232559e3d385fea5a93112/library/std/src/rt.rs:148:20
[INFO] [stderr]     35:     0x55cbc6e4d687 - std::rt::lang_start::h04de8bff2b43ee56
[INFO] [stderr]     36:     0x55cbc6e55825 - main
[INFO] [stderr]     37:     0x7fafcfc86d90 - <unknown>
[INFO] [stderr]     38:     0x7fafcfc86e40 - __libc_start_main
[INFO] [stderr]     39:     0x55cbc6e4ce95 - _start
[INFO] [stderr]     40:                0x0 - <unknown>
[INFO] [stderr] warning: build failed, waiting for other jobs to finish...
[INFO] running `Command { std: "docker" "inspect" "b3227a680761ff6ff10605e522107625a89589404e66819bebcd0cdad8d1fc5a", kill_on_drop: false }`
[INFO] running `Command { std: "docker" "rm" "-f" "b3227a680761ff6ff10605e522107625a89589404e66819bebcd0cdad8d1fc5a", kill_on_drop: false }`
[INFO] [stdout] b3227a680761ff6ff10605e522107625a89589404e66819bebcd0cdad8d1fc5a
[INFO] testing ABMatrix/abmatrix-node against beta-2023-12-22 for beta-1.76-1
[INFO] running `Command { std: "git" "clone" "/workspace/cache/git-repos/https%3A%2F%2Fgithub.com%2FABMatrix%2Fabmatrix-node" "/workspace/builds/worker-2-tc2/source", kill_on_drop: false }`
[INFO] [stderr] Cloning into '/workspace/builds/worker-2-tc2/source'...
[INFO] [stderr] done.
[INFO] validating manifest of git repo https://github.com/ABMatrix/abmatrix-node on toolchain beta-2023-12-22
[INFO] running `Command { std: CARGO_HOME="/workspace/cargo-home" RUSTUP_HOME="/workspace/rustup-home" "/workspace/cargo-home/bin/cargo" "+beta-2023-12-22" "metadata" "--manifest-path" "Cargo.toml" "--no-deps", kill_on_drop: false }`
[INFO] started tweaking git repo https://github.com/ABMatrix/abmatrix-node
[INFO] finished tweaking git repo https://github.com/ABMatrix/abmatrix-node
[INFO] tweaked toml for git repo https://github.com/ABMatrix/abmatrix-node written to /workspace/builds/worker-2-tc2/source/Cargo.toml
[INFO] crate git repo https://github.com/ABMatrix/abmatrix-node already has a lockfile, it will not be regenerated
[INFO] running `Command { std: CARGO_HOME="/workspace/cargo-home" RUSTUP_HOME="/workspace/rustup-home" "/workspace/cargo-home/bin/cargo" "+beta-2023-12-22" "fetch" "--manifest-path" "Cargo.toml", kill_on_drop: false }`
[INFO] running `Command { std: "docker" "create" "-v" "/var/lib/crater-agent-workspace/builds/worker-2-tc2/target:/opt/rustwide/target:rw,Z" "-v" "/var/lib/crater-agent-workspace/builds/worker-2-tc2/source:/opt/rustwide/workdir:ro,Z" "-v" "/var/lib/crater-agent-workspace/cargo-home:/opt/rustwide/cargo-home:ro,Z" "-v" "/var/lib/crater-agent-workspace/rustup-home:/opt/rustwide/rustup-home:ro,Z" "-e" "SOURCE_DIR=/opt/rustwide/workdir" "-e" "CARGO_TARGET_DIR=/opt/rustwide/target" "-e" "CARGO_HOME=/opt/rustwide/cargo-home" "-e" "RUSTUP_HOME=/opt/rustwide/rustup-home" "-w" "/opt/rustwide/workdir" "-m" "1610612736" "--user" "0:0" "--network" "none" "ghcr.io/rust-lang/crates-build-env/linux@sha256:2788e3201cd34a07e3172128adcd8b3090168a8e3bcc40d7c032b9dda1df7d1c" "/opt/rustwide/cargo-home/bin/cargo" "+beta-2023-12-22" "metadata" "--no-deps" "--format-version=1", kill_on_drop: false }`
[INFO] [stdout] cbf04c07bef84a35b0aa379944543cb618cc8edfabb5fcaa898dc4f350b5356c
[INFO] running `Command { std: "docker" "start" "-a" "cbf04c07bef84a35b0aa379944543cb618cc8edfabb5fcaa898dc4f350b5356c", kill_on_drop: false }`
[INFO] running `Command { std: "docker" "inspect" "cbf04c07bef84a35b0aa379944543cb618cc8edfabb5fcaa898dc4f350b5356c", kill_on_drop: false }`
[INFO] running `Command { std: "docker" "rm" "-f" "cbf04c07bef84a35b0aa379944543cb618cc8edfabb5fcaa898dc4f350b5356c", kill_on_drop: false }`
[INFO] [stdout] cbf04c07bef84a35b0aa379944543cb618cc8edfabb5fcaa898dc4f350b5356c
[INFO] running `Command { std: "docker" "create" "-v" "/var/lib/crater-agent-workspace/builds/worker-2-tc2/target:/opt/rustwide/target:rw,Z" "-v" "/var/lib/crater-agent-workspace/builds/worker-2-tc2/source:/opt/rustwide/workdir:ro,Z" "-v" "/var/lib/crater-agent-workspace/cargo-home:/opt/rustwide/cargo-home:ro,Z" "-v" "/var/lib/crater-agent-workspace/rustup-home:/opt/rustwide/rustup-home:ro,Z" "-e" "SOURCE_DIR=/opt/rustwide/workdir" "-e" "CARGO_TARGET_DIR=/opt/rustwide/target" "-e" "CARGO_INCREMENTAL=0" "-e" "RUST_BACKTRACE=full" "-e" "RUSTFLAGS=--cap-lints=warn" "-e" "RUSTDOCFLAGS=--cap-lints=warn" "-e" "CARGO_HOME=/opt/rustwide/cargo-home" "-e" "RUSTUP_HOME=/opt/rustwide/rustup-home" "-w" "/opt/rustwide/workdir" "-m" "1610612736" "--user" "0:0" "--network" "none" "ghcr.io/rust-lang/crates-build-env/linux@sha256:2788e3201cd34a07e3172128adcd8b3090168a8e3bcc40d7c032b9dda1df7d1c" "/opt/rustwide/cargo-home/bin/cargo" "+beta-2023-12-22" "build" "--frozen" "--message-format=json", kill_on_drop: false }`
[INFO] [stdout] ea0824940fca29bab99f765b3e9db64b7624be6cd7b23358bcc749eb4ee894e6
[INFO] running `Command { std: "docker" "start" "-a" "ea0824940fca29bab99f765b3e9db64b7624be6cd7b23358bcc749eb4ee894e6", kill_on_drop: false }`
[INFO] [stderr]    Compiling libc v0.2.48
[INFO] [stderr]    Compiling cfg-if v0.1.6
[INFO] [stderr]    Compiling lazy_static v1.2.0
[INFO] [stderr]    Compiling scopeguard v0.3.3
[INFO] [stderr]    Compiling arrayvec v0.4.10
[INFO] [stderr]    Compiling nodrop v0.1.13
[INFO] [stderr]    Compiling memoffset v0.2.1
[INFO] [stderr]    Compiling byteorder v1.3.1
[INFO] [stderr]    Compiling semver-parser v0.7.0
[INFO] [stderr]    Compiling rand_core v0.4.0
[INFO] [stderr]    Compiling autocfg v0.1.2
[INFO] [stderr]    Compiling rayon-core v1.4.1
[INFO] [stderr]    Compiling rayon v1.0.3
[INFO] [stderr]    Compiling either v1.5.1
[INFO] [stderr]    Compiling smallvec v0.6.9
[INFO] [stderr]    Compiling stable_deref_trait v1.1.1
[INFO] [stderr]    Compiling log v0.4.6
[INFO] [stderr]    Compiling crossbeam-utils v0.2.2
[INFO] [stderr]    Compiling serde v1.0.88
[INFO] [stderr]    Compiling unicode-xid v0.1.0
[INFO] [stderr]    Compiling futures v0.1.25
[INFO] [stderr]    Compiling owning_ref v0.4.0
[INFO] [stderr]    Compiling proc-macro2 v0.4.27
[INFO] [stderr]    Compiling heapsize v0.4.2
[INFO] [stderr]    Compiling semver v0.9.0
[INFO] [stderr]    Compiling rand_core v0.3.1
[INFO] [stderr]    Compiling rand_jitter v0.1.3
[INFO] [stderr]    Compiling lock_api v0.1.5
[INFO] [stderr]    Compiling crossbeam-utils v0.6.5
[INFO] [stderr]    Compiling rustc-hex v2.0.1
[INFO] [stderr]    Compiling rand_chacha v0.1.1
[INFO] [stderr]    Compiling rand v0.6.5
[INFO] [stderr]    Compiling rand_isaac v0.1.1
[INFO] [stderr]    Compiling rand_hc v0.1.0
[INFO] [stderr]    Compiling rand_xorshift v0.1.1
[INFO] [stderr]    Compiling rustc_version v0.2.3
[INFO] [stderr]    Compiling constant_time_eq v0.1.3
[INFO] [stderr]    Compiling untrusted v0.6.2
[INFO] [stderr]    Compiling proc-macro-hack-impl v0.4.1
[INFO] [stderr]    Compiling crunchy v0.2.1
[INFO] [stderr]    Compiling hash-db v0.9.0
[INFO] [stderr]    Compiling static_assertions v0.2.5
[INFO] [stderr]    Compiling num-traits v0.2.6
[INFO] [stderr]    Compiling memory_units v0.3.0
[INFO] [stderr]    Compiling base58 v0.1.0
[INFO] [stderr]    Compiling lazycell v1.2.1
[INFO] [stderr]    Compiling typenum v1.10.0
[INFO] [stderr]    Compiling rand_pcg v0.1.1
[INFO] [stderr]    Compiling parking_lot_core v0.4.0
[INFO] [stderr]    Compiling parity-wasm v0.31.3
[INFO] [stderr]    Compiling crossbeam-epoch v0.3.1
[INFO] [stderr]    Compiling blake2-rfc v0.2.18
[INFO] [stderr]    Compiling sr-std v0.1.0 (https://github.com/paritytech/substrate#6a22e7fe)
[INFO] [stderr]    Compiling num_cpus v1.10.0
[INFO] [stderr]    Compiling rand_os v0.1.2
[INFO] [stderr]    Compiling iovec v0.1.2
[INFO] [stderr]    Compiling rand v0.5.6
[INFO] [stderr]    Compiling quote v0.6.11
[INFO] [stderr]    Compiling crossbeam-deque v0.2.0
[INFO] [stderr]    Compiling bytes v0.4.11
[INFO] [stderr]    Compiling proc-macro-hack v0.4.1
[INFO] [stderr]    Compiling syn v0.15.26
[INFO] [stderr]    Compiling hex-literal-impl v0.1.1
[INFO] [stderr]    Compiling uint v0.6.1
[INFO] [stderr]    Compiling hash256-std-hasher v0.9.1
[INFO] [stderr]    Compiling net2 v0.2.33
[INFO] [stderr]    Compiling rand v0.4.6
[INFO] [stderr]    Compiling elastic-array v0.10.0
[INFO] [stderr]    Compiling fnv v1.0.6
[INFO] [stderr]    Compiling trie-root v0.9.1
[INFO] [stderr]    Compiling tokio-io v0.1.11
[INFO] [stderr]    Compiling tokio-executor v0.1.6
[INFO] [stderr]    Compiling hex-literal v0.1.2
[INFO] [stderr]    Compiling mio v0.6.16
[INFO] [stderr]    Compiling tokio-timer v0.2.10
[INFO] [stderr]    Compiling memory-db v0.9.1
[INFO] [stderr]    Compiling sr-io v0.1.0 (https://github.com/paritytech/substrate#6a22e7fe)
[INFO] [stderr]    Compiling sha1 v0.6.0
[INFO] [stderr]    Compiling crossbeam-epoch v0.7.1
[INFO] [stderr]    Compiling tokio-codec v0.1.1
[INFO] [stderr]    Compiling fixed-hash v0.3.0
[INFO] [stderr]    Compiling twox-hash v1.1.2
[INFO] [stderr]    Compiling wasmi v0.4.3
[INFO] [stderr]    Compiling trie-db v0.9.1
[INFO] [stderr]    Compiling parking_lot v0.7.1
[INFO] [stderr]    Compiling environmental v1.0.0
[INFO] [stderr]    Compiling bitflags v1.0.4
[INFO] [stderr]    Compiling crossbeam-deque v0.6.3
[INFO] [stderr]    Compiling crossbeam-channel v0.3.8
[INFO] [stderr]    Compiling integer-sqrt v0.1.2
[INFO] [stderr]    Compiling itoa v0.4.3
[INFO] [stderr]    Compiling crunchy v0.1.6
[INFO] [stderr]    Compiling mio-uds v0.6.7
[INFO] [stderr]    Compiling ryu v0.2.7
[INFO] [stderr]    Compiling tokio-current-thread v0.1.4
[INFO] [stderr]    Compiling tokio-reactor v0.1.8
[INFO] [stderr]    Compiling tokio-sync v0.1.2
[INFO] [stderr]    Compiling time v0.1.42
[INFO] [stderr]    Compiling quick-error v1.2.2
[INFO] [stderr]    Compiling backtrace v0.3.14
[INFO] [stderr]    Compiling pkg-config v0.3.14
[INFO] [stderr]    Compiling httparse v1.3.3
[INFO] [stderr]    Compiling tiny-keccak v1.4.2
[INFO] [stderr]    Compiling crossbeam v0.6.0
[INFO] [stderr]    Compiling tokio-uds v0.2.5
[INFO] [stderr]    Compiling tokio-udp v0.1.3
[INFO] [stderr]    Compiling tokio-tcp v0.1.3
[INFO] [stderr]    Compiling tokio-threadpool v0.1.11
[INFO] [stderr]    Compiling cc v1.0.26
[INFO] [stderr]    Compiling rustc-demangle v0.1.13
[INFO] [stderr]    Compiling thread_local v0.3.6
[INFO] [stderr]    Compiling subtle v1.0.0
[INFO] [stderr]    Compiling generic-array v0.12.0
[INFO] [stderr]    Compiling unicode-normalization v0.1.8
[INFO] [stderr]    Compiling openssl v0.10.16
[INFO] [stderr]    Compiling byte-tools v0.3.1
[INFO] [stderr]    Compiling opaque-debug v0.2.2
[INFO] [stderr]    Compiling fake-simd v0.1.2
[INFO] [stderr]    Compiling block-padding v0.1.3
[INFO] [stderr]    Compiling unsigned-varint v0.2.2
[INFO] [stderr]    Compiling arrayref v0.3.5
[INFO] [stderr]    Compiling protobuf v2.3.0
[INFO] [stderr]    Compiling void v1.0.2
[INFO] [stderr]    Compiling num-integer v0.1.39
[INFO] [stderr]    Compiling data-encoding v2.1.2
[INFO] [stderr]    Compiling digest v0.8.0
[INFO] [stderr]    Compiling block-buffer v0.7.0
[INFO] [stderr]    Compiling crypto-mac v0.7.0
[INFO] [stderr]    Compiling bs58 v0.2.2
[INFO] [stderr]    Compiling byteorder v0.4.2
[INFO] [stderr]    Compiling sha2 v0.8.0
[INFO] [stderr]    Compiling multistream-select v0.2.0
[INFO] [stderr]    Compiling blake2 v0.8.0
[INFO] [stderr]    Compiling generic-array v0.9.0
[INFO] [stderr]    Compiling rw-stream-sink v0.1.0
[INFO] [stderr]    Compiling tokio-fs v0.1.5
[INFO] [stderr]    Compiling slog v2.4.1
[INFO] [stderr]    Compiling mashup-impl v0.1.9
[INFO] [stderr]    Compiling parity-multihash v0.1.0
[INFO] [stderr]    Compiling memchr v2.2.0
[INFO] [stderr]    Compiling tokio v0.1.15
[INFO] [stderr]    Compiling mio-extras v2.0.5
[INFO] [stderr]    Compiling chrono v0.4.6
[INFO] [stderr]    Compiling once_cell v0.1.8
[INFO] [stderr]    Compiling ring v0.13.5
[INFO] [stderr]    Compiling parity-codec v2.2.0
[INFO] [stderr]    Compiling impl-serde v0.1.1
[INFO] [stderr]    Compiling serde_json v1.0.38
[INFO] [stderr]    Compiling backtrace-sys v0.1.28
[INFO] [stderr]    Compiling openssl-sys v0.9.40
[INFO] [stderr]    Compiling parity-multiaddr v0.1.0
[INFO] [stderr]    Compiling mashup v0.1.9
[INFO] [stderr]    Compiling idna v0.1.5
[INFO] [stderr]    Compiling safe-mix v1.0.0
[INFO] [stderr]    Compiling impl-codec v0.1.1
[INFO] [stderr]    Compiling substrate-trie v0.4.0 (https://github.com/paritytech/substrate#6a22e7fe)
[INFO] [stderr]    Compiling primitive-types v0.1.6
[INFO] [stderr]    Compiling parity-bytes v0.1.0 (https://github.com/paritytech/parity-common?rev=b0317f649ab2c665b7987b8475878fc4d2e1f81d#b0317f64)
[INFO] [stderr]    Compiling take_mut v0.2.2
[INFO] [stderr]    Compiling kvdb v0.1.0 (https://github.com/paritytech/parity-common?rev=b0317f649ab2c665b7987b8475878fc4d2e1f81d#b0317f64)
[INFO] [stderr]    Compiling slog-scope v4.1.1
[INFO] [stderr]    Compiling slog-async v2.3.0
[INFO] [stderr]    Compiling url v1.7.2
[INFO] [stderr]    Compiling ucd-util v0.1.3
[INFO] [stderr]    Compiling regex v1.1.0
[INFO] [stderr]    Compiling aho-corasick v0.6.10
[INFO] [stderr] The following warnings were emitted during compilation:
[INFO] [stderr] 
[INFO] [stderr] warning: openssl-sys@0.9.40: /opt/rustwide/target/debug/build/openssl-sys-2a64c579f54649a4/out/expando.c:4:24: error: pasting "RUST_VERSION_OPENSSL_" and "(" does not give a valid preprocessing token
[INFO] [stderr] warning: openssl-sys@0.9.40:     4 | #define VERSION2(n, v) RUST_VERSION_ ## n ## _ ## v
[INFO] [stderr] warning: openssl-sys@0.9.40:       |                        ^~~~~~~~~~~~~
[INFO] [stderr] warning: openssl-sys@0.9.40: /opt/rustwide/target/debug/build/openssl-sys-2a64c579f54649a4/out/expando.c:5:23: note: in expansion of macro 'VERSION2'
[INFO] [stderr] warning: openssl-sys@0.9.40:     5 | #define VERSION(n, v) VERSION2(n, v)
[INFO] [stderr] warning: openssl-sys@0.9.40:       |                       ^~~~~~~~
[INFO] [stderr] warning: openssl-sys@0.9.40: /opt/rustwide/target/debug/build/openssl-sys-2a64c579f54649a4/out/expando.c:7:1: note: in expansion of macro 'VERSION'
[INFO] [stderr] warning: openssl-sys@0.9.40:     7 | VERSION(OPENSSL, OPENSSL_VERSION_NUMBER)
[INFO] [stderr] warning: openssl-sys@0.9.40:       | ^~~~~~~
[INFO] [stderr] 
[INFO] [stderr] error: failed to run custom build command for `openssl-sys v0.9.40`
[INFO] [stderr] note: To improve backtraces for build dependencies, set the CARGO_PROFILE_DEV_BUILD_OVERRIDE_DEBUG=true environment variable to enable debug information generation.
[INFO] [stderr] 
[INFO] [stderr] Caused by:
[INFO] [stderr]   process didn't exit successfully: `/opt/rustwide/target/debug/build/openssl-sys-53998eb25f41091b/build-script-main` (exit status: 101)
[INFO] [stderr]   --- stdout
[INFO] [stderr]   cargo:rerun-if-env-changed=X86_64_UNKNOWN_LINUX_GNU_OPENSSL_LIB_DIR
[INFO] [stderr]   cargo:rerun-if-env-changed=OPENSSL_LIB_DIR
[INFO] [stderr]   cargo:rerun-if-env-changed=X86_64_UNKNOWN_LINUX_GNU_OPENSSL_INCLUDE_DIR
[INFO] [stderr]   cargo:rerun-if-env-changed=OPENSSL_INCLUDE_DIR
[INFO] [stderr]   cargo:rerun-if-env-changed=X86_64_UNKNOWN_LINUX_GNU_OPENSSL_DIR
[INFO] [stderr]   cargo:rerun-if-env-changed=OPENSSL_DIR
[INFO] [stderr]   cargo:rustc-link-lib=ssl
[INFO] [stderr]   cargo:rustc-link-lib=crypto
[INFO] [stderr]   OPT_LEVEL = Some("0")
[INFO] [stderr]   TARGET = Some("x86_64-unknown-linux-gnu")
[INFO] [stderr]   HOST = Some("x86_64-unknown-linux-gnu")
[INFO] [stderr]   CC_x86_64-unknown-linux-gnu = None
[INFO] [stderr]   CC_x86_64_unknown_linux_gnu = None
[INFO] [stderr]   HOST_CC = None
[INFO] [stderr]   CC = None
[INFO] [stderr]   CFLAGS_x86_64-unknown-linux-gnu = None
[INFO] [stderr]   CFLAGS_x86_64_unknown_linux_gnu = None
[INFO] [stderr]   HOST_CFLAGS = None
[INFO] [stderr]   CFLAGS = None
[INFO] [stderr]   DEBUG = Some("true")
[INFO] [stderr]   running: "cc" "-O0" "-ffunction-sections" "-fdata-sections" "-fPIC" "-g" "-fno-omit-frame-pointer" "-m64" "-Wall" "-Wextra" "-E" "/opt/rustwide/target/debug/build/openssl-sys-2a64c579f54649a4/out/expando.c"
[INFO] [stderr]   cargo:warning=/opt/rustwide/target/debug/build/openssl-sys-2a64c579f54649a4/out/expando.c:4:24: error: pasting "RUST_VERSION_OPENSSL_" and "(" does not give a valid preprocessing token
[INFO] [stderr]   cargo:warning=    4 | #define VERSION2(n, v) RUST_VERSION_ ## n ## _ ## v
[INFO] [stderr]   cargo:warning=      |                        ^~~~~~~~~~~~~
[INFO] [stderr]   cargo:warning=/opt/rustwide/target/debug/build/openssl-sys-2a64c579f54649a4/out/expando.c:5:23: note: in expansion of macro 'VERSION2'
[INFO] [stderr]   cargo:warning=    5 | #define VERSION(n, v) VERSION2(n, v)
[INFO] [stderr]   cargo:warning=      |                       ^~~~~~~~
[INFO] [stderr]   cargo:warning=/opt/rustwide/target/debug/build/openssl-sys-2a64c579f54649a4/out/expando.c:7:1: note: in expansion of macro 'VERSION'
[INFO] [stderr]   cargo:warning=    7 | VERSION(OPENSSL, OPENSSL_VERSION_NUMBER)
[INFO] [stderr]   cargo:warning=      | ^~~~~~~
[INFO] [stderr]   exit status: 1
[INFO] [stderr] 
[INFO] [stderr]   --- stderr
[INFO] [stderr]   thread 'main' panicked at /opt/rustwide/cargo-home/registry/src/index.crates.io-6f17d22bba15001f/openssl-sys-0.9.40/build/main.rs:432:13:
[INFO] [stderr] 
[INFO] [stderr]   Header expansion error:
[INFO] [stderr]   Error { kind: ToolExecError, message: "Command \"cc\" \"-O0\" \"-ffunction-sections\" \"-fdata-sections\" \"-fPIC\" \"-g\" \"-fno-omit-frame-pointer\" \"-m64\" \"-Wall\" \"-Wextra\" \"-E\" \"/opt/rustwide/target/debug/build/openssl-sys-2a64c579f54649a4/out/expando.c\" with args \"cc\" did not execute successfully (status code exit status: 1)." }
[INFO] [stderr] 
[INFO] [stderr]   Failed to find OpenSSL development headers.
[INFO] [stderr] 
[INFO] [stderr]   You can try fixing this setting the `OPENSSL_DIR` environment variable
[INFO] [stderr]   pointing to your OpenSSL installation or installing OpenSSL headers package
[INFO] [stderr]   specific to your distribution:
[INFO] [stderr] 
[INFO] [stderr]       # On Ubuntu
[INFO] [stderr]       sudo apt-get install libssl-dev
[INFO] [stderr]       # On Arch Linux
[INFO] [stderr]       sudo pacman -S openssl
[INFO] [stderr]       # On Fedora
[INFO] [stderr]       sudo dnf install openssl-devel
[INFO] [stderr] 
[INFO] [stderr]   See rust-openssl README for more information:
[INFO] [stderr] 
[INFO] [stderr]       https://github.com/sfackler/rust-openssl#linux
[INFO] [stderr] 
[INFO] [stderr]   stack backtrace:
[INFO] [stderr]      0:     0x56515b3376a6 - std::backtrace_rs::backtrace::libunwind::trace::h261606ad26a499c1
[INFO] [stderr]                                  at /rustc/0e09125c6c3c2fd70d7de961bcf0e51575235fad/library/std/src/../../backtrace/src/backtrace/libunwind.rs:104:5
[INFO] [stderr]      1:     0x56515b3376a6 - std::backtrace_rs::backtrace::trace_unsynchronized::hd183f0625477fb28
[INFO] [stderr]                                  at /rustc/0e09125c6c3c2fd70d7de961bcf0e51575235fad/library/std/src/../../backtrace/src/backtrace/mod.rs:66:5
[INFO] [stderr]      2:     0x56515b3376a6 - std::sys_common::backtrace::_print_fmt::hd7f8fef21b4eda67
[INFO] [stderr]                                  at /rustc/0e09125c6c3c2fd70d7de961bcf0e51575235fad/library/std/src/sys_common/backtrace.rs:68:5
[INFO] [stderr]      3:     0x56515b3376a6 - <std::sys_common::backtrace::_print::DisplayBacktrace as core::fmt::Display>::fmt::h623d9b51f2f453f1
[INFO] [stderr]                                  at /rustc/0e09125c6c3c2fd70d7de961bcf0e51575235fad/library/std/src/sys_common/backtrace.rs:44:22
[INFO] [stderr]      4:     0x56515b35cbc0 - core::fmt::rt::Argument::fmt::h9f417ac76a86f368
[INFO] [stderr]                                  at /rustc/0e09125c6c3c2fd70d7de961bcf0e51575235fad/library/core/src/fmt/rt.rs:142:9
[INFO] [stderr]      5:     0x56515b35cbc0 - core::fmt::write::hc9b6faf4ac2aeff7
[INFO] [stderr]                                  at /rustc/0e09125c6c3c2fd70d7de961bcf0e51575235fad/library/core/src/fmt/mod.rs:1120:17
[INFO] [stderr]      6:     0x56515b33510f - std::io::Write::write_fmt::hfead1eee52c2e65e
[INFO] [stderr]                                  at /rustc/0e09125c6c3c2fd70d7de961bcf0e51575235fad/library/std/src/io/mod.rs:1810:15
[INFO] [stderr]      7:     0x56515b337484 - std::sys_common::backtrace::_print::hd5d66399c7df88a2
[INFO] [stderr]                                  at /rustc/0e09125c6c3c2fd70d7de961bcf0e51575235fad/library/std/src/sys_common/backtrace.rs:47:5
[INFO] [stderr]      8:     0x56515b337484 - std::sys_common::backtrace::print::he81ed2da642d37e5
[INFO] [stderr]                                  at /rustc/0e09125c6c3c2fd70d7de961bcf0e51575235fad/library/std/src/sys_common/backtrace.rs:34:9
[INFO] [stderr]      9:     0x56515b338d67 - std::panicking::default_hook::{{closure}}::h85773f4fa117163d
[INFO] [stderr]     10:     0x56515b338ac9 - std::panicking::default_hook::h6a1694a91d09b278
[INFO] [stderr]                                  at /rustc/0e09125c6c3c2fd70d7de961bcf0e51575235fad/library/std/src/panicking.rs:292:9
[INFO] [stderr]     11:     0x56515b3391f8 - std::panicking::rust_panic_with_hook::h0a7ad96e90f7145b
[INFO] [stderr]                                  at /rustc/0e09125c6c3c2fd70d7de961bcf0e51575235fad/library/std/src/panicking.rs:779:13
[INFO] [stderr]     12:     0x56515b3390d2 - std::panicking::begin_panic_handler::{{closure}}::h7919090525c6485e
[INFO] [stderr]                                  at /rustc/0e09125c6c3c2fd70d7de961bcf0e51575235fad/library/std/src/panicking.rs:657:13
[INFO] [stderr]     13:     0x56515b337ba6 - std::sys_common::backtrace::__rust_end_short_backtrace::hf3289479464f7dfe
[INFO] [stderr]                                  at /rustc/0e09125c6c3c2fd70d7de961bcf0e51575235fad/library/std/src/sys_common/backtrace.rs:171:18
[INFO] [stderr]     14:     0x56515b338e30 - rust_begin_unwind
[INFO] [stderr]                                  at /rustc/0e09125c6c3c2fd70d7de961bcf0e51575235fad/library/std/src/panicking.rs:645:5
[INFO] [stderr]     15:     0x56515b2af685 - core::panicking::panic_fmt::hcc9f77c5c132af55
[INFO] [stderr]                                  at /rustc/0e09125c6c3c2fd70d7de961bcf0e51575235fad/library/core/src/panicking.rs:72:14
[INFO] [stderr]     16:     0x56515b2b65cc - build_script_main::validate_headers::h6ecab0d90634a2c2
[INFO] [stderr]     17:     0x56515b2bcac5 - build_script_main::imp::try_pkg_config::h9a34403ca1a4722d
[INFO] [stderr]     18:     0x56515b2bb974 - build_script_main::imp::find_openssl_dir::h8e53b2ceba5527b8
[INFO] [stderr]     19:     0x56515b2bb812 - build_script_main::imp::get_openssl::{{closure}}::h2b172a038bf284ca
[INFO] [stderr]     20:     0x56515b2b131f - core::option::Option<T>::unwrap_or_else::h4ed8c3f7f91d97b6
[INFO] [stderr]     21:     0x56515b2bb60f - build_script_main::imp::get_openssl::h60df77c869666f62
[INFO] [stderr]     22:     0x56515b2b4070 - build_script_main::main::h34d5a2a6bccc6b26
[INFO] [stderr]     23:     0x56515b2b88f3 - core::ops::function::FnOnce::call_once::h6c12706684b6af10
[INFO] [stderr]     24:     0x56515b2b0476 - std::sys_common::backtrace::__rust_begin_short_backtrace::h37371630d53b7758
[INFO] [stderr]     25:     0x56515b2b0629 - std::rt::lang_start::{{closure}}::hf79ece8d41bb8f29
[INFO] [stderr]     26:     0x56515b331401 - core::ops::function::impls::<impl core::ops::function::FnOnce<A> for &F>::call_once::h4eb4c5e1620f29b0
[INFO] [stderr]                                  at /rustc/0e09125c6c3c2fd70d7de961bcf0e51575235fad/library/core/src/ops/function.rs:284:13
[INFO] [stderr]     27:     0x56515b331401 - std::panicking::try::do_call::h73fd26535faffcdf
[INFO] [stderr]                                  at /rustc/0e09125c6c3c2fd70d7de961bcf0e51575235fad/library/std/src/panicking.rs:552:40
[INFO] [stderr]     28:     0x56515b331401 - std::panicking::try::h77ff1d98f0fb9f39
[INFO] [stderr]                                  at /rustc/0e09125c6c3c2fd70d7de961bcf0e51575235fad/library/std/src/panicking.rs:516:19
[INFO] [stderr]     29:     0x56515b331401 - std::panic::catch_unwind::hab3caf2448b95e37
[INFO] [stderr]                                  at /rustc/0e09125c6c3c2fd70d7de961bcf0e51575235fad/library/std/src/panic.rs:142:14
[INFO] [stderr]     30:     0x56515b331401 - std::rt::lang_start_internal::{{closure}}::h8086711f9c783f78
[INFO] [stderr]                                  at /rustc/0e09125c6c3c2fd70d7de961bcf0e51575235fad/library/std/src/rt.rs:148:48
[INFO] [stderr]     31:     0x56515b331401 - std::panicking::try::do_call::hf920d4dc291cd6ca
[INFO] [stderr]                                  at /rustc/0e09125c6c3c2fd70d7de961bcf0e51575235fad/library/std/src/panicking.rs:552:40
[INFO] [stderr]     32:     0x56515b331401 - std::panicking::try::h2b806ccc0a85db74
[INFO] [stderr]                                  at /rustc/0e09125c6c3c2fd70d7de961bcf0e51575235fad/library/std/src/panicking.rs:516:19
[INFO] [stderr]     33:     0x56515b331401 - std::panic::catch_unwind::h038489539c507df2
[INFO] [stderr]                                  at /rustc/0e09125c6c3c2fd70d7de961bcf0e51575235fad/library/std/src/panic.rs:142:14
[INFO] [stderr]     34:     0x56515b331401 - std::rt::lang_start_internal::h28503b88912e8a5c
[INFO] [stderr]                                  at /rustc/0e09125c6c3c2fd70d7de961bcf0e51575235fad/library/std/src/rt.rs:148:20
[INFO] [stderr]     35:     0x56515b2b0607 - std::rt::lang_start::h0f1cfb262e5ffb32
[INFO] [stderr]     36:     0x56515b2b74f5 - main
[INFO] [stderr]     37:     0x7fe2374cbd90 - <unknown>
[INFO] [stderr]     38:     0x7fe2374cbe40 - __libc_start_main
[INFO] [stderr]     39:     0x56515b2afea5 - _start
[INFO] [stderr]     40:                0x0 - <unknown>
[INFO] [stderr] warning: build failed, waiting for other jobs to finish...
[INFO] running `Command { std: "docker" "inspect" "ea0824940fca29bab99f765b3e9db64b7624be6cd7b23358bcc749eb4ee894e6", kill_on_drop: false }`
[INFO] running `Command { std: "docker" "rm" "-f" "ea0824940fca29bab99f765b3e9db64b7624be6cd7b23358bcc749eb4ee894e6", kill_on_drop: false }`
[INFO] [stdout] ea0824940fca29bab99f765b3e9db64b7624be6cd7b23358bcc749eb4ee894e6
