[INFO] cloning repository https://github.com/A-T-Dot/substrate-castor
[INFO] running `Command { std: "git" "-c" "credential.helper=" "-c" "credential.helper=/workspace/cargo-home/bin/git-credential-null" "clone" "--bare" "https://github.com/A-T-Dot/substrate-castor" "/workspace/cache/git-repos/https%3A%2F%2Fgithub.com%2FA-T-Dot%2Fsubstrate-castor", kill_on_drop: false }`
[INFO] [stderr] Cloning into bare repository '/workspace/cache/git-repos/https%3A%2F%2Fgithub.com%2FA-T-Dot%2Fsubstrate-castor'...
[INFO] running `Command { std: "git" "rev-parse" "HEAD", kill_on_drop: false }`
[INFO] [stdout] 785698d150cd22e0456d2c6258adef02a2cbf815
[INFO] testing A-T-Dot/substrate-castor against 1.75.0 for beta-1.76-1
[INFO] running `Command { std: "git" "clone" "/workspace/cache/git-repos/https%3A%2F%2Fgithub.com%2FA-T-Dot%2Fsubstrate-castor" "/workspace/builds/worker-4-tc1/source", kill_on_drop: false }`
[INFO] [stderr] Cloning into '/workspace/builds/worker-4-tc1/source'...
[INFO] [stderr] done.
[INFO] validating manifest of git repo https://github.com/A-T-Dot/substrate-castor on toolchain 1.75.0
[INFO] running `Command { std: CARGO_HOME="/workspace/cargo-home" RUSTUP_HOME="/workspace/rustup-home" "/workspace/cargo-home/bin/cargo" "+1.75.0" "metadata" "--manifest-path" "Cargo.toml" "--no-deps", kill_on_drop: false }`
[INFO] started tweaking git repo https://github.com/A-T-Dot/substrate-castor
[INFO] finished tweaking git repo https://github.com/A-T-Dot/substrate-castor
[INFO] tweaked toml for git repo https://github.com/A-T-Dot/substrate-castor written to /workspace/builds/worker-4-tc1/source/Cargo.toml
[INFO] crate git repo https://github.com/A-T-Dot/substrate-castor already has a lockfile, it will not be regenerated
[INFO] running `Command { std: CARGO_HOME="/workspace/cargo-home" RUSTUP_HOME="/workspace/rustup-home" "/workspace/cargo-home/bin/cargo" "+1.75.0" "fetch" "--manifest-path" "Cargo.toml", kill_on_drop: false }`
[INFO] [stderr]     Updating git repository `https://github.com/paritytech/substrate.git`
[INFO] [stderr]     Updating crates.io index
[INFO] [stderr]     Updating git repository `https://github.com/paritytech/parity-common`
[INFO] [stderr]     Updating git repository `https://github.com/paritytech/slog-async`
[INFO] [stderr]  Downloading crates ...
[INFO] [stderr]   Downloaded slog-json v2.3.0
[INFO] [stderr]   Downloaded libp2p-ratelimit v0.12.0
[INFO] [stderr]   Downloaded hex-literal-impl v0.2.1
[INFO] [stderr]   Downloaded static_slice v0.0.3
[INFO] [stderr]   Downloaded vergen v3.0.4
[INFO] [stderr]   Downloaded multimap v0.4.0
[INFO] [stderr]   Downloaded fs-swap v0.2.4
[INFO] [stderr]   Downloaded x25519-dalek v0.5.2
[INFO] [stderr]   Downloaded quick-error v0.1.4
[INFO] [stderr]   Downloaded subtle v2.1.1
[INFO] [stderr]   Downloaded paste v0.1.6
[INFO] [stderr]   Downloaded futures-core-preview v0.3.0-alpha.17
[INFO] [stderr]   Downloaded parity-multiaddr v0.5.0
[INFO] [stderr]   Downloaded uint v0.8.1
[INFO] [stderr]   Downloaded paste-impl v0.1.6
[INFO] [stderr]   Downloaded interleaved-ordered v0.1.1
[INFO] [stderr]   Downloaded curve25519-dalek v1.2.3
[INFO] [stderr]   Downloaded futures-io-preview v0.3.0-alpha.17
[INFO] [stderr]   Downloaded hmac v0.4.2
[INFO] [stderr]   Downloaded wasmi v0.5.1
[INFO] [stderr]   Downloaded tiny-bip39 v0.6.2
[INFO] [stderr]   Downloaded ws v0.9.0
[INFO] [stderr]   Downloaded proc-macro2 v1.0.3
[INFO] [stderr]   Downloaded sct v0.5.0
[INFO] [stderr]   Downloaded lock_api v0.2.0
[INFO] [stderr]   Downloaded parking_lot v0.8.0
[INFO] [stderr]   Downloaded static_assertions v0.2.5
[INFO] [stderr]   Downloaded ring v0.14.6
[INFO] [stderr]   Downloaded libp2p-tcp v0.12.0
[INFO] [stderr]   Downloaded safe-mix v1.0.0
[INFO] [stderr]   Downloaded librocksdb-sys v5.18.3
[INFO] [stderr]   Downloaded bitvec v0.14.0
[INFO] [stderr]   Downloaded libsecp256k1 v0.2.2
[INFO] [stderr]   Downloaded hashbrown v0.6.0
[INFO] [stderr]   Downloaded rocksdb v0.11.0
[INFO] [stderr]   Downloaded yamux v0.2.1
[INFO] [stderr]   Downloaded asn1_der v0.6.2
[INFO] [stderr]   Downloaded finality-grandpa v0.9.0
[INFO] [stderr]   Downloaded jsonrpc-http-server v13.2.0
[INFO] [stderr]   Downloaded snow v0.5.2
[INFO] [stderr]   Downloaded tokio-rustls v0.10.0-alpha.4
[INFO] [stderr]   Downloaded libp2p-core v0.12.0
[INFO] [stderr]   Downloaded schnorrkel v0.8.5
[INFO] [stderr]   Downloaded substrate-bip39 v0.3.1
[INFO] [stderr]   Downloaded rustc-hex v2.0.1
[INFO] [stderr]   Downloaded libp2p-plaintext v0.12.0
[INFO] [stderr]   Downloaded merlin v1.2.0
[INFO] [stderr]   Downloaded aio-limited v0.1.0
[INFO] [stderr]   Downloaded libp2p-ping v0.12.0
[INFO] [stderr]   Downloaded primitive-types v0.5.0
[INFO] [stderr]   Downloaded substrate-wasm-builder-runner v1.0.3
[INFO] [stderr]   Downloaded hashmap_core v0.1.11
[INFO] [stderr]   Downloaded prost-build v0.5.0
[INFO] [stderr]   Downloaded jsonrpc-derive v13.2.0
[INFO] [stderr]   Downloaded jsonrpc-pubsub v13.2.0
[INFO] [stderr]   Downloaded strum_macros v0.15.0
[INFO] [stderr]   Downloaded libp2p-core-derive v0.12.0
[INFO] [stderr]   Downloaded libp2p-dns v0.12.0
[INFO] [stderr]   Downloaded integer-sqrt v0.1.2
[INFO] [stderr]   Downloaded impl-serde v0.1.1
[INFO] [stderr]   Downloaded libp2p-websocket v0.12.0
[INFO] [stderr]   Downloaded libp2p v0.12.0
[INFO] [stderr]   Downloaded impl-trait-for-tuples v0.1.1
[INFO] [stderr]   Downloaded ipnet v2.0.0
[INFO] [stderr]   Downloaded wasm-timer v0.1.2
[INFO] [stderr]   Downloaded libp2p-yamux v0.12.0
[INFO] [stderr]   Downloaded rw-stream-sink v0.1.2
[INFO] [stderr]   Downloaded memory-db v0.15.2
[INFO] [stderr]   Downloaded asn1_der_derive v0.1.1
[INFO] [stderr]   Downloaded impl-serde v0.2.1
[INFO] [stderr]   Downloaded libp2p-uds v0.12.0
[INFO] [stderr]   Downloaded trie-root v0.15.2
[INFO] [stderr]   Downloaded exit-future v0.1.4
[INFO] [stderr]   Downloaded slog_derive v0.1.1
[INFO] [stderr]   Downloaded jsonrpc-core-client v13.2.0
[INFO] [stderr]   Downloaded jsonrpc-server-utils v13.2.0
[INFO] [stderr]   Downloaded jsonrpc-ws-server v13.2.0
[INFO] [stderr]   Downloaded sysinfo v0.9.5
[INFO] [stderr]   Downloaded libp2p-deflate v0.4.0
[INFO] [stderr]   Downloaded libp2p-floodsub v0.12.0
[INFO] [stderr]   Downloaded libp2p-identify v0.12.0
[INFO] [stderr]   Downloaded libp2p-mdns v0.12.0
[INFO] [stderr]   Downloaded libp2p-secio v0.12.0
[INFO] [stderr]   Downloaded libp2p-swarm v0.2.0
[INFO] [stderr]   Downloaded environmental v1.0.1
[INFO] [stderr]   Downloaded elastic-array v0.10.2
[INFO] [stderr]   Downloaded nohash-hasher v0.1.1
[INFO] [stderr]   Downloaded futures-util-preview v0.3.0-alpha.17
[INFO] [stderr]   Downloaded trie-db v0.15.2
[INFO] [stderr]   Downloaded ahash v0.2.12
[INFO] [stderr]   Downloaded erased-serde v0.3.9
[INFO] [stderr]   Downloaded soketto v0.2.3
[INFO] [stderr]   Downloaded libp2p-wasm-ext v0.5.0
[INFO] [stderr]   Downloaded libp2p-kad v0.12.0
[INFO] [stderr]   Downloaded impl-codec v0.4.0
[INFO] [stderr]   Downloaded libp2p-noise v0.10.0
[INFO] [stderr]   Downloaded multistream-select v0.5.1
[INFO] [stderr]   Downloaded libp2p-mplex v0.12.0
[INFO] [stderr]   Downloaded parity-scale-codec-derive v1.0.2
[INFO] [stderr]   Downloaded jsonrpc-client-transports v13.2.0
[INFO] [stderr]   Downloaded slog-scope v4.1.2
[INFO] [stderr]   Downloaded slog v2.5.2
[INFO] [stderr]   Downloaded futures-preview v0.3.0-alpha.17
[INFO] [stderr]   Downloaded names v0.11.0
[INFO] [stderr]   Downloaded rpassword v3.0.2
[INFO] [stderr]   Downloaded bitmask v0.5.0
[INFO] [stderr]   Downloaded bs58 v0.2.5
[INFO] [stderr]   Downloaded webpki-roots v0.16.0
[INFO] [stderr]   Downloaded bindgen v0.47.3
[INFO] [stderr]   Downloaded crypto-mac v0.4.0
[INFO] [stderr]   Downloaded const-random v0.1.6
[INFO] [stderr]   Downloaded futures-sink-preview v0.3.0-alpha.17
[INFO] [stderr]   Downloaded fdlimit v0.1.1
[INFO] [stderr]   Downloaded backtrace v0.3.37
[INFO] [stderr]   Downloaded parity-wasm v0.40.2
[INFO] [stderr]   Downloaded itertools v0.8.0
[INFO] [stderr]   Downloaded jsonrpc-core v13.2.0
[INFO] [stderr]   Downloaded parity-wasm v0.31.3
[INFO] [stderr]   Downloaded aes-soft v0.3.3
[INFO] [stderr]   Downloaded protobuf v2.8.1
[INFO] [stderr]   Downloaded webpki v0.19.1
[INFO] [stderr]   Downloaded aesni v0.6.0
[INFO] [stderr]   Downloaded wasmi-validation v0.2.0
[INFO] [stderr]   Downloaded parity-util-mem v0.2.0
[INFO] [stderr]   Downloaded heapsize v0.4.2
[INFO] [stderr]   Downloaded prost v0.5.0
[INFO] [stderr]   Downloaded prost-types v0.5.0
[INFO] [stderr]   Downloaded linked_hash_set v0.1.3
[INFO] [stderr]   Downloaded derive_more v0.15.0
[INFO] [stderr]   Downloaded ctr v0.3.2
[INFO] [stderr]   Downloaded futures-channel-preview v0.3.0-alpha.17
[INFO] [stderr]   Downloaded tokio-dns-unofficial v0.4.0
[INFO] [stderr]   Downloaded parity-multihash v0.1.3
[INFO] [stderr]   Downloaded hmac-drbg v0.1.2
[INFO] [stderr]   Downloaded parity-scale-codec v1.0.5
[INFO] [stderr]   Downloaded const-random-macro v0.1.6
[INFO] [stderr]   Downloaded digest v0.6.2
[INFO] [stderr]   Downloaded byte-slice-cast v0.3.2
[INFO] [stderr]   Downloaded proc-macro-hack v0.5.9
[INFO] [stderr]   Downloaded prost-derive v0.5.0
[INFO] [stderr]   Downloaded mio-extras v2.0.5
[INFO] [stderr]   Downloaded futures-timer v0.2.1
[INFO] [stderr]   Downloaded twofish v0.2.0
[INFO] [stderr]   Downloaded wasm-bindgen-futures v0.3.27
[INFO] [stderr]   Downloaded parking_lot_core v0.5.0
[INFO] [stderr]   Downloaded unsigned-varint v0.2.2
[INFO] [stderr]   Downloaded once_cell v0.1.8
[INFO] [stderr]   Downloaded zeroize_derive v0.9.3
[INFO] [stderr]   Downloaded stream-cipher v0.3.2
[INFO] [stderr]   Downloaded futures-executor-preview v0.3.0-alpha.17
[INFO] [stderr]   Downloaded fixed-hash v0.4.0
[INFO] [stderr]   Downloaded target_info v0.1.0
[INFO] [stderr]   Downloaded aes-ctr v0.3.0
[INFO] [stderr]   Downloaded block-cipher-trait v0.6.2
[INFO] [stderr]   Downloaded malloc_size_of_derive v0.1.0
[INFO] [stderr]   Downloaded ed25519-dalek v1.0.0-pre.1
[INFO] [stderr]   Downloaded cuckoofilter v0.3.2
[INFO] [stderr]   Downloaded hex-literal v0.2.1
[INFO] [stderr]   Downloaded strum v0.15.0
[INFO] [stderr]   Downloaded rustls v0.15.2
[INFO] running `Command { std: "docker" "create" "-v" "/var/lib/crater-agent-workspace/builds/worker-4-tc1/target:/opt/rustwide/target:rw,Z" "-v" "/var/lib/crater-agent-workspace/builds/worker-4-tc1/source:/opt/rustwide/workdir:ro,Z" "-v" "/var/lib/crater-agent-workspace/cargo-home:/opt/rustwide/cargo-home:ro,Z" "-v" "/var/lib/crater-agent-workspace/rustup-home:/opt/rustwide/rustup-home:ro,Z" "-e" "SOURCE_DIR=/opt/rustwide/workdir" "-e" "CARGO_TARGET_DIR=/opt/rustwide/target" "-e" "CARGO_HOME=/opt/rustwide/cargo-home" "-e" "RUSTUP_HOME=/opt/rustwide/rustup-home" "-w" "/opt/rustwide/workdir" "-m" "1610612736" "--user" "0:0" "--network" "none" "ghcr.io/rust-lang/crates-build-env/linux@sha256:2788e3201cd34a07e3172128adcd8b3090168a8e3bcc40d7c032b9dda1df7d1c" "/opt/rustwide/cargo-home/bin/cargo" "+1.75.0" "metadata" "--no-deps" "--format-version=1", kill_on_drop: false }`
[INFO] [stdout] 2fff53253a97af02af60980c7b361752a15925983dba076ca73f5c8c756ed783
[INFO] running `Command { std: "docker" "start" "-a" "2fff53253a97af02af60980c7b361752a15925983dba076ca73f5c8c756ed783", kill_on_drop: false }`
[INFO] running `Command { std: "docker" "inspect" "2fff53253a97af02af60980c7b361752a15925983dba076ca73f5c8c756ed783", kill_on_drop: false }`
[INFO] running `Command { std: "docker" "rm" "-f" "2fff53253a97af02af60980c7b361752a15925983dba076ca73f5c8c756ed783", kill_on_drop: false }`
[INFO] [stdout] 2fff53253a97af02af60980c7b361752a15925983dba076ca73f5c8c756ed783
[INFO] running `Command { std: "docker" "create" "-v" "/var/lib/crater-agent-workspace/builds/worker-4-tc1/target:/opt/rustwide/target:rw,Z" "-v" "/var/lib/crater-agent-workspace/builds/worker-4-tc1/source:/opt/rustwide/workdir:ro,Z" "-v" "/var/lib/crater-agent-workspace/cargo-home:/opt/rustwide/cargo-home:ro,Z" "-v" "/var/lib/crater-agent-workspace/rustup-home:/opt/rustwide/rustup-home:ro,Z" "-e" "SOURCE_DIR=/opt/rustwide/workdir" "-e" "CARGO_TARGET_DIR=/opt/rustwide/target" "-e" "CARGO_INCREMENTAL=0" "-e" "RUST_BACKTRACE=full" "-e" "RUSTFLAGS=--cap-lints=warn" "-e" "RUSTDOCFLAGS=--cap-lints=warn" "-e" "CARGO_HOME=/opt/rustwide/cargo-home" "-e" "RUSTUP_HOME=/opt/rustwide/rustup-home" "-w" "/opt/rustwide/workdir" "-m" "1610612736" "--user" "0:0" "--network" "none" "ghcr.io/rust-lang/crates-build-env/linux@sha256:2788e3201cd34a07e3172128adcd8b3090168a8e3bcc40d7c032b9dda1df7d1c" "/opt/rustwide/cargo-home/bin/cargo" "+1.75.0" "build" "--frozen" "--message-format=json", kill_on_drop: false }`
[INFO] [stdout] f1f06bc079161dbc03bc47f62fc37361cd9f878fa9ef9ac2b87aaf26e1ab8d4c
[INFO] running `Command { std: "docker" "start" "-a" "f1f06bc079161dbc03bc47f62fc37361cd9f878fa9ef9ac2b87aaf26e1ab8d4c", kill_on_drop: false }`
[INFO] [stderr]    Compiling libc v0.2.62
[INFO] [stderr]    Compiling cfg-if v0.1.9
[INFO] [stderr]    Compiling log v0.4.8
[INFO] [stderr]    Compiling autocfg v0.1.6
[INFO] [stderr]    Compiling byteorder v1.3.2
[INFO] [stderr]    Compiling semver-parser v0.7.0
[INFO] [stderr]    Compiling proc-macro2 v0.4.30
[INFO] [stderr]    Compiling syn v0.15.44
[INFO] [stderr]    Compiling proc-macro2 v1.0.3
[INFO] [stderr]    Compiling semver v0.9.0
[INFO] [stderr]    Compiling unicode-xid v0.2.0
[INFO] [stderr]    Compiling syn v1.0.5
[INFO] [stderr]    Compiling rand_core v0.4.2
[INFO] [stderr]    Compiling smallvec v0.6.10
[INFO] [stderr]    Compiling rustc_version v0.2.3
[INFO] [stderr]    Compiling rand_core v0.3.1
[INFO] [stderr]    Compiling typenum v1.11.2
[INFO] [stderr]    Compiling rand_chacha v0.1.1
[INFO] [stderr]    Compiling rand_pcg v0.1.2
[INFO] [stderr]    Compiling quote v0.6.13
[INFO] [stderr]    Compiling rand v0.6.5
[INFO] [stderr]    Compiling num_cpus v1.10.1
[INFO] [stderr]    Compiling jobserver v0.1.17
[INFO] [stderr]    Compiling quote v1.0.2
[INFO] [stderr]    Compiling nodrop v0.1.13
[INFO] [stderr]    Compiling serde v1.0.101
[INFO] [stderr]    Compiling cc v1.0.45
[INFO] [stderr]    Compiling rand_os v0.1.3
[INFO] [stderr]    Compiling rand_isaac v0.1.1
[INFO] [stderr]    Compiling rand_xorshift v0.1.1
[INFO] [stderr]    Compiling rand_hc v0.1.0
[INFO] [stderr]    Compiling rand_jitter v0.1.4
[INFO] [stderr]    Compiling rustc-demangle v0.1.16
[INFO] [stderr]    Compiling failure_derive v0.1.5
[INFO] [stderr]    Compiling scopeguard v1.0.0
[INFO] [stderr]    Compiling futures v0.1.29
[INFO] [stderr]    Compiling generic-array v0.12.3
[INFO] [stderr]    Compiling opaque-debug v0.2.3
[INFO] [stderr]    Compiling byte-tools v0.3.1
[INFO] [stderr]    Compiling either v1.5.3
[INFO] [stderr]    Compiling block-padding v0.1.4
[INFO] [stderr]    Compiling iovec v0.1.2
[INFO] [stderr]    Compiling digest v0.8.1
[INFO] [stderr]    Compiling fake-simd v0.1.2
[INFO] [stderr]    Compiling scopeguard v0.3.3
[INFO] [stderr]    Compiling block-buffer v0.7.3
[INFO] [stderr]    Compiling backtrace-sys v0.1.31
[INFO] [stderr]    Compiling stable_deref_trait v1.1.1
[INFO] [stderr]    Compiling clear_on_drop v0.2.3
[INFO] [stderr]    Compiling bytes v0.4.12
[INFO] [stderr]    Compiling subtle v1.0.0
[INFO] [stderr]    Compiling subtle v2.1.1
[INFO] [stderr]    Compiling crypto-mac v0.7.0
[INFO] [stderr]    Compiling constant_time_eq v0.1.4
[INFO] [stderr]    Compiling arrayvec v0.4.11
[INFO] [stderr]    Compiling sha2 v0.8.0
[INFO] [stderr]    Compiling owning_ref v0.4.0
[INFO] [stderr]    Compiling keccak v0.1.0
[INFO] [stderr]    Compiling lock_api v0.1.5
[INFO] [stderr]    Compiling memchr v2.2.1
[INFO] [stderr]    Compiling parking_lot_core v0.4.0
[INFO] [stderr]    Compiling generic-array v0.8.3
[INFO] [stderr]    Compiling rand v0.4.6
[INFO] [stderr]    Compiling slab v0.4.2
[INFO] [stderr]    Compiling crossbeam-utils v0.6.6
[INFO] [stderr]    Compiling parking_lot v0.7.1
[INFO] [stderr]    Compiling digest v0.6.2
[INFO] [stderr]    Compiling crypto-mac v0.4.0
[INFO] [stderr]    Compiling tokio-io v0.1.12
[INFO] [stderr]    Compiling arrayref v0.3.5
[INFO] [stderr]    Compiling byte-tools v0.2.0
[INFO] [stderr]    Compiling hmac v0.4.2
[INFO] [stderr]    Compiling hmac-drbg v0.1.2
[INFO] [stderr]    Compiling block-buffer v0.2.0
[INFO] [stderr]    Compiling sha2 v0.6.0
[INFO] [stderr]    Compiling num-traits v0.2.8
[INFO] [stderr]    Compiling getrandom v0.1.12
[INFO] [stderr]    Compiling thread_local v0.3.6
[INFO] [stderr]    Compiling libsecp256k1 v0.2.2
[INFO] [stderr]    Compiling num-integer v0.1.41
[INFO] [stderr]    Compiling ppv-lite86 v0.2.5
[INFO] [stderr]    Compiling aho-corasick v0.7.6
[INFO] [stderr]    Compiling c2-chacha v0.2.2
[INFO] [stderr]    Compiling rand_core v0.5.1
[INFO] [stderr]    Compiling regex-syntax v0.6.12
[INFO] [stderr]    Compiling rand_chacha v0.2.1
[INFO] [stderr]    Compiling tokio-executor v0.1.8
[INFO] [stderr]    Compiling fnv v1.0.6
[INFO] [stderr]    Compiling rand v0.7.2
[INFO] [stderr]    Compiling rand v0.5.6
[INFO] [stderr]    Compiling tokio-codec v0.1.1
[INFO] [stderr]    Compiling parking_lot_core v0.6.2
[INFO] [stderr]    Compiling synstructure v0.10.2
[INFO] [stderr]    Compiling crunchy v0.2.2
[INFO] [stderr]    Compiling parking_lot v0.9.0
[INFO] [stderr]    Compiling regex v1.3.1
[INFO] [stderr]    Compiling lock_api v0.3.1
[INFO] [stderr]    Compiling rustc-hex v2.0.1
[INFO] [stderr]    Compiling hashbrown v0.1.8
[INFO] [stderr]    Compiling hmac v0.7.1
[INFO] [stderr]    Compiling matches v0.1.8
[INFO] [stderr]    Compiling unicode-bidi v0.3.4
[INFO] [stderr]    Compiling uint v0.8.1
[INFO] [stderr]    Compiling unicode-normalization v0.1.8
[INFO] [stderr]    Compiling num-bigint v0.2.3
[INFO] [stderr]    Compiling serde_derive v1.0.101
[INFO] [stderr]    Compiling proc-macro-hack v0.5.9
[INFO] [stderr]    Compiling byte-slice-cast v0.3.2
[INFO] [stderr]    Compiling bitvec v0.14.0
[INFO] [stderr]    Compiling zeroize_derive v0.9.3
[INFO] [stderr]    Compiling tokio-timer v0.2.11
[INFO] [stderr]    Compiling num-rational v0.2.2
[INFO] [stderr]    Compiling zeroize v0.9.3
[INFO] [stderr]    Compiling ring v0.14.6
[INFO] [stderr]    Compiling heapsize v0.4.2
[INFO] [stderr]    Compiling parity-wasm v0.40.2
[INFO] [stderr]    Compiling quick-error v1.2.2
[INFO] [stderr]    Compiling hash-db v0.15.2
[INFO] [stderr]    Compiling blake2-rfc v0.2.18
[INFO] [stderr]    Compiling pbkdf2 v0.3.0
[INFO] [stderr]    Compiling sr-std v2.0.0 (https://github.com/paritytech/substrate.git?rev=80a80953311aad10719a471c5ccebdf5406a2e37#80a80953)
[INFO] [stderr]    Compiling memory_units v0.3.0
[INFO] [stderr]    Compiling static_assertions v0.2.5
[INFO] [stderr]    Compiling fixed-hash v0.4.0
[INFO] [stderr]    Compiling const-random-macro v0.1.6
[INFO] [stderr]    Compiling once_cell v0.1.8
[INFO] [stderr]    Compiling wasmi-validation v0.2.0
[INFO] [stderr]    Compiling untrusted v0.6.2
[INFO] [stderr]    Compiling const-random v0.1.6
[INFO] [stderr]    Compiling wasmi v0.5.1
[INFO] [stderr]    Compiling elastic-array v0.10.2
[INFO] [stderr]    Compiling hash256-std-hasher v0.15.2
[INFO] [stderr]    Compiling twox-hash v1.5.0
[INFO] [stderr]    Compiling hashbrown v0.6.0
[INFO] [stderr]    Compiling hex v0.3.2
[INFO] [stderr]    Compiling base58 v0.1.0
[INFO] [stderr]    Compiling ahash v0.2.12
[INFO] [stderr]    Compiling idna v0.1.5
[INFO] [stderr]    Compiling sha-1 v0.8.1
[INFO] [stderr]    Compiling percent-encoding v1.0.1
[INFO] [stderr]    Compiling malloc_size_of_derive v0.1.0
[INFO] [stderr]    Compiling unsigned-varint v0.2.2
[INFO] [stderr]    Compiling parking_lot_core v0.5.0
[INFO] [stderr]    Compiling trie-db v0.15.2
[INFO] [stderr]    Compiling trie-root v0.15.2
[INFO] [stderr]    Compiling url v1.7.2
[INFO] [stderr]    Compiling sha3 v0.8.2
[INFO] [stderr]    Compiling blake2 v0.8.1
[INFO] [stderr]    Compiling parity-util-mem v0.2.0
[INFO] [stderr]    Compiling memory-db v0.15.2
[INFO] [stderr]    Compiling parking_lot v0.8.0
[INFO] [stderr]    Compiling void v1.0.2
[INFO] [stderr]    Compiling protobuf v2.8.1
[INFO] [stderr]    Compiling itoa v0.4.4
[INFO] [stderr]    Compiling parity-multihash v0.1.3
[INFO] [stderr]    Compiling asn1_der_derive v0.1.1
[INFO] [stderr]    Compiling lock_api v0.2.0
[INFO] [stderr]    Compiling net2 v0.2.33
[INFO] [stderr]    Compiling sr-io v2.0.0 (https://github.com/paritytech/substrate.git?rev=80a80953311aad10719a471c5ccebdf5406a2e37#80a80953)
[INFO] [stderr]    Compiling data-encoding v2.1.2
[INFO] [stderr]    Compiling bs58 v0.2.5
[INFO] [stderr]    Compiling mio v0.6.19
[INFO] [stderr]    Compiling multistream-select v0.5.1
[INFO] [stderr]    Compiling asn1_der v0.6.2
[INFO] [stderr]    Compiling wasm-timer v0.1.2
[INFO] [stderr]    Compiling tiny-keccak v1.5.0
[INFO] [stderr]    Compiling rw-stream-sink v0.1.2
[INFO] [stderr]    Compiling environmental v1.0.1
[INFO] [stderr]    Compiling memoffset v0.5.1
[INFO] [stderr]    Compiling paste-impl v0.1.6
[INFO] [stderr]    Compiling impl-trait-for-tuples v0.1.1
[INFO] [stderr]    Compiling tokio-sync v0.1.6
[INFO] [stderr]    Compiling integer-sqrt v0.1.2
[INFO] [stderr]    Compiling crossbeam-epoch v0.7.2
[INFO] [stderr]    Compiling tokio-reactor v0.1.9
[INFO] [stderr]    Compiling pkg-config v0.3.16
[INFO] [stderr]    Compiling crossbeam-deque v0.7.1
[INFO] [stderr]    Compiling paste v0.1.6
[INFO] [stderr]    Compiling crossbeam-queue v0.1.2
[INFO] [stderr]    Compiling ryu v1.0.0
[INFO] [stderr]    Compiling mio-uds v0.6.7
[INFO] [stderr]    Compiling tokio-threadpool v0.1.15
[INFO] [stderr]    Compiling tokio-udp v0.1.5
[INFO] [stderr]    Compiling tokio-tcp v0.1.3
[INFO] [stderr]    Compiling tokio-uds v0.2.5
[INFO] [stderr]    Compiling httparse v1.3.4
[INFO] [stderr]    Compiling tokio-current-thread v0.1.6
[INFO] [stderr]    Compiling wasm-bindgen-shared v0.2.50
[INFO] [stderr]    Compiling tokio-fs v0.1.6
[INFO] [stderr]    Compiling http v0.1.18
[INFO] [stderr]    Compiling time v0.1.42
[INFO] [stderr]    Compiling tokio v0.1.22
[INFO] [stderr]    Compiling parking_lot_core v0.3.1
[INFO] [stderr]    Compiling bumpalo v2.6.0
[INFO] [stderr]    Compiling futures-core-preview v0.3.0-alpha.17
[INFO] [stderr]    Compiling futures-sink-preview v0.3.0-alpha.17
[INFO] [stderr]    Compiling libz-sys v1.0.25
[INFO] [stderr]    Compiling futures-cpupool v0.1.8
[INFO] [stderr]    Compiling toml v0.5.3
[INFO] [stderr]    Compiling impl-serde v0.2.1
[INFO] [stderr]    Compiling impl-serde v0.1.1
[INFO] [stderr]    Compiling parity-multiaddr v0.5.0
[INFO] [stderr]    Compiling serde_json v1.0.40
[INFO] [stderr]    Compiling wasm-bindgen-backend v0.2.50
[INFO] [stderr]    Compiling miniz-sys v0.1.12
[INFO] [stderr]    Compiling crc32fast v1.2.0
[INFO] [stderr]    Compiling unicode-segmentation v1.3.0
[INFO] [stderr]    Compiling proc-macro-crate v0.1.4
[INFO] [stderr]    Compiling heck v0.3.1
[INFO] [stderr]    Compiling futures-channel-preview v0.3.0-alpha.17
[INFO] [stderr]    Compiling parity-scale-codec-derive v1.0.2
[INFO] [stderr]    Compiling sr-api-macros v2.0.0 (https://github.com/paritytech/substrate.git?rev=80a80953311aad10719a471c5ccebdf5406a2e37#80a80953)
[INFO] [stderr]    Compiling wasm-bindgen-macro-support v0.2.50
[INFO] [stderr]    Compiling block-cipher-trait v0.6.2
[INFO] [stderr]    Compiling futures-io-preview v0.3.0-alpha.17
[INFO] [stderr]    Compiling pin-utils v0.1.0-alpha.4
[INFO] [stderr]    Compiling wasm-bindgen v0.2.50
[INFO] [stderr]    Compiling curve25519-dalek v1.2.3
[INFO] [stderr]    Compiling merlin v1.2.0
[INFO] [stderr]    Compiling futures-util-preview v0.3.0-alpha.17
[INFO] [stderr]    Compiling parking_lot v0.6.4
[INFO] [stderr]    Compiling wasm-bindgen-macro v0.2.50
[INFO] [stderr]    Compiling webpki v0.19.1
[INFO] [stderr]    Compiling base64 v0.10.1
[INFO] [stderr]    Compiling parity-scale-codec v1.0.5
[INFO] [stderr]    Compiling chrono v0.4.9
[INFO] [stderr]    Compiling sct v0.5.0
[INFO] [stderr]    Compiling parking_lot_core v0.2.14
[INFO] [stderr]    Compiling rand v0.3.23
[INFO] [stderr]    Compiling owning_ref v0.3.3
[INFO] [stderr]    Compiling stream-cipher v0.3.2
[INFO] [stderr]    Compiling snow v0.5.2
[INFO] [stderr]    Compiling parking_lot v0.5.5
[INFO] [stderr]    Compiling ctr v0.3.2
[INFO] [stderr]    Compiling js-sys v0.3.27
[INFO] [stderr]    Compiling futures-executor-preview v0.3.0-alpha.17
[INFO] [stderr]    Compiling rustls v0.15.2
[INFO] [stderr]    Compiling aes-soft v0.3.3
[INFO] [stderr]    Compiling c_linked_list v1.1.1
[INFO] [stderr]    Compiling futures-preview v0.3.0-alpha.17
[INFO] [stderr]    Compiling quick-error v0.1.4
[INFO] [stderr]    Compiling nohash-hasher v0.1.1
[INFO] [stderr]    Compiling impl-codec v0.4.0
[INFO] [stderr]    Compiling primitive-types v0.5.0
[INFO] [stderr]    Compiling static_slice v0.0.3
[INFO] [stderr]    Compiling slog v2.5.2
[INFO] [stderr]    Compiling byteorder v0.5.3
[INFO] [stderr]    Compiling sha1 v0.6.0
[INFO] [stderr]    Compiling cuckoofilter v0.3.2
[INFO] [stderr]    Compiling yamux v0.2.1
[INFO] [stderr]    Compiling aes-ctr v0.3.0
[INFO] [stderr]    Compiling get_if_addrs v0.5.3
[INFO] [stderr]    Compiling aio-limited v0.1.0
[INFO] [stderr]    Compiling x25519-dalek v0.5.2
[INFO] [stderr]    Compiling webpki-roots v0.16.0
[INFO] [stderr]    Compiling twofish v0.2.0
[INFO] [stderr]    Compiling tokio-dns-unofficial v0.4.0
[INFO] [stderr]    Compiling erased-serde v0.3.9
[INFO] [stderr]    Compiling dns-parser v0.8.0
[INFO] [stderr]    Compiling parity-send-wrapper v0.1.0
[INFO] [stderr]    Compiling ipnet v2.0.0
[INFO] [stderr]    Compiling libp2p-core-derive v0.12.0
[INFO] [stderr]    Compiling wasm-bindgen-futures v0.3.27
[INFO] [stderr]    Compiling tokio-rustls v0.10.0-alpha.4
[INFO] [stderr]    Compiling derive_more v0.14.1
[INFO] [stderr]    Compiling strum_macros v0.15.0
[INFO] [stderr]    Compiling parity-bytes v0.1.0 (https://github.com/paritytech/parity-common?rev=b0317f649ab2c665b7987b8475878fc4d2e1f81d#b0317f64)
[INFO] [stderr]    Compiling strum v0.15.0
[INFO] [stderr]    Compiling bitflags v1.1.0
[INFO] [stderr]    Compiling kvdb v0.1.0 (https://github.com/paritytech/parity-common?rev=b0317f649ab2c665b7987b8475878fc4d2e1f81d#b0317f64)
[INFO] [stderr]    Compiling futures-timer v0.2.1
[INFO] [stderr]    Compiling crossbeam-channel v0.3.9
[INFO] [stderr]    Compiling take_mut v0.2.2
[INFO] [stderr]    Compiling arc-swap v0.3.11
[INFO] [stderr]    Compiling slog-scope v4.1.2
[INFO] [stderr]    Compiling slog-async v2.3.0 (https://github.com/paritytech/slog-async#107848e7)
[INFO] [stderr]    Compiling slog-json v2.3.0
[INFO] [stderr]    Compiling substrate-serializer v2.0.0 (https://github.com/paritytech/substrate.git?rev=80a80953311aad10719a471c5ccebdf5406a2e37#80a80953)
[INFO] [stderr]    Compiling substrate-wasm-interface v2.0.0 (https://github.com/paritytech/substrate.git?rev=80a80953311aad10719a471c5ccebdf5406a2e37#80a80953)
[INFO] [stderr]    Compiling hex-literal-impl v0.2.1
[INFO] [stderr]    Compiling parity-wasm v0.31.3
[INFO] [stderr]    Compiling version_check v0.1.5
[INFO] [stderr]    Compiling hex-literal v0.2.1
[INFO] [stderr]    Compiling srml-support-procedural-tools-derive v2.0.0 (https://github.com/paritytech/substrate.git?rev=80a80953311aad10719a471c5ccebdf5406a2e37#80a80953)
[INFO] [stderr]    Compiling safe-mix v1.0.0
[INFO] [stderr]    Compiling bitmask v0.5.0
[INFO] [stderr]    Compiling glob v0.2.11
[INFO] [stderr]    Compiling nom v4.2.3
[INFO] [stderr]    Compiling libloading v0.5.2
[INFO] [stderr]    Compiling atty v0.2.13
[INFO] [stderr]    Compiling substrate-consensus-slots v2.0.0 (https://github.com/paritytech/substrate.git?rev=80a80953311aad10719a471c5ccebdf5406a2e37#80a80953)
[INFO] [stderr]    Compiling unicode-width v0.1.6
[INFO] [stderr]    Compiling clang-sys v0.26.4
[INFO] [stderr]    Compiling textwrap v0.10.0
[INFO] [stderr]    Compiling jsonrpc-core v13.2.0
[INFO] [stderr]    Compiling vec_map v0.8.1
[INFO] [stderr]    Compiling strsim v0.7.0
[INFO] [stderr]    Compiling ansi_term v0.11.0
[INFO] [stderr]    Compiling openssl-sys v0.9.49
[INFO] [stderr]    Compiling humantime v1.3.0
[INFO] [stderr]    Compiling bindgen v0.47.3
[INFO] [stderr]    Compiling clap v2.32.0
[INFO] [stderr]    Compiling linked-hash-map v0.5.2
[INFO] [stderr]    Compiling srml-support-procedural-tools v2.0.0 (https://github.com/paritytech/substrate.git?rev=80a80953311aad10719a471c5ccebdf5406a2e37#80a80953)
[INFO] [stderr]    Compiling termcolor v1.0.5
[INFO] [stderr]    Compiling itertools v0.8.0
[INFO] [stderr]    Compiling unicase v2.5.1
[INFO] [stderr]    Compiling srml-support-procedural v2.0.0 (https://github.com/paritytech/substrate.git?rev=80a80953311aad10719a471c5ccebdf5406a2e37#80a80953)
[INFO] [stderr] The following warnings were emitted during compilation:
[INFO] [stderr] 
[INFO] [stderr] warning: openssl-sys@0.9.49: build/expando.c:4:24: error: pasting "RUST_VERSION_OPENSSL_" and "(" does not give a valid preprocessing token
[INFO] [stderr] warning: openssl-sys@0.9.49:     4 | #define VERSION2(n, v) RUST_VERSION_##n##_##v
[INFO] [stderr] warning: openssl-sys@0.9.49:       |                        ^~~~~~~~~~~~~
[INFO] [stderr] warning: openssl-sys@0.9.49: build/expando.c:5:23: note: in expansion of macro 'VERSION2'
[INFO] [stderr] warning: openssl-sys@0.9.49:     5 | #define VERSION(n, v) VERSION2(n, v)
[INFO] [stderr] warning: openssl-sys@0.9.49:       |                       ^~~~~~~~
[INFO] [stderr] warning: openssl-sys@0.9.49: build/expando.c:10:1: note: in expansion of macro 'VERSION'
[INFO] [stderr] warning: openssl-sys@0.9.49:    10 | VERSION(OPENSSL, OPENSSL_VERSION_NUMBER)
[INFO] [stderr] warning: openssl-sys@0.9.49:       | ^~~~~~~
[INFO] [stderr] 
[INFO] [stderr] error: failed to run custom build command for `openssl-sys v0.9.49`
[INFO] [stderr] note: To improve backtraces for build dependencies, set the CARGO_PROFILE_DEV_BUILD_OVERRIDE_DEBUG=true environment variable to enable debug information generation.
[INFO] [stderr] 
[INFO] [stderr] Caused by:
[INFO] [stderr]   process didn't exit successfully: `/opt/rustwide/target/debug/build/openssl-sys-0c414885a2aa927b/build-script-main` (exit status: 101)
[INFO] [stderr]   --- stdout
[INFO] [stderr]   cargo:rustc-cfg=const_fn
[INFO] [stderr]   cargo:rerun-if-env-changed=X86_64_UNKNOWN_LINUX_GNU_OPENSSL_LIB_DIR
[INFO] [stderr]   X86_64_UNKNOWN_LINUX_GNU_OPENSSL_LIB_DIR unset
[INFO] [stderr]   cargo:rerun-if-env-changed=OPENSSL_LIB_DIR
[INFO] [stderr]   OPENSSL_LIB_DIR unset
[INFO] [stderr]   cargo:rerun-if-env-changed=X86_64_UNKNOWN_LINUX_GNU_OPENSSL_INCLUDE_DIR
[INFO] [stderr]   X86_64_UNKNOWN_LINUX_GNU_OPENSSL_INCLUDE_DIR unset
[INFO] [stderr]   cargo:rerun-if-env-changed=OPENSSL_INCLUDE_DIR
[INFO] [stderr]   OPENSSL_INCLUDE_DIR unset
[INFO] [stderr]   cargo:rerun-if-env-changed=X86_64_UNKNOWN_LINUX_GNU_OPENSSL_DIR
[INFO] [stderr]   X86_64_UNKNOWN_LINUX_GNU_OPENSSL_DIR unset
[INFO] [stderr]   cargo:rerun-if-env-changed=OPENSSL_DIR
[INFO] [stderr]   OPENSSL_DIR unset
[INFO] [stderr]   cargo:rustc-link-lib=ssl
[INFO] [stderr]   cargo:rustc-link-lib=crypto
[INFO] [stderr]   OPT_LEVEL = Some("0")
[INFO] [stderr]   TARGET = Some("x86_64-unknown-linux-gnu")
[INFO] [stderr]   HOST = Some("x86_64-unknown-linux-gnu")
[INFO] [stderr]   CC_x86_64-unknown-linux-gnu = None
[INFO] [stderr]   CC_x86_64_unknown_linux_gnu = None
[INFO] [stderr]   HOST_CC = None
[INFO] [stderr]   CC = None
[INFO] [stderr]   CFLAGS_x86_64-unknown-linux-gnu = None
[INFO] [stderr]   CFLAGS_x86_64_unknown_linux_gnu = None
[INFO] [stderr]   HOST_CFLAGS = None
[INFO] [stderr]   CFLAGS = None
[INFO] [stderr]   CRATE_CC_NO_DEFAULTS = None
[INFO] [stderr]   DEBUG = Some("true")
[INFO] [stderr]   CARGO_CFG_TARGET_FEATURE = Some("fxsr,sse,sse2")
[INFO] [stderr]   running: "cc" "-O0" "-ffunction-sections" "-fdata-sections" "-fPIC" "-g" "-fno-omit-frame-pointer" "-m64" "-I" "/usr/include" "-Wall" "-Wextra" "-E" "build/expando.c"
[INFO] [stderr]   cargo:warning=build/expando.c:4:24: error: pasting "RUST_VERSION_OPENSSL_" and "(" does not give a valid preprocessing token
[INFO] [stderr]   cargo:warning=    4 | #define VERSION2(n, v) RUST_VERSION_##n##_##v
[INFO] [stderr]   cargo:warning=      |                        ^~~~~~~~~~~~~
[INFO] [stderr]   cargo:warning=build/expando.c:5:23: note: in expansion of macro 'VERSION2'
[INFO] [stderr]   cargo:warning=    5 | #define VERSION(n, v) VERSION2(n, v)
[INFO] [stderr]   cargo:warning=      |                       ^~~~~~~~
[INFO] [stderr]   cargo:warning=build/expando.c:10:1: note: in expansion of macro 'VERSION'
[INFO] [stderr]   cargo:warning=   10 | VERSION(OPENSSL, OPENSSL_VERSION_NUMBER)
[INFO] [stderr]   cargo:warning=      | ^~~~~~~
[INFO] [stderr]   exit status: 1
[INFO] [stderr] 
[INFO] [stderr]   --- stderr
[INFO] [stderr]   thread 'main' panicked at /opt/rustwide/cargo-home/registry/src/index.crates.io-6f17d22bba15001f/openssl-sys-0.9.49/build/main.rs:126:13:
[INFO] [stderr] 
[INFO] [stderr]   Header expansion error:
[INFO] [stderr]   Error { kind: ToolExecError, message: "Command \"cc\" \"-O0\" \"-ffunction-sections\" \"-fdata-sections\" \"-fPIC\" \"-g\" \"-fno-omit-frame-pointer\" \"-m64\" \"-I\" \"/usr/include\" \"-Wall\" \"-Wextra\" \"-E\" \"build/expando.c\" with args \"cc\" did not execute successfully (status code exit status: 1)." }
[INFO] [stderr] 
[INFO] [stderr]   Failed to find OpenSSL development headers.
[INFO] [stderr] 
[INFO] [stderr]   You can try fixing this setting the `OPENSSL_DIR` environment variable
[INFO] [stderr]   pointing to your OpenSSL installation or installing OpenSSL headers package
[INFO] [stderr]   specific to your distribution:
[INFO] [stderr] 
[INFO] [stderr]       # On Ubuntu
[INFO] [stderr]       sudo apt-get install libssl-dev
[INFO] [stderr]       # On Arch Linux
[INFO] [stderr]       sudo pacman -S openssl
[INFO] [stderr]       # On Fedora
[INFO] [stderr]       sudo dnf install openssl-devel
[INFO] [stderr] 
[INFO] [stderr]   See rust-openssl README for more information:
[INFO] [stderr] 
[INFO] [stderr]       https://github.com/sfackler/rust-openssl#linux
[INFO] [stderr] 
[INFO] [stderr]   stack backtrace:
[INFO] [stderr]      0:     0x55bc9ab2643c - std::backtrace_rs::backtrace::libunwind::trace::ha637c64ce894333a
[INFO] [stderr]                                  at /rustc/82e1608dfa6e0b5569232559e3d385fea5a93112/library/std/src/../../backtrace/src/backtrace/libunwind.rs:104:5
[INFO] [stderr]      1:     0x55bc9ab2643c - std::backtrace_rs::backtrace::trace_unsynchronized::h47f62dea28e0c88d
[INFO] [stderr]                                  at /rustc/82e1608dfa6e0b5569232559e3d385fea5a93112/library/std/src/../../backtrace/src/backtrace/mod.rs:66:5
[INFO] [stderr]      2:     0x55bc9ab2643c - std::sys_common::backtrace::_print_fmt::h9eef0abe20ede486
[INFO] [stderr]                                  at /rustc/82e1608dfa6e0b5569232559e3d385fea5a93112/library/std/src/sys_common/backtrace.rs:67:5
[INFO] [stderr]      3:     0x55bc9ab2643c - <std::sys_common::backtrace::_print::DisplayBacktrace as core::fmt::Display>::fmt::hed7f999df88cc644
[INFO] [stderr]                                  at /rustc/82e1608dfa6e0b5569232559e3d385fea5a93112/library/std/src/sys_common/backtrace.rs:44:22
[INFO] [stderr]      4:     0x55bc9ab4c5a0 - core::fmt::rt::Argument::fmt::h1539a9308b8d058d
[INFO] [stderr]                                  at /rustc/82e1608dfa6e0b5569232559e3d385fea5a93112/library/core/src/fmt/rt.rs:142:9
[INFO] [stderr]      5:     0x55bc9ab4c5a0 - core::fmt::write::h3a39390d8560d9c9
[INFO] [stderr]                                  at /rustc/82e1608dfa6e0b5569232559e3d385fea5a93112/library/core/src/fmt/mod.rs:1120:17
[INFO] [stderr]      6:     0x55bc9ab23e3f - std::io::Write::write_fmt::h5fc9997dfe05f882
[INFO] [stderr]                                  at /rustc/82e1608dfa6e0b5569232559e3d385fea5a93112/library/std/src/io/mod.rs:1762:15
[INFO] [stderr]      7:     0x55bc9ab26224 - std::sys_common::backtrace::_print::h894006fb5c6f3d45
[INFO] [stderr]                                  at /rustc/82e1608dfa6e0b5569232559e3d385fea5a93112/library/std/src/sys_common/backtrace.rs:47:5
[INFO] [stderr]      8:     0x55bc9ab26224 - std::sys_common::backtrace::print::h23a2d212c6fff936
[INFO] [stderr]                                  at /rustc/82e1608dfa6e0b5569232559e3d385fea5a93112/library/std/src/sys_common/backtrace.rs:34:9
[INFO] [stderr]      9:     0x55bc9ab27a37 - std::panicking::default_hook::{{closure}}::h8a1d2ee00185001a
[INFO] [stderr]     10:     0x55bc9ab2779f - std::panicking::default_hook::h6038f2eba384e475
[INFO] [stderr]                                  at /rustc/82e1608dfa6e0b5569232559e3d385fea5a93112/library/std/src/panicking.rs:292:9
[INFO] [stderr]     11:     0x55bc9ab27eb8 - std::panicking::rust_panic_with_hook::h2b5517d590cab22e
[INFO] [stderr]                                  at /rustc/82e1608dfa6e0b5569232559e3d385fea5a93112/library/std/src/panicking.rs:779:13
[INFO] [stderr]     12:     0x55bc9ab27d9e - std::panicking::begin_panic_handler::{{closure}}::h233112c06e0ef43e
[INFO] [stderr]                                  at /rustc/82e1608dfa6e0b5569232559e3d385fea5a93112/library/std/src/panicking.rs:657:13
[INFO] [stderr]     13:     0x55bc9ab26906 - std::sys_common::backtrace::__rust_end_short_backtrace::h6e893f24d7ebbff8
[INFO] [stderr]                                  at /rustc/82e1608dfa6e0b5569232559e3d385fea5a93112/library/std/src/sys_common/backtrace.rs:170:18
[INFO] [stderr]     14:     0x55bc9ab27b02 - rust_begin_unwind
[INFO] [stderr]                                  at /rustc/82e1608dfa6e0b5569232559e3d385fea5a93112/library/std/src/panicking.rs:645:5
[INFO] [stderr]     15:     0x55bc9aa96685 - core::panicking::panic_fmt::hbf0e066aabfa482c
[INFO] [stderr]                                  at /rustc/82e1608dfa6e0b5569232559e3d385fea5a93112/library/core/src/panicking.rs:72:14
[INFO] [stderr]     16:     0x55bc9aa9e7f9 - build_script_main::validate_headers::h52c8765de70c7925
[INFO] [stderr]     17:     0x55bc9aa9b572 - build_script_main::find::try_pkg_config::hb8b58d20d98d6da7
[INFO] [stderr]     18:     0x55bc9aa9a434 - build_script_main::find::find_openssl_dir::hcd62659e9e9a0e0e
[INFO] [stderr]     19:     0x55bc9aa9a2d2 - build_script_main::find::get_openssl::{{closure}}::hc877733be24cdbf5
[INFO] [stderr]     20:     0x55bc9aaa12c9 - core::option::Option<T>::unwrap_or_else::h2cc3184c22669040
[INFO] [stderr]     21:     0x55bc9aa9a0d1 - build_script_main::find::get_openssl::h26951ad5d566c0e8
[INFO] [stderr]     22:     0x55bc9aa9c2f5 - build_script_main::main::hb602a54c9514510a
[INFO] [stderr]     23:     0x55bc9aaa0223 - core::ops::function::FnOnce::call_once::h468cb41f72c94f74
[INFO] [stderr]     24:     0x55bc9aa9f9c6 - std::sys_common::backtrace::__rust_begin_short_backtrace::h82766ff1a592b5dc
[INFO] [stderr]     25:     0x55bc9aa9faf9 - std::rt::lang_start::{{closure}}::he6bed6668bcc0408
[INFO] [stderr]     26:     0x55bc9ab201c7 - core::ops::function::impls::<impl core::ops::function::FnOnce<A> for &F>::call_once::hd95060ecd5e1ca24
[INFO] [stderr]                                  at /rustc/82e1608dfa6e0b5569232559e3d385fea5a93112/library/core/src/ops/function.rs:284:13
[INFO] [stderr]     27:     0x55bc9ab201c7 - std::panicking::try::do_call::h6e8cf51db32a6e4b
[INFO] [stderr]                                  at /rustc/82e1608dfa6e0b5569232559e3d385fea5a93112/library/std/src/panicking.rs:552:40
[INFO] [stderr]     28:     0x55bc9ab201c7 - std::panicking::try::h3a52eefe24fe3c29
[INFO] [stderr]                                  at /rustc/82e1608dfa6e0b5569232559e3d385fea5a93112/library/std/src/panicking.rs:516:19
[INFO] [stderr]     29:     0x55bc9ab201c7 - std::panic::catch_unwind::h24c28c23c02c3841
[INFO] [stderr]                                  at /rustc/82e1608dfa6e0b5569232559e3d385fea5a93112/library/std/src/panic.rs:142:14
[INFO] [stderr]     30:     0x55bc9ab201c7 - std::rt::lang_start_internal::{{closure}}::h705d3c9cbc06ef47
[INFO] [stderr]                                  at /rustc/82e1608dfa6e0b5569232559e3d385fea5a93112/library/std/src/rt.rs:148:48
[INFO] [stderr]     31:     0x55bc9ab201c7 - std::panicking::try::do_call::ha21f52ba13158470
[INFO] [stderr]                                  at /rustc/82e1608dfa6e0b5569232559e3d385fea5a93112/library/std/src/panicking.rs:552:40
[INFO] [stderr]     32:     0x55bc9ab201c7 - std::panicking::try::h5581346bf6aeb1f8
[INFO] [stderr]                                  at /rustc/82e1608dfa6e0b5569232559e3d385fea5a93112/library/std/src/panicking.rs:516:19
[INFO] [stderr]     33:     0x55bc9ab201c7 - std::panic::catch_unwind::h7919645a6b72e25b
[INFO] [stderr]                                  at /rustc/82e1608dfa6e0b5569232559e3d385fea5a93112/library/std/src/panic.rs:142:14
[INFO] [stderr]     34:     0x55bc9ab201c7 - std::rt::lang_start_internal::h12de51168669836e
[INFO] [stderr]                                  at /rustc/82e1608dfa6e0b5569232559e3d385fea5a93112/library/std/src/rt.rs:148:20
[INFO] [stderr]     35:     0x55bc9aa9fad7 - std::rt::lang_start::h53ed1ada02728a83
[INFO] [stderr]     36:     0x55bc9aa9f545 - main
[INFO] [stderr]     37:     0x7fb7f143cd90 - <unknown>
[INFO] [stderr]     38:     0x7fb7f143ce40 - __libc_start_main
[INFO] [stderr]     39:     0x55bc9aa96e95 - _start
[INFO] [stderr]     40:                0x0 - <unknown>
[INFO] [stderr] warning: build failed, waiting for other jobs to finish...
[INFO] running `Command { std: "docker" "inspect" "f1f06bc079161dbc03bc47f62fc37361cd9f878fa9ef9ac2b87aaf26e1ab8d4c", kill_on_drop: false }`
[INFO] running `Command { std: "docker" "rm" "-f" "f1f06bc079161dbc03bc47f62fc37361cd9f878fa9ef9ac2b87aaf26e1ab8d4c", kill_on_drop: false }`
[INFO] [stdout] f1f06bc079161dbc03bc47f62fc37361cd9f878fa9ef9ac2b87aaf26e1ab8d4c
