[INFO] cloning repository https://github.com/9999years/envmgr
[INFO] running `Command { std: "git" "-c" "credential.helper=" "-c" "credential.helper=/workspace/cargo-home/bin/git-credential-null" "clone" "--bare" "https://github.com/9999years/envmgr" "/workspace/cache/git-repos/https%3A%2F%2Fgithub.com%2F9999years%2Fenvmgr", kill_on_drop: false }`
[INFO] [stderr] Cloning into bare repository '/workspace/cache/git-repos/https%3A%2F%2Fgithub.com%2F9999years%2Fenvmgr'...
[INFO] running `Command { std: "git" "rev-parse" "HEAD", kill_on_drop: false }`
[INFO] [stdout] d481c40d5963ba84fdd05b1eb974929387994eb8
[INFO] testing 9999years/envmgr against 1.75.0 for beta-1.76-1
[INFO] running `Command { std: "git" "clone" "/workspace/cache/git-repos/https%3A%2F%2Fgithub.com%2F9999years%2Fenvmgr" "/workspace/builds/worker-5-tc1/source", kill_on_drop: false }`
[INFO] [stderr] Cloning into '/workspace/builds/worker-5-tc1/source'...
[INFO] [stderr] done.
[INFO] validating manifest of git repo https://github.com/9999years/envmgr on toolchain 1.75.0
[INFO] running `Command { std: CARGO_HOME="/workspace/cargo-home" RUSTUP_HOME="/workspace/rustup-home" "/workspace/cargo-home/bin/cargo" "+1.75.0" "metadata" "--manifest-path" "Cargo.toml" "--no-deps", kill_on_drop: false }`
[INFO] started tweaking git repo https://github.com/9999years/envmgr
[INFO] finished tweaking git repo https://github.com/9999years/envmgr
[INFO] tweaked toml for git repo https://github.com/9999years/envmgr written to /workspace/builds/worker-5-tc1/source/Cargo.toml
[INFO] crate git repo https://github.com/9999years/envmgr already has a lockfile, it will not be regenerated
[INFO] running `Command { std: CARGO_HOME="/workspace/cargo-home" RUSTUP_HOME="/workspace/rustup-home" "/workspace/cargo-home/bin/cargo" "+1.75.0" "fetch" "--manifest-path" "Cargo.toml", kill_on_drop: false }`
[INFO] [stderr]  Downloading crates ...
[INFO] [stderr]   Downloaded eyre v0.6.0
[INFO] [stderr]   Downloaded tracing-serde v0.1.1
[INFO] [stderr]   Downloaded tracing-core v0.1.13
[INFO] [stderr]   Downloaded shellexpand v2.0.0
[INFO] [stderr]   Downloaded tracing-attributes v0.1.9
[INFO] [stderr]   Downloaded addr2line v0.13.0
[INFO] [stderr]   Downloaded sharded-slab v0.0.9
[INFO] [stderr]   Downloaded miniz_oxide v0.4.0
[INFO] [stderr]   Downloaded backtrace v0.3.50
[INFO] [stderr]   Downloaded object v0.20.0
[INFO] [stderr]   Downloaded tracing-subscriber v0.2.10
[INFO] [stderr]   Downloaded color-spantrace v0.1.4
[INFO] [stderr]   Downloaded tracing v0.1.18
[INFO] [stderr]   Downloaded color-eyre v0.5.1
[INFO] running `Command { std: "docker" "create" "-v" "/var/lib/crater-agent-workspace/builds/worker-5-tc1/target:/opt/rustwide/target:rw,Z" "-v" "/var/lib/crater-agent-workspace/builds/worker-5-tc1/source:/opt/rustwide/workdir:ro,Z" "-v" "/var/lib/crater-agent-workspace/cargo-home:/opt/rustwide/cargo-home:ro,Z" "-v" "/var/lib/crater-agent-workspace/rustup-home:/opt/rustwide/rustup-home:ro,Z" "-e" "SOURCE_DIR=/opt/rustwide/workdir" "-e" "CARGO_TARGET_DIR=/opt/rustwide/target" "-e" "CARGO_HOME=/opt/rustwide/cargo-home" "-e" "RUSTUP_HOME=/opt/rustwide/rustup-home" "-w" "/opt/rustwide/workdir" "-m" "1610612736" "--user" "0:0" "--network" "none" "ghcr.io/rust-lang/crates-build-env/linux@sha256:2788e3201cd34a07e3172128adcd8b3090168a8e3bcc40d7c032b9dda1df7d1c" "/opt/rustwide/cargo-home/bin/cargo" "+1.75.0" "metadata" "--no-deps" "--format-version=1", kill_on_drop: false }`
[INFO] [stdout] c7fce44cddbef29236c12ed8952a0e73691718420c974c6457243e0ef328be29
[INFO] running `Command { std: "docker" "start" "-a" "c7fce44cddbef29236c12ed8952a0e73691718420c974c6457243e0ef328be29", kill_on_drop: false }`
[INFO] running `Command { std: "docker" "inspect" "c7fce44cddbef29236c12ed8952a0e73691718420c974c6457243e0ef328be29", kill_on_drop: false }`
[INFO] running `Command { std: "docker" "rm" "-f" "c7fce44cddbef29236c12ed8952a0e73691718420c974c6457243e0ef328be29", kill_on_drop: false }`
[INFO] [stdout] c7fce44cddbef29236c12ed8952a0e73691718420c974c6457243e0ef328be29
[INFO] running `Command { std: "docker" "create" "-v" "/var/lib/crater-agent-workspace/builds/worker-5-tc1/target:/opt/rustwide/target:rw,Z" "-v" "/var/lib/crater-agent-workspace/builds/worker-5-tc1/source:/opt/rustwide/workdir:ro,Z" "-v" "/var/lib/crater-agent-workspace/cargo-home:/opt/rustwide/cargo-home:ro,Z" "-v" "/var/lib/crater-agent-workspace/rustup-home:/opt/rustwide/rustup-home:ro,Z" "-e" "SOURCE_DIR=/opt/rustwide/workdir" "-e" "CARGO_TARGET_DIR=/opt/rustwide/target" "-e" "CARGO_INCREMENTAL=0" "-e" "RUST_BACKTRACE=full" "-e" "RUSTFLAGS=--cap-lints=warn" "-e" "RUSTDOCFLAGS=--cap-lints=warn" "-e" "CARGO_HOME=/opt/rustwide/cargo-home" "-e" "RUSTUP_HOME=/opt/rustwide/rustup-home" "-w" "/opt/rustwide/workdir" "-m" "1610612736" "--user" "0:0" "--network" "none" "ghcr.io/rust-lang/crates-build-env/linux@sha256:2788e3201cd34a07e3172128adcd8b3090168a8e3bcc40d7c032b9dda1df7d1c" "/opt/rustwide/cargo-home/bin/cargo" "+1.75.0" "build" "--frozen" "--message-format=json", kill_on_drop: false }`
[INFO] [stdout] b63233281d036ab55285cc303f8badb2a863266cb30801a2c2ab26d3f8df8304
[INFO] running `Command { std: "docker" "start" "-a" "b63233281d036ab55285cc303f8badb2a863266cb30801a2c2ab26d3f8df8304", kill_on_drop: false }`
[INFO] [stderr]    Compiling proc-macro2 v1.0.19
[INFO] [stderr]    Compiling unicode-xid v0.2.1
[INFO] [stderr]    Compiling syn v1.0.38
[INFO] [stderr]    Compiling libc v0.2.74
[INFO] [stderr]    Compiling autocfg v1.0.0
[INFO] [stderr]    Compiling serde_derive v1.0.114
[INFO] [stderr]    Compiling serde v1.0.114
[INFO] [stderr]    Compiling memchr v2.3.3
[INFO] [stderr]    Compiling byteorder v1.3.4
[INFO] [stderr]    Compiling version_check v0.9.2
[INFO] [stderr]    Compiling tracing-core v0.1.13
[INFO] [stderr]    Compiling log v0.4.11
[INFO] [stderr]    Compiling regex-syntax v0.6.18
[INFO] [stderr]    Compiling num-traits v0.2.12
[INFO] [stderr]    Compiling num-integer v0.1.43
[INFO] [stderr]    Compiling ryu v1.0.5
[INFO] [stderr]    Compiling quote v1.0.7
[INFO] [stderr]    Compiling serde_json v1.0.57
[INFO] [stderr]    Compiling time v0.1.43
[INFO] [stderr]    Compiling aho-corasick v0.7.13
[INFO] [stderr]    Compiling proc-macro-error-attr v1.0.4
[INFO] [stderr]    Compiling thread_local v1.0.1
[INFO] [stderr]    Compiling itoa v0.4.6
[INFO] [stderr]    Compiling tracing-log v0.1.1
[INFO] [stderr]    Compiling proc-macro-error v1.0.4
[INFO] [stderr]    Compiling sharded-slab v0.0.9
[INFO] [stderr]    Compiling ansi_term v0.12.1
[INFO] [stderr]    Compiling chrono v0.4.13
[INFO] [stderr]    Compiling ansi_term v0.11.0
[INFO] [stderr]    Compiling bitflags v1.2.1
[INFO] [stderr]    Compiling smallvec v1.4.1
[INFO] [stderr]    Compiling dirs-sys v0.3.5
[INFO] [stderr]    Compiling unicode-width v0.1.8
[INFO] [stderr]    Compiling regex-automata v0.1.9
[INFO] [stderr]    Compiling regex v1.3.9
[INFO] [stderr]    Compiling gimli v0.22.0
[INFO] [stderr]    Compiling adler v0.2.3
[INFO] [stderr]    Compiling unicode-segmentation v1.6.0
[INFO] [stderr]    Compiling matchers v0.0.1
[INFO] [stderr]    Compiling eyre v0.6.0
[INFO] [stderr]    Compiling heck v0.3.1
[INFO] [stderr]    Compiling miniz_oxide v0.4.0
[INFO] [stderr]    Compiling textwrap v0.11.0
[INFO] [stderr]    Compiling atty v0.2.14
[INFO] [stderr]    Compiling vec_map v0.8.2
[INFO] [stderr]    Compiling object v0.20.0
[INFO] [stderr]    Compiling strsim v0.8.0
[INFO] [stderr]    Compiling indenter v0.3.0
[INFO] [stderr]    Compiling once_cell v1.4.0
[INFO] [stderr]    Compiling rustc-demangle v0.1.16
[INFO] [stderr]    Compiling linked-hash-map v0.5.3
[INFO] [stderr]    Compiling clap v2.33.2
[INFO] [stderr]    Compiling yaml-rust v0.4.4
[INFO] [stderr]    Compiling dirs v2.0.2
[INFO] [stderr]    Compiling dtoa v0.4.6
[INFO] [stderr]    Compiling addr2line v0.13.0
[INFO] [stderr]    Compiling shellexpand v2.0.0
[INFO] [stderr]    Compiling dirs v3.0.1
[INFO] [stderr]    Compiling wyz v0.2.0
[INFO] [stderr]    Compiling backtrace v0.3.50
[INFO] [stderr]    Compiling tracing-attributes v0.1.9
[INFO] [stderr]    Compiling structopt-derive v0.4.9
[INFO] [stderr]    Compiling tracing v0.1.18
[INFO] [stderr]    Compiling structopt v0.3.16
[INFO] [stderr]    Compiling tracing-serde v0.1.1
[INFO] [stderr]    Compiling serde_yaml v0.8.13
[INFO] [stderr]    Compiling tracing-subscriber v0.2.10
[INFO] [stderr]    Compiling tracing-error v0.1.2
[INFO] [stderr]    Compiling color-spantrace v0.1.4
[INFO] [stderr]    Compiling color-eyre v0.5.1
[INFO] [stderr]    Compiling envmgr v0.1.0 (/opt/rustwide/workdir)
[INFO] [stdout] error: associated type in `impl` without body
[INFO] [stdout]   --> src/eval/mod.rs:85:5
[INFO] [stdout]    |
[INFO] [stdout] 85 |     type Output;
[INFO] [stdout]    |     ^^^^^^^^^^^-
[INFO] [stdout]    |                |
[INFO] [stdout]    |                help: provide a definition for the type: `= <type>;`
[INFO] [stdout] 
[INFO] [stdout] 
[INFO] [stdout] error: associated type in `impl` without body
[INFO] [stdout]   --> src/eval/mod.rs:86:5
[INFO] [stdout]    |
[INFO] [stdout] 86 |     type Environment;
[INFO] [stdout]    |     ^^^^^^^^^^^^^^^^-
[INFO] [stdout]    |                     |
[INFO] [stdout]    |                     help: provide a definition for the type: `= <type>;`
[INFO] [stdout] 
[INFO] [stdout] 
[INFO] [stdout] error[E0432]: unresolved import `crate::data::Condition`
[INFO] [stdout]   --> src/eval/condition.rs:10:5
[INFO] [stdout]    |
[INFO] [stdout] 10 | use crate::data::Condition;
[INFO] [stdout]    |     ^^^^^^^^^^^^^---------
[INFO] [stdout]    |     |            |
[INFO] [stdout]    |     |            help: a similar name exists in the module (notice the capitalization): `condition`
[INFO] [stdout]    |     no `Condition` in `data`
[INFO] [stdout] 
[INFO] [stdout] 
[INFO] [stdout] error[E0412]: cannot find type `VarEntries` in this scope
[INFO] [stdout]   --> src/data/de/impls.rs:73:57
[INFO] [stdout]    |
[INFO] [stdout] 73 | impl Into<HashMap<String, super::super::VarConfig>> for VarEntries {
[INFO] [stdout]    |                                                         ^^^^^^^^^^ not found in this scope
[INFO] [stdout] 
[INFO] [stdout] 
[INFO] [stdout] error[E0412]: cannot find type `VarConfigWrapper` in this scope
[INFO] [stdout]   --> src/data/de/impls.rs:81:11
[INFO] [stdout]    |
[INFO] [stdout] 81 | impl From<VarConfigWrapper> for super::super::VarConfig {
[INFO] [stdout]    |           ^^^^^^^^^^^^^^^^ not found in this scope
[INFO] [stdout]    |
[INFO] [stdout] help: you might be missing a type parameter
[INFO] [stdout]    |
[INFO] [stdout] 81 | impl<VarConfigWrapper> From<VarConfigWrapper> for super::super::VarConfig {
[INFO] [stdout]    |     ++++++++++++++++++
[INFO] [stdout] 
[INFO] [stdout] 
[INFO] [stdout] error[E0412]: cannot find type `VarConfigWrapper` in this scope
[INFO] [stdout]   --> src/data/de/impls.rs:82:21
[INFO] [stdout]    |
[INFO] [stdout] 82 |     fn from(config: VarConfigWrapper) -> Self {
[INFO] [stdout]    |                     ^^^^^^^^^^^^^^^^ not found in this scope
[INFO] [stdout] 
[INFO] [stdout] 
[INFO] [stdout] error[E0412]: cannot find type `DirEntry` in module `super::super`
[INFO] [stdout]   --> src/data/de/impls.rs:88:61
[INFO] [stdout]    |
[INFO] [stdout] 88 |                     .map(|entry| entry.conv::<super::super::DirEntry>())
[INFO] [stdout]    |                                                             ^^^^^^^^ not found in `super::super`
[INFO] [stdout]    |
[INFO] [stdout] help: consider importing one of these items
[INFO] [stdout]    |
[INFO] [stdout] 1  + use crate::data::de::DirEntry;
[INFO] [stdout]    |
[INFO] [stdout] 1  + use std::fs::DirEntry;
[INFO] [stdout]    |
[INFO] [stdout] help: if you import `DirEntry`, refer to it directly
[INFO] [stdout]    |
[INFO] [stdout] 88 -                     .map(|entry| entry.conv::<super::super::DirEntry>())
[INFO] [stdout] 88 +                     .map(|entry| entry.conv::<DirEntry>())
[INFO] [stdout]    |
[INFO] [stdout] 
[INFO] [stdout] 
[INFO] [stdout] error[E0422]: cannot find struct, variant or union type `DirEntry` in module `super::super`
[INFO] [stdout]   --> src/data/de/impls.rs:94:43
[INFO] [stdout]    |
[INFO] [stdout] 94 |                 paths: vec![super::super::DirEntry {
[INFO] [stdout]    |                                           ^^^^^^^^ not found in `super::super`
[INFO] [stdout]    |
[INFO] [stdout] help: consider importing this struct
[INFO] [stdout]    |
[INFO] [stdout] 1  + use std::fs::DirEntry;
[INFO] [stdout]    |
[INFO] [stdout] help: if you import `DirEntry`, refer to it directly
[INFO] [stdout]    |
[INFO] [stdout] 94 -                 paths: vec![super::super::DirEntry {
[INFO] [stdout] 94 +                 paths: vec![DirEntry {
[INFO] [stdout]    |
[INFO] [stdout] 
[INFO] [stdout] 
[INFO] [stdout] error[E0412]: cannot find type `DirEntry` in module `super::super`
[INFO] [stdout]    --> src/data/de/impls.rs:110:57
[INFO] [stdout]     |
[INFO] [stdout] 110 |                 .map(|entry| entry.conv::<super::super::DirEntry>())
[INFO] [stdout]     |                                                         ^^^^^^^^ not found in `super::super`
[INFO] [stdout]     |
[INFO] [stdout] help: consider importing one of these items
[INFO] [stdout]     |
[INFO] [stdout] 1   + use crate::data::de::DirEntry;
[INFO] [stdout]     |
[INFO] [stdout] 1   + use std::fs::DirEntry;
[INFO] [stdout]     |
[INFO] [stdout] help: if you import `DirEntry`, refer to it directly
[INFO] [stdout]     |
[INFO] [stdout] 110 -                 .map(|entry| entry.conv::<super::super::DirEntry>())
[INFO] [stdout] 110 +                 .map(|entry| entry.conv::<DirEntry>())
[INFO] [stdout]     |
[INFO] [stdout] 
[INFO] [stdout] 
[INFO] [stdout] error[E0412]: cannot find type `DirEntry` in module `super::super`
[INFO] [stdout]    --> src/data/de/impls.rs:116:39
[INFO] [stdout]     |
[INFO] [stdout] 116 | impl From<DirEntry> for super::super::DirEntry {
[INFO] [stdout]     |                                       ^^^^^^^^ not found in `super::super`
[INFO] [stdout]     |
[INFO] [stdout] help: consider importing one of these items
[INFO] [stdout]     |
[INFO] [stdout] 1   + use crate::data::de::DirEntry;
[INFO] [stdout]     |
[INFO] [stdout] 1   + use std::fs::DirEntry;
[INFO] [stdout]     |
[INFO] [stdout] help: if you import `DirEntry`, refer to it directly
[INFO] [stdout]     |
[INFO] [stdout] 116 - impl From<DirEntry> for super::super::DirEntry {
[INFO] [stdout] 116 + impl From<DirEntry> for DirEntry {
[INFO] [stdout]     |
[INFO] [stdout] 
[INFO] [stdout] 
[INFO] [stdout] error[E0412]: cannot find type `Condition` in this scope
[INFO] [stdout]   --> src/data/mod.rs:15:32
[INFO] [stdout]    |
[INFO] [stdout] 15 |     pub tests: HashMap<String, Condition>,
[INFO] [stdout]    |                                ^^^^^^^^^
[INFO] [stdout]    |
[INFO] [stdout]   ::: src/data/condition.rs:4:1
[INFO] [stdout]    |
[INFO] [stdout] 4  | pub struct ConditionEl<T> {
[INFO] [stdout]    | ------------------------- similarly named struct `ConditionEl` defined here
[INFO] [stdout]    |
[INFO] [stdout] help: a struct with a similar name exists
[INFO] [stdout]    |
[INFO] [stdout] 15 |     pub tests: HashMap<String, ConditionEl>,
[INFO] [stdout]    |                                ~~~~~~~~~~~
[INFO] [stdout] help: consider importing this enum through its public re-export
[INFO] [stdout]    |
[INFO] [stdout] 1  + use crate::data::de::Condition;
[INFO] [stdout]    |
[INFO] [stdout] 
[INFO] [stdout] 
[INFO] [stdout] error[E0412]: cannot find type `DirEntry` in this scope
[INFO] [stdout]   --> src/eval/mod.rs:73:15
[INFO] [stdout]    |
[INFO] [stdout] 73 | impl Eval for DirEntry {
[INFO] [stdout]    |               ^^^^^^^^ not found in this scope
[INFO] [stdout]    |
[INFO] [stdout] help: consider importing this struct
[INFO] [stdout]    |
[INFO] [stdout] 1  + use std::fs::DirEntry;
[INFO] [stdout]    |
[INFO] [stdout] 
[INFO] [stdout] 
[INFO] [stdout] warning: unused import: `info`
[INFO] [stdout]  --> src/main.rs:9:15
[INFO] [stdout]   |
[INFO] [stdout] 9 | use tracing::{info, instrument};
[INFO] [stdout]   |               ^^^^
[INFO] [stdout]   |
[INFO] [stdout]   = note: `#[warn(unused_imports)]` on by default
[INFO] [stdout] 
[INFO] [stdout] 
[INFO] [stdout] warning: unused import: `impls::*`
[INFO] [stdout]   --> src/data/de/mod.rs:11:9
[INFO] [stdout]    |
[INFO] [stdout] 11 | pub use impls::*;
[INFO] [stdout]    |         ^^^^^^^^
[INFO] [stdout] 
[INFO] [stdout] 
[INFO] [stdout] warning: unused import: `impls::*`
[INFO] [stdout]  --> src/data/mod.rs:7:9
[INFO] [stdout]   |
[INFO] [stdout] 7 | pub use impls::*;
[INFO] [stdout]   |         ^^^^^^^^
[INFO] [stdout] 
[INFO] [stdout] 
[INFO] [stdout] warning: unused import: `self`
[INFO] [stdout]  --> src/data/condition.rs:1:17
[INFO] [stdout]   |
[INFO] [stdout] 1 | use super::de::{self, Condition};
[INFO] [stdout]   |                 ^^^^
[INFO] [stdout] 
[INFO] [stdout] 
[INFO] [stdout] error[E0433]: failed to resolve: use of undeclared type `VarConfigWrapper`
[INFO] [stdout]   --> src/data/de/impls.rs:84:13
[INFO] [stdout]    |
[INFO] [stdout] 84 |             VarConfigWrapper::Entries(paths) => Self {
[INFO] [stdout]    |             ^^^^^^^^^^^^^^^^ use of undeclared type `VarConfigWrapper`
[INFO] [stdout] 
[INFO] [stdout] 
[INFO] [stdout] error[E0433]: failed to resolve: use of undeclared type `VarConfigWrapper`
[INFO] [stdout]   --> src/data/de/impls.rs:91:13
[INFO] [stdout]    |
[INFO] [stdout] 91 |             VarConfigWrapper::Full(cfg) => cfg.into(),
[INFO] [stdout]    |             ^^^^^^^^^^^^^^^^ use of undeclared type `VarConfigWrapper`
[INFO] [stdout] 
[INFO] [stdout] 
[INFO] [stdout] error[E0433]: failed to resolve: use of undeclared type `VarConfigWrapper`
[INFO] [stdout]   --> src/data/de/impls.rs:92:13
[INFO] [stdout]    |
[INFO] [stdout] 92 |             VarConfigWrapper::SingleString(path) => Self {
[INFO] [stdout]    |             ^^^^^^^^^^^^^^^^ use of undeclared type `VarConfigWrapper`
[INFO] [stdout] 
[INFO] [stdout] 
[INFO] [stdout] error: aborting due to 15 previous errors; 4 warnings emitted
[INFO] [stdout] 
[INFO] [stdout] 
[INFO] [stdout] Some errors have detailed explanations: E0412, E0422, E0432, E0433.
[INFO] [stdout] 
[INFO] [stdout] For more information about an error, try `rustc --explain E0412`.
[INFO] [stdout] 
[INFO] [stderr] error: could not compile `envmgr` (bin "envmgr") due to 16 previous errors; 4 warnings emitted
[INFO] running `Command { std: "docker" "inspect" "b63233281d036ab55285cc303f8badb2a863266cb30801a2c2ab26d3f8df8304", kill_on_drop: false }`
[INFO] running `Command { std: "docker" "rm" "-f" "b63233281d036ab55285cc303f8badb2a863266cb30801a2c2ab26d3f8df8304", kill_on_drop: false }`
[INFO] [stdout] b63233281d036ab55285cc303f8badb2a863266cb30801a2c2ab26d3f8df8304
