[INFO] cloning repository https://github.com/8ctopotamus/rust-crud-api
[INFO] running `Command { std: "git" "-c" "credential.helper=" "-c" "credential.helper=/workspace/cargo-home/bin/git-credential-null" "clone" "--bare" "https://github.com/8ctopotamus/rust-crud-api" "/workspace/cache/git-repos/https%3A%2F%2Fgithub.com%2F8ctopotamus%2Frust-crud-api", kill_on_drop: false }`
[INFO] [stderr] Cloning into bare repository '/workspace/cache/git-repos/https%3A%2F%2Fgithub.com%2F8ctopotamus%2Frust-crud-api'...
[INFO] running `Command { std: "git" "rev-parse" "HEAD", kill_on_drop: false }`
[INFO] [stdout] 871cd335c3772ef1cfb2cf26fc2ec6376335cea5
[INFO] testing 8ctopotamus/rust-crud-api against 1.75.0 for beta-1.76-1
[INFO] running `Command { std: "git" "clone" "/workspace/cache/git-repos/https%3A%2F%2Fgithub.com%2F8ctopotamus%2Frust-crud-api" "/workspace/builds/worker-2-tc1/source", kill_on_drop: false }`
[INFO] [stderr] Cloning into '/workspace/builds/worker-2-tc1/source'...
[INFO] [stderr] done.
[INFO] validating manifest of git repo https://github.com/8ctopotamus/rust-crud-api on toolchain 1.75.0
[INFO] running `Command { std: CARGO_HOME="/workspace/cargo-home" RUSTUP_HOME="/workspace/rustup-home" "/workspace/cargo-home/bin/cargo" "+1.75.0" "metadata" "--manifest-path" "Cargo.toml" "--no-deps", kill_on_drop: false }`
[INFO] started tweaking git repo https://github.com/8ctopotamus/rust-crud-api
[INFO] finished tweaking git repo https://github.com/8ctopotamus/rust-crud-api
[INFO] tweaked toml for git repo https://github.com/8ctopotamus/rust-crud-api written to /workspace/builds/worker-2-tc1/source/Cargo.toml
[INFO] crate git repo https://github.com/8ctopotamus/rust-crud-api already has a lockfile, it will not be regenerated
[INFO] running `Command { std: CARGO_HOME="/workspace/cargo-home" RUSTUP_HOME="/workspace/rustup-home" "/workspace/cargo-home/bin/cargo" "+1.75.0" "fetch" "--manifest-path" "Cargo.toml", kill_on_drop: false }`
[INFO] [stderr]  Downloading crates ...
[INFO] [stderr]   Downloaded tokio-postgres v0.7.8
[INFO] [stderr]   Downloaded phf v0.11.1
[INFO] [stderr]   Downloaded phf_shared v0.11.1
[INFO] [stderr]   Downloaded postgres-protocol v0.6.5
[INFO] [stderr]   Downloaded postgres-types v0.2.5
[INFO] [stderr]   Downloaded postgres v0.19.5
[INFO] [stderr]   Downloaded socket2 v0.5.2
[INFO] running `Command { std: "docker" "create" "-v" "/var/lib/crater-agent-workspace/builds/worker-2-tc1/target:/opt/rustwide/target:rw,Z" "-v" "/var/lib/crater-agent-workspace/builds/worker-2-tc1/source:/opt/rustwide/workdir:ro,Z" "-v" "/var/lib/crater-agent-workspace/cargo-home:/opt/rustwide/cargo-home:ro,Z" "-v" "/var/lib/crater-agent-workspace/rustup-home:/opt/rustwide/rustup-home:ro,Z" "-e" "SOURCE_DIR=/opt/rustwide/workdir" "-e" "CARGO_TARGET_DIR=/opt/rustwide/target" "-e" "CARGO_HOME=/opt/rustwide/cargo-home" "-e" "RUSTUP_HOME=/opt/rustwide/rustup-home" "-w" "/opt/rustwide/workdir" "-m" "1610612736" "--user" "0:0" "--network" "none" "ghcr.io/rust-lang/crates-build-env/linux@sha256:2788e3201cd34a07e3172128adcd8b3090168a8e3bcc40d7c032b9dda1df7d1c" "/opt/rustwide/cargo-home/bin/cargo" "+1.75.0" "metadata" "--no-deps" "--format-version=1", kill_on_drop: false }`
[INFO] [stdout] f0a469e94db16bce0db5d00b1260e9f83346625661770c32c6d0fa2d49e5f65d
[INFO] running `Command { std: "docker" "start" "-a" "f0a469e94db16bce0db5d00b1260e9f83346625661770c32c6d0fa2d49e5f65d", kill_on_drop: false }`
[INFO] running `Command { std: "docker" "inspect" "f0a469e94db16bce0db5d00b1260e9f83346625661770c32c6d0fa2d49e5f65d", kill_on_drop: false }`
[INFO] running `Command { std: "docker" "rm" "-f" "f0a469e94db16bce0db5d00b1260e9f83346625661770c32c6d0fa2d49e5f65d", kill_on_drop: false }`
[INFO] [stdout] f0a469e94db16bce0db5d00b1260e9f83346625661770c32c6d0fa2d49e5f65d
[INFO] running `Command { std: "docker" "create" "-v" "/var/lib/crater-agent-workspace/builds/worker-2-tc1/target:/opt/rustwide/target:rw,Z" "-v" "/var/lib/crater-agent-workspace/builds/worker-2-tc1/source:/opt/rustwide/workdir:ro,Z" "-v" "/var/lib/crater-agent-workspace/cargo-home:/opt/rustwide/cargo-home:ro,Z" "-v" "/var/lib/crater-agent-workspace/rustup-home:/opt/rustwide/rustup-home:ro,Z" "-e" "SOURCE_DIR=/opt/rustwide/workdir" "-e" "CARGO_TARGET_DIR=/opt/rustwide/target" "-e" "CARGO_INCREMENTAL=0" "-e" "RUST_BACKTRACE=full" "-e" "RUSTFLAGS=--cap-lints=warn" "-e" "RUSTDOCFLAGS=--cap-lints=warn" "-e" "CARGO_HOME=/opt/rustwide/cargo-home" "-e" "RUSTUP_HOME=/opt/rustwide/rustup-home" "-w" "/opt/rustwide/workdir" "-m" "1610612736" "--user" "0:0" "--network" "none" "ghcr.io/rust-lang/crates-build-env/linux@sha256:2788e3201cd34a07e3172128adcd8b3090168a8e3bcc40d7c032b9dda1df7d1c" "/opt/rustwide/cargo-home/bin/cargo" "+1.75.0" "build" "--frozen" "--message-format=json", kill_on_drop: false }`
[INFO] [stdout] 5fec8f6b97cde75834ee2df185aa2560dce65aa024ab13848c48c848e0e99390
[INFO] running `Command { std: "docker" "start" "-a" "5fec8f6b97cde75834ee2df185aa2560dce65aa024ab13848c48c848e0e99390", kill_on_drop: false }`
[INFO] [stderr]    Compiling libc v0.2.142
[INFO] [stderr]    Compiling typenum v1.16.0
[INFO] [stderr]    Compiling proc-macro2 v1.0.56
[INFO] [stderr]    Compiling quote v1.0.26
[INFO] [stderr]    Compiling unicode-ident v1.0.8
[INFO] [stderr]    Compiling subtle v2.4.1
[INFO] [stderr]    Compiling tinyvec_macros v0.1.1
[INFO] [stderr]    Compiling futures-core v0.3.28
[INFO] [stderr]    Compiling bytes v1.4.0
[INFO] [stderr]    Compiling cpufeatures v0.2.7
[INFO] [stderr]    Compiling generic-array v0.14.7
[INFO] [stderr]    Compiling slab v0.4.8
[INFO] [stderr]    Compiling tokio v1.28.0
[INFO] [stderr]    Compiling parking_lot_core v0.9.7
[INFO] [stderr]    Compiling once_cell v1.17.1
[INFO] [stderr]    Compiling futures-sink v0.3.28
[INFO] [stderr]    Compiling tinyvec v1.6.0
[INFO] [stderr]    Compiling unicode-bidi v0.3.13
[INFO] [stderr]    Compiling futures-task v0.3.28
[INFO] [stderr]    Compiling async-trait v0.1.68
[INFO] [stderr]    Compiling futures-channel v0.3.28
[INFO] [stderr]    Compiling tracing-core v0.1.30
[INFO] [stderr]    Compiling futures-util v0.3.28
[INFO] [stderr]    Compiling fallible-iterator v0.2.0
[INFO] [stderr]    Compiling base64 v0.21.0
[INFO] [stderr]    Compiling phf_shared v0.11.1
[INFO] [stderr]    Compiling serde v1.0.162
[INFO] [stderr]    Compiling serde_json v1.0.96
[INFO] [stderr]    Compiling phf v0.11.1
[INFO] [stderr]    Compiling serde_derive v1.0.162
[INFO] [stderr]    Compiling ryu v1.0.13
[INFO] [stderr]    Compiling itoa v1.0.6
[INFO] [stderr]    Compiling tracing v0.1.37
[INFO] [stderr]    Compiling syn v2.0.15
[INFO] [stderr]    Compiling unicode-normalization v0.1.22
[INFO] [stderr]    Compiling getrandom v0.2.9
[INFO] [stderr]    Compiling mio v0.8.6
[INFO] [stderr]    Compiling socket2 v0.4.9
[INFO] [stderr]    Compiling socket2 v0.5.2
[INFO] [stderr]    Compiling rand_core v0.6.4
[INFO] [stderr]    Compiling parking_lot v0.12.1
[INFO] [stderr]    Compiling rand_chacha v0.3.1
[INFO] [stderr]    Compiling stringprep v0.1.2
[INFO] [stderr]    Compiling rand v0.8.5
[INFO] [stderr]    Compiling crypto-common v0.1.6
[INFO] [stderr]    Compiling block-buffer v0.10.4
[INFO] [stderr]    Compiling digest v0.10.6
[INFO] [stderr]    Compiling hmac v0.12.1
[INFO] [stderr]    Compiling md-5 v0.10.5
[INFO] [stderr]    Compiling sha2 v0.10.6
[INFO] [stderr]    Compiling postgres-protocol v0.6.5
[INFO] [stderr]    Compiling postgres-types v0.2.5
[INFO] [stderr]    Compiling futures-macro v0.3.28
[INFO] [stderr]    Compiling tokio-util v0.7.8
[INFO] [stderr]    Compiling tokio-postgres v0.7.8
[INFO] [stderr]    Compiling postgres v0.19.5
[INFO] [stderr]    Compiling rust-crud-api v0.1.0 (/opt/rustwide/workdir)
[INFO] [stdout] error: expected `,`, found `:`
[INFO] [stdout]   --> src/main.rs:31:53
[INFO] [stdout]    |
[INFO] [stdout] 31 |     let listener = TcpListener::bind(format!(0.0.0.0:8080)).unwrap();
[INFO] [stdout]    |                                                     ^ expected `,`
[INFO] [stdout] 
[INFO] [stdout] 
[INFO] [stdout] error[E0423]: expected function, found module `env`
[INFO] [stdout]   --> src/main.rs:17:24
[INFO] [stdout]    |
[INFO] [stdout] 17 | const DB_URL : &str = !env("DATABASE_URL");
[INFO] [stdout]    |                        ^^^ not a function
[INFO] [stdout] 
[INFO] [stdout] 
[INFO] [stdout] error[E0308]: `match` arms have incompatible types
[INFO] [stdout]   --> src/main.rs:61:22
[INFO] [stdout]    |
[INFO] [stdout] 55 |               let (status_line, content) = match &*request {
[INFO] [stdout]    |  __________________________________________-
[INFO] [stdout] 56 | |                 r if r.starts_with("POST /users") => handle_post_request(r),
[INFO] [stdout] 57 | |                 r if r.starts_with("GET /users/") => handle_get_request(r),
[INFO] [stdout] 58 | |                 r if r.starts_with("GET /users") => handle_get_all_request(r),
[INFO] [stdout] 59 | |                 r if r.starts_with("PUT /users/") => handle_put_request(r),
[INFO] [stdout] 60 | |                 r if r.starts_with("DELETE /users/") => handle_delete_request(r),
[INFO] [stdout]    | |                                                         ------------------------ this and all prior arms are found to be of type `()`
[INFO] [stdout] 61 | |                 _ => (NOT_FOUND.to_string(), "404 Not Found".to_string()),
[INFO] [stdout]    | |                      ^^^^^^^^^^^^^^^^^^^^^^^^^^^^^^^^^^^^^^^^^^^^^^^^^^^^ expected `()`, found `(String, String)`
[INFO] [stdout] 62 | |             };
[INFO] [stdout]    | |_____________- `match` arms have incompatible types
[INFO] [stdout]    |
[INFO] [stdout]    = note: expected unit type `()`
[INFO] [stdout]                   found tuple `(std::string::String, std::string::String)`
[INFO] [stdout] 
[INFO] [stdout] 
[INFO] [stdout] error: aborting due to 3 previous errors
[INFO] [stdout] 
[INFO] [stdout] 
[INFO] [stdout] Some errors have detailed explanations: E0308, E0423.
[INFO] [stdout] 
[INFO] [stdout] For more information about an error, try `rustc --explain E0308`.
[INFO] [stdout] 
[INFO] [stderr] error: could not compile `rust-crud-api` (bin "rust-crud-api") due to 4 previous errors
[INFO] running `Command { std: "docker" "inspect" "5fec8f6b97cde75834ee2df185aa2560dce65aa024ab13848c48c848e0e99390", kill_on_drop: false }`
[INFO] running `Command { std: "docker" "rm" "-f" "5fec8f6b97cde75834ee2df185aa2560dce65aa024ab13848c48c848e0e99390", kill_on_drop: false }`
[INFO] [stdout] 5fec8f6b97cde75834ee2df185aa2560dce65aa024ab13848c48c848e0e99390
[INFO] testing 8ctopotamus/rust-crud-api against beta-2023-12-22 for beta-1.76-1
[INFO] running `Command { std: "git" "clone" "/workspace/cache/git-repos/https%3A%2F%2Fgithub.com%2F8ctopotamus%2Frust-crud-api" "/workspace/builds/worker-2-tc2/source", kill_on_drop: false }`
[INFO] [stderr] Cloning into '/workspace/builds/worker-2-tc2/source'...
[INFO] [stderr] done.
[INFO] validating manifest of git repo https://github.com/8ctopotamus/rust-crud-api on toolchain beta-2023-12-22
[INFO] running `Command { std: CARGO_HOME="/workspace/cargo-home" RUSTUP_HOME="/workspace/rustup-home" "/workspace/cargo-home/bin/cargo" "+beta-2023-12-22" "metadata" "--manifest-path" "Cargo.toml" "--no-deps", kill_on_drop: false }`
[INFO] started tweaking git repo https://github.com/8ctopotamus/rust-crud-api
[INFO] finished tweaking git repo https://github.com/8ctopotamus/rust-crud-api
[INFO] tweaked toml for git repo https://github.com/8ctopotamus/rust-crud-api written to /workspace/builds/worker-2-tc2/source/Cargo.toml
[INFO] crate git repo https://github.com/8ctopotamus/rust-crud-api already has a lockfile, it will not be regenerated
[INFO] running `Command { std: CARGO_HOME="/workspace/cargo-home" RUSTUP_HOME="/workspace/rustup-home" "/workspace/cargo-home/bin/cargo" "+beta-2023-12-22" "fetch" "--manifest-path" "Cargo.toml", kill_on_drop: false }`
[INFO] [stderr]     Blocking waiting for file lock on package cache
[INFO] [stderr]     Blocking waiting for file lock on package cache
[INFO] running `Command { std: "docker" "create" "-v" "/var/lib/crater-agent-workspace/builds/worker-2-tc2/target:/opt/rustwide/target:rw,Z" "-v" "/var/lib/crater-agent-workspace/builds/worker-2-tc2/source:/opt/rustwide/workdir:ro,Z" "-v" "/var/lib/crater-agent-workspace/cargo-home:/opt/rustwide/cargo-home:ro,Z" "-v" "/var/lib/crater-agent-workspace/rustup-home:/opt/rustwide/rustup-home:ro,Z" "-e" "SOURCE_DIR=/opt/rustwide/workdir" "-e" "CARGO_TARGET_DIR=/opt/rustwide/target" "-e" "CARGO_HOME=/opt/rustwide/cargo-home" "-e" "RUSTUP_HOME=/opt/rustwide/rustup-home" "-w" "/opt/rustwide/workdir" "-m" "1610612736" "--user" "0:0" "--network" "none" "ghcr.io/rust-lang/crates-build-env/linux@sha256:2788e3201cd34a07e3172128adcd8b3090168a8e3bcc40d7c032b9dda1df7d1c" "/opt/rustwide/cargo-home/bin/cargo" "+beta-2023-12-22" "metadata" "--no-deps" "--format-version=1", kill_on_drop: false }`
[INFO] [stdout] b2a1b83cde60eb30e30b495d23d32dbffc34ed344f6a761456ac3126ac8b3ffc
[INFO] running `Command { std: "docker" "start" "-a" "b2a1b83cde60eb30e30b495d23d32dbffc34ed344f6a761456ac3126ac8b3ffc", kill_on_drop: false }`
[INFO] running `Command { std: "docker" "inspect" "b2a1b83cde60eb30e30b495d23d32dbffc34ed344f6a761456ac3126ac8b3ffc", kill_on_drop: false }`
[INFO] running `Command { std: "docker" "rm" "-f" "b2a1b83cde60eb30e30b495d23d32dbffc34ed344f6a761456ac3126ac8b3ffc", kill_on_drop: false }`
[INFO] [stdout] b2a1b83cde60eb30e30b495d23d32dbffc34ed344f6a761456ac3126ac8b3ffc
[INFO] running `Command { std: "docker" "create" "-v" "/var/lib/crater-agent-workspace/builds/worker-2-tc2/target:/opt/rustwide/target:rw,Z" "-v" "/var/lib/crater-agent-workspace/builds/worker-2-tc2/source:/opt/rustwide/workdir:ro,Z" "-v" "/var/lib/crater-agent-workspace/cargo-home:/opt/rustwide/cargo-home:ro,Z" "-v" "/var/lib/crater-agent-workspace/rustup-home:/opt/rustwide/rustup-home:ro,Z" "-e" "SOURCE_DIR=/opt/rustwide/workdir" "-e" "CARGO_TARGET_DIR=/opt/rustwide/target" "-e" "CARGO_INCREMENTAL=0" "-e" "RUST_BACKTRACE=full" "-e" "RUSTFLAGS=--cap-lints=warn" "-e" "RUSTDOCFLAGS=--cap-lints=warn" "-e" "CARGO_HOME=/opt/rustwide/cargo-home" "-e" "RUSTUP_HOME=/opt/rustwide/rustup-home" "-w" "/opt/rustwide/workdir" "-m" "1610612736" "--user" "0:0" "--network" "none" "ghcr.io/rust-lang/crates-build-env/linux@sha256:2788e3201cd34a07e3172128adcd8b3090168a8e3bcc40d7c032b9dda1df7d1c" "/opt/rustwide/cargo-home/bin/cargo" "+beta-2023-12-22" "build" "--frozen" "--message-format=json", kill_on_drop: false }`
[INFO] [stdout] 78dbd11f6298419267add89c38f5b35103b190bc163370e089f2d0bce88cd196
[INFO] running `Command { std: "docker" "start" "-a" "78dbd11f6298419267add89c38f5b35103b190bc163370e089f2d0bce88cd196", kill_on_drop: false }`
[INFO] [stderr]    Compiling libc v0.2.142
[INFO] [stderr]    Compiling typenum v1.16.0
[INFO] [stderr]    Compiling proc-macro2 v1.0.56
[INFO] [stderr]    Compiling unicode-ident v1.0.8
[INFO] [stderr]    Compiling quote v1.0.26
[INFO] [stderr]    Compiling subtle v2.4.1
[INFO] [stderr]    Compiling futures-core v0.3.28
[INFO] [stderr]    Compiling tinyvec_macros v0.1.1
[INFO] [stderr]    Compiling bytes v1.4.0
[INFO] [stderr]    Compiling generic-array v0.14.7
[INFO] [stderr]    Compiling tokio v1.28.0
[INFO] [stderr]    Compiling slab v0.4.8
[INFO] [stderr]    Compiling parking_lot_core v0.9.7
[INFO] [stderr]    Compiling futures-sink v0.3.28
[INFO] [stderr]    Compiling cpufeatures v0.2.7
[INFO] [stderr]    Compiling futures-task v0.3.28
[INFO] [stderr]    Compiling tinyvec v1.6.0
[INFO] [stderr]    Compiling once_cell v1.17.1
[INFO] [stderr]    Compiling unicode-bidi v0.3.13
[INFO] [stderr]    Compiling base64 v0.21.0
[INFO] [stderr]    Compiling futures-channel v0.3.28
[INFO] [stderr]    Compiling tracing-core v0.1.30
[INFO] [stderr]    Compiling futures-util v0.3.28
[INFO] [stderr]    Compiling async-trait v0.1.68
[INFO] [stderr]    Compiling fallible-iterator v0.2.0
[INFO] [stderr]    Compiling phf_shared v0.11.1
[INFO] [stderr]    Compiling serde v1.0.162
[INFO] [stderr]    Compiling phf v0.11.1
[INFO] [stderr]    Compiling serde_derive v1.0.162
[INFO] [stderr]    Compiling serde_json v1.0.96
[INFO] [stderr]    Compiling itoa v1.0.6
[INFO] [stderr]    Compiling ryu v1.0.13
[INFO] [stderr]    Compiling tracing v0.1.37
[INFO] [stderr]    Compiling syn v2.0.15
[INFO] [stderr]    Compiling unicode-normalization v0.1.22
[INFO] [stderr]    Compiling getrandom v0.2.9
[INFO] [stderr]    Compiling mio v0.8.6
[INFO] [stderr]    Compiling socket2 v0.4.9
[INFO] [stderr]    Compiling socket2 v0.5.2
[INFO] [stderr]    Compiling rand_core v0.6.4
[INFO] [stderr]    Compiling parking_lot v0.12.1
[INFO] [stderr]    Compiling rand_chacha v0.3.1
[INFO] [stderr]    Compiling stringprep v0.1.2
[INFO] [stderr]    Compiling rand v0.8.5
[INFO] [stderr]    Compiling block-buffer v0.10.4
[INFO] [stderr]    Compiling crypto-common v0.1.6
[INFO] [stderr]    Compiling digest v0.10.6
[INFO] [stderr]    Compiling sha2 v0.10.6
[INFO] [stderr]    Compiling hmac v0.12.1
[INFO] [stderr]    Compiling md-5 v0.10.5
[INFO] [stderr]    Compiling postgres-protocol v0.6.5
[INFO] [stderr]    Compiling postgres-types v0.2.5
[INFO] [stderr]    Compiling futures-macro v0.3.28
[INFO] [stderr]    Compiling tokio-util v0.7.8
[INFO] [stderr]    Compiling tokio-postgres v0.7.8
[INFO] [stderr]    Compiling postgres v0.19.5
[INFO] [stderr]    Compiling rust-crud-api v0.1.0 (/opt/rustwide/workdir)
[INFO] [stdout] error: expected `,`, found `:`
[INFO] [stdout]   --> src/main.rs:31:53
[INFO] [stdout]    |
[INFO] [stdout] 31 |     let listener = TcpListener::bind(format!(0.0.0.0:8080)).unwrap();
[INFO] [stdout]    |                                                     ^ expected `,`
[INFO] [stdout] 
[INFO] [stdout] 
[INFO] [stdout] error[E0423]: expected function, found module `env`
[INFO] [stdout]   --> src/main.rs:17:24
[INFO] [stdout]    |
[INFO] [stdout] 17 | const DB_URL : &str = !env("DATABASE_URL");
[INFO] [stdout]    |                        ^^^ not a function
[INFO] [stdout] 
[INFO] [stdout] 
[INFO] [stdout] error[E0308]: `match` arms have incompatible types
[INFO] [stdout]   --> src/main.rs:61:22
[INFO] [stdout]    |
[INFO] [stdout] 55 |               let (status_line, content) = match &*request {
[INFO] [stdout]    |  __________________________________________-
[INFO] [stdout] 56 | |                 r if r.starts_with("POST /users") => handle_post_request(r),
[INFO] [stdout] 57 | |                 r if r.starts_with("GET /users/") => handle_get_request(r),
[INFO] [stdout] 58 | |                 r if r.starts_with("GET /users") => handle_get_all_request(r),
[INFO] [stdout] 59 | |                 r if r.starts_with("PUT /users/") => handle_put_request(r),
[INFO] [stdout] 60 | |                 r if r.starts_with("DELETE /users/") => handle_delete_request(r),
[INFO] [stdout]    | |                                                         ------------------------ this and all prior arms are found to be of type `()`
[INFO] [stdout] 61 | |                 _ => (NOT_FOUND.to_string(), "404 Not Found".to_string()),
[INFO] [stdout]    | |                      ^^^^^^^^^^^^^^^^^^^^^^^^^^^^^^^^^^^^^^^^^^^^^^^^^^^^ expected `()`, found `(String, String)`
[INFO] [stdout] 62 | |             };
[INFO] [stdout]    | |_____________- `match` arms have incompatible types
[INFO] [stdout]    |
[INFO] [stdout]    = note: expected unit type `()`
[INFO] [stdout]                   found tuple `(std::string::String, std::string::String)`
[INFO] [stdout] 
[INFO] [stdout] 
[INFO] [stdout] error: aborting due to 3 previous errors
[INFO] [stdout] 
[INFO] [stdout] 
[INFO] [stdout] Some errors have detailed explanations: E0308, E0423.
[INFO] [stdout] 
[INFO] [stdout] For more information about an error, try `rustc --explain E0308`.
[INFO] [stdout] 
[INFO] [stderr] error: could not compile `rust-crud-api` (bin "rust-crud-api") due to 4 previous errors
[INFO] running `Command { std: "docker" "inspect" "78dbd11f6298419267add89c38f5b35103b190bc163370e089f2d0bce88cd196", kill_on_drop: false }`
[INFO] running `Command { std: "docker" "rm" "-f" "78dbd11f6298419267add89c38f5b35103b190bc163370e089f2d0bce88cd196", kill_on_drop: false }`
[INFO] [stdout] 78dbd11f6298419267add89c38f5b35103b190bc163370e089f2d0bce88cd196
