[INFO] cloning repository https://github.com/7w17chy/scheme-rs
[INFO] running `Command { std: "git" "-c" "credential.helper=" "-c" "credential.helper=/workspace/cargo-home/bin/git-credential-null" "clone" "--bare" "https://github.com/7w17chy/scheme-rs" "/workspace/cache/git-repos/https%3A%2F%2Fgithub.com%2F7w17chy%2Fscheme-rs", kill_on_drop: false }`
[INFO] [stderr] Cloning into bare repository '/workspace/cache/git-repos/https%3A%2F%2Fgithub.com%2F7w17chy%2Fscheme-rs'...
[INFO] running `Command { std: "git" "rev-parse" "HEAD", kill_on_drop: false }`
[INFO] [stdout] 35b935a414c2ef109fe2c072922d569975a5edb3
[INFO] testing 7w17chy/scheme-rs against 1.75.0 for beta-1.76-1
[INFO] running `Command { std: "git" "clone" "/workspace/cache/git-repos/https%3A%2F%2Fgithub.com%2F7w17chy%2Fscheme-rs" "/workspace/builds/worker-5-tc1/source", kill_on_drop: false }`
[INFO] [stderr] Cloning into '/workspace/builds/worker-5-tc1/source'...
[INFO] [stderr] done.
[INFO] validating manifest of git repo https://github.com/7w17chy/scheme-rs on toolchain 1.75.0
[INFO] running `Command { std: CARGO_HOME="/workspace/cargo-home" RUSTUP_HOME="/workspace/rustup-home" "/workspace/cargo-home/bin/cargo" "+1.75.0" "metadata" "--manifest-path" "Cargo.toml" "--no-deps", kill_on_drop: false }`
[INFO] started tweaking git repo https://github.com/7w17chy/scheme-rs
[INFO] finished tweaking git repo https://github.com/7w17chy/scheme-rs
[INFO] tweaked toml for git repo https://github.com/7w17chy/scheme-rs written to /workspace/builds/worker-5-tc1/source/Cargo.toml
[INFO] crate git repo https://github.com/7w17chy/scheme-rs already has a lockfile, it will not be regenerated
[INFO] running `Command { std: CARGO_HOME="/workspace/cargo-home" RUSTUP_HOME="/workspace/rustup-home" "/workspace/cargo-home/bin/cargo" "+1.75.0" "fetch" "--manifest-path" "Cargo.toml", kill_on_drop: false }`
[INFO] running `Command { std: "docker" "create" "-v" "/var/lib/crater-agent-workspace/builds/worker-5-tc1/target:/opt/rustwide/target:rw,Z" "-v" "/var/lib/crater-agent-workspace/builds/worker-5-tc1/source:/opt/rustwide/workdir:ro,Z" "-v" "/var/lib/crater-agent-workspace/cargo-home:/opt/rustwide/cargo-home:ro,Z" "-v" "/var/lib/crater-agent-workspace/rustup-home:/opt/rustwide/rustup-home:ro,Z" "-e" "SOURCE_DIR=/opt/rustwide/workdir" "-e" "CARGO_TARGET_DIR=/opt/rustwide/target" "-e" "CARGO_HOME=/opt/rustwide/cargo-home" "-e" "RUSTUP_HOME=/opt/rustwide/rustup-home" "-w" "/opt/rustwide/workdir" "-m" "1610612736" "--user" "0:0" "--network" "none" "ghcr.io/rust-lang/crates-build-env/linux@sha256:2788e3201cd34a07e3172128adcd8b3090168a8e3bcc40d7c032b9dda1df7d1c" "/opt/rustwide/cargo-home/bin/cargo" "+1.75.0" "metadata" "--no-deps" "--format-version=1", kill_on_drop: false }`
[INFO] [stdout] 29a1a87318cb2c597fd5a094f03e3174788af64df5cc54af2069fad7bd96335a
[INFO] running `Command { std: "docker" "start" "-a" "29a1a87318cb2c597fd5a094f03e3174788af64df5cc54af2069fad7bd96335a", kill_on_drop: false }`
[INFO] running `Command { std: "docker" "inspect" "29a1a87318cb2c597fd5a094f03e3174788af64df5cc54af2069fad7bd96335a", kill_on_drop: false }`
[INFO] running `Command { std: "docker" "rm" "-f" "29a1a87318cb2c597fd5a094f03e3174788af64df5cc54af2069fad7bd96335a", kill_on_drop: false }`
[INFO] [stdout] 29a1a87318cb2c597fd5a094f03e3174788af64df5cc54af2069fad7bd96335a
[INFO] running `Command { std: "docker" "create" "-v" "/var/lib/crater-agent-workspace/builds/worker-5-tc1/target:/opt/rustwide/target:rw,Z" "-v" "/var/lib/crater-agent-workspace/builds/worker-5-tc1/source:/opt/rustwide/workdir:ro,Z" "-v" "/var/lib/crater-agent-workspace/cargo-home:/opt/rustwide/cargo-home:ro,Z" "-v" "/var/lib/crater-agent-workspace/rustup-home:/opt/rustwide/rustup-home:ro,Z" "-e" "SOURCE_DIR=/opt/rustwide/workdir" "-e" "CARGO_TARGET_DIR=/opt/rustwide/target" "-e" "CARGO_INCREMENTAL=0" "-e" "RUST_BACKTRACE=full" "-e" "RUSTFLAGS=--cap-lints=warn" "-e" "RUSTDOCFLAGS=--cap-lints=warn" "-e" "CARGO_HOME=/opt/rustwide/cargo-home" "-e" "RUSTUP_HOME=/opt/rustwide/rustup-home" "-w" "/opt/rustwide/workdir" "-m" "1610612736" "--user" "0:0" "--network" "none" "ghcr.io/rust-lang/crates-build-env/linux@sha256:2788e3201cd34a07e3172128adcd8b3090168a8e3bcc40d7c032b9dda1df7d1c" "/opt/rustwide/cargo-home/bin/cargo" "+1.75.0" "build" "--frozen" "--message-format=json", kill_on_drop: false }`
[INFO] [stdout] 4115689a30cfac378bd5caf2f823328b3ecfa106087c9937b77aaf831ede117c
[INFO] running `Command { std: "docker" "start" "-a" "4115689a30cfac378bd5caf2f823328b3ecfa106087c9937b77aaf831ede117c", kill_on_drop: false }`
[INFO] [stderr]    Compiling anyhow v1.0.65
[INFO] [stderr]    Compiling lisp-rs v0.1.0 (/opt/rustwide/workdir)
[INFO] [stdout] error[E0277]: `(dyn Object + 'static)` doesn't implement `Debug`
[INFO] [stdout]   --> src/objects.rs:19:10
[INFO] [stdout]    |
[INFO] [stdout] 16 | #[derive(Debug, PartialEq)]
[INFO] [stdout]    |          ----- in this derive macro expansion
[INFO] [stdout] ...
[INFO] [stdout] 19 |     List(Vec<Box<dyn Object>>),
[INFO] [stdout]    |          ^^^^^^^^^^^^^^^^^^^^ `(dyn Object + 'static)` cannot be formatted using `{:?}` because it doesn't implement `Debug`
[INFO] [stdout]    |
[INFO] [stdout]    = help: the trait `Debug` is not implemented for `(dyn Object + 'static)`
[INFO] [stdout]    = help: the following other types implement trait `Debug`:
[INFO] [stdout]              (dyn Any + 'static)
[INFO] [stdout]              (dyn Any + Send + 'static)
[INFO] [stdout]              (dyn Any + Send + Sync + 'static)
[INFO] [stdout]    = note: this error originates in the derive macro `Debug` (in Nightly builds, run with -Z macro-backtrace for more info)
[INFO] [stdout] 
[INFO] [stdout] 
[INFO] [stdout] error[E0369]: binary operation `==` cannot be applied to type `Vec<Box<dyn Object>>`
[INFO] [stdout]   --> src/objects.rs:19:10
[INFO] [stdout]    |
[INFO] [stdout] 16 | #[derive(Debug, PartialEq)]
[INFO] [stdout]    |                 --------- in this derive macro expansion
[INFO] [stdout] ...
[INFO] [stdout] 19 |     List(Vec<Box<dyn Object>>),
[INFO] [stdout]    |          ^^^^^^^^^^^^^^^^^^^^
[INFO] [stdout]    |
[INFO] [stdout]    = note: this error originates in the derive macro `PartialEq` (in Nightly builds, run with -Z macro-backtrace for more info)
[INFO] [stdout] 
[INFO] [stdout] 
[INFO] [stdout] error: aborting due to 2 previous errors
[INFO] [stdout] 
[INFO] [stdout] 
[INFO] [stdout] Some errors have detailed explanations: E0277, E0369.
[INFO] [stdout] 
[INFO] [stdout] For more information about an error, try `rustc --explain E0277`.
[INFO] [stdout] 
[INFO] [stderr] error: could not compile `lisp-rs` (bin "lisp-rs") due to 3 previous errors
[INFO] running `Command { std: "docker" "inspect" "4115689a30cfac378bd5caf2f823328b3ecfa106087c9937b77aaf831ede117c", kill_on_drop: false }`
[INFO] running `Command { std: "docker" "rm" "-f" "4115689a30cfac378bd5caf2f823328b3ecfa106087c9937b77aaf831ede117c", kill_on_drop: false }`
[INFO] [stdout] 4115689a30cfac378bd5caf2f823328b3ecfa106087c9937b77aaf831ede117c
[INFO] testing 7w17chy/scheme-rs against beta-2023-12-22 for beta-1.76-1
[INFO] running `Command { std: "git" "clone" "/workspace/cache/git-repos/https%3A%2F%2Fgithub.com%2F7w17chy%2Fscheme-rs" "/workspace/builds/worker-5-tc2/source", kill_on_drop: false }`
[INFO] [stderr] Cloning into '/workspace/builds/worker-5-tc2/source'...
[INFO] [stderr] done.
[INFO] validating manifest of git repo https://github.com/7w17chy/scheme-rs on toolchain beta-2023-12-22
[INFO] running `Command { std: CARGO_HOME="/workspace/cargo-home" RUSTUP_HOME="/workspace/rustup-home" "/workspace/cargo-home/bin/cargo" "+beta-2023-12-22" "metadata" "--manifest-path" "Cargo.toml" "--no-deps", kill_on_drop: false }`
[INFO] started tweaking git repo https://github.com/7w17chy/scheme-rs
[INFO] finished tweaking git repo https://github.com/7w17chy/scheme-rs
[INFO] tweaked toml for git repo https://github.com/7w17chy/scheme-rs written to /workspace/builds/worker-5-tc2/source/Cargo.toml
[INFO] crate git repo https://github.com/7w17chy/scheme-rs already has a lockfile, it will not be regenerated
[INFO] running `Command { std: CARGO_HOME="/workspace/cargo-home" RUSTUP_HOME="/workspace/rustup-home" "/workspace/cargo-home/bin/cargo" "+beta-2023-12-22" "fetch" "--manifest-path" "Cargo.toml", kill_on_drop: false }`
[INFO] running `Command { std: "docker" "create" "-v" "/var/lib/crater-agent-workspace/builds/worker-5-tc2/target:/opt/rustwide/target:rw,Z" "-v" "/var/lib/crater-agent-workspace/builds/worker-5-tc2/source:/opt/rustwide/workdir:ro,Z" "-v" "/var/lib/crater-agent-workspace/cargo-home:/opt/rustwide/cargo-home:ro,Z" "-v" "/var/lib/crater-agent-workspace/rustup-home:/opt/rustwide/rustup-home:ro,Z" "-e" "SOURCE_DIR=/opt/rustwide/workdir" "-e" "CARGO_TARGET_DIR=/opt/rustwide/target" "-e" "CARGO_HOME=/opt/rustwide/cargo-home" "-e" "RUSTUP_HOME=/opt/rustwide/rustup-home" "-w" "/opt/rustwide/workdir" "-m" "1610612736" "--user" "0:0" "--network" "none" "ghcr.io/rust-lang/crates-build-env/linux@sha256:2788e3201cd34a07e3172128adcd8b3090168a8e3bcc40d7c032b9dda1df7d1c" "/opt/rustwide/cargo-home/bin/cargo" "+beta-2023-12-22" "metadata" "--no-deps" "--format-version=1", kill_on_drop: false }`
[INFO] [stdout] 5e95d4a03ec98f65af80debe95eea1c4d6784e8a154e3139500a2e945cb67239
[INFO] running `Command { std: "docker" "start" "-a" "5e95d4a03ec98f65af80debe95eea1c4d6784e8a154e3139500a2e945cb67239", kill_on_drop: false }`
[INFO] running `Command { std: "docker" "inspect" "5e95d4a03ec98f65af80debe95eea1c4d6784e8a154e3139500a2e945cb67239", kill_on_drop: false }`
[INFO] running `Command { std: "docker" "rm" "-f" "5e95d4a03ec98f65af80debe95eea1c4d6784e8a154e3139500a2e945cb67239", kill_on_drop: false }`
[INFO] [stdout] 5e95d4a03ec98f65af80debe95eea1c4d6784e8a154e3139500a2e945cb67239
[INFO] running `Command { std: "docker" "create" "-v" "/var/lib/crater-agent-workspace/builds/worker-5-tc2/target:/opt/rustwide/target:rw,Z" "-v" "/var/lib/crater-agent-workspace/builds/worker-5-tc2/source:/opt/rustwide/workdir:ro,Z" "-v" "/var/lib/crater-agent-workspace/cargo-home:/opt/rustwide/cargo-home:ro,Z" "-v" "/var/lib/crater-agent-workspace/rustup-home:/opt/rustwide/rustup-home:ro,Z" "-e" "SOURCE_DIR=/opt/rustwide/workdir" "-e" "CARGO_TARGET_DIR=/opt/rustwide/target" "-e" "CARGO_INCREMENTAL=0" "-e" "RUST_BACKTRACE=full" "-e" "RUSTFLAGS=--cap-lints=warn" "-e" "RUSTDOCFLAGS=--cap-lints=warn" "-e" "CARGO_HOME=/opt/rustwide/cargo-home" "-e" "RUSTUP_HOME=/opt/rustwide/rustup-home" "-w" "/opt/rustwide/workdir" "-m" "1610612736" "--user" "0:0" "--network" "none" "ghcr.io/rust-lang/crates-build-env/linux@sha256:2788e3201cd34a07e3172128adcd8b3090168a8e3bcc40d7c032b9dda1df7d1c" "/opt/rustwide/cargo-home/bin/cargo" "+beta-2023-12-22" "build" "--frozen" "--message-format=json", kill_on_drop: false }`
[INFO] [stdout] cb1144a55f2918a608d376e18041a276e61dee5a2456fb16ed6326ed25707c33
[INFO] running `Command { std: "docker" "start" "-a" "cb1144a55f2918a608d376e18041a276e61dee5a2456fb16ed6326ed25707c33", kill_on_drop: false }`
[INFO] [stderr]    Compiling anyhow v1.0.65
[INFO] [stderr]    Compiling lisp-rs v0.1.0 (/opt/rustwide/workdir)
[INFO] [stdout] error[E0277]: `(dyn Object + 'static)` doesn't implement `Debug`
[INFO] [stdout]   --> src/objects.rs:19:10
[INFO] [stdout]    |
[INFO] [stdout] 16 | #[derive(Debug, PartialEq)]
[INFO] [stdout]    |          ----- in this derive macro expansion
[INFO] [stdout] ...
[INFO] [stdout] 19 |     List(Vec<Box<dyn Object>>),
[INFO] [stdout]    |          ^^^^^^^^^^^^^^^^^^^^ `(dyn Object + 'static)` cannot be formatted using `{:?}` because it doesn't implement `Debug`
[INFO] [stdout]    |
[INFO] [stdout]    = help: the trait `Debug` is not implemented for `(dyn Object + 'static)`
[INFO] [stdout]    = help: the following other types implement trait `Debug`:
[INFO] [stdout]              (dyn Any + 'static)
[INFO] [stdout]              (dyn Any + Send + 'static)
[INFO] [stdout]              (dyn Any + Send + Sync + 'static)
[INFO] [stdout]    = note: this error originates in the derive macro `Debug` (in Nightly builds, run with -Z macro-backtrace for more info)
[INFO] [stdout] 
[INFO] [stdout] 
[INFO] [stdout] error[E0369]: binary operation `==` cannot be applied to type `Vec<Box<dyn Object>>`
[INFO] [stdout]   --> src/objects.rs:19:10
[INFO] [stdout]    |
[INFO] [stdout] 16 | #[derive(Debug, PartialEq)]
[INFO] [stdout]    |                 --------- in this derive macro expansion
[INFO] [stdout] ...
[INFO] [stdout] 19 |     List(Vec<Box<dyn Object>>),
[INFO] [stdout]    |          ^^^^^^^^^^^^^^^^^^^^
[INFO] [stdout]    |
[INFO] [stdout]    = note: this error originates in the derive macro `PartialEq` (in Nightly builds, run with -Z macro-backtrace for more info)
[INFO] [stdout] 
[INFO] [stdout] 
[INFO] [stdout] error: aborting due to 2 previous errors
[INFO] [stdout] 
[INFO] [stdout] 
[INFO] [stdout] Some errors have detailed explanations: E0277, E0369.
[INFO] [stdout] 
[INFO] [stdout] For more information about an error, try `rustc --explain E0277`.
[INFO] [stdout] 
[INFO] [stderr] error: could not compile `lisp-rs` (bin "lisp-rs") due to 3 previous errors
[INFO] running `Command { std: "docker" "inspect" "cb1144a55f2918a608d376e18041a276e61dee5a2456fb16ed6326ed25707c33", kill_on_drop: false }`
[INFO] running `Command { std: "docker" "rm" "-f" "cb1144a55f2918a608d376e18041a276e61dee5a2456fb16ed6326ed25707c33", kill_on_drop: false }`
[INFO] [stdout] cb1144a55f2918a608d376e18041a276e61dee5a2456fb16ed6326ed25707c33
