[INFO] cloning repository https://github.com/666pulse/solana-nft-anchor
[INFO] running `Command { std: "git" "-c" "credential.helper=" "-c" "credential.helper=/workspace/cargo-home/bin/git-credential-null" "clone" "--bare" "https://github.com/666pulse/solana-nft-anchor" "/workspace/cache/git-repos/https%3A%2F%2Fgithub.com%2F666pulse%2Fsolana-nft-anchor", kill_on_drop: false }`
[INFO] [stderr] Cloning into bare repository '/workspace/cache/git-repos/https%3A%2F%2Fgithub.com%2F666pulse%2Fsolana-nft-anchor'...
[INFO] running `Command { std: "git" "rev-parse" "HEAD", kill_on_drop: false }`
[INFO] [stdout] 9fa35e8cd99b0b903e24f7a53543ebcce8221287
[INFO] testing 666pulse/solana-nft-anchor against 1.75.0 for beta-1.76-1
[INFO] running `Command { std: "git" "clone" "/workspace/cache/git-repos/https%3A%2F%2Fgithub.com%2F666pulse%2Fsolana-nft-anchor" "/workspace/builds/worker-0-tc1/source", kill_on_drop: false }`
[INFO] [stderr] Cloning into '/workspace/builds/worker-0-tc1/source'...
[INFO] [stderr] done.
[INFO] validating manifest of git repo https://github.com/666pulse/solana-nft-anchor on toolchain 1.75.0
[INFO] running `Command { std: CARGO_HOME="/workspace/cargo-home" RUSTUP_HOME="/workspace/rustup-home" "/workspace/cargo-home/bin/cargo" "+1.75.0" "metadata" "--manifest-path" "Cargo.toml" "--no-deps", kill_on_drop: false }`
[INFO] started tweaking git repo https://github.com/666pulse/solana-nft-anchor
[INFO] finished tweaking git repo https://github.com/666pulse/solana-nft-anchor
[INFO] tweaked toml for git repo https://github.com/666pulse/solana-nft-anchor written to /workspace/builds/worker-0-tc1/source/Cargo.toml
[INFO] crate git repo https://github.com/666pulse/solana-nft-anchor already has a lockfile, it will not be regenerated
[INFO] running `Command { std: CARGO_HOME="/workspace/cargo-home" RUSTUP_HOME="/workspace/rustup-home" "/workspace/cargo-home/bin/cargo" "+1.75.0" "fetch" "--manifest-path" "Cargo.toml", kill_on_drop: false }`
[INFO] [stderr] warning: virtual workspace defaulting to `resolver = "1"` despite one or more workspace members being on edition 2021 which implies `resolver = "2"`
[INFO] [stderr] note: to keep the current resolver, specify `workspace.resolver = "1"` in the workspace root's manifest
[INFO] [stderr] note: to use the edition 2021 resolver, specify `workspace.resolver = "2"` in the workspace root's manifest
[INFO] [stderr] note: for more details see https://doc.rust-lang.org/cargo/reference/resolver.html#resolver-versions
[INFO] [stderr]     Updating crates.io index
[INFO] [stderr]  Downloading crates ...
[INFO] [stderr]   Downloaded spl-token-metadata-interface v0.2.0
[INFO] [stderr]   Downloaded shank_macro v0.0.11
[INFO] [stderr]   Downloaded spl-program-error v0.3.0
[INFO] [stderr]   Downloaded spl-discriminator v0.1.0
[INFO] [stderr]   Downloaded spl-pod v0.1.0
[INFO] [stderr]   Downloaded spl-discriminator-derive v0.1.1
[INFO] [stderr]   Downloaded spl-associated-token-account v2.2.0
[INFO] [stderr]   Downloaded solana-frozen-abi-macro v1.16.17
[INFO] [stderr]   Downloaded spl-memo v4.0.0
[INFO] [stderr]   Downloaded solana-sdk-macro v1.16.17
[INFO] [stderr]   Downloaded mpl-token-metadata-context-derive v0.3.0
[INFO] [stderr]   Downloaded spl-tlv-account-resolution v0.4.0
[INFO] [stderr]   Downloaded solana-frozen-abi v1.16.17
[INFO] [stderr]   Downloaded mpl-token-metadata-context-derive v0.2.1
[INFO] [stderr]   Downloaded solana-logger v1.16.17
[INFO] [stderr]   Downloaded shank v0.0.11
[INFO] [stderr]   Downloaded spl-token v4.0.0
[INFO] [stderr]   Downloaded mpl-token-auth-rules v1.4.3-beta.1
[INFO] [stderr]   Downloaded solana-sdk v1.16.17
[INFO] [stderr]   Downloaded solana-zk-token-sdk v1.16.17
[INFO] [stderr]   Downloaded mpl-token-metadata v1.13.2
[INFO] [stderr]   Downloaded solana-program v1.16.17
[INFO] [stderr]   Downloaded mpl-utils v0.3.1
[INFO] [stderr]   Downloaded spl-type-length-value v0.3.0
[INFO] [stderr]   Downloaded spl-token-2022 v0.9.0
[INFO] [stderr]   Downloaded spl-discriminator-syn v0.1.1
[INFO] [stderr]   Downloaded spl-transfer-hook-interface v0.3.0
[INFO] [stderr]   Downloaded spl-program-error-derive v0.3.1
[INFO] [stderr]   Downloaded shank_macro_impl v0.0.11
[INFO] running `Command { std: "docker" "create" "-v" "/var/lib/crater-agent-workspace/builds/worker-0-tc1/target:/opt/rustwide/target:rw,Z" "-v" "/var/lib/crater-agent-workspace/builds/worker-0-tc1/source:/opt/rustwide/workdir:ro,Z" "-v" "/var/lib/crater-agent-workspace/cargo-home:/opt/rustwide/cargo-home:ro,Z" "-v" "/var/lib/crater-agent-workspace/rustup-home:/opt/rustwide/rustup-home:ro,Z" "-e" "SOURCE_DIR=/opt/rustwide/workdir" "-e" "CARGO_TARGET_DIR=/opt/rustwide/target" "-e" "CARGO_HOME=/opt/rustwide/cargo-home" "-e" "RUSTUP_HOME=/opt/rustwide/rustup-home" "-w" "/opt/rustwide/workdir" "-m" "1610612736" "--user" "0:0" "--network" "none" "ghcr.io/rust-lang/crates-build-env/linux@sha256:2788e3201cd34a07e3172128adcd8b3090168a8e3bcc40d7c032b9dda1df7d1c" "/opt/rustwide/cargo-home/bin/cargo" "+1.75.0" "metadata" "--no-deps" "--format-version=1", kill_on_drop: false }`
[INFO] [stdout] 494443b45717c69d8728de62e69532d05bef619a0e17496ea79f20df1a6a0e14
[INFO] running `Command { std: "docker" "start" "-a" "494443b45717c69d8728de62e69532d05bef619a0e17496ea79f20df1a6a0e14", kill_on_drop: false }`
[INFO] running `Command { std: "docker" "inspect" "494443b45717c69d8728de62e69532d05bef619a0e17496ea79f20df1a6a0e14", kill_on_drop: false }`
[INFO] running `Command { std: "docker" "rm" "-f" "494443b45717c69d8728de62e69532d05bef619a0e17496ea79f20df1a6a0e14", kill_on_drop: false }`
[INFO] [stdout] 494443b45717c69d8728de62e69532d05bef619a0e17496ea79f20df1a6a0e14
[INFO] running `Command { std: "docker" "create" "-v" "/var/lib/crater-agent-workspace/builds/worker-0-tc1/target:/opt/rustwide/target:rw,Z" "-v" "/var/lib/crater-agent-workspace/builds/worker-0-tc1/source:/opt/rustwide/workdir:ro,Z" "-v" "/var/lib/crater-agent-workspace/cargo-home:/opt/rustwide/cargo-home:ro,Z" "-v" "/var/lib/crater-agent-workspace/rustup-home:/opt/rustwide/rustup-home:ro,Z" "-e" "SOURCE_DIR=/opt/rustwide/workdir" "-e" "CARGO_TARGET_DIR=/opt/rustwide/target" "-e" "CARGO_INCREMENTAL=0" "-e" "RUST_BACKTRACE=full" "-e" "RUSTFLAGS=--cap-lints=warn" "-e" "RUSTDOCFLAGS=--cap-lints=warn" "-e" "CARGO_HOME=/opt/rustwide/cargo-home" "-e" "RUSTUP_HOME=/opt/rustwide/rustup-home" "-w" "/opt/rustwide/workdir" "-m" "1610612736" "--user" "0:0" "--network" "none" "ghcr.io/rust-lang/crates-build-env/linux@sha256:2788e3201cd34a07e3172128adcd8b3090168a8e3bcc40d7c032b9dda1df7d1c" "/opt/rustwide/cargo-home/bin/cargo" "+1.75.0" "build" "--frozen" "--message-format=json", kill_on_drop: false }`
[INFO] [stdout] c13ad831d6250c1c8a344960d74c77b1b2de019ee3129102041845234202ec34
[INFO] running `Command { std: "docker" "start" "-a" "c13ad831d6250c1c8a344960d74c77b1b2de019ee3129102041845234202ec34", kill_on_drop: false }`
[INFO] [stderr] warning: virtual workspace defaulting to `resolver = "1"` despite one or more workspace members being on edition 2021 which implies `resolver = "2"`
[INFO] [stderr] note: to keep the current resolver, specify `workspace.resolver = "1"` in the workspace root's manifest
[INFO] [stderr] note: to use the edition 2021 resolver, specify `workspace.resolver = "2"` in the workspace root's manifest
[INFO] [stderr] note: for more details see https://doc.rust-lang.org/cargo/reference/resolver.html#resolver-versions
[INFO] [stderr]    Compiling proc-macro2 v1.0.69
[INFO] [stderr]    Compiling serde v1.0.189
[INFO] [stderr]    Compiling libc v0.2.149
[INFO] [stderr]    Compiling subtle v2.4.1
[INFO] [stderr]    Compiling generic-array v0.14.7
[INFO] [stderr]    Compiling syn v1.0.109
[INFO] [stderr]    Compiling once_cell v1.18.0
[INFO] [stderr]    Compiling cpufeatures v0.2.9
[INFO] [stderr]    Compiling num-traits v0.2.17
[INFO] [stderr]    Compiling anyhow v1.0.75
[INFO] [stderr]    Compiling thiserror v1.0.49
[INFO] [stderr]    Compiling semver v1.0.20
[INFO] [stderr]    Compiling getrandom v0.1.16
[INFO] [stderr]    Compiling serde_json v1.0.107
[INFO] [stderr]    Compiling ryu v1.0.15
[INFO] [stderr]    Compiling itoa v1.0.9
[INFO] [stderr]    Compiling num-integer v0.1.45
[INFO] [stderr]    Compiling opaque-debug v0.3.0
[INFO] [stderr]    Compiling num-bigint v0.4.4
[INFO] [stderr]    Compiling memoffset v0.9.0
[INFO] [stderr]    Compiling quote v1.0.33
[INFO] [stderr]    Compiling rustc_version v0.4.0
[INFO] [stderr]    Compiling ahash v0.8.3
[INFO] [stderr]    Compiling paste v1.0.14
[INFO] [stderr]    Compiling syn v2.0.38
[INFO] [stderr]    Compiling either v1.9.0
[INFO] [stderr]    Compiling crossbeam-utils v0.8.16
[INFO] [stderr]    Compiling crunchy v0.2.2
[INFO] [stderr]    Compiling crossbeam-epoch v0.9.15
[INFO] [stderr]    Compiling byteorder v1.5.0
[INFO] [stderr]    Compiling log v0.4.20
[INFO] [stderr]    Compiling block-padding v0.2.1
[INFO] [stderr]    Compiling scopeguard v1.2.0
[INFO] [stderr]    Compiling wasm-bindgen-shared v0.2.87
[INFO] [stderr]    Compiling getrandom v0.2.10
[INFO] [stderr]    Compiling rand_core v0.6.4
[INFO] [stderr]    Compiling jobserver v0.1.27
[INFO] [stderr]    Compiling rand_core v0.5.1
[INFO] [stderr]    Compiling rand_chacha v0.3.1
[INFO] [stderr]    Compiling rand v0.8.5
[INFO] [stderr]    Compiling cc v1.0.83
[INFO] [stderr]    Compiling rand_chacha v0.2.2
[INFO] [stderr]    Compiling rayon-core v1.12.0
[INFO] [stderr]    Compiling ark-std v0.4.0
[INFO] [stderr]    Compiling crossbeam-deque v0.8.3
[INFO] [stderr]    Compiling rand v0.7.3
[INFO] [stderr]    Compiling hashbrown v0.13.2
[INFO] [stderr]    Compiling itertools v0.10.5
[INFO] [stderr]    Compiling ahash v0.7.6
[INFO] [stderr]    Compiling rustversion v1.0.14
[INFO] [stderr]    Compiling feature-probe v0.1.1
[INFO] [stderr]    Compiling bv v0.11.1
[INFO] [stderr]    Compiling solana-frozen-abi-macro v1.16.17
[INFO] [stderr]    Compiling bitmaps v2.1.0
[INFO] [stderr]    Compiling im v15.1.0
[INFO] [stderr]    Compiling wasm-bindgen-backend v0.2.87
[INFO] [stderr]    Compiling blake3 v1.5.0
[INFO] [stderr]    Compiling keccak v0.1.4
[INFO] [stderr]    Compiling hashbrown v0.14.1
[INFO] [stderr]    Compiling arrayref v0.3.7
[INFO] [stderr]    Compiling equivalent v1.0.1
[INFO] [stderr]    Compiling sized-chunks v0.6.5
[INFO] [stderr]    Compiling borsh-derive-internal v0.10.3
[INFO] [stderr]    Compiling borsh-schema-derive-internal v0.10.3
[INFO] [stderr]    Compiling borsh-schema-derive-internal v0.9.3
[INFO] [stderr]    Compiling indexmap v2.0.2
[INFO] [stderr]    Compiling wasm-bindgen-macro-support v0.2.87
[INFO] [stderr]    Compiling borsh-derive-internal v0.9.3
[INFO] [stderr]    Compiling rayon v1.8.0
[INFO] [stderr]    Compiling rand_xoshiro v0.6.0
[INFO] [stderr]    Compiling solana-frozen-abi v1.16.17
[INFO] [stderr]    Compiling wasm-bindgen v0.2.87
[INFO] [stderr]    Compiling winnow v0.5.17
[INFO] [stderr]    Compiling toml_datetime v0.6.3
[INFO] [stderr]    Compiling constant_time_eq v0.3.0
[INFO] [stderr]    Compiling bs58 v0.4.0
[INFO] [stderr]    Compiling arrayvec v0.7.4
[INFO] [stderr]    Compiling hashbrown v0.11.2
[INFO] [stderr]    Compiling solana-program v1.16.17
[INFO] [stderr]    Compiling memmap2 v0.5.10
[INFO] [stderr]    Compiling rustc-hash v1.1.0
[INFO] [stderr]    Compiling base64 v0.12.3
[INFO] [stderr]    Compiling base64 v0.21.4
[INFO] [stderr]    Compiling array-bytes v1.4.1
[INFO] [stderr]    Compiling regex-automata v0.4.2
[INFO] [stderr]    Compiling strsim v0.10.0
[INFO] [stderr]    Compiling ident_case v1.0.1
[INFO] [stderr]    Compiling darling_core v0.20.3
[INFO] [stderr]    Compiling signature v1.6.4
[INFO] [stderr]    Compiling ed25519 v1.5.3
[INFO] [stderr]    Compiling atty v0.2.14
[INFO] [stderr]    Compiling termcolor v1.3.0
[INFO] [stderr]    Compiling serde_derive v1.0.189
[INFO] [stderr]    Compiling thiserror-impl v1.0.49
[INFO] [stderr]    Compiling zeroize_derive v1.4.2
[INFO] [stderr]    Compiling ark-serialize-derive v0.4.2
[INFO] [stderr]    Compiling ark-ff-macros v0.4.2
[INFO] [stderr]    Compiling derivative v2.2.0
[INFO] [stderr]    Compiling ark-ff-asm v0.4.2
[INFO] [stderr]    Compiling zeroize v1.3.0
[INFO] [stderr]    Compiling toml_edit v0.19.15
[INFO] [stderr]    Compiling wasm-bindgen-macro v0.2.87
[INFO] [stderr]    Compiling bytemuck_derive v1.5.0
[INFO] [stderr]    Compiling num-derive v0.3.3
[INFO] [stderr]    Compiling solana-sdk-macro v1.16.17
[INFO] [stderr]    Compiling proc-macro-crate v1.3.1
[INFO] [stderr]    Compiling bytemuck v1.14.0
[INFO] [stderr]    Compiling regex v1.10.1
[INFO] [stderr]    Compiling darling_macro v0.20.3
[INFO] [stderr]    Compiling humantime v2.1.0
[INFO] [stderr]    Compiling solana-sdk v1.16.17
[INFO] [stderr]    Compiling percent-encoding v2.3.0
[INFO] [stderr]    Compiling env_logger v0.9.3
[INFO] [stderr]    Compiling derivation-path v0.2.0
[INFO] [stderr]    Compiling qstring v0.7.2
[INFO] [stderr]    Compiling uriparse v0.6.4
[INFO] [stderr]    Compiling chrono v0.4.31
[INFO] [stderr]    Compiling solana-logger v1.16.17
[INFO] [stderr]    Compiling darling v0.20.3
[INFO] [stderr]    Compiling serde_with_macros v2.3.3
[INFO] [stderr]    Compiling assert_matches v1.5.0
[INFO] [stderr]    Compiling merlin v3.0.0
[INFO] [stderr]    Compiling unicode-segmentation v1.10.1
[INFO] [stderr]    Compiling num-derive v0.4.1
[INFO] [stderr]    Compiling heck v0.3.3
[INFO] [stderr]    Compiling num_enum_derive v0.6.1
[INFO] [stderr]    Compiling bs58 v0.5.0
[INFO] [stderr]    Compiling num_enum_derive v0.5.11
[INFO] [stderr]    Compiling num_enum_derive v0.7.0
[INFO] [stderr]    Compiling rmp v0.8.12
[INFO] [stderr]    Compiling mpl-token-metadata-context-derive v0.2.1
[INFO] [stderr]    Compiling mpl-token-metadata-context-derive v0.3.0
[INFO] [stderr]    Compiling anchor-derive-space v0.28.0
[INFO] [stderr]    Compiling num_enum v0.6.1
[INFO] [stderr]    Compiling num_enum v0.5.11
[INFO] [stderr]    Compiling toml v0.5.11
[INFO] [stderr]    Compiling serde_bytes v0.11.12
[INFO] [stderr]    Compiling bincode v1.3.3
[INFO] [stderr]    Compiling serde_with v2.3.3
[INFO] [stderr]    Compiling shank_macro_impl v0.0.11
[INFO] [stderr]    Compiling num_enum v0.7.0
[INFO] [stderr]    Compiling block-buffer v0.10.4
[INFO] [stderr]    Compiling crypto-common v0.1.6
[INFO] [stderr]    Compiling digest v0.10.7
[INFO] [stderr]    Compiling digest v0.9.0
[INFO] [stderr]    Compiling block-buffer v0.9.0
[INFO] [stderr]    Compiling sha2 v0.10.8
[INFO] [stderr]    Compiling libsecp256k1-core v0.2.2
[INFO] [stderr]    Compiling crypto-mac v0.8.0
[INFO] [stderr]    Compiling proc-macro-crate v0.1.5
[INFO] [stderr]    Compiling sha2 v0.9.9
[INFO] [stderr]    Compiling ark-serialize v0.4.2
[INFO] [stderr]    Compiling hmac v0.8.1
[INFO] [stderr]    Compiling curve25519-dalek v3.2.1
[INFO] [stderr]    Compiling hmac-drbg v0.3.0
[INFO] [stderr]    Compiling pbkdf2 v0.4.0
[INFO] [stderr]    Compiling sha3 v0.10.8
[INFO] [stderr]    Compiling ark-ff v0.4.2
[INFO] [stderr]    Compiling libsecp256k1-gen-ecmult v0.2.1
[INFO] [stderr]    Compiling libsecp256k1-gen-genmult v0.2.1
[INFO] [stderr]    Compiling tiny-bip39 v0.8.2
[INFO] [stderr]    Compiling borsh-derive v0.9.3
[INFO] [stderr]    Compiling borsh-derive v0.10.3
[INFO] [stderr]    Compiling cipher v0.3.0
[INFO] [stderr]    Compiling ed25519-dalek v1.0.1
[INFO] [stderr]    Compiling hmac v0.12.1
[INFO] [stderr]    Compiling libsecp256k1 v0.6.0
[INFO] [stderr]    Compiling universal-hash v0.4.1
[INFO] [stderr]    Compiling polyval v0.5.3
[INFO] [stderr]    Compiling ed25519-dalek-bip32 v0.2.0
[INFO] [stderr]    Compiling aes v0.7.5
[INFO] [stderr]    Compiling borsh v0.10.3
[INFO] [stderr]    Compiling borsh v0.9.3
[INFO] [stderr]    Compiling ctr v0.8.0
[INFO] [stderr]    Compiling pbkdf2 v0.11.0
[INFO] [stderr]    Compiling aead v0.4.3
[INFO] [stderr]    Compiling sha3 v0.9.1
[INFO] [stderr]    Compiling spl-discriminator-syn v0.1.1
[INFO] [stderr]    Compiling spl-program-error-derive v0.3.1
[INFO] [stderr]    Compiling aes-gcm-siv v0.10.3
[INFO] [stderr]    Compiling anchor-syn v0.28.0
[INFO] [stderr]    Compiling shank_macro v0.0.11
[INFO] [stderr]    Compiling spl-discriminator-derive v0.1.1
[INFO] [stderr]    Compiling rmp-serde v1.1.2
[INFO] [stderr]    Compiling shank v0.0.11
[INFO] [stderr]    Compiling anchor-derive-accounts v0.28.0
[INFO] [stderr]    Compiling anchor-attribute-account v0.28.0
[INFO] [stderr]    Compiling anchor-attribute-constant v0.28.0
[INFO] [stderr]    Compiling anchor-attribute-event v0.28.0
[INFO] [stderr]    Compiling anchor-attribute-program v0.28.0
[INFO] [stderr]    Compiling anchor-attribute-error v0.28.0
[INFO] [stderr]    Compiling anchor-attribute-access-control v0.28.0
[INFO] [stderr]    Compiling ark-poly v0.4.2
[INFO] [stderr]    Compiling ark-ec v0.4.2
[INFO] [stderr]    Compiling ark-bn254 v0.4.0
[INFO] [stderr]    Compiling spl-program-error v0.3.0
[INFO] [stderr]    Compiling spl-discriminator v0.1.0
[INFO] [stderr]    Compiling spl-memo v3.0.1
[INFO] [stderr]    Compiling spl-token v3.5.0
[INFO] [stderr]    Compiling spl-memo v4.0.0
[INFO] [stderr]    Compiling spl-token v4.0.0
[INFO] [stderr]    Compiling anchor-lang v0.28.0
[INFO] [stderr]    Compiling solana-zk-token-sdk v1.16.17
[INFO] [stderr]    Compiling spl-pod v0.1.0
[INFO] [stderr]    Compiling spl-token-2022 v0.6.1
[INFO] [stderr]    Compiling mpl-token-auth-rules v1.4.3-beta.1
[INFO] [stderr]    Compiling spl-type-length-value v0.3.0
[INFO] [stderr]    Compiling spl-tlv-account-resolution v0.4.0
[INFO] [stderr]    Compiling spl-token-metadata-interface v0.2.0
[INFO] [stderr]    Compiling spl-transfer-hook-interface v0.3.0
[INFO] [stderr]    Compiling mpl-utils v0.3.1
[INFO] [stderr]    Compiling spl-associated-token-account v1.1.3
[INFO] [stderr]    Compiling spl-token-2022 v0.9.0
[INFO] [stderr]    Compiling spl-associated-token-account v2.2.0
[INFO] [stderr]    Compiling mpl-token-metadata v1.13.2
[INFO] [stderr]    Compiling anchor-spl v0.28.0
[INFO] [stderr]    Compiling solana-nft-anchor v0.1.0 (/opt/rustwide/workdir/programs/solana-nft-anchor)
[INFO] [stdout] error: pubkey array is not 32 bytes long: len=0
[INFO] [stdout]   --> programs/solana-nft-anchor/src/lib.rs:15:13
[INFO] [stdout]    |
[INFO] [stdout] 15 | declare_id!("");
[INFO] [stdout]    |             ^^
[INFO] [stdout] 
[INFO] [stdout] 
[INFO] [stdout] error[E0425]: cannot find value `ID` in this scope
[INFO] [stdout]   --> programs/solana-nft-anchor/src/lib.rs:17:1
[INFO] [stdout]    |
[INFO] [stdout] 17 | #[program]
[INFO] [stdout]    | ^^^^^^^^^^ not found in this scope
[INFO] [stdout]    |
[INFO] [stdout]    = note: this error originates in the attribute macro `program` (in Nightly builds, run with -Z macro-backtrace for more info)
[INFO] [stdout] help: consider importing one of these items
[INFO] [stdout]    |
[INFO] [stdout] 1  + use anchor_lang::system_program::ID;
[INFO] [stdout]    |
[INFO] [stdout] 1  + use anchor_spl::associated_token::ID;
[INFO] [stdout]    |
[INFO] [stdout] 1  + use anchor_spl::token::ID;
[INFO] [stdout]    |
[INFO] [stdout] 1  + use anchor_spl::token_interface::ID;
[INFO] [stdout]    |
[INFO] [stdout]      and 1 other candidate
[INFO] [stdout] 
[INFO] [stdout] 
[INFO] [stdout] error[E0425]: cannot find value `ID` in this scope
[INFO] [stdout]   --> programs/solana-nft-anchor/src/lib.rs:17:1
[INFO] [stdout]    |
[INFO] [stdout] 17 | #[program]
[INFO] [stdout]    | ^^^^^^^^^^ not found in this scope
[INFO] [stdout]    |
[INFO] [stdout]    = help: consider importing one of these items:
[INFO] [stdout]            anchor_lang::system_program::ID
[INFO] [stdout]            anchor_spl::associated_token::ID
[INFO] [stdout]            anchor_spl::token::ID
[INFO] [stdout]            anchor_spl::token_interface::ID
[INFO] [stdout]            mpl_token_metadata::ID
[INFO] [stdout]    = note: this error originates in the attribute macro `program` (in Nightly builds, run with -Z macro-backtrace for more info)
[INFO] [stdout] 
[INFO] [stdout] 
[INFO] [stdout] error[E0425]: cannot find value `ID` in the crate root
[INFO] [stdout]   --> programs/solana-nft-anchor/src/lib.rs:17:1
[INFO] [stdout]    |
[INFO] [stdout] 17 | #[program]
[INFO] [stdout]    | ^^^^^^^^^^ not found in the crate root
[INFO] [stdout]    |
[INFO] [stdout]    = help: consider importing one of these items:
[INFO] [stdout]            anchor_lang::system_program::ID
[INFO] [stdout]            anchor_spl::associated_token::ID
[INFO] [stdout]            anchor_spl::token::ID
[INFO] [stdout]            anchor_spl::token_interface::ID
[INFO] [stdout]            mpl_token_metadata::ID
[INFO] [stdout]    = note: this error originates in the attribute macro `program` (in Nightly builds, run with -Z macro-backtrace for more info)
[INFO] [stdout] 
[INFO] [stdout] 
[INFO] [stdout] error: aborting due to 4 previous errors
[INFO] [stdout] 
[INFO] [stdout] 
[INFO] [stdout] For more information about this error, try `rustc --explain E0425`.
[INFO] [stdout] 
[INFO] [stderr] error: could not compile `solana-nft-anchor` (lib) due to 5 previous errors
[INFO] running `Command { std: "docker" "inspect" "c13ad831d6250c1c8a344960d74c77b1b2de019ee3129102041845234202ec34", kill_on_drop: false }`
[INFO] running `Command { std: "docker" "rm" "-f" "c13ad831d6250c1c8a344960d74c77b1b2de019ee3129102041845234202ec34", kill_on_drop: false }`
[INFO] [stdout] c13ad831d6250c1c8a344960d74c77b1b2de019ee3129102041845234202ec34
[INFO] testing 666pulse/solana-nft-anchor against beta-2023-12-22 for beta-1.76-1
[INFO] running `Command { std: "git" "clone" "/workspace/cache/git-repos/https%3A%2F%2Fgithub.com%2F666pulse%2Fsolana-nft-anchor" "/workspace/builds/worker-0-tc2/source", kill_on_drop: false }`
[INFO] [stderr] Cloning into '/workspace/builds/worker-0-tc2/source'...
[INFO] [stderr] done.
[INFO] validating manifest of git repo https://github.com/666pulse/solana-nft-anchor on toolchain beta-2023-12-22
[INFO] running `Command { std: CARGO_HOME="/workspace/cargo-home" RUSTUP_HOME="/workspace/rustup-home" "/workspace/cargo-home/bin/cargo" "+beta-2023-12-22" "metadata" "--manifest-path" "Cargo.toml" "--no-deps", kill_on_drop: false }`
[INFO] started tweaking git repo https://github.com/666pulse/solana-nft-anchor
[INFO] finished tweaking git repo https://github.com/666pulse/solana-nft-anchor
[INFO] tweaked toml for git repo https://github.com/666pulse/solana-nft-anchor written to /workspace/builds/worker-0-tc2/source/Cargo.toml
[INFO] crate git repo https://github.com/666pulse/solana-nft-anchor already has a lockfile, it will not be regenerated
[INFO] running `Command { std: CARGO_HOME="/workspace/cargo-home" RUSTUP_HOME="/workspace/rustup-home" "/workspace/cargo-home/bin/cargo" "+beta-2023-12-22" "fetch" "--manifest-path" "Cargo.toml", kill_on_drop: false }`
[INFO] [stderr] warning: virtual workspace defaulting to `resolver = "1"` despite one or more workspace members being on edition 2021 which implies `resolver = "2"`
[INFO] [stderr] note: to keep the current resolver, specify `workspace.resolver = "1"` in the workspace root's manifest
[INFO] [stderr] note: to use the edition 2021 resolver, specify `workspace.resolver = "2"` in the workspace root's manifest
[INFO] [stderr] note: for more details see https://doc.rust-lang.org/cargo/reference/resolver.html#resolver-versions
[INFO] running `Command { std: "docker" "create" "-v" "/var/lib/crater-agent-workspace/builds/worker-0-tc2/target:/opt/rustwide/target:rw,Z" "-v" "/var/lib/crater-agent-workspace/builds/worker-0-tc2/source:/opt/rustwide/workdir:ro,Z" "-v" "/var/lib/crater-agent-workspace/cargo-home:/opt/rustwide/cargo-home:ro,Z" "-v" "/var/lib/crater-agent-workspace/rustup-home:/opt/rustwide/rustup-home:ro,Z" "-e" "SOURCE_DIR=/opt/rustwide/workdir" "-e" "CARGO_TARGET_DIR=/opt/rustwide/target" "-e" "CARGO_HOME=/opt/rustwide/cargo-home" "-e" "RUSTUP_HOME=/opt/rustwide/rustup-home" "-w" "/opt/rustwide/workdir" "-m" "1610612736" "--user" "0:0" "--network" "none" "ghcr.io/rust-lang/crates-build-env/linux@sha256:2788e3201cd34a07e3172128adcd8b3090168a8e3bcc40d7c032b9dda1df7d1c" "/opt/rustwide/cargo-home/bin/cargo" "+beta-2023-12-22" "metadata" "--no-deps" "--format-version=1", kill_on_drop: false }`
[INFO] [stdout] a2862aa250271907c6dee323b21a9f2985960c4d59b1489561d28b3b7744f7ee
[INFO] running `Command { std: "docker" "start" "-a" "a2862aa250271907c6dee323b21a9f2985960c4d59b1489561d28b3b7744f7ee", kill_on_drop: false }`
[INFO] running `Command { std: "docker" "inspect" "a2862aa250271907c6dee323b21a9f2985960c4d59b1489561d28b3b7744f7ee", kill_on_drop: false }`
[INFO] running `Command { std: "docker" "rm" "-f" "a2862aa250271907c6dee323b21a9f2985960c4d59b1489561d28b3b7744f7ee", kill_on_drop: false }`
[INFO] [stdout] a2862aa250271907c6dee323b21a9f2985960c4d59b1489561d28b3b7744f7ee
[INFO] running `Command { std: "docker" "create" "-v" "/var/lib/crater-agent-workspace/builds/worker-0-tc2/target:/opt/rustwide/target:rw,Z" "-v" "/var/lib/crater-agent-workspace/builds/worker-0-tc2/source:/opt/rustwide/workdir:ro,Z" "-v" "/var/lib/crater-agent-workspace/cargo-home:/opt/rustwide/cargo-home:ro,Z" "-v" "/var/lib/crater-agent-workspace/rustup-home:/opt/rustwide/rustup-home:ro,Z" "-e" "SOURCE_DIR=/opt/rustwide/workdir" "-e" "CARGO_TARGET_DIR=/opt/rustwide/target" "-e" "CARGO_INCREMENTAL=0" "-e" "RUST_BACKTRACE=full" "-e" "RUSTFLAGS=--cap-lints=warn" "-e" "RUSTDOCFLAGS=--cap-lints=warn" "-e" "CARGO_HOME=/opt/rustwide/cargo-home" "-e" "RUSTUP_HOME=/opt/rustwide/rustup-home" "-w" "/opt/rustwide/workdir" "-m" "1610612736" "--user" "0:0" "--network" "none" "ghcr.io/rust-lang/crates-build-env/linux@sha256:2788e3201cd34a07e3172128adcd8b3090168a8e3bcc40d7c032b9dda1df7d1c" "/opt/rustwide/cargo-home/bin/cargo" "+beta-2023-12-22" "build" "--frozen" "--message-format=json", kill_on_drop: false }`
[INFO] [stdout] 2416aa55111a0e95d70439470b189f765980a936915957f6e289bfac42f776de
[INFO] running `Command { std: "docker" "start" "-a" "2416aa55111a0e95d70439470b189f765980a936915957f6e289bfac42f776de", kill_on_drop: false }`
[INFO] [stderr] warning: virtual workspace defaulting to `resolver = "1"` despite one or more workspace members being on edition 2021 which implies `resolver = "2"`
[INFO] [stderr] note: to keep the current resolver, specify `workspace.resolver = "1"` in the workspace root's manifest
[INFO] [stderr] note: to use the edition 2021 resolver, specify `workspace.resolver = "2"` in the workspace root's manifest
[INFO] [stderr] note: for more details see https://doc.rust-lang.org/cargo/reference/resolver.html#resolver-versions
[INFO] [stderr]    Compiling proc-macro2 v1.0.69
[INFO] [stderr]    Compiling serde v1.0.189
[INFO] [stderr]    Compiling libc v0.2.149
[INFO] [stderr]    Compiling subtle v2.4.1
[INFO] [stderr]    Compiling generic-array v0.14.7
[INFO] [stderr]    Compiling syn v1.0.109
[INFO] [stderr]    Compiling once_cell v1.18.0
[INFO] [stderr]    Compiling cpufeatures v0.2.9
[INFO] [stderr]    Compiling num-traits v0.2.17
[INFO] [stderr]    Compiling thiserror v1.0.49
[INFO] [stderr]    Compiling anyhow v1.0.75
[INFO] [stderr]    Compiling semver v1.0.20
[INFO] [stderr]    Compiling getrandom v0.1.16
[INFO] [stderr]    Compiling serde_json v1.0.107
[INFO] [stderr]    Compiling ryu v1.0.15
[INFO] [stderr]    Compiling itoa v1.0.9
[INFO] [stderr]    Compiling num-integer v0.1.45
[INFO] [stderr]    Compiling opaque-debug v0.3.0
[INFO] [stderr]    Compiling num-bigint v0.4.4
[INFO] [stderr]    Compiling memoffset v0.9.0
[INFO] [stderr]    Compiling quote v1.0.33
[INFO] [stderr]    Compiling ahash v0.8.3
[INFO] [stderr]    Compiling either v1.9.0
[INFO] [stderr]    Compiling rustc_version v0.4.0
[INFO] [stderr]    Compiling paste v1.0.14
[INFO] [stderr]    Compiling syn v2.0.38
[INFO] [stderr]    Compiling crunchy v0.2.2
[INFO] [stderr]    Compiling crossbeam-utils v0.8.16
[INFO] [stderr]    Compiling crossbeam-epoch v0.9.15
[INFO] [stderr]    Compiling byteorder v1.5.0
[INFO] [stderr]    Compiling block-padding v0.2.1
[INFO] [stderr]    Compiling log v0.4.20
[INFO] [stderr]    Compiling getrandom v0.2.10
[INFO] [stderr]    Compiling jobserver v0.1.27
[INFO] [stderr]    Compiling rand_core v0.6.4
[INFO] [stderr]    Compiling rand_core v0.5.1
[INFO] [stderr]    Compiling cc v1.0.83
[INFO] [stderr]    Compiling rand_chacha v0.3.1
[INFO] [stderr]    Compiling wasm-bindgen-shared v0.2.87
[INFO] [stderr]    Compiling scopeguard v1.2.0
[INFO] [stderr]    Compiling rand v0.8.5
[INFO] [stderr]    Compiling rand_chacha v0.2.2
[INFO] [stderr]    Compiling ark-std v0.4.0
[INFO] [stderr]    Compiling rayon-core v1.12.0
[INFO] [stderr]    Compiling rand v0.7.3
[INFO] [stderr]    Compiling crossbeam-deque v0.8.3
[INFO] [stderr]    Compiling hashbrown v0.13.2
[INFO] [stderr]    Compiling itertools v0.10.5
[INFO] [stderr]    Compiling ahash v0.7.6
[INFO] [stderr]    Compiling rustversion v1.0.14
[INFO] [stderr]    Compiling feature-probe v0.1.1
[INFO] [stderr]    Compiling bv v0.11.1
[INFO] [stderr]    Compiling solana-frozen-abi-macro v1.16.17
[INFO] [stderr]    Compiling bitmaps v2.1.0
[INFO] [stderr]    Compiling im v15.1.0
[INFO] [stderr]    Compiling equivalent v1.0.1
[INFO] [stderr]    Compiling keccak v0.1.4
[INFO] [stderr]    Compiling blake3 v1.5.0
[INFO] [stderr]    Compiling hashbrown v0.14.1
[INFO] [stderr]    Compiling arrayref v0.3.7
[INFO] [stderr]    Compiling rayon v1.8.0
[INFO] [stderr]    Compiling sized-chunks v0.6.5
[INFO] [stderr]    Compiling wasm-bindgen-backend v0.2.87
[INFO] [stderr]    Compiling indexmap v2.0.2
[INFO] [stderr]    Compiling rand_xoshiro v0.6.0
[INFO] [stderr]    Compiling solana-frozen-abi v1.16.17
[INFO] [stderr]    Compiling borsh-derive-internal v0.9.3
[INFO] [stderr]    Compiling borsh-derive-internal v0.10.3
[INFO] [stderr]    Compiling borsh-schema-derive-internal v0.10.3
[INFO] [stderr]    Compiling borsh-schema-derive-internal v0.9.3
[INFO] [stderr]    Compiling wasm-bindgen v0.2.87
[INFO] [stderr]    Compiling winnow v0.5.17
[INFO] [stderr]    Compiling arrayvec v0.7.4
[INFO] [stderr]    Compiling wasm-bindgen-macro-support v0.2.87
[INFO] [stderr]    Compiling toml_datetime v0.6.3
[INFO] [stderr]    Compiling constant_time_eq v0.3.0
[INFO] [stderr]    Compiling bs58 v0.4.0
[INFO] [stderr]    Compiling hashbrown v0.11.2
[INFO] [stderr]    Compiling solana-program v1.16.17
[INFO] [stderr]    Compiling memmap2 v0.5.10
[INFO] [stderr]    Compiling rustc-hash v1.1.0
[INFO] [stderr]    Compiling base64 v0.12.3
[INFO] [stderr]    Compiling base64 v0.21.4
[INFO] [stderr]    Compiling array-bytes v1.4.1
[INFO] [stderr]    Compiling regex-automata v0.4.2
[INFO] [stderr]    Compiling ident_case v1.0.1
[INFO] [stderr]    Compiling strsim v0.10.0
[INFO] [stderr]    Compiling signature v1.6.4
[INFO] [stderr]    Compiling darling_core v0.20.3
[INFO] [stderr]    Compiling ed25519 v1.5.3
[INFO] [stderr]    Compiling atty v0.2.14
[INFO] [stderr]    Compiling termcolor v1.3.0
[INFO] [stderr]    Compiling humantime v2.1.0
[INFO] [stderr]    Compiling solana-sdk v1.16.17
[INFO] [stderr]    Compiling percent-encoding v2.3.0
[INFO] [stderr]    Compiling derivation-path v0.2.0
[INFO] [stderr]    Compiling serde_derive v1.0.189
[INFO] [stderr]    Compiling thiserror-impl v1.0.49
[INFO] [stderr]    Compiling zeroize_derive v1.4.2
[INFO] [stderr]    Compiling toml_edit v0.19.15
[INFO] [stderr]    Compiling ark-serialize-derive v0.4.2
[INFO] [stderr]    Compiling ark-ff-macros v0.4.2
[INFO] [stderr]    Compiling zeroize v1.3.0
[INFO] [stderr]    Compiling derivative v2.2.0
[INFO] [stderr]    Compiling ark-ff-asm v0.4.2
[INFO] [stderr]    Compiling wasm-bindgen-macro v0.2.87
[INFO] [stderr]    Compiling bytemuck_derive v1.5.0
[INFO] [stderr]    Compiling proc-macro-crate v1.3.1
[INFO] [stderr]    Compiling num-derive v0.3.3
[INFO] [stderr]    Compiling solana-sdk-macro v1.16.17
[INFO] [stderr]    Compiling regex v1.10.1
[INFO] [stderr]    Compiling darling_macro v0.20.3
[INFO] [stderr]    Compiling bytemuck v1.14.0
[INFO] [stderr]    Compiling num_enum_derive v0.6.1
[INFO] [stderr]    Compiling qstring v0.7.2
[INFO] [stderr]    Compiling uriparse v0.6.4
[INFO] [stderr]    Compiling env_logger v0.9.3
[INFO] [stderr]    Compiling chrono v0.4.31
[INFO] [stderr]    Compiling assert_matches v1.5.0
[INFO] [stderr]    Compiling solana-logger v1.16.17
[INFO] [stderr]    Compiling merlin v3.0.0
[INFO] [stderr]    Compiling darling v0.20.3
[INFO] [stderr]    Compiling serde_with_macros v2.3.3
[INFO] [stderr]    Compiling unicode-segmentation v1.10.1
[INFO] [stderr]    Compiling num-derive v0.4.1
[INFO] [stderr]    Compiling heck v0.3.3
[INFO] [stderr]    Compiling bs58 v0.5.0
[INFO] [stderr]    Compiling num_enum v0.6.1
[INFO] [stderr]    Compiling num_enum_derive v0.5.11
[INFO] [stderr]    Compiling num_enum_derive v0.7.0
[INFO] [stderr]    Compiling rmp v0.8.12
[INFO] [stderr]    Compiling mpl-token-metadata-context-derive v0.2.1
[INFO] [stderr]    Compiling mpl-token-metadata-context-derive v0.3.0
[INFO] [stderr]    Compiling anchor-derive-space v0.28.0
[INFO] [stderr]    Compiling num_enum v0.5.11
[INFO] [stderr]    Compiling num_enum v0.7.0
[INFO] [stderr]    Compiling toml v0.5.11
[INFO] [stderr]    Compiling serde_bytes v0.11.12
[INFO] [stderr]    Compiling bincode v1.3.3
[INFO] [stderr]    Compiling serde_with v2.3.3
[INFO] [stderr]    Compiling shank_macro_impl v0.0.11
[INFO] [stderr]    Compiling rmp-serde v1.1.2
[INFO] [stderr]    Compiling crypto-common v0.1.6
[INFO] [stderr]    Compiling block-buffer v0.10.4
[INFO] [stderr]    Compiling digest v0.10.7
[INFO] [stderr]    Compiling digest v0.9.0
[INFO] [stderr]    Compiling block-buffer v0.9.0
[INFO] [stderr]    Compiling sha2 v0.10.8
[INFO] [stderr]    Compiling libsecp256k1-core v0.2.2
[INFO] [stderr]    Compiling crypto-mac v0.8.0
[INFO] [stderr]    Compiling sha2 v0.9.9
[INFO] [stderr]    Compiling proc-macro-crate v0.1.5
[INFO] [stderr]    Compiling ark-serialize v0.4.2
[INFO] [stderr]    Compiling hmac v0.8.1
[INFO] [stderr]    Compiling curve25519-dalek v3.2.1
[INFO] [stderr]    Compiling hmac-drbg v0.3.0
[INFO] [stderr]    Compiling pbkdf2 v0.4.0
[INFO] [stderr]    Compiling ark-ff v0.4.2
[INFO] [stderr]    Compiling sha3 v0.10.8
[INFO] [stderr]    Compiling tiny-bip39 v0.8.2
[INFO] [stderr]    Compiling cipher v0.3.0
[INFO] [stderr]    Compiling hmac v0.12.1
[INFO] [stderr]    Compiling libsecp256k1-gen-ecmult v0.2.1
[INFO] [stderr]    Compiling libsecp256k1-gen-genmult v0.2.1
[INFO] [stderr]    Compiling borsh-derive v0.9.3
[INFO] [stderr]    Compiling borsh-derive v0.10.3
[INFO] [stderr]    Compiling universal-hash v0.4.1
[INFO] [stderr]    Compiling polyval v0.5.3
[INFO] [stderr]    Compiling ed25519-dalek v1.0.1
[INFO] [stderr]    Compiling ed25519-dalek-bip32 v0.2.0
[INFO] [stderr]    Compiling libsecp256k1 v0.6.0
[INFO] [stderr]    Compiling ctr v0.8.0
[INFO] [stderr]    Compiling aes v0.7.5
[INFO] [stderr]    Compiling borsh v0.9.3
[INFO] [stderr]    Compiling pbkdf2 v0.11.0
[INFO] [stderr]    Compiling borsh v0.10.3
[INFO] [stderr]    Compiling aead v0.4.3
[INFO] [stderr]    Compiling sha3 v0.9.1
[INFO] [stderr]    Compiling spl-discriminator-syn v0.1.1
[INFO] [stderr]    Compiling spl-program-error-derive v0.3.1
[INFO] [stderr]    Compiling aes-gcm-siv v0.10.3
[INFO] [stderr]    Compiling anchor-syn v0.28.0
[INFO] [stderr]    Compiling shank_macro v0.0.11
[INFO] [stderr]    Compiling spl-discriminator-derive v0.1.1
[INFO] [stderr]    Compiling shank v0.0.11
[INFO] [stderr]    Compiling anchor-attribute-event v0.28.0
[INFO] [stderr]    Compiling anchor-derive-accounts v0.28.0
[INFO] [stderr]    Compiling anchor-attribute-constant v0.28.0
[INFO] [stderr]    Compiling anchor-attribute-error v0.28.0
[INFO] [stderr]    Compiling anchor-attribute-account v0.28.0
[INFO] [stderr]    Compiling anchor-attribute-program v0.28.0
[INFO] [stderr]    Compiling anchor-attribute-access-control v0.28.0
[INFO] [stderr]    Compiling ark-poly v0.4.2
[INFO] [stderr]    Compiling ark-ec v0.4.2
[INFO] [stderr]    Compiling ark-bn254 v0.4.0
[INFO] [stderr]    Compiling spl-program-error v0.3.0
[INFO] [stderr]    Compiling spl-discriminator v0.1.0
[INFO] [stderr]    Compiling spl-memo v3.0.1
[INFO] [stderr]    Compiling spl-token v3.5.0
[INFO] [stderr]    Compiling spl-token v4.0.0
[INFO] [stderr]    Compiling spl-memo v4.0.0
[INFO] [stderr]    Compiling anchor-lang v0.28.0
[INFO] [stderr]    Compiling solana-zk-token-sdk v1.16.17
[INFO] [stderr]    Compiling spl-pod v0.1.0
[INFO] [stderr]    Compiling spl-token-2022 v0.6.1
[INFO] [stderr]    Compiling mpl-token-auth-rules v1.4.3-beta.1
[INFO] [stderr]    Compiling spl-type-length-value v0.3.0
[INFO] [stderr]    Compiling spl-tlv-account-resolution v0.4.0
[INFO] [stderr]    Compiling spl-token-metadata-interface v0.2.0
[INFO] [stderr]    Compiling spl-transfer-hook-interface v0.3.0
[INFO] [stderr]    Compiling mpl-utils v0.3.1
[INFO] [stderr]    Compiling spl-associated-token-account v1.1.3
[INFO] [stderr]    Compiling spl-token-2022 v0.9.0
[INFO] [stderr]    Compiling spl-associated-token-account v2.2.0
[INFO] [stderr]    Compiling mpl-token-metadata v1.13.2
[INFO] [stderr]    Compiling anchor-spl v0.28.0
[INFO] [stderr]    Compiling solana-nft-anchor v0.1.0 (/opt/rustwide/workdir/programs/solana-nft-anchor)
[INFO] [stdout] error: pubkey array is not 32 bytes long: len=0
[INFO] [stdout]   --> programs/solana-nft-anchor/src/lib.rs:15:13
[INFO] [stdout]    |
[INFO] [stdout] 15 | declare_id!("");
[INFO] [stdout]    |             ^^
[INFO] [stdout] 
[INFO] [stdout] 
[INFO] [stdout] error[E0425]: cannot find value `ID` in this scope
[INFO] [stdout]   --> programs/solana-nft-anchor/src/lib.rs:17:1
[INFO] [stdout]    |
[INFO] [stdout] 17 | #[program]
[INFO] [stdout]    | ^^^^^^^^^^ not found in this scope
[INFO] [stdout]    |
[INFO] [stdout]    = note: this error originates in the attribute macro `program` (in Nightly builds, run with -Z macro-backtrace for more info)
[INFO] [stdout] help: consider importing one of these items
[INFO] [stdout]    |
[INFO] [stdout] 1  + use anchor_lang::system_program::ID;
[INFO] [stdout]    |
[INFO] [stdout] 1  + use anchor_spl::associated_token::ID;
[INFO] [stdout]    |
[INFO] [stdout] 1  + use anchor_spl::token::ID;
[INFO] [stdout]    |
[INFO] [stdout] 1  + use anchor_spl::token_interface::ID;
[INFO] [stdout]    |
[INFO] [stdout]      and 1 other candidate
[INFO] [stdout] 
[INFO] [stdout] 
[INFO] [stdout] error[E0425]: cannot find value `ID` in this scope
[INFO] [stdout]   --> programs/solana-nft-anchor/src/lib.rs:17:1
[INFO] [stdout]    |
[INFO] [stdout] 17 | #[program]
[INFO] [stdout]    | ^^^^^^^^^^ not found in this scope
[INFO] [stdout]    |
[INFO] [stdout]    = help: consider importing one of these items:
[INFO] [stdout]            anchor_lang::system_program::ID
[INFO] [stdout]            anchor_spl::associated_token::ID
[INFO] [stdout]            anchor_spl::token::ID
[INFO] [stdout]            anchor_spl::token_interface::ID
[INFO] [stdout]            mpl_token_metadata::ID
[INFO] [stdout]    = note: this error originates in the attribute macro `program` (in Nightly builds, run with -Z macro-backtrace for more info)
[INFO] [stdout] 
[INFO] [stdout] 
[INFO] [stdout] error[E0425]: cannot find value `ID` in the crate root
[INFO] [stdout]   --> programs/solana-nft-anchor/src/lib.rs:17:1
[INFO] [stdout]    |
[INFO] [stdout] 17 | #[program]
[INFO] [stdout]    | ^^^^^^^^^^ not found in the crate root
[INFO] [stdout]    |
[INFO] [stdout]    = help: consider importing one of these items:
[INFO] [stdout]            anchor_lang::system_program::ID
[INFO] [stdout]            anchor_spl::associated_token::ID
[INFO] [stdout]            anchor_spl::token::ID
[INFO] [stdout]            anchor_spl::token_interface::ID
[INFO] [stdout]            mpl_token_metadata::ID
[INFO] [stdout]    = note: this error originates in the attribute macro `program` (in Nightly builds, run with -Z macro-backtrace for more info)
[INFO] [stdout] 
[INFO] [stdout] 
[INFO] [stdout] error: aborting due to 4 previous errors
[INFO] [stdout] 
[INFO] [stdout] 
[INFO] [stdout] For more information about this error, try `rustc --explain E0425`.
[INFO] [stdout] 
[INFO] [stderr] error: could not compile `solana-nft-anchor` (lib) due to 5 previous errors
[INFO] running `Command { std: "docker" "inspect" "2416aa55111a0e95d70439470b189f765980a936915957f6e289bfac42f776de", kill_on_drop: false }`
[INFO] running `Command { std: "docker" "rm" "-f" "2416aa55111a0e95d70439470b189f765980a936915957f6e289bfac42f776de", kill_on_drop: false }`
[INFO] [stdout] 2416aa55111a0e95d70439470b189f765980a936915957f6e289bfac42f776de
