[INFO] cloning repository https://github.com/62mkv/clipsel-rs
[INFO] running `Command { std: "git" "-c" "credential.helper=" "-c" "credential.helper=/workspace/cargo-home/bin/git-credential-null" "clone" "--bare" "https://github.com/62mkv/clipsel-rs" "/workspace/cache/git-repos/https%3A%2F%2Fgithub.com%2F62mkv%2Fclipsel-rs", kill_on_drop: false }`
[INFO] [stderr] Cloning into bare repository '/workspace/cache/git-repos/https%3A%2F%2Fgithub.com%2F62mkv%2Fclipsel-rs'...
[INFO] running `Command { std: "git" "rev-parse" "HEAD", kill_on_drop: false }`
[INFO] [stdout] 1f833bf1d5cb53e854540579f385e444ed563793
[INFO] testing 62mkv/clipsel-rs against 1.75.0 for beta-1.76-1
[INFO] running `Command { std: "git" "clone" "/workspace/cache/git-repos/https%3A%2F%2Fgithub.com%2F62mkv%2Fclipsel-rs" "/workspace/builds/worker-6-tc1/source", kill_on_drop: false }`
[INFO] [stderr] Cloning into '/workspace/builds/worker-6-tc1/source'...
[INFO] [stderr] done.
[INFO] validating manifest of git repo https://github.com/62mkv/clipsel-rs on toolchain 1.75.0
[INFO] running `Command { std: CARGO_HOME="/workspace/cargo-home" RUSTUP_HOME="/workspace/rustup-home" "/workspace/cargo-home/bin/cargo" "+1.75.0" "metadata" "--manifest-path" "Cargo.toml" "--no-deps", kill_on_drop: false }`
[INFO] started tweaking git repo https://github.com/62mkv/clipsel-rs
[INFO] finished tweaking git repo https://github.com/62mkv/clipsel-rs
[INFO] tweaked toml for git repo https://github.com/62mkv/clipsel-rs written to /workspace/builds/worker-6-tc1/source/Cargo.toml
[INFO] crate git repo https://github.com/62mkv/clipsel-rs already has a lockfile, it will not be regenerated
[INFO] running `Command { std: CARGO_HOME="/workspace/cargo-home" RUSTUP_HOME="/workspace/rustup-home" "/workspace/cargo-home/bin/cargo" "+1.75.0" "fetch" "--manifest-path" "Cargo.toml", kill_on_drop: false }`
[INFO] [stderr]     Blocking waiting for file lock on package cache
[INFO] [stderr]     Updating git repository `https://github.com/62mkv/farmanager-api-rust-bindings`
[INFO] [stderr]     Updating git repository `https://github.com/dpelevin/farmanager-api-rust-bindings`
[INFO] [stderr]     Blocking waiting for file lock on package cache
[INFO] [stderr]  Downloading crates ...
[INFO] [stderr]   Downloaded getrandom v0.1.1
[INFO] [stderr]   Downloaded backtrace v0.3.11
[INFO] running `Command { std: "docker" "create" "-v" "/var/lib/crater-agent-workspace/builds/worker-6-tc1/target:/opt/rustwide/target:rw,Z" "-v" "/var/lib/crater-agent-workspace/builds/worker-6-tc1/source:/opt/rustwide/workdir:ro,Z" "-v" "/var/lib/crater-agent-workspace/cargo-home:/opt/rustwide/cargo-home:ro,Z" "-v" "/var/lib/crater-agent-workspace/rustup-home:/opt/rustwide/rustup-home:ro,Z" "-e" "SOURCE_DIR=/opt/rustwide/workdir" "-e" "CARGO_TARGET_DIR=/opt/rustwide/target" "-e" "CARGO_HOME=/opt/rustwide/cargo-home" "-e" "RUSTUP_HOME=/opt/rustwide/rustup-home" "-w" "/opt/rustwide/workdir" "-m" "1610612736" "--user" "0:0" "--network" "none" "ghcr.io/rust-lang/crates-build-env/linux@sha256:2788e3201cd34a07e3172128adcd8b3090168a8e3bcc40d7c032b9dda1df7d1c" "/opt/rustwide/cargo-home/bin/cargo" "+1.75.0" "metadata" "--no-deps" "--format-version=1", kill_on_drop: false }`
[INFO] [stdout] 3c49c7063ca1dffb50a2e68bed7ed6d52dfce8c6a2fe0faa0b3d1303b01bebc9
[INFO] running `Command { std: "docker" "start" "-a" "3c49c7063ca1dffb50a2e68bed7ed6d52dfce8c6a2fe0faa0b3d1303b01bebc9", kill_on_drop: false }`
[INFO] running `Command { std: "docker" "inspect" "3c49c7063ca1dffb50a2e68bed7ed6d52dfce8c6a2fe0faa0b3d1303b01bebc9", kill_on_drop: false }`
[INFO] running `Command { std: "docker" "rm" "-f" "3c49c7063ca1dffb50a2e68bed7ed6d52dfce8c6a2fe0faa0b3d1303b01bebc9", kill_on_drop: false }`
[INFO] [stdout] 3c49c7063ca1dffb50a2e68bed7ed6d52dfce8c6a2fe0faa0b3d1303b01bebc9
[INFO] running `Command { std: "docker" "create" "-v" "/var/lib/crater-agent-workspace/builds/worker-6-tc1/target:/opt/rustwide/target:rw,Z" "-v" "/var/lib/crater-agent-workspace/builds/worker-6-tc1/source:/opt/rustwide/workdir:ro,Z" "-v" "/var/lib/crater-agent-workspace/cargo-home:/opt/rustwide/cargo-home:ro,Z" "-v" "/var/lib/crater-agent-workspace/rustup-home:/opt/rustwide/rustup-home:ro,Z" "-e" "SOURCE_DIR=/opt/rustwide/workdir" "-e" "CARGO_TARGET_DIR=/opt/rustwide/target" "-e" "CARGO_INCREMENTAL=0" "-e" "RUST_BACKTRACE=full" "-e" "RUSTFLAGS=--cap-lints=warn" "-e" "RUSTDOCFLAGS=--cap-lints=warn" "-e" "CARGO_HOME=/opt/rustwide/cargo-home" "-e" "RUSTUP_HOME=/opt/rustwide/rustup-home" "-w" "/opt/rustwide/workdir" "-m" "1610612736" "--user" "0:0" "--network" "none" "ghcr.io/rust-lang/crates-build-env/linux@sha256:2788e3201cd34a07e3172128adcd8b3090168a8e3bcc40d7c032b9dda1df7d1c" "/opt/rustwide/cargo-home/bin/cargo" "+1.75.0" "build" "--frozen" "--message-format=json", kill_on_drop: false }`
[INFO] [stdout] 2ecf95bbfcb5104e1ebbd5d61ca39c3129b27ba7c546e252cf46f4191d08653c
[INFO] running `Command { std: "docker" "start" "-a" "2ecf95bbfcb5104e1ebbd5d61ca39c3129b27ba7c546e252cf46f4191d08653c", kill_on_drop: false }`
[INFO] [stderr]    Compiling libc v0.2.137
[INFO] [stderr]    Compiling cc v1.0.77
[INFO] [stderr]    Compiling winapi-build v0.1.1
[INFO] [stderr]    Compiling proc-macro2 v0.4.30
[INFO] [stderr]    Compiling proc-macro2 v1.0.47
[INFO] [stderr]    Compiling cfg-if v0.1.10
[INFO] [stderr]    Compiling quote v1.0.21
[INFO] [stderr]    Compiling unicode-xid v0.1.0
[INFO] [stderr]    Compiling unicode-ident v1.0.5
[INFO] [stderr]    Compiling winapi v0.2.8
[INFO] [stderr]    Compiling syn v1.0.103
[INFO] [stderr]    Compiling failure_derive v0.1.8
[INFO] [stderr]    Compiling debug-builders v0.1.0
[INFO] [stderr]    Compiling unicode-xid v0.2.4
[INFO] [stderr]    Compiling debugtrace v0.1.0
[INFO] [stderr]    Compiling num-traits v0.2.15
[INFO] [stderr]    Compiling num-integer v0.1.45
[INFO] [stderr]    Compiling custom_derive v0.1.7
[INFO] [stderr]    Compiling rustc-demangle v0.1.21
[INFO] [stderr]    Compiling kernel32-sys v0.2.2
[INFO] [stderr]    Compiling dbghelp-sys v0.2.0
[INFO] [stderr]    Compiling log v0.4.17
[INFO] [stderr]    Compiling conv v0.3.3
[INFO] [stderr]    Compiling syn v0.15.44
[INFO] [stderr]    Compiling either v0.1.7
[INFO] [stderr]    Compiling winapi v0.3.9
[INFO] [stderr]    Compiling bitflags v0.7.0
[INFO] [stderr]    Compiling byteorder v1.4.3
[INFO] [stderr]    Compiling widestring v0.2.2
[INFO] [stderr]    Compiling clipboard-win v4.4.2
[INFO] [stderr]    Compiling backtrace-sys v0.1.37
[INFO] [stderr]    Compiling dirs v1.0.5
[INFO] [stderr]    Compiling time v0.1.42
[INFO] [stderr]    Compiling quote v0.6.13
[INFO] [stderr]    Compiling term v0.5.2
[INFO] [stderr]    Compiling syn v0.14.9
[INFO] [stderr]    Compiling chrono v0.4.11
[INFO] [stderr]    Compiling backtrace v0.1.8
[INFO] [stderr]    Compiling backtrace v0.3.11
[INFO] [stderr]    Compiling simplelog v0.5.3
[INFO] [stderr]    Compiling chomp v0.3.1
[INFO] [stderr]    Compiling guid-parser v0.1.0
[INFO] [stderr]    Compiling farmanager_codegen v0.1.0 (https://github.com/dpelevin/farmanager-api-rust-bindings#17d7e0c5)
[INFO] [stderr]    Compiling farmanager_build v0.1.0 (https://github.com/dpelevin/farmanager-api-rust-bindings#17d7e0c5)
[INFO] [stderr]    Compiling synstructure v0.12.6
[INFO] [stderr]    Compiling clipsel-rs v0.1.0 (/opt/rustwide/workdir)
[INFO] [stderr]    Compiling failure v0.1.8
[INFO] [stderr]    Compiling farmanager v0.0.0 (https://github.com/62mkv/farmanager-api-rust-bindings?branch=clipboard#bea62be6)
[INFO] [stderr]    Compiling guid v0.1.0
[INFO] [stdout] error[E0433]: failed to resolve: could not find `shared` in `winapi`
[INFO] [stdout]   --> /opt/rustwide/cargo-home/git/checkouts/farmanager-api-rust-bindings-e7b69a4104c36435/bea62be/farmanager/src/ffi.rs:12:17
[INFO] [stdout]    |
[INFO] [stdout] 12 | pub use winapi::shared::guiddef::GUID as GUID;
[INFO] [stdout]    |                 ^^^^^^ could not find `shared` in `winapi`
[INFO] [stdout] 
[INFO] [stdout] 
[INFO] [stdout] error[E0433]: failed to resolve: could not find `shared` in `winapi`
[INFO] [stdout]   --> /opt/rustwide/cargo-home/git/checkouts/farmanager-api-rust-bindings-e7b69a4104c36435/bea62be/farmanager/src/ffi.rs:13:24
[INFO] [stdout]    |
[INFO] [stdout] 13 | pub(crate) use winapi::shared::minwindef::{BOOL, WORD};
[INFO] [stdout]    |                        ^^^^^^ could not find `shared` in `winapi`
[INFO] [stdout] 
[INFO] [stdout] 
[INFO] [stdout] error[E0433]: failed to resolve: could not find `shared` in `winapi`
[INFO] [stdout]   --> /opt/rustwide/cargo-home/git/checkouts/farmanager-api-rust-bindings-e7b69a4104c36435/bea62be/farmanager/src/ffi.rs:14:17
[INFO] [stdout]    |
[INFO] [stdout] 14 | pub use winapi::shared::minwindef::DWORD as DWORD;
[INFO] [stdout]    |                 ^^^^^^ could not find `shared` in `winapi`
[INFO] [stdout] 
[INFO] [stdout] 
[INFO] [stdout] error[E0433]: failed to resolve: could not find `shared` in `winapi`
[INFO] [stdout]   --> /opt/rustwide/cargo-home/git/checkouts/farmanager-api-rust-bindings-e7b69a4104c36435/bea62be/farmanager/src/ffi.rs:15:17
[INFO] [stdout]    |
[INFO] [stdout] 15 | pub use winapi::shared::minwindef::FALSE as FALSE;
[INFO] [stdout]    |                 ^^^^^^ could not find `shared` in `winapi`
[INFO] [stdout] 
[INFO] [stdout] 
[INFO] [stdout] error[E0433]: failed to resolve: could not find `shared` in `winapi`
[INFO] [stdout]   --> /opt/rustwide/cargo-home/git/checkouts/farmanager-api-rust-bindings-e7b69a4104c36435/bea62be/farmanager/src/ffi.rs:16:17
[INFO] [stdout]    |
[INFO] [stdout] 16 | pub use winapi::shared::minwindef::FILETIME;
[INFO] [stdout]    |                 ^^^^^^ could not find `shared` in `winapi`
[INFO] [stdout] 
[INFO] [stdout] 
[INFO] [stdout] error[E0433]: failed to resolve: could not find `shared` in `winapi`
[INFO] [stdout]   --> /opt/rustwide/cargo-home/git/checkouts/farmanager-api-rust-bindings-e7b69a4104c36435/bea62be/farmanager/src/ffi.rs:17:17
[INFO] [stdout]    |
[INFO] [stdout] 17 | pub use winapi::shared::minwindef::TRUE as TRUE;
[INFO] [stdout]    |                 ^^^^^^ could not find `shared` in `winapi`
[INFO] [stdout] 
[INFO] [stdout] 
[INFO] [stdout] error[E0433]: failed to resolve: could not find `shared` in `winapi`
[INFO] [stdout]   --> /opt/rustwide/cargo-home/git/checkouts/farmanager-api-rust-bindings-e7b69a4104c36435/bea62be/farmanager/src/ffi.rs:18:17
[INFO] [stdout]    |
[INFO] [stdout] 18 | pub use winapi::shared::windef::{COLORREF, RECT};
[INFO] [stdout]    |                 ^^^^^^ could not find `shared` in `winapi`
[INFO] [stdout] 
[INFO] [stdout] 
[INFO] [stdout] error[E0433]: failed to resolve: could not find `um` in `winapi`
[INFO] [stdout]   --> /opt/rustwide/cargo-home/git/checkouts/farmanager-api-rust-bindings-e7b69a4104c36435/bea62be/farmanager/src/ffi.rs:19:17
[INFO] [stdout]    |
[INFO] [stdout] 19 | pub use winapi::um::handleapi::INVALID_HANDLE_VALUE as INVALID_HANDLE_VALUE;
[INFO] [stdout]    |                 ^^ could not find `um` in `winapi`
[INFO] [stdout] 
[INFO] [stdout] 
[INFO] [stdout] error[E0433]: failed to resolve: could not find `um` in `winapi`
[INFO] [stdout]   --> /opt/rustwide/cargo-home/git/checkouts/farmanager-api-rust-bindings-e7b69a4104c36435/bea62be/farmanager/src/ffi.rs:20:13
[INFO] [stdout]    |
[INFO] [stdout] 20 | use winapi::um::minwinbase::LPSECURITY_ATTRIBUTES;
[INFO] [stdout]    |             ^^ could not find `um` in `winapi`
[INFO] [stdout] 
[INFO] [stdout] 
[INFO] [stdout] error[E0433]: failed to resolve: could not find `um` in `winapi`
[INFO] [stdout]   --> /opt/rustwide/cargo-home/git/checkouts/farmanager-api-rust-bindings-e7b69a4104c36435/bea62be/farmanager/src/ffi.rs:21:13
[INFO] [stdout]    |
[INFO] [stdout] 21 | use winapi::um::wincon::{COORD, KEY_EVENT};
[INFO] [stdout]    |             ^^ could not find `um` in `winapi`
[INFO] [stdout] 
[INFO] [stdout] 
[INFO] [stdout] error[E0433]: failed to resolve: could not find `um` in `winapi`
[INFO] [stdout]   --> /opt/rustwide/cargo-home/git/checkouts/farmanager-api-rust-bindings-e7b69a4104c36435/bea62be/farmanager/src/ffi.rs:22:17
[INFO] [stdout]    |
[INFO] [stdout] 22 | pub use winapi::um::wincon::CTRL_BREAK_EVENT as CTRL_BREAK_EVENT;
[INFO] [stdout]    |                 ^^ could not find `um` in `winapi`
[INFO] [stdout] 
[INFO] [stdout] 
[INFO] [stdout] error[E0433]: failed to resolve: could not find `um` in `winapi`
[INFO] [stdout]   --> /opt/rustwide/cargo-home/git/checkouts/farmanager-api-rust-bindings-e7b69a4104c36435/bea62be/farmanager/src/ffi.rs:23:17
[INFO] [stdout]    |
[INFO] [stdout] 23 | pub use winapi::um::wincon::INPUT_RECORD as INPUT_RECORD;
[INFO] [stdout]    |                 ^^ could not find `um` in `winapi`
[INFO] [stdout] 
[INFO] [stdout] 
[INFO] [stdout] error[E0433]: failed to resolve: could not find `um` in `winapi`
[INFO] [stdout]   --> /opt/rustwide/cargo-home/git/checkouts/farmanager-api-rust-bindings-e7b69a4104c36435/bea62be/farmanager/src/ffi.rs:24:17
[INFO] [stdout]    |
[INFO] [stdout] 24 | pub use winapi::um::winnt::HANDLE as HANDLE;
[INFO] [stdout]    |                 ^^ could not find `um` in `winapi`
[INFO] [stdout] 
[INFO] [stdout] 
[INFO] [stdout] error[E0432]: unresolved import `winapi::ctypes`
[INFO] [stdout]   --> /opt/rustwide/cargo-home/git/checkouts/farmanager-api-rust-bindings-e7b69a4104c36435/bea62be/farmanager/src/ffi.rs:11:17
[INFO] [stdout]    |
[INFO] [stdout] 11 | pub use winapi::ctypes::wchar_t as wchar_t;
[INFO] [stdout]    |                 ^^^^^^ could not find `ctypes` in `winapi`
[INFO] [stdout] 
[INFO] [stdout] 
[INFO] [stdout] error[E0433]: failed to resolve: could not find `um` in `winapi`
[INFO] [stdout]  --> /opt/rustwide/cargo-home/git/checkouts/farmanager-api-rust-bindings-e7b69a4104c36435/bea62be/farmanager/src/common.rs:3:13
[INFO] [stdout]   |
[INFO] [stdout] 3 | use winapi::um::combaseapi::CoCreateGuid;
[INFO] [stdout]   |             ^^ could not find `um` in `winapi`
[INFO] [stdout] 
[INFO] [stdout] 
[INFO] [stdout] error[E0432]: unresolved import `winapi::shared`
[INFO] [stdout]  --> /opt/rustwide/cargo-home/git/checkouts/farmanager-api-rust-bindings-e7b69a4104c36435/bea62be/farmanager/src/common.rs:2:13
[INFO] [stdout]   |
[INFO] [stdout] 2 | use winapi::shared::winerror;
[INFO] [stdout]   |             ^^^^^^ could not find `shared` in `winapi`
[INFO] [stdout] 
[INFO] [stdout] 
[INFO] [stdout] error: aborting due to 16 previous errors
[INFO] [stdout] 
[INFO] [stdout] 
[INFO] [stdout] Some errors have detailed explanations: E0432, E0433.
[INFO] [stdout] 
[INFO] [stdout] For more information about an error, try `rustc --explain E0432`.
[INFO] [stdout] 
[INFO] [stderr] error: could not compile `farmanager` (lib) due to 17 previous errors
[INFO] running `Command { std: "docker" "inspect" "2ecf95bbfcb5104e1ebbd5d61ca39c3129b27ba7c546e252cf46f4191d08653c", kill_on_drop: false }`
[INFO] running `Command { std: "docker" "rm" "-f" "2ecf95bbfcb5104e1ebbd5d61ca39c3129b27ba7c546e252cf46f4191d08653c", kill_on_drop: false }`
[INFO] [stdout] 2ecf95bbfcb5104e1ebbd5d61ca39c3129b27ba7c546e252cf46f4191d08653c
