[INFO] cloning repository https://github.com/5c077m4n/tsn
[INFO] running `Command { std: "git" "-c" "credential.helper=" "-c" "credential.helper=/workspace/cargo-home/bin/git-credential-null" "clone" "--bare" "https://github.com/5c077m4n/tsn" "/workspace/cache/git-repos/https%3A%2F%2Fgithub.com%2F5c077m4n%2Ftsn", kill_on_drop: false }`
[INFO] [stderr] Cloning into bare repository '/workspace/cache/git-repos/https%3A%2F%2Fgithub.com%2F5c077m4n%2Ftsn'...
[INFO] running `Command { std: "git" "rev-parse" "HEAD", kill_on_drop: false }`
[INFO] [stdout] 88e6b482ac99592b893ebff1976d3ae3d6c736fb
[INFO] testing 5c077m4n/tsn against 1.75.0 for beta-1.76-1
[INFO] running `Command { std: "git" "clone" "/workspace/cache/git-repos/https%3A%2F%2Fgithub.com%2F5c077m4n%2Ftsn" "/workspace/builds/worker-7-tc1/source", kill_on_drop: false }`
[INFO] [stderr] Cloning into '/workspace/builds/worker-7-tc1/source'...
[INFO] [stderr] done.
[INFO] validating manifest of git repo https://github.com/5c077m4n/tsn on toolchain 1.75.0
[INFO] running `Command { std: CARGO_HOME="/workspace/cargo-home" RUSTUP_HOME="/workspace/rustup-home" "/workspace/cargo-home/bin/cargo" "+1.75.0" "metadata" "--manifest-path" "Cargo.toml" "--no-deps", kill_on_drop: false }`
[INFO] started tweaking git repo https://github.com/5c077m4n/tsn
[INFO] finished tweaking git repo https://github.com/5c077m4n/tsn
[INFO] tweaked toml for git repo https://github.com/5c077m4n/tsn written to /workspace/builds/worker-7-tc1/source/Cargo.toml
[INFO] crate git repo https://github.com/5c077m4n/tsn already has a lockfile, it will not be regenerated
[INFO] running `Command { std: CARGO_HOME="/workspace/cargo-home" RUSTUP_HOME="/workspace/rustup-home" "/workspace/cargo-home/bin/cargo" "+1.75.0" "fetch" "--manifest-path" "Cargo.toml", kill_on_drop: false }`
[INFO] [stderr]  Downloading crates ...
[INFO] [stderr]   Downloaded proc-macro2 v1.0.71
[INFO] [stderr]   Downloaded anyhow v1.0.76
[INFO] [stderr]   Downloaded syn v2.0.43
[INFO] running `Command { std: "docker" "create" "-v" "/var/lib/crater-agent-workspace/builds/worker-7-tc1/target:/opt/rustwide/target:rw,Z" "-v" "/var/lib/crater-agent-workspace/builds/worker-7-tc1/source:/opt/rustwide/workdir:ro,Z" "-v" "/var/lib/crater-agent-workspace/cargo-home:/opt/rustwide/cargo-home:ro,Z" "-v" "/var/lib/crater-agent-workspace/rustup-home:/opt/rustwide/rustup-home:ro,Z" "-e" "SOURCE_DIR=/opt/rustwide/workdir" "-e" "CARGO_TARGET_DIR=/opt/rustwide/target" "-e" "CARGO_HOME=/opt/rustwide/cargo-home" "-e" "RUSTUP_HOME=/opt/rustwide/rustup-home" "-w" "/opt/rustwide/workdir" "-m" "1610612736" "--user" "0:0" "--network" "none" "ghcr.io/rust-lang/crates-build-env/linux@sha256:2788e3201cd34a07e3172128adcd8b3090168a8e3bcc40d7c032b9dda1df7d1c" "/opt/rustwide/cargo-home/bin/cargo" "+1.75.0" "metadata" "--no-deps" "--format-version=1", kill_on_drop: false }`
[INFO] [stdout] 3a653488e932143e4b4e03f22ba9a23b601586cb8ed3ad41bd559527c5affccb
[INFO] running `Command { std: "docker" "start" "-a" "3a653488e932143e4b4e03f22ba9a23b601586cb8ed3ad41bd559527c5affccb", kill_on_drop: false }`
[INFO] running `Command { std: "docker" "inspect" "3a653488e932143e4b4e03f22ba9a23b601586cb8ed3ad41bd559527c5affccb", kill_on_drop: false }`
[INFO] running `Command { std: "docker" "rm" "-f" "3a653488e932143e4b4e03f22ba9a23b601586cb8ed3ad41bd559527c5affccb", kill_on_drop: false }`
[INFO] [stdout] 3a653488e932143e4b4e03f22ba9a23b601586cb8ed3ad41bd559527c5affccb
[INFO] running `Command { std: "docker" "create" "-v" "/var/lib/crater-agent-workspace/builds/worker-7-tc1/target:/opt/rustwide/target:rw,Z" "-v" "/var/lib/crater-agent-workspace/builds/worker-7-tc1/source:/opt/rustwide/workdir:ro,Z" "-v" "/var/lib/crater-agent-workspace/cargo-home:/opt/rustwide/cargo-home:ro,Z" "-v" "/var/lib/crater-agent-workspace/rustup-home:/opt/rustwide/rustup-home:ro,Z" "-e" "SOURCE_DIR=/opt/rustwide/workdir" "-e" "CARGO_TARGET_DIR=/opt/rustwide/target" "-e" "CARGO_INCREMENTAL=0" "-e" "RUST_BACKTRACE=full" "-e" "RUSTFLAGS=--cap-lints=warn" "-e" "RUSTDOCFLAGS=--cap-lints=warn" "-e" "CARGO_HOME=/opt/rustwide/cargo-home" "-e" "RUSTUP_HOME=/opt/rustwide/rustup-home" "-w" "/opt/rustwide/workdir" "-m" "1610612736" "--user" "0:0" "--network" "none" "ghcr.io/rust-lang/crates-build-env/linux@sha256:2788e3201cd34a07e3172128adcd8b3090168a8e3bcc40d7c032b9dda1df7d1c" "/opt/rustwide/cargo-home/bin/cargo" "+1.75.0" "build" "--frozen" "--message-format=json", kill_on_drop: false }`
[INFO] [stdout] dc80ccc138f8519828f58a7ee771100bf5530a5006bebe50c2e3142b0aa91085
[INFO] running `Command { std: "docker" "start" "-a" "dc80ccc138f8519828f58a7ee771100bf5530a5006bebe50c2e3142b0aa91085", kill_on_drop: false }`
[INFO] [stderr]    Compiling proc-macro2 v1.0.71
[INFO] [stderr]    Compiling rustversion v1.0.13
[INFO] [stderr]    Compiling heck v0.4.1
[INFO] [stderr]    Compiling anyhow v1.0.76
[INFO] [stderr]    Compiling quote v1.0.33
[INFO] [stderr]    Compiling syn v2.0.43
[INFO] [stderr]    Compiling strum_macros v0.25.3
[INFO] [stderr]    Compiling strum v0.25.0
[INFO] [stderr]    Compiling tsn v0.1.0 (/opt/rustwide/workdir)
[INFO] [stdout] warning: unused import: `anyhow`
[INFO] [stdout]  --> src/libs/parser/mod.rs:1:14
[INFO] [stdout]   |
[INFO] [stdout] 1 | use anyhow::{anyhow, bail, Result};
[INFO] [stdout]   |              ^^^^^^
[INFO] [stdout]   |
[INFO] [stdout]   = note: `#[warn(unused_imports)]` on by default
[INFO] [stdout] 
[INFO] [stdout] 
[INFO] [stdout] error[E0609]: no field `parse_identifier` on type `&Parser`
[INFO] [stdout]   --> src/libs/parser/mod.rs:69:34
[INFO] [stdout]    |
[INFO] [stdout] 69 |             TokenType::Identifier => self.parse_identifier,
[INFO] [stdout]    |                                           ^^^^^^^^^^^^^^^^ unknown field
[INFO] [stdout]    |
[INFO] [stdout]    = note: available fields are: `lexer`, `errors`, `token_current`, `token_peek`
[INFO] [stdout] 
[INFO] [stdout] 
[INFO] [stdout] error[E0308]: mismatched types
[INFO] [stdout]    --> src/libs/parser/mod.rs:160:61
[INFO] [stdout]     |
[INFO] [stdout] 160 |     fn parse_expression(&mut self, _precedence: Precedence) -> Result<Box<Expression>> {
[INFO] [stdout]     |        ----------------                                        ^^^^^^^^^^^^^^^^^^^^^^^ expected `Result<Box<Expression>, Error>`, found `()`
[INFO] [stdout]     |        |
[INFO] [stdout]     |        implicitly returns `()` as its body has no tail or `return` expression
[INFO] [stdout]     |
[INFO] [stdout]     = note:   expected enum `Result<Box<Expression>, anyhow::Error>`
[INFO] [stdout]             found unit type `()`
[INFO] [stdout] 
[INFO] [stdout] 
[INFO] [stdout] error: aborting due to 2 previous errors; 1 warning emitted
[INFO] [stdout] 
[INFO] [stdout] 
[INFO] [stdout] Some errors have detailed explanations: E0308, E0609.
[INFO] [stdout] 
[INFO] [stdout] For more information about an error, try `rustc --explain E0308`.
[INFO] [stdout] 
[INFO] [stderr] error: could not compile `tsn` (bin "tsn") due to 3 previous errors; 1 warning emitted
[INFO] running `Command { std: "docker" "inspect" "dc80ccc138f8519828f58a7ee771100bf5530a5006bebe50c2e3142b0aa91085", kill_on_drop: false }`
[INFO] running `Command { std: "docker" "rm" "-f" "dc80ccc138f8519828f58a7ee771100bf5530a5006bebe50c2e3142b0aa91085", kill_on_drop: false }`
[INFO] [stdout] dc80ccc138f8519828f58a7ee771100bf5530a5006bebe50c2e3142b0aa91085
[INFO] testing 5c077m4n/tsn against beta-2023-12-22 for beta-1.76-1
[INFO] running `Command { std: "git" "clone" "/workspace/cache/git-repos/https%3A%2F%2Fgithub.com%2F5c077m4n%2Ftsn" "/workspace/builds/worker-7-tc2/source", kill_on_drop: false }`
[INFO] [stderr] Cloning into '/workspace/builds/worker-7-tc2/source'...
[INFO] [stderr] done.
[INFO] validating manifest of git repo https://github.com/5c077m4n/tsn on toolchain beta-2023-12-22
[INFO] running `Command { std: CARGO_HOME="/workspace/cargo-home" RUSTUP_HOME="/workspace/rustup-home" "/workspace/cargo-home/bin/cargo" "+beta-2023-12-22" "metadata" "--manifest-path" "Cargo.toml" "--no-deps", kill_on_drop: false }`
[INFO] started tweaking git repo https://github.com/5c077m4n/tsn
[INFO] finished tweaking git repo https://github.com/5c077m4n/tsn
[INFO] tweaked toml for git repo https://github.com/5c077m4n/tsn written to /workspace/builds/worker-7-tc2/source/Cargo.toml
[INFO] crate git repo https://github.com/5c077m4n/tsn already has a lockfile, it will not be regenerated
[INFO] running `Command { std: CARGO_HOME="/workspace/cargo-home" RUSTUP_HOME="/workspace/rustup-home" "/workspace/cargo-home/bin/cargo" "+beta-2023-12-22" "fetch" "--manifest-path" "Cargo.toml", kill_on_drop: false }`
[INFO] running `Command { std: "docker" "create" "-v" "/var/lib/crater-agent-workspace/builds/worker-7-tc2/target:/opt/rustwide/target:rw,Z" "-v" "/var/lib/crater-agent-workspace/builds/worker-7-tc2/source:/opt/rustwide/workdir:ro,Z" "-v" "/var/lib/crater-agent-workspace/cargo-home:/opt/rustwide/cargo-home:ro,Z" "-v" "/var/lib/crater-agent-workspace/rustup-home:/opt/rustwide/rustup-home:ro,Z" "-e" "SOURCE_DIR=/opt/rustwide/workdir" "-e" "CARGO_TARGET_DIR=/opt/rustwide/target" "-e" "CARGO_HOME=/opt/rustwide/cargo-home" "-e" "RUSTUP_HOME=/opt/rustwide/rustup-home" "-w" "/opt/rustwide/workdir" "-m" "1610612736" "--user" "0:0" "--network" "none" "ghcr.io/rust-lang/crates-build-env/linux@sha256:2788e3201cd34a07e3172128adcd8b3090168a8e3bcc40d7c032b9dda1df7d1c" "/opt/rustwide/cargo-home/bin/cargo" "+beta-2023-12-22" "metadata" "--no-deps" "--format-version=1", kill_on_drop: false }`
[INFO] [stdout] 27db9b78a44ca56ad8dc5a3bc15e473caf61ed7253ef0b5da16895151e2194b6
[INFO] running `Command { std: "docker" "start" "-a" "27db9b78a44ca56ad8dc5a3bc15e473caf61ed7253ef0b5da16895151e2194b6", kill_on_drop: false }`
[INFO] running `Command { std: "docker" "inspect" "27db9b78a44ca56ad8dc5a3bc15e473caf61ed7253ef0b5da16895151e2194b6", kill_on_drop: false }`
[INFO] running `Command { std: "docker" "rm" "-f" "27db9b78a44ca56ad8dc5a3bc15e473caf61ed7253ef0b5da16895151e2194b6", kill_on_drop: false }`
[INFO] [stdout] 27db9b78a44ca56ad8dc5a3bc15e473caf61ed7253ef0b5da16895151e2194b6
[INFO] running `Command { std: "docker" "create" "-v" "/var/lib/crater-agent-workspace/builds/worker-7-tc2/target:/opt/rustwide/target:rw,Z" "-v" "/var/lib/crater-agent-workspace/builds/worker-7-tc2/source:/opt/rustwide/workdir:ro,Z" "-v" "/var/lib/crater-agent-workspace/cargo-home:/opt/rustwide/cargo-home:ro,Z" "-v" "/var/lib/crater-agent-workspace/rustup-home:/opt/rustwide/rustup-home:ro,Z" "-e" "SOURCE_DIR=/opt/rustwide/workdir" "-e" "CARGO_TARGET_DIR=/opt/rustwide/target" "-e" "CARGO_INCREMENTAL=0" "-e" "RUST_BACKTRACE=full" "-e" "RUSTFLAGS=--cap-lints=warn" "-e" "RUSTDOCFLAGS=--cap-lints=warn" "-e" "CARGO_HOME=/opt/rustwide/cargo-home" "-e" "RUSTUP_HOME=/opt/rustwide/rustup-home" "-w" "/opt/rustwide/workdir" "-m" "1610612736" "--user" "0:0" "--network" "none" "ghcr.io/rust-lang/crates-build-env/linux@sha256:2788e3201cd34a07e3172128adcd8b3090168a8e3bcc40d7c032b9dda1df7d1c" "/opt/rustwide/cargo-home/bin/cargo" "+beta-2023-12-22" "build" "--frozen" "--message-format=json", kill_on_drop: false }`
[INFO] [stdout] 50a85a281ed262540baf6dbb5401a9bc6ccac46b617d0b018b2955eba9776334
[INFO] running `Command { std: "docker" "start" "-a" "50a85a281ed262540baf6dbb5401a9bc6ccac46b617d0b018b2955eba9776334", kill_on_drop: false }`
[INFO] [stderr]    Compiling proc-macro2 v1.0.71
[INFO] [stderr]    Compiling rustversion v1.0.13
[INFO] [stderr]    Compiling heck v0.4.1
[INFO] [stderr]    Compiling anyhow v1.0.76
[INFO] [stderr]    Compiling quote v1.0.33
[INFO] [stderr]    Compiling syn v2.0.43
[INFO] [stderr]    Compiling strum_macros v0.25.3
[INFO] [stderr]    Compiling strum v0.25.0
[INFO] [stderr]    Compiling tsn v0.1.0 (/opt/rustwide/workdir)
[INFO] [stdout] warning: unused import: `anyhow`
[INFO] [stdout]  --> src/libs/parser/mod.rs:1:14
[INFO] [stdout]   |
[INFO] [stdout] 1 | use anyhow::{anyhow, bail, Result};
[INFO] [stdout]   |              ^^^^^^
[INFO] [stdout]   |
[INFO] [stdout]   = note: `#[warn(unused_imports)]` on by default
[INFO] [stdout] 
[INFO] [stdout] 
[INFO] [stdout] error[E0609]: no field `parse_identifier` on type `&Parser`
[INFO] [stdout]   --> src/libs/parser/mod.rs:69:34
[INFO] [stdout]    |
[INFO] [stdout] 69 |             TokenType::Identifier => self.parse_identifier,
[INFO] [stdout]    |                                           ^^^^^^^^^^^^^^^^ unknown field
[INFO] [stdout]    |
[INFO] [stdout]    = note: available fields are: `lexer`, `errors`, `token_current`, `token_peek`
[INFO] [stdout] 
[INFO] [stdout] 
[INFO] [stdout] error[E0308]: mismatched types
[INFO] [stdout]    --> src/libs/parser/mod.rs:160:61
[INFO] [stdout]     |
[INFO] [stdout] 160 |     fn parse_expression(&mut self, _precedence: Precedence) -> Result<Box<Expression>> {
[INFO] [stdout]     |        ----------------                                        ^^^^^^^^^^^^^^^^^^^^^^^ expected `Result<Box<Expression>, Error>`, found `()`
[INFO] [stdout]     |        |
[INFO] [stdout]     |        implicitly returns `()` as its body has no tail or `return` expression
[INFO] [stdout]     |
[INFO] [stdout]     = note:   expected enum `Result<Box<Expression>, anyhow::Error>`
[INFO] [stdout]             found unit type `()`
[INFO] [stdout] 
[INFO] [stdout] 
[INFO] [stdout] error: aborting due to 2 previous errors; 1 warning emitted
[INFO] [stdout] 
[INFO] [stdout] 
[INFO] [stdout] Some errors have detailed explanations: E0308, E0609.
[INFO] [stdout] 
[INFO] [stdout] For more information about an error, try `rustc --explain E0308`.
[INFO] [stdout] 
[INFO] [stderr] error: could not compile `tsn` (bin "tsn") due to 3 previous errors; 1 warning emitted
[INFO] running `Command { std: "docker" "inspect" "50a85a281ed262540baf6dbb5401a9bc6ccac46b617d0b018b2955eba9776334", kill_on_drop: false }`
[INFO] running `Command { std: "docker" "rm" "-f" "50a85a281ed262540baf6dbb5401a9bc6ccac46b617d0b018b2955eba9776334", kill_on_drop: false }`
[INFO] [stdout] 50a85a281ed262540baf6dbb5401a9bc6ccac46b617d0b018b2955eba9776334
