[INFO] cloning repository https://github.com/50shadesofgwei/GMXRust
[INFO] running `Command { std: "git" "-c" "credential.helper=" "-c" "credential.helper=/workspace/cargo-home/bin/git-credential-null" "clone" "--bare" "https://github.com/50shadesofgwei/GMXRust" "/workspace/cache/git-repos/https%3A%2F%2Fgithub.com%2F50shadesofgwei%2FGMXRust", kill_on_drop: false }`
[INFO] [stderr] Cloning into bare repository '/workspace/cache/git-repos/https%3A%2F%2Fgithub.com%2F50shadesofgwei%2FGMXRust'...
[INFO] running `Command { std: "git" "rev-parse" "HEAD", kill_on_drop: false }`
[INFO] [stdout] 5fe06e6028c6c637d2092cc662bdee505e63c7c5
[INFO] testing 50shadesofgwei/GMXRust against 1.75.0 for beta-1.76-1
[INFO] running `Command { std: "git" "clone" "/workspace/cache/git-repos/https%3A%2F%2Fgithub.com%2F50shadesofgwei%2FGMXRust" "/workspace/builds/worker-6-tc1/source", kill_on_drop: false }`
[INFO] [stderr] Cloning into '/workspace/builds/worker-6-tc1/source'...
[INFO] [stderr] done.
[INFO] validating manifest of git repo https://github.com/50shadesofgwei/GMXRust on toolchain 1.75.0
[INFO] running `Command { std: CARGO_HOME="/workspace/cargo-home" RUSTUP_HOME="/workspace/rustup-home" "/workspace/cargo-home/bin/cargo" "+1.75.0" "metadata" "--manifest-path" "Cargo.toml" "--no-deps", kill_on_drop: false }`
[INFO] started tweaking git repo https://github.com/50shadesofgwei/GMXRust
[INFO] finished tweaking git repo https://github.com/50shadesofgwei/GMXRust
[INFO] tweaked toml for git repo https://github.com/50shadesofgwei/GMXRust written to /workspace/builds/worker-6-tc1/source/Cargo.toml
[INFO] crate git repo https://github.com/50shadesofgwei/GMXRust already has a lockfile, it will not be regenerated
[INFO] running `Command { std: CARGO_HOME="/workspace/cargo-home" RUSTUP_HOME="/workspace/rustup-home" "/workspace/cargo-home/bin/cargo" "+1.75.0" "fetch" "--manifest-path" "Cargo.toml", kill_on_drop: false }`
[INFO] [stderr]     Updating crates.io index
[INFO] [stderr]  Downloading crates ...
[INFO] [stderr]   Downloaded alloy-sol-macro v0.4.2
[INFO] [stderr]   Downloaded fastrlp v0.3.1
[INFO] [stderr]   Downloaded alloy-json-abi v0.4.2
[INFO] [stderr]   Downloaded alloy-sol-type-parser v0.4.2
[INFO] [stderr]   Downloaded alloy-rlp v0.3.3
[INFO] [stderr]   Downloaded zeroize v1.6.1
[INFO] [stderr]   Downloaded parity-scale-codec-derive v3.6.5
[INFO] [stderr]   Downloaded fs v0.0.5
[INFO] [stderr]   Downloaded alloy-dyn-abi v0.4.2
[INFO] [stderr]   Downloaded elliptic-curve v0.13.7
[INFO] [stderr]   Downloaded ruint v1.11.0
[INFO] [stderr]   Downloaded alloy-sol-types v0.4.2
[INFO] [stderr]   Downloaded syn-solidity v0.4.2
[INFO] running `Command { std: "docker" "create" "-v" "/var/lib/crater-agent-workspace/builds/worker-6-tc1/target:/opt/rustwide/target:rw,Z" "-v" "/var/lib/crater-agent-workspace/builds/worker-6-tc1/source:/opt/rustwide/workdir:ro,Z" "-v" "/var/lib/crater-agent-workspace/cargo-home:/opt/rustwide/cargo-home:ro,Z" "-v" "/var/lib/crater-agent-workspace/rustup-home:/opt/rustwide/rustup-home:ro,Z" "-e" "SOURCE_DIR=/opt/rustwide/workdir" "-e" "CARGO_TARGET_DIR=/opt/rustwide/target" "-e" "CARGO_HOME=/opt/rustwide/cargo-home" "-e" "RUSTUP_HOME=/opt/rustwide/rustup-home" "-w" "/opt/rustwide/workdir" "-m" "1610612736" "--user" "0:0" "--network" "none" "ghcr.io/rust-lang/crates-build-env/linux@sha256:2788e3201cd34a07e3172128adcd8b3090168a8e3bcc40d7c032b9dda1df7d1c" "/opt/rustwide/cargo-home/bin/cargo" "+1.75.0" "metadata" "--no-deps" "--format-version=1", kill_on_drop: false }`
[INFO] [stdout] 9893b41f6937f9261f8cff823e780f09628abde66ee3dbc0d43c21760e7c8d7d
[INFO] running `Command { std: "docker" "start" "-a" "9893b41f6937f9261f8cff823e780f09628abde66ee3dbc0d43c21760e7c8d7d", kill_on_drop: false }`
[INFO] running `Command { std: "docker" "inspect" "9893b41f6937f9261f8cff823e780f09628abde66ee3dbc0d43c21760e7c8d7d", kill_on_drop: false }`
[INFO] running `Command { std: "docker" "rm" "-f" "9893b41f6937f9261f8cff823e780f09628abde66ee3dbc0d43c21760e7c8d7d", kill_on_drop: false }`
[INFO] [stdout] 9893b41f6937f9261f8cff823e780f09628abde66ee3dbc0d43c21760e7c8d7d
[INFO] running `Command { std: "docker" "create" "-v" "/var/lib/crater-agent-workspace/builds/worker-6-tc1/target:/opt/rustwide/target:rw,Z" "-v" "/var/lib/crater-agent-workspace/builds/worker-6-tc1/source:/opt/rustwide/workdir:ro,Z" "-v" "/var/lib/crater-agent-workspace/cargo-home:/opt/rustwide/cargo-home:ro,Z" "-v" "/var/lib/crater-agent-workspace/rustup-home:/opt/rustwide/rustup-home:ro,Z" "-e" "SOURCE_DIR=/opt/rustwide/workdir" "-e" "CARGO_TARGET_DIR=/opt/rustwide/target" "-e" "CARGO_INCREMENTAL=0" "-e" "RUST_BACKTRACE=full" "-e" "RUSTFLAGS=--cap-lints=warn" "-e" "RUSTDOCFLAGS=--cap-lints=warn" "-e" "CARGO_HOME=/opt/rustwide/cargo-home" "-e" "RUSTUP_HOME=/opt/rustwide/rustup-home" "-w" "/opt/rustwide/workdir" "-m" "1610612736" "--user" "0:0" "--network" "none" "ghcr.io/rust-lang/crates-build-env/linux@sha256:2788e3201cd34a07e3172128adcd8b3090168a8e3bcc40d7c032b9dda1df7d1c" "/opt/rustwide/cargo-home/bin/cargo" "+1.75.0" "build" "--frozen" "--message-format=json", kill_on_drop: false }`
[INFO] [stdout] 9425bb47a8fdcaf3007c9b18dcb98b17afe7961197e2fc48e79dd10818b5f2ae
[INFO] running `Command { std: "docker" "start" "-a" "9425bb47a8fdcaf3007c9b18dcb98b17afe7961197e2fc48e79dd10818b5f2ae", kill_on_drop: false }`
[INFO] [stderr]    Compiling proc-macro2 v1.0.69
[INFO] [stderr]    Compiling unicode-ident v1.0.12
[INFO] [stderr]    Compiling serde v1.0.193
[INFO] [stderr]    Compiling libc v0.2.150
[INFO] [stderr]    Compiling typenum v1.17.0
[INFO] [stderr]    Compiling once_cell v1.18.0
[INFO] [stderr]    Compiling subtle v2.5.0
[INFO] [stderr]    Compiling const-oid v0.9.5
[INFO] [stderr]    Compiling zeroize v1.6.1
[INFO] [stderr]    Compiling equivalent v1.0.1
[INFO] [stderr]    Compiling hashbrown v0.14.2
[INFO] [stderr]    Compiling generic-array v0.14.7
[INFO] [stderr]    Compiling itoa v1.0.9
[INFO] [stderr]    Compiling winnow v0.5.19
[INFO] [stderr]    Compiling cpufeatures v0.2.11
[INFO] [stderr]    Compiling crunchy v0.2.2
[INFO] [stderr]    Compiling convert_case v0.4.0
[INFO] [stderr]    Compiling rustc-hex v2.1.0
[INFO] [stderr]    Compiling tiny-keccak v2.0.2
[INFO] [stderr]    Compiling thiserror v1.0.50
[INFO] [stderr]    Compiling arrayvec v0.7.4
[INFO] [stderr]    Compiling byte-slice-cast v1.2.2
[INFO] [stderr]    Compiling base16ct v0.2.0
[INFO] [stderr]    Compiling ryu v1.0.15
[INFO] [stderr]    Compiling byteorder v1.5.0
[INFO] [stderr]    Compiling log v0.4.20
[INFO] [stderr]    Compiling keccak v0.1.4
[INFO] [stderr]    Compiling pin-project-lite v0.2.13
[INFO] [stderr]    Compiling futures-core v0.3.29
[INFO] [stderr]    Compiling bitflags v2.4.1
[INFO] [stderr]    Compiling der v0.7.8
[INFO] [stderr]    Compiling lock_api v0.4.11
[INFO] [stderr]    Compiling parking_lot_core v0.9.9
[INFO] [stderr]    Compiling memchr v2.6.4
[INFO] [stderr]    Compiling heck v0.4.1
[INFO] [stderr]    Compiling scopeguard v1.2.0
[INFO] [stderr]    Compiling smallvec v1.11.2
[INFO] [stderr]    Compiling regex-syntax v0.8.2
[INFO] [stderr]    Compiling num-traits v0.2.17
[INFO] [stderr]    Compiling indexmap v2.1.0
[INFO] [stderr]    Compiling serde_json v1.0.108
[INFO] [stderr]    Compiling semver v1.0.20
[INFO] [stderr]    Compiling quote v1.0.33
[INFO] [stderr]    Compiling camino v1.1.6
[INFO] [stderr]    Compiling rustversion v1.0.14
[INFO] [stderr]    Compiling getrandom v0.2.11
[INFO] [stderr]    Compiling syn v2.0.39
[INFO] [stderr]    Compiling syn v1.0.109
[INFO] [stderr]    Compiling num_cpus v1.16.0
[INFO] [stderr]    Compiling rand_core v0.6.4
[INFO] [stderr]    Compiling cc v1.0.83
[INFO] [stderr]    Compiling aho-corasick v1.1.2
[INFO] [stderr]    Compiling parking_lot v0.12.1
[INFO] [stderr]    Compiling rand_chacha v0.3.1
[INFO] [stderr]    Compiling proc-macro-error-attr v1.0.4
[INFO] [stderr]    Compiling ff v0.13.0
[INFO] [stderr]    Compiling spki v0.7.2
[INFO] [stderr]    Compiling rand v0.8.5
[INFO] [stderr]    Compiling pkcs8 v0.10.2
[INFO] [stderr]    Compiling group v0.13.0
[INFO] [stderr]    Compiling signal-hook-registry v1.4.1
[INFO] [stderr]    Compiling socket2 v0.5.5
[INFO] [stderr]    Compiling mio v0.8.9
[INFO] [stderr]    Compiling futures-task v0.3.29
[INFO] [stderr]    Compiling pkg-config v0.3.27
[INFO] [stderr]    Compiling rustix v0.38.24
[INFO] [stderr]    Compiling crypto-common v0.1.6
[INFO] [stderr]    Compiling block-buffer v0.10.4
[INFO] [stderr]    Compiling sec1 v0.7.3
[INFO] [stderr]    Compiling crypto-bigint v0.5.4
[INFO] [stderr]    Compiling hex v0.4.3
[INFO] [stderr]    Compiling digest v0.10.7
[INFO] [stderr]    Compiling vcpkg v0.2.15
[INFO] [stderr]    Compiling hmac v0.12.1
[INFO] [stderr]    Compiling sha2 v0.10.8
[INFO] [stderr]    Compiling sha3 v0.10.8
[INFO] [stderr]    Compiling signature v2.1.0
[INFO] [stderr]    Compiling fixed-hash v0.8.0
[INFO] [stderr]    Compiling ring v0.17.5
[INFO] [stderr]    Compiling rfc6979 v0.4.0
[INFO] [stderr]    Compiling tracing-core v0.1.32
[INFO] [stderr]    Compiling slab v0.4.9
[INFO] [stderr]    Compiling linux-raw-sys v0.4.11
[INFO] [stderr]    Compiling untrusted v0.9.0
[INFO] [stderr]    Compiling spin v0.9.8
[INFO] [stderr]    Compiling regex-automata v0.4.3
[INFO] [stderr]    Compiling futures-channel v0.3.29
[INFO] [stderr]    Compiling futures-util v0.3.29
[INFO] [stderr]    Compiling base64 v0.21.5
[INFO] [stderr]    Compiling httparse v1.8.0
[INFO] [stderr]    Compiling openssl-sys v0.9.95
[INFO] [stderr]    Compiling wasm-bindgen-shared v0.2.88
[INFO] [stderr]    Compiling fastrand v2.0.1
[INFO] [stderr]    Compiling futures-sink v0.3.29
[INFO] [stderr]    Compiling unicode-xid v0.2.4
[INFO] [stderr]    Compiling rustls v0.21.8
[INFO] [stderr]    Compiling elliptic-curve v0.13.7
[INFO] [stderr]    Compiling bumpalo v3.14.0
[INFO] [stderr]    Compiling percent-encoding v2.3.0
[INFO] [stderr]    Compiling ecdsa v0.16.8
[INFO] [stderr]    Compiling openssl v0.10.59
[INFO] [stderr]    Compiling form_urlencoded v1.2.0
[INFO] [stderr]    Compiling unicode-normalization v0.1.22
[INFO] [stderr]    Compiling uint v0.9.5
[INFO] [stderr]    Compiling try-lock v0.2.4
[INFO] [stderr]    Compiling k256 v0.13.2
[INFO] [stderr]    Compiling unicode-bidi v0.3.13
[INFO] [stderr]    Compiling native-tls v0.2.11
[INFO] [stderr]    Compiling wasm-bindgen-backend v0.2.88
[INFO] [stderr]    Compiling idna v0.4.0
[INFO] [stderr]    Compiling want v0.3.1
[INFO] [stderr]    Compiling tempfile v3.8.1
[INFO] [stderr]    Compiling chrono v0.4.31
[INFO] [stderr]    Compiling proc-macro-error v1.0.4
[INFO] [stderr]    Compiling const-hex v1.10.0
[INFO] [stderr]    Compiling regex v1.10.2
[INFO] [stderr]    Compiling inout v0.1.3
[INFO] [stderr]    Compiling socket2 v0.4.10
[INFO] [stderr]    Compiling num-integer v0.1.45
[INFO] [stderr]    Compiling prettyplease v0.2.15
[INFO] [stderr]    Compiling wasm-bindgen v0.2.88
[INFO] [stderr]    Compiling httpdate v1.0.3
[INFO] [stderr]    Compiling openssl-probe v0.1.5
[INFO] [stderr]    Compiling wasm-bindgen-macro-support v0.2.88
[INFO] [stderr]    Compiling dunce v1.0.4
[INFO] [stderr]    Compiling tower-service v0.3.2
[INFO] [stderr]    Compiling cipher v0.4.4
[INFO] [stderr]    Compiling url v2.4.1
[INFO] [stderr]    Compiling num-bigint v0.4.4
[INFO] [stderr]    Compiling powerfmt v0.2.0
[INFO] [stderr]    Compiling eyre v0.6.8
[INFO] [stderr]    Compiling time-core v0.1.2
[INFO] [stderr]    Compiling time-macros v0.2.15
[INFO] [stderr]    Compiling deranged v0.3.9
[INFO] [stderr]    Compiling ring v0.16.20
[INFO] [stderr]    Compiling radium v0.7.0
[INFO] [stderr]    Compiling paste v1.0.14
[INFO] [stderr]    Compiling same-file v1.0.6
[INFO] [stderr]    Compiling async-trait v0.1.74
[INFO] [stderr]    Compiling webpki-roots v0.25.2
[INFO] [stderr]    Compiling indenter v0.3.3
[INFO] [stderr]    Compiling Inflector v0.11.4
[INFO] [stderr]    Compiling walkdir v2.4.0
[INFO] [stderr]    Compiling rustls-pemfile v1.0.4
[INFO] [stderr]    Compiling serde_derive v1.0.193
[INFO] [stderr]    Compiling thiserror-impl v1.0.50
[INFO] [stderr]    Compiling tokio-macros v2.2.0
[INFO] [stderr]    Compiling tracing-attributes v0.1.27
[INFO] [stderr]    Compiling strum_macros v0.25.3
[INFO] [stderr]    Compiling futures-macro v0.3.29
[INFO] [stderr]    Compiling sct v0.7.1
[INFO] [stderr]    Compiling rustls-webpki v0.101.7
[INFO] [stderr]    Compiling openssl-macros v0.1.1
[INFO] [stderr]    Compiling wasm-bindgen-macro v0.2.88
[INFO] [stderr]    Compiling derive_more v0.99.17
[INFO] [stderr]    Compiling impl-trait-for-tuples v0.2.2
[INFO] [stderr]    Compiling rlp-derive v0.1.0
[INFO] [stderr]    Compiling auto_impl v1.1.0
[INFO] [stderr]    Compiling time v0.3.30
[INFO] [stderr]    Compiling pin-project-internal v1.1.3
[INFO] [stderr]    Compiling bs58 v0.5.0
[INFO] [stderr]    Compiling tracing v0.1.40
[INFO] [stderr]    Compiling ripemd v0.1.3
[INFO] [stderr]    Compiling sha1 v0.10.6
[INFO] [stderr]    Compiling js-sys v0.3.65
[INFO] [stderr]    Compiling encoding_rs v0.8.33
[INFO] [stderr]    Compiling untrusted v0.7.1
[INFO] [stderr]    Compiling data-encoding v2.4.0
[INFO] [stderr]    Compiling base64 v0.13.1
[INFO] [stderr]    Compiling strum v0.25.0
[INFO] [stderr]    Compiling spin v0.5.2
[INFO] [stderr]    Compiling utf-8 v0.7.6
[INFO] [stderr]    Compiling ipnet v2.9.0
[INFO] [stderr]    Compiling tap v1.0.1
[INFO] [stderr]    Compiling mime v0.3.17
[INFO] [stderr]    Compiling bech32 v0.9.1
[INFO] [stderr]    Compiling wyz v0.5.1
[INFO] [stderr]    Compiling simple_asn1 v0.6.2
[INFO] [stderr]    Compiling pem v1.1.1
[INFO] [stderr] error: could not compile `syn` (lib)
[INFO] [stderr] 
[INFO] [stderr] Caused by:
[INFO] [stderr]   process didn't exit successfully: `/opt/rustwide/rustup-home/toolchains/1.75.0-x86_64-unknown-linux-gnu/bin/rustc --crate-name syn --edition=2021 /opt/rustwide/cargo-home/registry/src/index.crates.io-6f17d22bba15001f/syn-2.0.39/src/lib.rs --error-format=json --json=diagnostic-rendered-ansi,artifacts,future-incompat --crate-type lib --emit=dep-info,metadata,link -C embed-bitcode=no -C debuginfo=2 --cfg 'feature="clone-impls"' --cfg 'feature="default"' --cfg 'feature="derive"' --cfg 'feature="extra-traits"' --cfg 'feature="full"' --cfg 'feature="parsing"' --cfg 'feature="printing"' --cfg 'feature="proc-macro"' --cfg 'feature="quote"' -C metadata=350e90643140e9f3 -C extra-filename=-350e90643140e9f3 --out-dir /opt/rustwide/target/debug/deps -L dependency=/opt/rustwide/target/debug/deps --extern proc_macro2=/opt/rustwide/target/debug/deps/libproc_macro2-4325d5bd993076fb.rmeta --extern quote=/opt/rustwide/target/debug/deps/libquote-ecff3342dea5ebb3.rmeta --extern unicode_ident=/opt/rustwide/target/debug/deps/libunicode_ident-a986a3b551bfd407.rmeta --cap-lints allow --cap-lints=warn` (signal: 9, SIGKILL: kill)
[INFO] [stderr] warning: build failed, waiting for other jobs to finish...
[INFO] running `Command { std: "docker" "inspect" "9425bb47a8fdcaf3007c9b18dcb98b17afe7961197e2fc48e79dd10818b5f2ae", kill_on_drop: false }`
[INFO] running `Command { std: "docker" "rm" "-f" "9425bb47a8fdcaf3007c9b18dcb98b17afe7961197e2fc48e79dd10818b5f2ae", kill_on_drop: false }`
[INFO] [stdout] 9425bb47a8fdcaf3007c9b18dcb98b17afe7961197e2fc48e79dd10818b5f2ae
[INFO] testing 50shadesofgwei/GMXRust against beta-2023-12-22 for beta-1.76-1
[INFO] running `Command { std: "git" "clone" "/workspace/cache/git-repos/https%3A%2F%2Fgithub.com%2F50shadesofgwei%2FGMXRust" "/workspace/builds/worker-6-tc2/source", kill_on_drop: false }`
[INFO] [stderr] Cloning into '/workspace/builds/worker-6-tc2/source'...
[INFO] [stderr] done.
[INFO] validating manifest of git repo https://github.com/50shadesofgwei/GMXRust on toolchain beta-2023-12-22
[INFO] running `Command { std: CARGO_HOME="/workspace/cargo-home" RUSTUP_HOME="/workspace/rustup-home" "/workspace/cargo-home/bin/cargo" "+beta-2023-12-22" "metadata" "--manifest-path" "Cargo.toml" "--no-deps", kill_on_drop: false }`
[INFO] started tweaking git repo https://github.com/50shadesofgwei/GMXRust
[INFO] finished tweaking git repo https://github.com/50shadesofgwei/GMXRust
[INFO] tweaked toml for git repo https://github.com/50shadesofgwei/GMXRust written to /workspace/builds/worker-6-tc2/source/Cargo.toml
[INFO] crate git repo https://github.com/50shadesofgwei/GMXRust already has a lockfile, it will not be regenerated
[INFO] running `Command { std: CARGO_HOME="/workspace/cargo-home" RUSTUP_HOME="/workspace/rustup-home" "/workspace/cargo-home/bin/cargo" "+beta-2023-12-22" "fetch" "--manifest-path" "Cargo.toml", kill_on_drop: false }`
[INFO] running `Command { std: "docker" "create" "-v" "/var/lib/crater-agent-workspace/builds/worker-6-tc2/target:/opt/rustwide/target:rw,Z" "-v" "/var/lib/crater-agent-workspace/builds/worker-6-tc2/source:/opt/rustwide/workdir:ro,Z" "-v" "/var/lib/crater-agent-workspace/cargo-home:/opt/rustwide/cargo-home:ro,Z" "-v" "/var/lib/crater-agent-workspace/rustup-home:/opt/rustwide/rustup-home:ro,Z" "-e" "SOURCE_DIR=/opt/rustwide/workdir" "-e" "CARGO_TARGET_DIR=/opt/rustwide/target" "-e" "CARGO_HOME=/opt/rustwide/cargo-home" "-e" "RUSTUP_HOME=/opt/rustwide/rustup-home" "-w" "/opt/rustwide/workdir" "-m" "1610612736" "--user" "0:0" "--network" "none" "ghcr.io/rust-lang/crates-build-env/linux@sha256:2788e3201cd34a07e3172128adcd8b3090168a8e3bcc40d7c032b9dda1df7d1c" "/opt/rustwide/cargo-home/bin/cargo" "+beta-2023-12-22" "metadata" "--no-deps" "--format-version=1", kill_on_drop: false }`
[INFO] [stdout] 8e924b25609b32b29cbb3210ed42ebb7b146afdad3e6956698f072a388f824bd
[INFO] running `Command { std: "docker" "start" "-a" "8e924b25609b32b29cbb3210ed42ebb7b146afdad3e6956698f072a388f824bd", kill_on_drop: false }`
[INFO] running `Command { std: "docker" "inspect" "8e924b25609b32b29cbb3210ed42ebb7b146afdad3e6956698f072a388f824bd", kill_on_drop: false }`
[INFO] running `Command { std: "docker" "rm" "-f" "8e924b25609b32b29cbb3210ed42ebb7b146afdad3e6956698f072a388f824bd", kill_on_drop: false }`
[INFO] [stdout] 8e924b25609b32b29cbb3210ed42ebb7b146afdad3e6956698f072a388f824bd
[INFO] running `Command { std: "docker" "create" "-v" "/var/lib/crater-agent-workspace/builds/worker-6-tc2/target:/opt/rustwide/target:rw,Z" "-v" "/var/lib/crater-agent-workspace/builds/worker-6-tc2/source:/opt/rustwide/workdir:ro,Z" "-v" "/var/lib/crater-agent-workspace/cargo-home:/opt/rustwide/cargo-home:ro,Z" "-v" "/var/lib/crater-agent-workspace/rustup-home:/opt/rustwide/rustup-home:ro,Z" "-e" "SOURCE_DIR=/opt/rustwide/workdir" "-e" "CARGO_TARGET_DIR=/opt/rustwide/target" "-e" "CARGO_INCREMENTAL=0" "-e" "RUST_BACKTRACE=full" "-e" "RUSTFLAGS=--cap-lints=warn" "-e" "RUSTDOCFLAGS=--cap-lints=warn" "-e" "CARGO_HOME=/opt/rustwide/cargo-home" "-e" "RUSTUP_HOME=/opt/rustwide/rustup-home" "-w" "/opt/rustwide/workdir" "-m" "1610612736" "--user" "0:0" "--network" "none" "ghcr.io/rust-lang/crates-build-env/linux@sha256:2788e3201cd34a07e3172128adcd8b3090168a8e3bcc40d7c032b9dda1df7d1c" "/opt/rustwide/cargo-home/bin/cargo" "+beta-2023-12-22" "build" "--frozen" "--message-format=json", kill_on_drop: false }`
[INFO] [stdout] 060b3f4e04fe4cfd6015c7b5a5d0538b0ed5f7417548a37077390b073b0d1cfc
[INFO] running `Command { std: "docker" "start" "-a" "060b3f4e04fe4cfd6015c7b5a5d0538b0ed5f7417548a37077390b073b0d1cfc", kill_on_drop: false }`
[INFO] [stderr]    Compiling proc-macro2 v1.0.69
[INFO] [stderr]    Compiling unicode-ident v1.0.12
[INFO] [stderr]    Compiling serde v1.0.193
[INFO] [stderr]    Compiling libc v0.2.150
[INFO] [stderr]    Compiling typenum v1.17.0
[INFO] [stderr]    Compiling once_cell v1.18.0
[INFO] [stderr]    Compiling subtle v2.5.0
[INFO] [stderr]    Compiling const-oid v0.9.5
[INFO] [stderr]    Compiling zeroize v1.6.1
[INFO] [stderr]    Compiling hashbrown v0.14.2
[INFO] [stderr]    Compiling equivalent v1.0.1
[INFO] [stderr]    Compiling generic-array v0.14.7
[INFO] [stderr]    Compiling itoa v1.0.9
[INFO] [stderr]    Compiling winnow v0.5.19
[INFO] [stderr]    Compiling cpufeatures v0.2.11
[INFO] [stderr]    Compiling crunchy v0.2.2
[INFO] [stderr]    Compiling convert_case v0.4.0
[INFO] [stderr]    Compiling tiny-keccak v2.0.2
[INFO] [stderr]    Compiling rustc-hex v2.1.0
[INFO] [stderr]    Compiling thiserror v1.0.50
[INFO] [stderr]    Compiling byte-slice-cast v1.2.2
[INFO] [stderr]    Compiling arrayvec v0.7.4
[INFO] [stderr]    Compiling base16ct v0.2.0
[INFO] [stderr]    Compiling log v0.4.20
[INFO] [stderr]    Compiling byteorder v1.5.0
[INFO] [stderr]    Compiling ryu v1.0.15
[INFO] [stderr]    Compiling keccak v0.1.4
[INFO] [stderr]    Compiling pin-project-lite v0.2.13
[INFO] [stderr]    Compiling futures-core v0.3.29
[INFO] [stderr]    Compiling bitflags v2.4.1
[INFO] [stderr]    Compiling der v0.7.8
[INFO] [stderr]    Compiling lock_api v0.4.11
[INFO] [stderr]    Compiling memchr v2.6.4
[INFO] [stderr]    Compiling parking_lot_core v0.9.9
[INFO] [stderr]    Compiling scopeguard v1.2.0
[INFO] [stderr]    Compiling heck v0.4.1
[INFO] [stderr]    Compiling indexmap v2.1.0
[INFO] [stderr]    Compiling smallvec v1.11.2
[INFO] [stderr]    Compiling regex-syntax v0.8.2
[INFO] [stderr]    Compiling num-traits v0.2.17
[INFO] [stderr]    Compiling serde_json v1.0.108
[INFO] [stderr]    Compiling camino v1.1.6
[INFO] [stderr]    Compiling semver v1.0.20
[INFO] [stderr]    Compiling rustversion v1.0.14
[INFO] [stderr]    Compiling quote v1.0.33
[INFO] [stderr]    Compiling aho-corasick v1.1.2
[INFO] [stderr]    Compiling getrandom v0.2.11
[INFO] [stderr]    Compiling syn v2.0.39
[INFO] [stderr]    Compiling syn v1.0.109
[INFO] [stderr]    Compiling cc v1.0.83
[INFO] [stderr]    Compiling num_cpus v1.16.0
[INFO] [stderr]    Compiling rand_core v0.6.4
[INFO] [stderr]    Compiling rand_chacha v0.3.1
[INFO] [stderr]    Compiling ff v0.13.0
[INFO] [stderr]    Compiling parking_lot v0.12.1
[INFO] [stderr]    Compiling proc-macro-error-attr v1.0.4
[INFO] [stderr]    Compiling rand v0.8.5
[INFO] [stderr]    Compiling spki v0.7.2
[INFO] [stderr]    Compiling group v0.13.0
[INFO] [stderr]    Compiling pkcs8 v0.10.2
[INFO] [stderr]    Compiling signal-hook-registry v1.4.1
[INFO] [stderr]    Compiling mio v0.8.9
[INFO] [stderr]    Compiling socket2 v0.5.5
[INFO] [stderr]    Compiling futures-task v0.3.29
[INFO] [stderr]    Compiling vcpkg v0.2.15
[INFO] [stderr]    Compiling hex v0.4.3
[INFO] [stderr]    Compiling crypto-common v0.1.6
[INFO] [stderr]    Compiling block-buffer v0.10.4
[INFO] [stderr]    Compiling digest v0.10.7
[INFO] [stderr]    Compiling crypto-bigint v0.5.4
[INFO] [stderr]    Compiling sec1 v0.7.3
[INFO] [stderr]    Compiling pkg-config v0.3.27
[INFO] [stderr]    Compiling rustix v0.38.24
[INFO] [stderr]    Compiling fixed-hash v0.8.0
[INFO] [stderr]    Compiling hmac v0.12.1
[INFO] [stderr]    Compiling sha2 v0.10.8
[INFO] [stderr]    Compiling sha3 v0.10.8
[INFO] [stderr]    Compiling ring v0.17.5
[INFO] [stderr]    Compiling rfc6979 v0.4.0
[INFO] [stderr]    Compiling regex-automata v0.4.3
[INFO] [stderr]    Compiling signature v2.1.0
[INFO] [stderr]    Compiling tracing-core v0.1.32
[INFO] [stderr]    Compiling slab v0.4.9
[INFO] [stderr]    Compiling linux-raw-sys v0.4.11
[INFO] [stderr]    Compiling untrusted v0.9.0
[INFO] [stderr]    Compiling futures-channel v0.3.29
[INFO] [stderr]    Compiling spin v0.9.8
[INFO] [stderr]    Compiling openssl-sys v0.9.95
[INFO] [stderr]    Compiling base64 v0.21.5
[INFO] [stderr]    Compiling wasm-bindgen-shared v0.2.88
[INFO] [stderr]    Compiling futures-util v0.3.29
[INFO] [stderr]    Compiling futures-sink v0.3.29
[INFO] [stderr]    Compiling httparse v1.8.0
[INFO] [stderr]    Compiling fastrand v2.0.1
[INFO] [stderr]    Compiling unicode-xid v0.2.4
[INFO] [stderr]    Compiling rustls v0.21.8
[INFO] [stderr]    Compiling openssl v0.10.59
[INFO] [stderr]    Compiling percent-encoding v2.3.0
[INFO] [stderr]    Compiling bumpalo v3.14.0
[INFO] [stderr]    Compiling form_urlencoded v1.2.0
[INFO] [stderr]    Compiling elliptic-curve v0.13.7
[INFO] [stderr]    Compiling unicode-normalization v0.1.22
[INFO] [stderr]    Compiling uint v0.9.5
[INFO] [stderr]    Compiling unicode-bidi v0.3.13
[INFO] [stderr]    Compiling ecdsa v0.16.8
[INFO] [stderr]    Compiling native-tls v0.2.11
[INFO] [stderr]    Compiling try-lock v0.2.4
[INFO] [stderr]    Compiling want v0.3.1
[INFO] [stderr]    Compiling idna v0.4.0
[INFO] [stderr]    Compiling chrono v0.4.31
[INFO] [stderr]    Compiling k256 v0.13.2
[INFO] [stderr]    Compiling const-hex v1.10.0
[INFO] [stderr]    Compiling inout v0.1.3
[INFO] [stderr]    Compiling tempfile v3.8.1
[INFO] [stderr]    Compiling regex v1.10.2
[INFO] [stderr]    Compiling wasm-bindgen-backend v0.2.88
[INFO] [stderr]    Compiling socket2 v0.4.10
[INFO] [stderr]    Compiling proc-macro-error v1.0.4
[INFO] [stderr]    Compiling num-integer v0.1.45
[INFO] [stderr]    Compiling dunce v1.0.4
[INFO] [stderr]    Compiling prettyplease v0.2.15
[INFO] [stderr]    Compiling tower-service v0.3.2
[INFO] [stderr]    Compiling openssl-probe v0.1.5
[INFO] [stderr]    Compiling httpdate v1.0.3
[INFO] [stderr]    Compiling wasm-bindgen v0.2.88
[INFO] [stderr]    Compiling url v2.4.1
[INFO] [stderr]    Compiling cipher v0.4.4
[INFO] [stderr]    Compiling num-bigint v0.4.4
[INFO] [stderr]    Compiling time-core v0.1.2
[INFO] [stderr]    Compiling powerfmt v0.2.0
[INFO] [stderr]    Compiling eyre v0.6.8
[INFO] [stderr]    Compiling ring v0.16.20
[INFO] [stderr]    Compiling time-macros v0.2.15
[INFO] [stderr]    Compiling wasm-bindgen-macro-support v0.2.88
[INFO] [stderr]    Compiling deranged v0.3.9
[INFO] [stderr]    Compiling paste v1.0.14
[INFO] [stderr]    Compiling webpki-roots v0.25.2
[INFO] [stderr]    Compiling radium v0.7.0
[INFO] [stderr]    Compiling same-file v1.0.6
[INFO] [stderr]    Compiling indenter v0.3.3
[INFO] [stderr]    Compiling async-trait v0.1.74
[INFO] [stderr]    Compiling walkdir v2.4.0
[INFO] [stderr]    Compiling Inflector v0.11.4
[INFO] [stderr]    Compiling rustls-pemfile v1.0.4
[INFO] [stderr]    Compiling bs58 v0.5.0
[INFO] [stderr]    Compiling ripemd v0.1.3
[INFO] [stderr]    Compiling sha1 v0.10.6
[INFO] [stderr]    Compiling encoding_rs v0.8.33
[INFO] [stderr]    Compiling data-encoding v2.4.0
[INFO] [stderr]    Compiling utf-8 v0.7.6
[INFO] [stderr]    Compiling bech32 v0.9.1
[INFO] [stderr]    Compiling untrusted v0.7.1
[INFO] [stderr]    Compiling spin v0.5.2
[INFO] [stderr]    Compiling tap v1.0.1
[INFO] [stderr]    Compiling serde_derive v1.0.193
[INFO] [stderr]    Compiling thiserror-impl v1.0.50
[INFO] [stderr]    Compiling tokio-macros v2.2.0
[INFO] [stderr]    Compiling tracing-attributes v0.1.27
[INFO] [stderr]    Compiling strum_macros v0.25.3
[INFO] [stderr]    Compiling futures-macro v0.3.29
[INFO] [stderr]    Compiling derive_more v0.99.17
[INFO] [stderr]    Compiling rlp-derive v0.1.0
[INFO] [stderr]    Compiling impl-trait-for-tuples v0.2.2
[INFO] [stderr]    Compiling auto_impl v1.1.0
[INFO] [stderr]    Compiling sct v0.7.1
[INFO] [stderr]    Compiling rustls-webpki v0.101.7
[INFO] [stderr]    Compiling openssl-macros v0.1.1
[INFO] [stderr]    Compiling wasm-bindgen-macro v0.2.88
[INFO] [stderr]    Compiling time v0.3.30
[INFO] [stderr]    Compiling pin-project-internal v1.1.3
[INFO] [stderr]    Compiling ipnet v2.9.0
[INFO] [stderr]    Compiling tracing v0.1.40
[INFO] [stderr]    Compiling base64 v0.13.1
[INFO] [stderr]    Compiling mime v0.3.17
[INFO] [stderr]    Compiling pem v1.1.1
[INFO] [stderr]    Compiling wyz v0.5.1
[INFO] [stderr]    Compiling strum v0.25.0
[INFO] [stderr]    Compiling simple_asn1 v0.6.2
[INFO] [stderr]    Compiling salsa20 v0.10.2
[INFO] [stderr]    Compiling js-sys v0.3.65
[INFO] [stderr]    Compiling pin-project v1.1.3
[INFO] [stderr]    Compiling pbkdf2 v0.11.0
[INFO] [stderr]    Compiling fxhash v0.2.1
[INFO] [stderr]    Compiling ruint-macro v1.1.0
[INFO] [stderr]    Compiling send_wrapper v0.4.0
[INFO] [stderr]    Compiling funty v2.0.0
[INFO] [stderr]    Compiling hashers v1.0.1
[INFO] [stderr]    Compiling scrypt v0.10.0
[INFO] [stderr]    Compiling tracing-futures v0.2.5
[INFO] [stderr]    Compiling ctr v0.9.2
[INFO] [stderr]    Compiling aes v0.8.3
[INFO] [stderr]    Compiling bitvec v1.0.1
[INFO] [stderr]    Compiling pbkdf2 v0.12.2
[INFO] [stderr]    Compiling instant v0.1.12
[INFO] [stderr]    Compiling hex-literal v0.4.1
[INFO] [stderr]    Compiling syn-solidity v0.4.2
[INFO] [stderr]    Compiling futures-locks v0.7.1
[INFO] [stderr]    Compiling alloy-sol-type-parser v0.4.2
[INFO] [stderr]    Compiling iovec v0.1.4
[INFO] [stderr]    Compiling anyhow v1.0.75
[INFO] [stderr]    Compiling futures v0.1.31
[INFO] [stderr]    Compiling bytes v0.4.12
[INFO] [stderr]    Compiling dotenv v0.15.0
[INFO] [stderr]    Compiling futures-cpupool v0.1.8
[INFO] [stderr]    Compiling fs v0.0.5
[INFO] [stderr]    Compiling gloo-timers v0.2.6
[INFO] [stderr]    Compiling futures-timer v3.0.2
[INFO] [stderr]    Compiling bytes v1.5.0
[INFO] [stderr]    Compiling toml_datetime v0.6.5
[INFO] [stderr]    Compiling impl-serde v0.4.0
[INFO] [stderr]    Compiling cargo-platform v0.1.4
[INFO] [stderr]    Compiling serde_spanned v0.6.4
[INFO] [stderr]    Compiling serde_urlencoded v0.7.1
[INFO] [stderr]    Compiling uuid v0.8.2
[INFO] [stderr]    Compiling toml_edit v0.19.15
[INFO] [stderr]    Compiling toml_edit v0.21.0
[INFO] [stderr]    Compiling ruint v1.11.0
[INFO] [stderr]    Compiling alloy-sol-macro v0.4.2
[INFO] [stderr]    Compiling coins-core v0.8.7
[INFO] [stderr]    Compiling rlp v0.5.2
[INFO] [stderr]    Compiling tokio v1.34.0
[INFO] [stderr]    Compiling http v0.2.11
[INFO] [stderr]    Compiling impl-rlp v0.3.0
[INFO] [stderr]    Compiling enr v0.9.1
[INFO] [stderr]    Compiling open-fastrlp-derive v0.1.1
[INFO] [stderr]    Compiling coins-bip32 v0.8.7
[INFO] [stderr]    Compiling cargo_metadata v0.18.1
[INFO] [stderr]    Compiling alloy-primitives v0.4.2
[INFO] [stderr]    Compiling jsonwebtoken v8.3.0
[INFO] [stderr]    Compiling eth-keystore v0.5.0
[INFO] [stderr]    Compiling http-body v0.4.5
[INFO] [stderr]    Compiling tungstenite v0.20.1
[INFO] [stderr]    Compiling coins-bip39 v0.8.7
[INFO] [stderr]    Compiling alloy-json-abi v0.4.2
[INFO] [stderr]    Compiling proc-macro-crate v1.3.1
[INFO] [stderr]    Compiling toml v0.8.8
[INFO] [stderr]    Compiling parity-scale-codec-derive v3.6.5
[INFO] [stderr]    Compiling scale-info-derive v2.10.0
[INFO] [stderr]    Compiling num_enum_derive v0.7.1
[INFO] [stderr]    Compiling alloy-sol-types v0.4.2
[INFO] [stderr]    Compiling num_enum v0.7.1
[INFO] [stderr]    Compiling parity-scale-codec v3.6.5
[INFO] [stderr]    Compiling impl-codec v0.6.0
[INFO] [stderr]    Compiling scale-info v2.10.0
[INFO] [stderr]    Compiling tokio-util v0.7.10
[INFO] [stderr]    Compiling tokio-rustls v0.24.1
[INFO] [stderr]    Compiling tokio-native-tls v0.3.1
[INFO] [stderr]    Compiling tokio-tungstenite v0.20.1
[INFO] [stderr]    Compiling ethbloom v0.13.0
[INFO] [stderr]    Compiling primitive-types v0.12.2
[INFO] [stderr]    Compiling alloy-dyn-abi v0.4.2
[INFO] [stderr]    Compiling h2 v0.3.22
[INFO] [stderr]    Compiling ethereum-types v0.14.1
[INFO] [stderr]    Compiling ethabi v18.0.0
[INFO] [stderr]    Compiling open-fastrlp v0.1.4
[INFO] [stderr]    Compiling ethers-core v2.0.11
[INFO] [stderr]    Compiling hyper v0.14.27
[INFO] [stderr]    Compiling hyper-tls v0.5.0
[INFO] [stderr]    Compiling hyper-rustls v0.24.2
[INFO] [stderr]    Compiling reqwest v0.11.22
[INFO] [stderr]    Compiling ethers-providers v2.0.11
[INFO] [stderr]    Compiling ethers-contract-abigen v2.0.11
[INFO] [stderr]    Compiling ethers-etherscan v2.0.11
[INFO] [stderr]    Compiling ethers-signers v2.0.11
[INFO] [stderr]    Compiling ethers-addressbook v2.0.11
[INFO] [stderr]    Compiling ethers-contract-derive v2.0.11
[INFO] [stderr]    Compiling ethers-contract v2.0.11
[INFO] [stderr]    Compiling ethers-middleware v2.0.11
[INFO] [stderr]    Compiling ethers v2.0.11
[INFO] [stderr]    Compiling gmx_rust v0.1.0 (/opt/rustwide/workdir)
[INFO] [stdout] error: File does not exist: /Users/jfeasby/GMX Rust/GMX_Rust/src/contract_caller/abis/exchange_router_abi.json
[INFO] [stdout]  --> src/contract_caller/utils/contract_addresses.rs:5:22
[INFO] [stdout]   |
[INFO] [stdout] 5 |     EXCHANGE_ROUTER, "/Users/jfeasby/GMX Rust/GMX_Rust/src/contract_caller/abis/exchange_router_abi.json";
[INFO] [stdout]   |                      ^^^^^^^^^^^^^^^^^^^^^^^^^^^^^^^^^^^^^^^^^^^^^^^^^^^^^^^^^^^^^^^^^^^^^^^^^^^^^^^^^^^^
[INFO] [stdout] 
[INFO] [stdout] 
[INFO] [stdout] error[E0432]: unresolved imports `super::utils::contract_addresses::CreateOrderParams`, `super::utils::contract_addresses::CreateOrderParamsAddresses`, `super::utils::contract_addresses::CreateOrderParamsNumbers`
[INFO] [stdout]   --> src/contract_caller/sol_call.rs:11:51
[INFO] [stdout]    |
[INFO] [stdout] 11 | use super::utils::contract_addresses::{Contracts, CreateOrderParams, CreateOrderParamsAddresses, CreateOrderParamsNumbers};
[INFO] [stdout]    |                                                   ^^^^^^^^^^^^^^^^^  ^^^^^^^^^^^^^^^^^^^^^^^^^^  ^^^^^^^^^^^^^^^^^^^^^^^^ no `CreateOrderParamsNumbers` in `contract_caller::utils::contract_addresses`
[INFO] [stdout]    |                                                   |                  |
[INFO] [stdout]    |                                                   |                  no `CreateOrderParamsAddresses` in `contract_caller::utils::contract_addresses`
[INFO] [stdout]    |                                                   no `CreateOrderParams` in `contract_caller::utils::contract_addresses`
[INFO] [stdout]    |
[INFO] [stdout]    = help: consider importing this struct instead:
[INFO] [stdout]            crate::contract_caller::utils::structs::CreateOrderParamsAddresses
[INFO] [stdout]    = help: consider importing this struct instead:
[INFO] [stdout]            crate::contract_caller::utils::structs::CreateOrderParamsNumbers
[INFO] [stdout] 
[INFO] [stdout] 
[INFO] [stdout] error[E0412]: cannot find type `USDC_NATIVE` in this scope
[INFO] [stdout]   --> src/contract_caller/utils/contract_addresses.rs:22:24
[INFO] [stdout]    |
[INFO] [stdout] 22 |     pub usdc_contract: USDC_NATIVE<Provider<Http>>,
[INFO] [stdout]    |                        ^^^^^^^^^^^ not found in this scope
[INFO] [stdout] 
[INFO] [stdout] 
[INFO] [stdout] error[E0412]: cannot find type `DAI` in this scope
[INFO] [stdout]   --> src/contract_caller/utils/contract_addresses.rs:23:23
[INFO] [stdout]    |
[INFO] [stdout] 23 |     pub dai_contract: DAI<Provider<Http>>,
[INFO] [stdout]    |                       ^^^ not found in this scope
[INFO] [stdout]    |
[INFO] [stdout] help: there is an enum variant `crate::contract_caller::utils::structs::Markets::DAI` and 1 other; try using the variant's enum
[INFO] [stdout]    |
[INFO] [stdout] 23 |     pub dai_contract: crate::contract_caller::utils::structs::Markets,
[INFO] [stdout]    |                       ~~~~~~~~~~~~~~~~~~~~~~~~~~~~~~~~~~~~~~~~~~~~~~~
[INFO] [stdout] 23 |     pub dai_contract: crate::contract_caller::utils::structs::Token,
[INFO] [stdout]    |                       ~~~~~~~~~~~~~~~~~~~~~~~~~~~~~~~~~~~~~~~~~~~~~
[INFO] [stdout] 
[INFO] [stdout] 
[INFO] [stdout] error[E0412]: cannot find type `WETH` in this scope
[INFO] [stdout]   --> src/contract_caller/utils/contract_addresses.rs:24:24
[INFO] [stdout]    |
[INFO] [stdout] 24 |     pub weth_contract: WETH<Provider<Http>>,
[INFO] [stdout]    |                        ^^^^ not found in this scope
[INFO] [stdout] 
[INFO] [stdout] 
[INFO] [stdout] error[E0412]: cannot find type `WBTC` in this scope
[INFO] [stdout]   --> src/contract_caller/utils/contract_addresses.rs:25:24
[INFO] [stdout]    |
[INFO] [stdout] 25 |     pub wbtc_contract: WBTC<Provider<Http>>,
[INFO] [stdout]    |                        ^^^^ not found in this scope
[INFO] [stdout]    |
[INFO] [stdout] help: there is an enum variant `crate::contract_caller::utils::structs::Markets::WBTC` and 1 other; try using the variant's enum
[INFO] [stdout]    |
[INFO] [stdout] 25 |     pub wbtc_contract: crate::contract_caller::utils::structs::Markets,
[INFO] [stdout]    |                        ~~~~~~~~~~~~~~~~~~~~~~~~~~~~~~~~~~~~~~~~~~~~~~~
[INFO] [stdout] 25 |     pub wbtc_contract: crate::contract_caller::utils::structs::Token,
[INFO] [stdout]    |                        ~~~~~~~~~~~~~~~~~~~~~~~~~~~~~~~~~~~~~~~~~~~~~
[INFO] [stdout] 
[INFO] [stdout] 
[INFO] [stdout] error[E0412]: cannot find type `LINK` in this scope
[INFO] [stdout]   --> src/contract_caller/utils/contract_addresses.rs:26:24
[INFO] [stdout]    |
[INFO] [stdout] 26 |     pub link_contract: LINK<Provider<Http>>,
[INFO] [stdout]    |                        ^^^^ not found in this scope
[INFO] [stdout]    |
[INFO] [stdout] help: there is an enum variant `crate::contract_caller::utils::structs::Markets::LINK` and 1 other; try using the variant's enum
[INFO] [stdout]    |
[INFO] [stdout] 26 |     pub link_contract: crate::contract_caller::utils::structs::Markets,
[INFO] [stdout]    |                        ~~~~~~~~~~~~~~~~~~~~~~~~~~~~~~~~~~~~~~~~~~~~~~~
[INFO] [stdout] 26 |     pub link_contract: crate::contract_caller::utils::structs::Token,
[INFO] [stdout]    |                        ~~~~~~~~~~~~~~~~~~~~~~~~~~~~~~~~~~~~~~~~~~~~~
[INFO] [stdout] 
[INFO] [stdout] 
[INFO] [stdout] error[E0412]: cannot find type `ARB` in this scope
[INFO] [stdout]   --> src/contract_caller/utils/contract_addresses.rs:27:23
[INFO] [stdout]    |
[INFO] [stdout] 27 |     pub arb_contract: ARB<Provider<Http>>,
[INFO] [stdout]    |                       ^^^ not found in this scope
[INFO] [stdout]    |
[INFO] [stdout] help: there is an enum variant `crate::contract_caller::utils::structs::Markets::ARB` and 1 other; try using the variant's enum
[INFO] [stdout]    |
[INFO] [stdout] 27 |     pub arb_contract: crate::contract_caller::utils::structs::Markets,
[INFO] [stdout]    |                       ~~~~~~~~~~~~~~~~~~~~~~~~~~~~~~~~~~~~~~~~~~~~~~~
[INFO] [stdout] 27 |     pub arb_contract: crate::contract_caller::utils::structs::Token,
[INFO] [stdout]    |                       ~~~~~~~~~~~~~~~~~~~~~~~~~~~~~~~~~~~~~~~~~~~~~
[INFO] [stdout] 
[INFO] [stdout] 
[INFO] [stdout] error[E0412]: cannot find type `UNI` in this scope
[INFO] [stdout]   --> src/contract_caller/utils/contract_addresses.rs:28:22
[INFO] [stdout]    |
[INFO] [stdout] 28 |     pub uni_contract:UNI<Provider<Http>>,
[INFO] [stdout]    |                      ^^^ not found in this scope
[INFO] [stdout]    |
[INFO] [stdout] help: there is an enum variant `crate::contract_caller::utils::structs::Markets::UNI` and 1 other; try using the variant's enum
[INFO] [stdout]    |
[INFO] [stdout] 28 |     pub uni_contract:crate::contract_caller::utils::structs::Markets,
[INFO] [stdout]    |                      ~~~~~~~~~~~~~~~~~~~~~~~~~~~~~~~~~~~~~~~~~~~~~~~
[INFO] [stdout] 28 |     pub uni_contract:crate::contract_caller::utils::structs::Token,
[INFO] [stdout]    |                      ~~~~~~~~~~~~~~~~~~~~~~~~~~~~~~~~~~~~~~~~~~~~~
[INFO] [stdout] 
[INFO] [stdout] 
[INFO] [stdout] error[E0412]: cannot find type `SOL` in this scope
[INFO] [stdout]   --> src/contract_caller/utils/contract_addresses.rs:29:23
[INFO] [stdout]    |
[INFO] [stdout] 29 |     pub sol_contract: SOL<Provider<Http>>,
[INFO] [stdout]    |                       ^^^ not found in this scope
[INFO] [stdout]    |
[INFO] [stdout] help: there is an enum variant `crate::contract_caller::utils::structs::Markets::SOL` and 1 other; try using the variant's enum
[INFO] [stdout]    |
[INFO] [stdout] 29 |     pub sol_contract: crate::contract_caller::utils::structs::Markets,
[INFO] [stdout]    |                       ~~~~~~~~~~~~~~~~~~~~~~~~~~~~~~~~~~~~~~~~~~~~~~~
[INFO] [stdout] 29 |     pub sol_contract: crate::contract_caller::utils::structs::Token,
[INFO] [stdout]    |                       ~~~~~~~~~~~~~~~~~~~~~~~~~~~~~~~~~~~~~~~~~~~~~
[INFO] [stdout] 
[INFO] [stdout] 
[INFO] [stdout] error[E0412]: cannot find type `USDT` in this scope
[INFO] [stdout]   --> src/contract_caller/utils/contract_addresses.rs:30:24
[INFO] [stdout]    |
[INFO] [stdout] 30 |     pub usdt_contract: USDT<Provider<Http>>,
[INFO] [stdout]    |                        ^^^^ not found in this scope
[INFO] [stdout]    |
[INFO] [stdout] help: there is an enum variant `crate::contract_caller::utils::structs::Markets::USDT` and 1 other; try using the variant's enum
[INFO] [stdout]    |
[INFO] [stdout] 30 |     pub usdt_contract: crate::contract_caller::utils::structs::Markets,
[INFO] [stdout]    |                        ~~~~~~~~~~~~~~~~~~~~~~~~~~~~~~~~~~~~~~~~~~~~~~~
[INFO] [stdout] 30 |     pub usdt_contract: crate::contract_caller::utils::structs::Token,
[INFO] [stdout]    |                        ~~~~~~~~~~~~~~~~~~~~~~~~~~~~~~~~~~~~~~~~~~~~~
[INFO] [stdout] 
[INFO] [stdout] 
[INFO] [stdout] error[E0412]: cannot find type `USDCE` in this scope
[INFO] [stdout]   --> src/contract_caller/utils/contract_addresses.rs:31:25
[INFO] [stdout]    |
[INFO] [stdout] 31 |     pub usdce_contract: USDCE<Provider<Http>>,
[INFO] [stdout]    |                         ^^^^^ not found in this scope
[INFO] [stdout]    |
[INFO] [stdout] help: there is an enum variant `crate::contract_caller::utils::structs::Markets::USDCE` and 1 other; try using the variant's enum
[INFO] [stdout]    |
[INFO] [stdout] 31 |     pub usdce_contract: crate::contract_caller::utils::structs::Markets,
[INFO] [stdout]    |                         ~~~~~~~~~~~~~~~~~~~~~~~~~~~~~~~~~~~~~~~~~~~~~~~
[INFO] [stdout] 31 |     pub usdce_contract: crate::contract_caller::utils::structs::Token,
[INFO] [stdout]    |                         ~~~~~~~~~~~~~~~~~~~~~~~~~~~~~~~~~~~~~~~~~~~~~
[INFO] [stdout] 
[INFO] [stdout] 
[INFO] [stdout] error[E0412]: cannot find type `EXCHANGE_ROUTER` in this scope
[INFO] [stdout]   --> src/contract_caller/utils/contract_addresses.rs:32:35
[INFO] [stdout]    |
[INFO] [stdout] 32 |     pub exchange_router_contract: EXCHANGE_ROUTER<Provider<Http>>,
[INFO] [stdout]    |                                   ^^^^^^^^^^^^^^^ not found in this scope
[INFO] [stdout] 
[INFO] [stdout] 
[INFO] [stdout] error[E0412]: cannot find type `ORDER_VAULT` in this scope
[INFO] [stdout]   --> src/contract_caller/utils/contract_addresses.rs:33:31
[INFO] [stdout]    |
[INFO] [stdout] 33 |     pub order_vault_contract: ORDER_VAULT<Provider<Http>>,
[INFO] [stdout]    |                               ^^^^^^^^^^^ not found in this scope
[INFO] [stdout] 
[INFO] [stdout] 
[INFO] [stdout] error[E0412]: cannot find type `DEPOSIT_VAULT` in this scope
[INFO] [stdout]   --> src/contract_caller/utils/contract_addresses.rs:34:33
[INFO] [stdout]    |
[INFO] [stdout] 34 |     pub deposit_vault_contract: DEPOSIT_VAULT<Provider<Http>>,
[INFO] [stdout]    |                                 ^^^^^^^^^^^^^ not found in this scope
[INFO] [stdout] 
[INFO] [stdout] 
[INFO] [stdout] error[E0412]: cannot find type `GAS_UTILS` in this scope
[INFO] [stdout]   --> src/contract_caller/utils/contract_addresses.rs:35:23
[INFO] [stdout]    |
[INFO] [stdout] 35 |     pub gas_contract: GAS_UTILS<Provider<Http>>,
[INFO] [stdout]    |                       ^^^^^^^^^ not found in this scope
[INFO] [stdout] 
[INFO] [stdout] 
[INFO] [stdout] warning: unused import: `Address`
[INFO] [stdout]  --> src/contract_caller/utils/reader_interface/reader_functions.rs:2:21
[INFO] [stdout]   |
[INFO] [stdout] 2 | use ethers::types::{Address, H160, H256};
[INFO] [stdout]   |                     ^^^^^^^
[INFO] [stdout]   |
[INFO] [stdout]   = note: `#[warn(unused_imports)]` on by default
[INFO] [stdout] 
[INFO] [stdout] 
[INFO] [stdout] warning: unused import: `crate::contract_caller::utils::reader_interface::reader_functions::get_position_key`
[INFO] [stdout]  --> src/main.rs:6:5
[INFO] [stdout]   |
[INFO] [stdout] 6 | use crate::contract_caller::utils::reader_interface::reader_functions::get_position_key;
[INFO] [stdout]   |     ^^^^^^^^^^^^^^^^^^^^^^^^^^^^^^^^^^^^^^^^^^^^^^^^^^^^^^^^^^^^^^^^^^^^^^^^^^^^^^^^^^^
[INFO] [stdout] 
[INFO] [stdout] 
[INFO] [stdout] warning: unused import: `crate::contract_caller::utils::reader_interface::api_caller::api_caller`
[INFO] [stdout]  --> src/main.rs:7:5
[INFO] [stdout]   |
[INFO] [stdout] 7 | use crate::contract_caller::utils::reader_interface::api_caller::api_caller;
[INFO] [stdout]   |     ^^^^^^^^^^^^^^^^^^^^^^^^^^^^^^^^^^^^^^^^^^^^^^^^^^^^^^^^^^^^^^^^^^^^^^^
[INFO] [stdout] 
[INFO] [stdout] 
[INFO] [stdout] warning: unused import: `ethers::signers::Signer`
[INFO] [stdout]  --> src/main.rs:9:5
[INFO] [stdout]   |
[INFO] [stdout] 9 | use ethers::signers::Signer;
[INFO] [stdout]   |     ^^^^^^^^^^^^^^^^^^^^^^^
[INFO] [stdout] 
[INFO] [stdout] 
[INFO] [stdout] warning: unused import: `std::env`
[INFO] [stdout]   --> src/main.rs:10:5
[INFO] [stdout]    |
[INFO] [stdout] 10 | use std::env;
[INFO] [stdout]    |     ^^^^^^^^
[INFO] [stdout] 
[INFO] [stdout] 
[INFO] [stdout] warning: unused import: `ethers::prelude::LocalWallet`
[INFO] [stdout]   --> src/main.rs:11:5
[INFO] [stdout]    |
[INFO] [stdout] 11 | use ethers::prelude::LocalWallet;
[INFO] [stdout]    |     ^^^^^^^^^^^^^^^^^^^^^^^^^^^^
[INFO] [stdout] 
[INFO] [stdout] 
[INFO] [stdout] warning: unused variable: `execution_fee`
[INFO] [stdout]   --> src/contract_caller/order_builder/get_params_for_order_type/market_increase_order_params.rs:41:9
[INFO] [stdout]    |
[INFO] [stdout] 41 |     let execution_fee: U256 = calculate_execution_fee(estimated_gas).await?;
[INFO] [stdout]    |         ^^^^^^^^^^^^^ help: if this is intentional, prefix it with an underscore: `_execution_fee`
[INFO] [stdout]    |
[INFO] [stdout]    = note: `#[warn(unused_variables)]` on by default
[INFO] [stdout] 
[INFO] [stdout] 
[INFO] [stdout] error[E0433]: failed to resolve: use of undeclared type `USDC_NATIVE`
[INFO] [stdout]   --> src/contract_caller/utils/contract_addresses.rs:42:28
[INFO] [stdout]    |
[INFO] [stdout] 42 | ...   usdc_contract: USDC_NATIVE::<Provider<Http>>::new("0xaf88d065e77c8cC2239327C5EDb3A432268e5831".parse::<H160>().unwrap(), provider.c...
[INFO] [stdout]    |                      ^^^^^^^^^^^ use of undeclared type `USDC_NATIVE`
[INFO] [stdout] 
[INFO] [stdout] 
[INFO] [stdout] error[E0433]: failed to resolve: use of undeclared type `DAI`
[INFO] [stdout]   --> src/contract_caller/utils/contract_addresses.rs:43:27
[INFO] [stdout]    |
[INFO] [stdout] 43 | ...   dai_contract: DAI::<Provider<Http>>::new("0xDA10009cBd5D07dd0CeCc66161FC93D7c9000da1".parse::<H160>().unwrap(), provider.clone()),
[INFO] [stdout]    |                     ^^^ use of undeclared type `DAI`
[INFO] [stdout]    |
[INFO] [stdout] help: there is an enum variant `crate::contract_caller::utils::structs::Markets::DAI` and 1 other; try using the variant's enum
[INFO] [stdout]    |
[INFO] [stdout] 43 |             dai_contract: crate::contract_caller::utils::structs::Markets("0xDA10009cBd5D07dd0CeCc66161FC93D7c9000da1".parse::<H160>().unwrap(), provider.clone()),
[INFO] [stdout]    |                           ~~~~~~~~~~~~~~~~~~~~~~~~~~~~~~~~~~~~~~~~~~~~~~~
[INFO] [stdout] 43 |             dai_contract: crate::contract_caller::utils::structs::Token("0xDA10009cBd5D07dd0CeCc66161FC93D7c9000da1".parse::<H160>().unwrap(), provider.clone()),
[INFO] [stdout]    |                           ~~~~~~~~~~~~~~~~~~~~~~~~~~~~~~~~~~~~~~~~~~~~~
[INFO] [stdout] 
[INFO] [stdout] 
[INFO] [stdout] error[E0433]: failed to resolve: use of undeclared type `WETH`
[INFO] [stdout]   --> src/contract_caller/utils/contract_addresses.rs:44:28
[INFO] [stdout]    |
[INFO] [stdout] 44 | ...   weth_contract: WETH::<Provider<Http>>::new("0x82aF49447D8a07e3bd95BD0d56f35241523fBab1".parse::<H160>().unwrap(), provider.clone()),
[INFO] [stdout]    |                      ^^^^ use of undeclared type `WETH`
[INFO] [stdout] 
[INFO] [stdout] 
[INFO] [stdout] error[E0433]: failed to resolve: use of undeclared type `WBTC`
[INFO] [stdout]   --> src/contract_caller/utils/contract_addresses.rs:45:28
[INFO] [stdout]    |
[INFO] [stdout] 45 | ...   wbtc_contract: WBTC::<Provider<Http>>::new("0x2f2a2543B76A4166549F7aaB2e75Bef0aefC5B0f".parse::<H160>().unwrap(), provider.clone()),
[INFO] [stdout]    |                      ^^^^ use of undeclared type `WBTC`
[INFO] [stdout]    |
[INFO] [stdout] help: there is an enum variant `crate::contract_caller::utils::structs::Markets::WBTC` and 1 other; try using the variant's enum
[INFO] [stdout]    |
[INFO] [stdout] 45 |             wbtc_contract: crate::contract_caller::utils::structs::Markets("0x2f2a2543B76A4166549F7aaB2e75Bef0aefC5B0f".parse::<H160>().unwrap(), provider.clone()),
[INFO] [stdout]    |                            ~~~~~~~~~~~~~~~~~~~~~~~~~~~~~~~~~~~~~~~~~~~~~~~
[INFO] [stdout] 45 |             wbtc_contract: crate::contract_caller::utils::structs::Token("0x2f2a2543B76A4166549F7aaB2e75Bef0aefC5B0f".parse::<H160>().unwrap(), provider.clone()),
[INFO] [stdout]    |                            ~~~~~~~~~~~~~~~~~~~~~~~~~~~~~~~~~~~~~~~~~~~~~
[INFO] [stdout] 
[INFO] [stdout] 
[INFO] [stdout] error[E0433]: failed to resolve: use of undeclared type `LINK`
[INFO] [stdout]   --> src/contract_caller/utils/contract_addresses.rs:46:28
[INFO] [stdout]    |
[INFO] [stdout] 46 | ...   link_contract: LINK::<Provider<Http>>::new("0xf97f4df75117a78c1A5a0DBb814Af92458539FB4".parse::<H160>().unwrap(), provider.clone()),
[INFO] [stdout]    |                      ^^^^ use of undeclared type `LINK`
[INFO] [stdout]    |
[INFO] [stdout] help: there is an enum variant `crate::contract_caller::utils::structs::Markets::LINK` and 1 other; try using the variant's enum
[INFO] [stdout]    |
[INFO] [stdout] 46 |             link_contract: crate::contract_caller::utils::structs::Markets("0xf97f4df75117a78c1A5a0DBb814Af92458539FB4".parse::<H160>().unwrap(), provider.clone()),
[INFO] [stdout]    |                            ~~~~~~~~~~~~~~~~~~~~~~~~~~~~~~~~~~~~~~~~~~~~~~~
[INFO] [stdout] 46 |             link_contract: crate::contract_caller::utils::structs::Token("0xf97f4df75117a78c1A5a0DBb814Af92458539FB4".parse::<H160>().unwrap(), provider.clone()),
[INFO] [stdout]    |                            ~~~~~~~~~~~~~~~~~~~~~~~~~~~~~~~~~~~~~~~~~~~~~
[INFO] [stdout] 
[INFO] [stdout] 
[INFO] [stdout] error[E0433]: failed to resolve: use of undeclared type `ARB`
[INFO] [stdout]   --> src/contract_caller/utils/contract_addresses.rs:47:27
[INFO] [stdout]    |
[INFO] [stdout] 47 | ...   arb_contract: ARB::<Provider<Http>>::new("0x912CE59144191C1204E64559FE8253a0e49E6548".parse::<H160>().unwrap(), provider.clone()),
[INFO] [stdout]    |                     ^^^ use of undeclared type `ARB`
[INFO] [stdout]    |
[INFO] [stdout] help: there is an enum variant `crate::contract_caller::utils::structs::Markets::ARB` and 1 other; try using the variant's enum
[INFO] [stdout]    |
[INFO] [stdout] 47 |             arb_contract: crate::contract_caller::utils::structs::Markets("0x912CE59144191C1204E64559FE8253a0e49E6548".parse::<H160>().unwrap(), provider.clone()),
[INFO] [stdout]    |                           ~~~~~~~~~~~~~~~~~~~~~~~~~~~~~~~~~~~~~~~~~~~~~~~
[INFO] [stdout] 47 |             arb_contract: crate::contract_caller::utils::structs::Token("0x912CE59144191C1204E64559FE8253a0e49E6548".parse::<H160>().unwrap(), provider.clone()),
[INFO] [stdout]    |                           ~~~~~~~~~~~~~~~~~~~~~~~~~~~~~~~~~~~~~~~~~~~~~
[INFO] [stdout] 
[INFO] [stdout] 
[INFO] [stdout] error[E0433]: failed to resolve: use of undeclared type `UNI`
[INFO] [stdout]   --> src/contract_caller/utils/contract_addresses.rs:48:27
[INFO] [stdout]    |
[INFO] [stdout] 48 | ...   uni_contract: UNI::<Provider<Http>>::new("0xFa7F8980b0f1E64A2062791cc3b0871572f1F7f0".parse::<H160>().unwrap(), provider.clone()),
[INFO] [stdout]    |                     ^^^ use of undeclared type `UNI`
[INFO] [stdout]    |
[INFO] [stdout] help: there is an enum variant `crate::contract_caller::utils::structs::Markets::UNI` and 1 other; try using the variant's enum
[INFO] [stdout]    |
[INFO] [stdout] 48 |             uni_contract: crate::contract_caller::utils::structs::Markets("0xFa7F8980b0f1E64A2062791cc3b0871572f1F7f0".parse::<H160>().unwrap(), provider.clone()),
[INFO] [stdout]    |                           ~~~~~~~~~~~~~~~~~~~~~~~~~~~~~~~~~~~~~~~~~~~~~~~
[INFO] [stdout] 48 |             uni_contract: crate::contract_caller::utils::structs::Token("0xFa7F8980b0f1E64A2062791cc3b0871572f1F7f0".parse::<H160>().unwrap(), provider.clone()),
[INFO] [stdout]    |                           ~~~~~~~~~~~~~~~~~~~~~~~~~~~~~~~~~~~~~~~~~~~~~
[INFO] [stdout] 
[INFO] [stdout] 
[INFO] [stdout] error[E0433]: failed to resolve: use of undeclared type `SOL`
[INFO] [stdout]   --> src/contract_caller/utils/contract_addresses.rs:49:27
[INFO] [stdout]    |
[INFO] [stdout] 49 | ...   sol_contract: SOL::<Provider<Http>>::new("0x53B56de645B9de6e5a40acE047D1c74E8B42Eccb".parse::<H160>().unwrap(), provider.clone()),
[INFO] [stdout]    |                     ^^^ use of undeclared type `SOL`
[INFO] [stdout]    |
[INFO] [stdout] help: there is an enum variant `crate::contract_caller::utils::structs::Markets::SOL` and 1 other; try using the variant's enum
[INFO] [stdout]    |
[INFO] [stdout] 49 |             sol_contract: crate::contract_caller::utils::structs::Markets("0x53B56de645B9de6e5a40acE047D1c74E8B42Eccb".parse::<H160>().unwrap(), provider.clone()),
[INFO] [stdout]    |                           ~~~~~~~~~~~~~~~~~~~~~~~~~~~~~~~~~~~~~~~~~~~~~~~
[INFO] [stdout] 49 |             sol_contract: crate::contract_caller::utils::structs::Token("0x53B56de645B9de6e5a40acE047D1c74E8B42Eccb".parse::<H160>().unwrap(), provider.clone()),
[INFO] [stdout]    |                           ~~~~~~~~~~~~~~~~~~~~~~~~~~~~~~~~~~~~~~~~~~~~~
[INFO] [stdout] 
[INFO] [stdout] 
[INFO] [stdout] error[E0433]: failed to resolve: use of undeclared type `USDT`
[INFO] [stdout]   --> src/contract_caller/utils/contract_addresses.rs:50:28
[INFO] [stdout]    |
[INFO] [stdout] 50 | ...   usdt_contract: USDT::<Provider<Http>>::new("0xFd086bC7CD5C481DCC9C85ebE478A1C0b69FCbb9".parse::<H160>().unwrap(), provider.clone()),
[INFO] [stdout]    |                      ^^^^ use of undeclared type `USDT`
[INFO] [stdout]    |
[INFO] [stdout] help: there is an enum variant `crate::contract_caller::utils::structs::Markets::USDT` and 1 other; try using the variant's enum
[INFO] [stdout]    |
[INFO] [stdout] 50 |             usdt_contract: crate::contract_caller::utils::structs::Markets("0xFd086bC7CD5C481DCC9C85ebE478A1C0b69FCbb9".parse::<H160>().unwrap(), provider.clone()),
[INFO] [stdout]    |                            ~~~~~~~~~~~~~~~~~~~~~~~~~~~~~~~~~~~~~~~~~~~~~~~
[INFO] [stdout] 50 |             usdt_contract: crate::contract_caller::utils::structs::Token("0xFd086bC7CD5C481DCC9C85ebE478A1C0b69FCbb9".parse::<H160>().unwrap(), provider.clone()),
[INFO] [stdout]    |                            ~~~~~~~~~~~~~~~~~~~~~~~~~~~~~~~~~~~~~~~~~~~~~
[INFO] [stdout] 
[INFO] [stdout] 
[INFO] [stdout] error[E0433]: failed to resolve: use of undeclared type `USDCE`
[INFO] [stdout]   --> src/contract_caller/utils/contract_addresses.rs:51:29
[INFO] [stdout]    |
[INFO] [stdout] 51 | ...   usdce_contract: USDCE::<Provider<Http>>::new("0xFF970A61A04b1cA14834A43f5dE4533eBDDB5CC8".parse::<H160>().unwrap(), provider.clone()),
[INFO] [stdout]    |                       ^^^^^ use of undeclared type `USDCE`
[INFO] [stdout]    |
[INFO] [stdout] help: there is an enum variant `crate::contract_caller::utils::structs::Markets::USDCE` and 1 other; try using the variant's enum
[INFO] [stdout]    |
[INFO] [stdout] 51 |             usdce_contract: crate::contract_caller::utils::structs::Markets("0xFF970A61A04b1cA14834A43f5dE4533eBDDB5CC8".parse::<H160>().unwrap(), provider.clone()),
[INFO] [stdout]    |                             ~~~~~~~~~~~~~~~~~~~~~~~~~~~~~~~~~~~~~~~~~~~~~~~
[INFO] [stdout] 51 |             usdce_contract: crate::contract_caller::utils::structs::Token("0xFF970A61A04b1cA14834A43f5dE4533eBDDB5CC8".parse::<H160>().unwrap(), provider.clone()),
[INFO] [stdout]    |                             ~~~~~~~~~~~~~~~~~~~~~~~~~~~~~~~~~~~~~~~~~~~~~
[INFO] [stdout] 
[INFO] [stdout] 
[INFO] [stdout] error[E0433]: failed to resolve: use of undeclared type `EXCHANGE_ROUTER`
[INFO] [stdout]   --> src/contract_caller/utils/contract_addresses.rs:52:39
[INFO] [stdout]    |
[INFO] [stdout] 52 | ...   exchange_router_contract: EXCHANGE_ROUTER::<Provider<Http>>::new("0x7C68C7866A64FA2160F78EEaE12217FFbf871fa8".parse::<H160>().unwra...
[INFO] [stdout]    |                                 ^^^^^^^^^^^^^^^ use of undeclared type `EXCHANGE_ROUTER`
[INFO] [stdout] 
[INFO] [stdout] 
[INFO] [stdout] error[E0433]: failed to resolve: use of undeclared type `ORDER_VAULT`
[INFO] [stdout]   --> src/contract_caller/utils/contract_addresses.rs:53:35
[INFO] [stdout]    |
[INFO] [stdout] 53 | ...   order_vault_contract: ORDER_VAULT::<Provider<Http>>::new("0x31eF83a530Fde1B38EE9A18093A333D8Bbbc40D5".parse::<H160>().unwrap(), pro...
[INFO] [stdout]    |                             ^^^^^^^^^^^ use of undeclared type `ORDER_VAULT`
[INFO] [stdout] 
[INFO] [stdout] 
[INFO] [stdout] error[E0433]: failed to resolve: use of undeclared type `DEPOSIT_VAULT`
[INFO] [stdout]   --> src/contract_caller/utils/contract_addresses.rs:54:37
[INFO] [stdout]    |
[INFO] [stdout] 54 | ...   deposit_vault_contract: DEPOSIT_VAULT::<Provider<Http>>::new("0xF89e77e8Dc11691C9e8757e84aaFbCD8A67d7A55".parse::<H160>().unwrap(),...
[INFO] [stdout]    |                               ^^^^^^^^^^^^^ use of undeclared type `DEPOSIT_VAULT`
[INFO] [stdout] 
[INFO] [stdout] 
[INFO] [stdout] error[E0433]: failed to resolve: use of undeclared type `GAS_UTILS`
[INFO] [stdout]   --> src/contract_caller/utils/contract_addresses.rs:55:27
[INFO] [stdout]    |
[INFO] [stdout] 55 | ...   gas_contract: GAS_UTILS::<Provider<Http>>::new("0x6Ee83F82757C5B10468855753F5374FFF826BDCB".parse::<H160>().unwrap(), provider.clon...
[INFO] [stdout]    |                     ^^^^^^^^^ use of undeclared type `GAS_UTILS`
[INFO] [stdout] 
[INFO] [stdout] 
[INFO] [stdout] error: aborting due to 30 previous errors; 7 warnings emitted
[INFO] [stdout] 
[INFO] [stdout] 
[INFO] [stdout] Some errors have detailed explanations: E0412, E0432, E0433.
[INFO] [stdout] 
[INFO] [stdout] For more information about an error, try `rustc --explain E0412`.
[INFO] [stdout] 
[INFO] [stderr] error: could not compile `gmx_rust` (bin "gmx_rust") due to 31 previous errors; 7 warnings emitted
[INFO] running `Command { std: "docker" "inspect" "060b3f4e04fe4cfd6015c7b5a5d0538b0ed5f7417548a37077390b073b0d1cfc", kill_on_drop: false }`
[INFO] running `Command { std: "docker" "rm" "-f" "060b3f4e04fe4cfd6015c7b5a5d0538b0ed5f7417548a37077390b073b0d1cfc", kill_on_drop: false }`
[INFO] [stdout] 060b3f4e04fe4cfd6015c7b5a5d0538b0ed5f7417548a37077390b073b0d1cfc
