[INFO] cloning repository https://github.com/4t145/amqp-protocol
[INFO] running `Command { std: "git" "-c" "credential.helper=" "-c" "credential.helper=/workspace/cargo-home/bin/git-credential-null" "clone" "--bare" "https://github.com/4t145/amqp-protocol" "/workspace/cache/git-repos/https%3A%2F%2Fgithub.com%2F4t145%2Famqp-protocol", kill_on_drop: false }`
[INFO] [stderr] Cloning into bare repository '/workspace/cache/git-repos/https%3A%2F%2Fgithub.com%2F4t145%2Famqp-protocol'...
[INFO] running `Command { std: "git" "rev-parse" "HEAD", kill_on_drop: false }`
[INFO] [stdout] 34e2296cf8b36479e38d62a839969a2b132301fe
[INFO] testing 4t145/amqp-protocol against 1.75.0 for beta-1.76-1
[INFO] running `Command { std: "git" "clone" "/workspace/cache/git-repos/https%3A%2F%2Fgithub.com%2F4t145%2Famqp-protocol" "/workspace/builds/worker-4-tc1/source", kill_on_drop: false }`
[INFO] [stderr] Cloning into '/workspace/builds/worker-4-tc1/source'...
[INFO] [stderr] done.
[INFO] validating manifest of git repo https://github.com/4t145/amqp-protocol on toolchain 1.75.0
[INFO] running `Command { std: CARGO_HOME="/workspace/cargo-home" RUSTUP_HOME="/workspace/rustup-home" "/workspace/cargo-home/bin/cargo" "+1.75.0" "metadata" "--manifest-path" "Cargo.toml" "--no-deps", kill_on_drop: false }`
[INFO] started tweaking git repo https://github.com/4t145/amqp-protocol
[INFO] finished tweaking git repo https://github.com/4t145/amqp-protocol
[INFO] tweaked toml for git repo https://github.com/4t145/amqp-protocol written to /workspace/builds/worker-4-tc1/source/Cargo.toml
[INFO] crate git repo https://github.com/4t145/amqp-protocol already has a lockfile, it will not be regenerated
[INFO] running `Command { std: CARGO_HOME="/workspace/cargo-home" RUSTUP_HOME="/workspace/rustup-home" "/workspace/cargo-home/bin/cargo" "+1.75.0" "fetch" "--manifest-path" "Cargo.toml", kill_on_drop: false }`
[INFO] [stderr]     Updating crates.io index
[INFO] [stderr]  Downloading crates ...
[INFO] [stderr]   Downloaded ord_subset v3.1.1
[INFO] [stderr]   Downloaded decimal v2.1.0
[INFO] running `Command { std: "docker" "create" "-v" "/var/lib/crater-agent-workspace/builds/worker-4-tc1/target:/opt/rustwide/target:rw,Z" "-v" "/var/lib/crater-agent-workspace/builds/worker-4-tc1/source:/opt/rustwide/workdir:ro,Z" "-v" "/var/lib/crater-agent-workspace/cargo-home:/opt/rustwide/cargo-home:ro,Z" "-v" "/var/lib/crater-agent-workspace/rustup-home:/opt/rustwide/rustup-home:ro,Z" "-e" "SOURCE_DIR=/opt/rustwide/workdir" "-e" "CARGO_TARGET_DIR=/opt/rustwide/target" "-e" "CARGO_HOME=/opt/rustwide/cargo-home" "-e" "RUSTUP_HOME=/opt/rustwide/rustup-home" "-w" "/opt/rustwide/workdir" "-m" "1610612736" "--user" "0:0" "--network" "none" "ghcr.io/rust-lang/crates-build-env/linux@sha256:2788e3201cd34a07e3172128adcd8b3090168a8e3bcc40d7c032b9dda1df7d1c" "/opt/rustwide/cargo-home/bin/cargo" "+1.75.0" "metadata" "--no-deps" "--format-version=1", kill_on_drop: false }`
[INFO] [stdout] 9907ce42828790ebe492cf5a20a5222035b68d572c333dc5d7f378f318197802
[INFO] running `Command { std: "docker" "start" "-a" "9907ce42828790ebe492cf5a20a5222035b68d572c333dc5d7f378f318197802", kill_on_drop: false }`
[INFO] running `Command { std: "docker" "inspect" "9907ce42828790ebe492cf5a20a5222035b68d572c333dc5d7f378f318197802", kill_on_drop: false }`
[INFO] running `Command { std: "docker" "rm" "-f" "9907ce42828790ebe492cf5a20a5222035b68d572c333dc5d7f378f318197802", kill_on_drop: false }`
[INFO] [stdout] 9907ce42828790ebe492cf5a20a5222035b68d572c333dc5d7f378f318197802
[INFO] running `Command { std: "docker" "create" "-v" "/var/lib/crater-agent-workspace/builds/worker-4-tc1/target:/opt/rustwide/target:rw,Z" "-v" "/var/lib/crater-agent-workspace/builds/worker-4-tc1/source:/opt/rustwide/workdir:ro,Z" "-v" "/var/lib/crater-agent-workspace/cargo-home:/opt/rustwide/cargo-home:ro,Z" "-v" "/var/lib/crater-agent-workspace/rustup-home:/opt/rustwide/rustup-home:ro,Z" "-e" "SOURCE_DIR=/opt/rustwide/workdir" "-e" "CARGO_TARGET_DIR=/opt/rustwide/target" "-e" "CARGO_INCREMENTAL=0" "-e" "RUST_BACKTRACE=full" "-e" "RUSTFLAGS=--cap-lints=warn" "-e" "RUSTDOCFLAGS=--cap-lints=warn" "-e" "CARGO_HOME=/opt/rustwide/cargo-home" "-e" "RUSTUP_HOME=/opt/rustwide/rustup-home" "-w" "/opt/rustwide/workdir" "-m" "1610612736" "--user" "0:0" "--network" "none" "ghcr.io/rust-lang/crates-build-env/linux@sha256:2788e3201cd34a07e3172128adcd8b3090168a8e3bcc40d7c032b9dda1df7d1c" "/opt/rustwide/cargo-home/bin/cargo" "+1.75.0" "build" "--frozen" "--message-format=json", kill_on_drop: false }`
[INFO] [stdout] e8af7b216080a4ebb6c1740fce9a499090d0b4a4d946a5e434f0d373050d151a
[INFO] running `Command { std: "docker" "start" "-a" "e8af7b216080a4ebb6c1740fce9a499090d0b4a4d946a5e434f0d373050d151a", kill_on_drop: false }`
[INFO] [stderr]    Compiling libc v0.2.150
[INFO] [stderr]    Compiling proc-macro2 v1.0.70
[INFO] [stderr]    Compiling unicode-ident v1.0.12
[INFO] [stderr]    Compiling serde v1.0.193
[INFO] [stderr]    Compiling parking_lot_core v0.9.9
[INFO] [stderr]    Compiling smallvec v1.11.2
[INFO] [stderr]    Compiling ord_subset v3.1.1
[INFO] [stderr]    Compiling rustc-serialize v0.3.24
[INFO] [stderr]    Compiling bytes v1.5.0
[INFO] [stderr]    Compiling lock_api v0.4.11
[INFO] [stderr]    Compiling quote v1.0.33
[INFO] [stderr]    Compiling syn v2.0.39
[INFO] [stderr]    Compiling signal-hook-registry v1.4.1
[INFO] [stderr]    Compiling num_cpus v1.16.0
[INFO] [stderr]    Compiling socket2 v0.5.5
[INFO] [stderr]    Compiling mio v0.8.9
[INFO] [stderr]    Compiling cc v1.0.83
[INFO] [stderr]    Compiling parking_lot v0.12.1
[INFO] [stderr]    Compiling decimal v2.1.0
[INFO] [stderr]    Compiling serde_derive v1.0.193
[INFO] [stderr]    Compiling tokio-macros v2.2.0
[INFO] [stderr]    Compiling tokio v1.34.0
[INFO] [stderr]    Compiling uuid v1.6.1
[INFO] [stderr]    Compiling amqp-protocol v0.1.0 (/opt/rustwide/workdir)
[INFO] [stdout] error[E0425]: cannot find value `inner` in this scope
[INFO] [stdout]    --> src/server/mod.rs:129:54
[INFO] [stdout]     |
[INFO] [stdout] 129 |         let write_buffer = tokio::io::BufWriter::new(inner);
[INFO] [stdout]     |                                                      ^^^^^ not found in this scope
[INFO] [stdout] 
[INFO] [stdout] 
[INFO] [stdout] error[E0425]: cannot find value `src` in this scope
[INFO] [stdout]    --> src/server/mod.rs:130:32
[INFO] [stdout]     |
[INFO] [stdout] 130 |         write_buffer.write_all(src);
[INFO] [stdout]     |                                ^^^ not found in this scope
[INFO] [stdout] 
[INFO] [stdout] 
[INFO] [stdout] error[E0554]: `#![feature]` may not be used on the stable release channel
[INFO] [stdout]  --> src/lib.rs:2:1
[INFO] [stdout]   |
[INFO] [stdout] 2 | #![feature(async_fn_in_trait)]
[INFO] [stdout]   | ^^^^^^^^^^^^^^^^^^^^^^^^^^^^^^ help: remove the attribute
[INFO] [stdout]   |
[INFO] [stdout]   = help: the feature `async_fn_in_trait` has been stable since `1.75.0` and no longer requires an attribute to enable
[INFO] [stdout] 
[INFO] [stdout] 
[INFO] [stdout] warning: unused imports: `fmt`, `io`, `mem::size_of`, `slice::Iter`, `string`
[INFO] [stdout]  --> src/types/encoding/de.rs:1:11
[INFO] [stdout]   |
[INFO] [stdout] 1 | use std::{fmt, io, mem::size_of, slice::Iter, string};
[INFO] [stdout]   |           ^^^  ^^  ^^^^^^^^^^^^  ^^^^^^^^^^^  ^^^^^^
[INFO] [stdout]   |
[INFO] [stdout]   = note: `#[warn(unused_imports)]` on by default
[INFO] [stdout] 
[INFO] [stdout] 
[INFO] [stdout] warning: unused import: `crate::types::codes::FormatCode`
[INFO] [stdout]  --> src/types/encoding/de.rs:3:5
[INFO] [stdout]   |
[INFO] [stdout] 3 | use crate::types::codes::FormatCode;
[INFO] [stdout]   |     ^^^^^^^^^^^^^^^^^^^^^^^^^^^^^^^
[INFO] [stdout] 
[INFO] [stdout] 
[INFO] [stdout] warning: unused imports: `Described`, `Descriptor`, `Primitive`, `Symbol`, `Value`
[INFO] [stdout]  --> src/types/encoding/de.rs:5:40
[INFO] [stdout]   |
[INFO] [stdout] 5 | use crate::types::value::{Constructor, Described, Descriptor, Primitive, Symbol, Value};
[INFO] [stdout]   |                                        ^^^^^^^^^  ^^^^^^^^^^  ^^^^^^^^^  ^^^^^^  ^^^^^
[INFO] [stdout] 
[INFO] [stdout] 
[INFO] [stdout] warning: unused import: `AsyncWrite`
[INFO] [stdout]  --> src/types/encoding/de/async_reader.rs:1:48
[INFO] [stdout]   |
[INFO] [stdout] 1 | use tokio::io::{self, AsyncRead, AsyncReadExt, AsyncWrite};
[INFO] [stdout]   |                                                ^^^^^^^^^^
[INFO] [stdout] 
[INFO] [stdout] 
[INFO] [stdout] warning: unused imports: `fmt`, `slice::Iter`, `string`
[INFO] [stdout]  --> src/types/encoding/de/reader.rs:1:11
[INFO] [stdout]   |
[INFO] [stdout] 1 | use std::{fmt, io, mem::size_of, slice::Iter, string};
[INFO] [stdout]   |           ^^^                    ^^^^^^^^^^^  ^^^^^^
[INFO] [stdout] 
[INFO] [stdout] 
[INFO] [stdout] warning: unused import: `bytes::Bytes`
[INFO] [stdout]   --> src/types/encoding/de/slice.rs:11:5
[INFO] [stdout]    |
[INFO] [stdout] 11 | use bytes::Bytes;
[INFO] [stdout]    |     ^^^^^^^^^^^^
[INFO] [stdout] 
[INFO] [stdout] 
[INFO] [stdout] warning: unused import: `BufWriter`
[INFO] [stdout]  --> src/types/encoding/enc/writer.rs:2:16
[INFO] [stdout]   |
[INFO] [stdout] 2 |     io::{self, BufWriter, Write},
[INFO] [stdout]   |                ^^^^^^^^^
[INFO] [stdout] 
[INFO] [stdout] 
[INFO] [stdout] warning: unused imports: `io`, `ops::DerefMut`
[INFO] [stdout]  --> src/types/value.rs:1:24
[INFO] [stdout]   |
[INFO] [stdout] 1 | use std::{borrow::Cow, io, ops::DerefMut};
[INFO] [stdout]   |                        ^^  ^^^^^^^^^^^^^
[INFO] [stdout] 
[INFO] [stdout] 
[INFO] [stdout] warning: unused import: `de::DeserializeOwned`
[INFO] [stdout]  --> src/types/value.rs:3:13
[INFO] [stdout]   |
[INFO] [stdout] 3 | use serde::{de::DeserializeOwned, Deserialize, Serialize};
[INFO] [stdout]   |             ^^^^^^^^^^^^^^^^^^^^
[INFO] [stdout] 
[INFO] [stdout] 
[INFO] [stdout] warning: unused import: `Construct`
[INFO] [stdout]  --> src/types/serde/ser.rs:3:27
[INFO] [stdout]   |
[INFO] [stdout] 3 | use crate::types::value::{Construct, Value};
[INFO] [stdout]   |                           ^^^^^^^^^
[INFO] [stdout] 
[INFO] [stdout] 
[INFO] [stdout] warning: unused import: `codes::FormatCode`
[INFO] [stdout]  --> src/types/serde/de/reader.rs:4:20
[INFO] [stdout]   |
[INFO] [stdout] 4 | use crate::types::{codes::FormatCode, value::Constructor, encoding::de::reader::Decode};
[INFO] [stdout]   |                    ^^^^^^^^^^^^^^^^^
[INFO] [stdout] 
[INFO] [stdout] 
[INFO] [stdout] warning: unused import: `io`
[INFO] [stdout]  --> src/types/serde/de/value.rs:1:25
[INFO] [stdout]   |
[INFO] [stdout] 1 | use std::{fmt::Display, io, vec::IntoIter, borrow::Cow};
[INFO] [stdout]   |                         ^^
[INFO] [stdout] 
[INFO] [stdout] 
[INFO] [stdout] warning: unused import: `Construct`
[INFO] [stdout]  --> src/types/describe.rs:5:21
[INFO] [stdout]   |
[INFO] [stdout] 5 | use super::{value::{Construct, Descriptor}, codes::FormatCode};
[INFO] [stdout]   |                     ^^^^^^^^^
[INFO] [stdout] 
[INFO] [stdout] 
[INFO] [stdout] warning: unused imports: `de::async_reader::AsyncDecode`, `enc`
[INFO] [stdout]  --> src/transport/version.rs:1:30
[INFO] [stdout]   |
[INFO] [stdout] 1 | use crate::types::encoding::{de::async_reader::AsyncDecode, enc};
[INFO] [stdout]   |                              ^^^^^^^^^^^^^^^^^^^^^^^^^^^^^  ^^^
[INFO] [stdout] 
[INFO] [stdout] 
[INFO] [stdout] warning: unused imports: `BufMut`, `BytesMut`, `Bytes`
[INFO] [stdout]  --> src/transport/framing.rs:1:13
[INFO] [stdout]   |
[INFO] [stdout] 1 | use bytes::{BufMut, Bytes, BytesMut};
[INFO] [stdout]   |             ^^^^^^  ^^^^^  ^^^^^^^^
[INFO] [stdout] 
[INFO] [stdout] 
[INFO] [stdout] warning: unused imports: `Read`, `Write`, `self`
[INFO] [stdout]  --> src/transport/framing.rs:2:15
[INFO] [stdout]   |
[INFO] [stdout] 2 | use std::io::{self, Read, Write};
[INFO] [stdout]   |               ^^^^  ^^^^  ^^^^^
[INFO] [stdout] 
[INFO] [stdout] 
[INFO] [stdout] warning: unused import: `std::collections::HashMap`
[INFO] [stdout]  --> src/transport/performative/open.rs:1:5
[INFO] [stdout]   |
[INFO] [stdout] 1 | use std::collections::HashMap;
[INFO] [stdout]   |     ^^^^^^^^^^^^^^^^^^^^^^^^^
[INFO] [stdout] 
[INFO] [stdout] 
[INFO] [stdout] warning: unused import: `crate::amqp_type`
[INFO] [stdout]  --> src/transport/performative/attach.rs:1:5
[INFO] [stdout]   |
[INFO] [stdout] 1 | use crate::amqp_type;
[INFO] [stdout]   |     ^^^^^^^^^^^^^^^^
[INFO] [stdout] 
[INFO] [stdout] 
[INFO] [stdout] warning: unused imports: `Arc`, `atomic::AtomicU8`
[INFO] [stdout]  --> src/server/mod.rs:1:17
[INFO] [stdout]   |
[INFO] [stdout] 1 | use std::sync::{atomic::AtomicU8, Arc};
[INFO] [stdout]   |                 ^^^^^^^^^^^^^^^^  ^^^
[INFO] [stdout] 
[INFO] [stdout] 
[INFO] [stdout] warning: unused imports: `DeserializeError`, `slice::View`, `value::Value`
[INFO] [stdout]   --> src/server/mod.rs:7:45
[INFO] [stdout]    |
[INFO] [stdout] 7  |             de::{async_reader::AsyncDecode, slice::View},
[INFO] [stdout]    |                                             ^^^^^^^^^^^
[INFO] [stdout] ...
[INFO] [stdout] 10 |         serde::de::{from_slice, DeserializeError},
[INFO] [stdout]    |                                 ^^^^^^^^^^^^^^^^
[INFO] [stdout] 11 |         value::Value,
[INFO] [stdout]    |         ^^^^^^^^^^^^
[INFO] [stdout] 
[INFO] [stdout] 
[INFO] [stdout] warning: unused import: `serde::Deserialize`
[INFO] [stdout]   --> src/server/mod.rs:16:5
[INFO] [stdout]    |
[INFO] [stdout] 16 | use serde::Deserialize;
[INFO] [stdout]    |     ^^^^^^^^^^^^^^^^^^
[INFO] [stdout] 
[INFO] [stdout] 
[INFO] [stdout] warning: unused import: `sync::Mutex`
[INFO] [stdout]   --> src/server/mod.rs:20:5
[INFO] [stdout]    |
[INFO] [stdout] 20 |     sync::Mutex,
[INFO] [stdout]    |     ^^^^^^^^^^^
[INFO] [stdout] 
[INFO] [stdout] 
[INFO] [stdout] warning: the feature `async_fn_in_trait` has been stable since 1.75.0 and no longer requires an attribute to enable
[INFO] [stdout]  --> src/lib.rs:2:12
[INFO] [stdout]   |
[INFO] [stdout] 2 | #![feature(async_fn_in_trait)]
[INFO] [stdout]   |            ^^^^^^^^^^^^^^^^^
[INFO] [stdout]   |
[INFO] [stdout]   = note: `#[warn(stable_features)]` on by default
[INFO] [stdout] 
[INFO] [stdout] 
[INFO] [stdout] warning: unreachable statement
[INFO] [stdout]   --> src/server/mod.rs:90:29
[INFO] [stdout]    |
[INFO] [stdout] 89 |   ...                   let open = todo!();
[INFO] [stdout]    |                                    ------- any code following this expression is unreachable
[INFO] [stdout] 90 | / ...                   let open = Open {
[INFO] [stdout] 91 | | ...                       container_id: self.container_id,
[INFO] [stdout] 92 | | ...                       ..Default::default()
[INFO] [stdout] 93 | | ...                   };
[INFO] [stdout]    | |________________________^ unreachable statement
[INFO] [stdout]    |
[INFO] [stdout]    = note: `#[warn(unreachable_code)]` on by default
[INFO] [stdout] 
[INFO] [stdout] 
[INFO] [stdout] warning: unreachable expression
[INFO] [stdout]    --> src/server/mod.rs:112:9
[INFO] [stdout]     |
[INFO] [stdout] 56  | /         loop {
[INFO] [stdout] 57  | |             match state {
[INFO] [stdout] 58  | |                 State::Start => {
[INFO] [stdout] 59  | |                     tokio::select! {
[INFO] [stdout] ...   |
[INFO] [stdout] 109 | |             }
[INFO] [stdout] 110 | |         }
[INFO] [stdout]     | |_________- any code following this expression is unreachable
[INFO] [stdout] 111 |
[INFO] [stdout] 112 |           Ok(())
[INFO] [stdout]     |           ^^^^^^ unreachable expression
[INFO] [stdout] 
[INFO] [stdout] 
[INFO] [stdout] warning: unused variable: `version`
[INFO] [stdout]   --> src/server/mod.rs:67:33
[INFO] [stdout]    |
[INFO] [stdout] 67 | ...                   let version = Version::async_encode(&THIS_VERSION, &mut tx).await?;
[INFO] [stdout]    |                           ^^^^^^^ help: if this is intentional, prefix it with an underscore: `_version`
[INFO] [stdout]    |
[INFO] [stdout]    = note: `#[warn(unused_variables)]` on by default
[INFO] [stdout] 
[INFO] [stdout] 
[INFO] [stdout] warning: unused variable: `open`
[INFO] [stdout]   --> src/server/mod.rs:89:33
[INFO] [stdout]    |
[INFO] [stdout] 89 | ...                   let open = todo!();
[INFO] [stdout]    |                           ^^^^ help: if this is intentional, prefix it with an underscore: `_open`
[INFO] [stdout] 
[INFO] [stdout] 
[INFO] [stdout] warning: unused variable: `open`
[INFO] [stdout]   --> src/server/mod.rs:90:33
[INFO] [stdout]    |
[INFO] [stdout] 90 | ...                   let open = Open {
[INFO] [stdout]    |                           ^^^^ help: if this is intentional, prefix it with an underscore: `_open`
[INFO] [stdout] 
[INFO] [stdout] 
[INFO] [stdout] warning: variable does not need to be mutable
[INFO] [stdout]   --> src/server/mod.rs:52:30
[INFO] [stdout]    |
[INFO] [stdout] 52 |     pub async fn negotiation(mut self) -> io::Result<()> {
[INFO] [stdout]    |                              ----^^^^
[INFO] [stdout]    |                              |
[INFO] [stdout]    |                              help: remove this `mut`
[INFO] [stdout]    |
[INFO] [stdout]    = note: `#[warn(unused_mut)]` on by default
[INFO] [stdout] 
[INFO] [stdout] 
[INFO] [stdout] warning: unused import: `Write`
[INFO] [stdout]  --> src/types/encoding/enc/writer.rs:2:27
[INFO] [stdout]   |
[INFO] [stdout] 2 |     io::{self, BufWriter, Write},
[INFO] [stdout]   |                           ^^^^^
[INFO] [stdout] 
[INFO] [stdout] 
[INFO] [stdout] error: aborting due to 3 previous errors; 30 warnings emitted
[INFO] [stdout] 
[INFO] [stdout] 
[INFO] [stdout] Some errors have detailed explanations: E0425, E0554.
[INFO] [stdout] 
[INFO] [stdout] For more information about an error, try `rustc --explain E0425`.
[INFO] [stdout] 
[INFO] [stderr] error: could not compile `amqp-protocol` (lib) due to 4 previous errors; 30 warnings emitted
[INFO] running `Command { std: "docker" "inspect" "e8af7b216080a4ebb6c1740fce9a499090d0b4a4d946a5e434f0d373050d151a", kill_on_drop: false }`
[INFO] running `Command { std: "docker" "rm" "-f" "e8af7b216080a4ebb6c1740fce9a499090d0b4a4d946a5e434f0d373050d151a", kill_on_drop: false }`
[INFO] [stdout] e8af7b216080a4ebb6c1740fce9a499090d0b4a4d946a5e434f0d373050d151a
[INFO] testing 4t145/amqp-protocol against beta-2023-12-22 for beta-1.76-1
[INFO] running `Command { std: "git" "clone" "/workspace/cache/git-repos/https%3A%2F%2Fgithub.com%2F4t145%2Famqp-protocol" "/workspace/builds/worker-4-tc2/source", kill_on_drop: false }`
[INFO] [stderr] Cloning into '/workspace/builds/worker-4-tc2/source'...
[INFO] [stderr] done.
[INFO] validating manifest of git repo https://github.com/4t145/amqp-protocol on toolchain beta-2023-12-22
[INFO] running `Command { std: CARGO_HOME="/workspace/cargo-home" RUSTUP_HOME="/workspace/rustup-home" "/workspace/cargo-home/bin/cargo" "+beta-2023-12-22" "metadata" "--manifest-path" "Cargo.toml" "--no-deps", kill_on_drop: false }`
[INFO] started tweaking git repo https://github.com/4t145/amqp-protocol
[INFO] finished tweaking git repo https://github.com/4t145/amqp-protocol
[INFO] tweaked toml for git repo https://github.com/4t145/amqp-protocol written to /workspace/builds/worker-4-tc2/source/Cargo.toml
[INFO] crate git repo https://github.com/4t145/amqp-protocol already has a lockfile, it will not be regenerated
[INFO] running `Command { std: CARGO_HOME="/workspace/cargo-home" RUSTUP_HOME="/workspace/rustup-home" "/workspace/cargo-home/bin/cargo" "+beta-2023-12-22" "fetch" "--manifest-path" "Cargo.toml", kill_on_drop: false }`
[INFO] running `Command { std: "docker" "create" "-v" "/var/lib/crater-agent-workspace/builds/worker-4-tc2/target:/opt/rustwide/target:rw,Z" "-v" "/var/lib/crater-agent-workspace/builds/worker-4-tc2/source:/opt/rustwide/workdir:ro,Z" "-v" "/var/lib/crater-agent-workspace/cargo-home:/opt/rustwide/cargo-home:ro,Z" "-v" "/var/lib/crater-agent-workspace/rustup-home:/opt/rustwide/rustup-home:ro,Z" "-e" "SOURCE_DIR=/opt/rustwide/workdir" "-e" "CARGO_TARGET_DIR=/opt/rustwide/target" "-e" "CARGO_HOME=/opt/rustwide/cargo-home" "-e" "RUSTUP_HOME=/opt/rustwide/rustup-home" "-w" "/opt/rustwide/workdir" "-m" "1610612736" "--user" "0:0" "--network" "none" "ghcr.io/rust-lang/crates-build-env/linux@sha256:2788e3201cd34a07e3172128adcd8b3090168a8e3bcc40d7c032b9dda1df7d1c" "/opt/rustwide/cargo-home/bin/cargo" "+beta-2023-12-22" "metadata" "--no-deps" "--format-version=1", kill_on_drop: false }`
[INFO] [stdout] 66c35055de94501f70222b4df57efd266399681d6f5580fdfad9c7ce36e5dabd
[INFO] running `Command { std: "docker" "start" "-a" "66c35055de94501f70222b4df57efd266399681d6f5580fdfad9c7ce36e5dabd", kill_on_drop: false }`
[INFO] running `Command { std: "docker" "inspect" "66c35055de94501f70222b4df57efd266399681d6f5580fdfad9c7ce36e5dabd", kill_on_drop: false }`
[INFO] running `Command { std: "docker" "rm" "-f" "66c35055de94501f70222b4df57efd266399681d6f5580fdfad9c7ce36e5dabd", kill_on_drop: false }`
[INFO] [stdout] 66c35055de94501f70222b4df57efd266399681d6f5580fdfad9c7ce36e5dabd
[INFO] running `Command { std: "docker" "create" "-v" "/var/lib/crater-agent-workspace/builds/worker-4-tc2/target:/opt/rustwide/target:rw,Z" "-v" "/var/lib/crater-agent-workspace/builds/worker-4-tc2/source:/opt/rustwide/workdir:ro,Z" "-v" "/var/lib/crater-agent-workspace/cargo-home:/opt/rustwide/cargo-home:ro,Z" "-v" "/var/lib/crater-agent-workspace/rustup-home:/opt/rustwide/rustup-home:ro,Z" "-e" "SOURCE_DIR=/opt/rustwide/workdir" "-e" "CARGO_TARGET_DIR=/opt/rustwide/target" "-e" "CARGO_INCREMENTAL=0" "-e" "RUST_BACKTRACE=full" "-e" "RUSTFLAGS=--cap-lints=warn" "-e" "RUSTDOCFLAGS=--cap-lints=warn" "-e" "CARGO_HOME=/opt/rustwide/cargo-home" "-e" "RUSTUP_HOME=/opt/rustwide/rustup-home" "-w" "/opt/rustwide/workdir" "-m" "1610612736" "--user" "0:0" "--network" "none" "ghcr.io/rust-lang/crates-build-env/linux@sha256:2788e3201cd34a07e3172128adcd8b3090168a8e3bcc40d7c032b9dda1df7d1c" "/opt/rustwide/cargo-home/bin/cargo" "+beta-2023-12-22" "build" "--frozen" "--message-format=json", kill_on_drop: false }`
[INFO] [stdout] 1533ae3fa2e73e8cf710d08062eba575487d1dd2caae9eae9ef154c7624729f0
[INFO] running `Command { std: "docker" "start" "-a" "1533ae3fa2e73e8cf710d08062eba575487d1dd2caae9eae9ef154c7624729f0", kill_on_drop: false }`
[INFO] [stderr]    Compiling libc v0.2.150
[INFO] [stderr]    Compiling proc-macro2 v1.0.70
[INFO] [stderr]    Compiling unicode-ident v1.0.12
[INFO] [stderr]    Compiling serde v1.0.193
[INFO] [stderr]    Compiling parking_lot_core v0.9.9
[INFO] [stderr]    Compiling smallvec v1.11.2
[INFO] [stderr]    Compiling lock_api v0.4.11
[INFO] [stderr]    Compiling rustc-serialize v0.3.24
[INFO] [stderr]    Compiling bytes v1.5.0
[INFO] [stderr]    Compiling ord_subset v3.1.1
[INFO] [stdout] error[E0310]: the parameter type `T` may not live long enough
[INFO] [stdout]     --> /opt/rustwide/cargo-home/registry/src/index.crates.io-6f17d22bba15001f/rustc-serialize-0.3.24/src/serialize.rs:1155:5
[INFO] [stdout]      |
[INFO] [stdout] 1155 |     fn decode<D: Decoder>(d: &mut D) -> Result<Cow<'static, T>, D::Error> {
[INFO] [stdout]      |     ^^^^^^^^^^^^^^^^^^^^^^^^^^^^^^^^^^^^^^^^^^^^^^^^^^^^^^^^^^^^^^^^^^^^^
[INFO] [stdout]      |     |
[INFO] [stdout]      |     the parameter type `T` must be valid for the static lifetime...
[INFO] [stdout]      |     ...so that the type `T` will meet its required lifetime bounds...
[INFO] [stdout]      |
[INFO] [stdout] note: ...that is required by this bound
[INFO] [stdout]     --> /rustc/0e09125c6c3c2fd70d7de961bcf0e51575235fad/library/alloc/src/borrow.rs:180:30
[INFO] [stdout] help: consider adding an explicit lifetime bound
[INFO] [stdout]      |
[INFO] [stdout] 1151 | impl<'a, T: ?Sized + 'static> Decodable for Cow<'a, T>
[INFO] [stdout]      |                    +++++++++
[INFO] [stdout] 
[INFO] [stdout] 
[INFO] [stderr]    Compiling quote v1.0.33
[INFO] [stderr]    Compiling syn v2.0.39
[INFO] [stderr]    Compiling signal-hook-registry v1.4.1
[INFO] [stderr]    Compiling mio v0.8.9
[INFO] [stderr]    Compiling num_cpus v1.16.0
[INFO] [stderr]    Compiling socket2 v0.5.5
[INFO] [stderr]    Compiling cc v1.0.83
[INFO] [stderr]    Compiling parking_lot v0.12.1
[INFO] [stdout] error: aborting due to 1 previous error
[INFO] [stdout] 
[INFO] [stdout] 
[INFO] [stdout] For more information about this error, try `rustc --explain E0310`.
[INFO] [stdout] 
[INFO] [stderr] error: could not compile `rustc-serialize` (lib) due to 2 previous errors
[INFO] [stderr] warning: build failed, waiting for other jobs to finish...
[INFO] running `Command { std: "docker" "inspect" "1533ae3fa2e73e8cf710d08062eba575487d1dd2caae9eae9ef154c7624729f0", kill_on_drop: false }`
[INFO] running `Command { std: "docker" "rm" "-f" "1533ae3fa2e73e8cf710d08062eba575487d1dd2caae9eae9ef154c7624729f0", kill_on_drop: false }`
[INFO] [stdout] 1533ae3fa2e73e8cf710d08062eba575487d1dd2caae9eae9ef154c7624729f0
