[INFO] cloning repository https://github.com/496672097/remote_control_client
[INFO] running `Command { std: "git" "-c" "credential.helper=" "-c" "credential.helper=/workspace/cargo-home/bin/git-credential-null" "clone" "--bare" "https://github.com/496672097/remote_control_client" "/workspace/cache/git-repos/https%3A%2F%2Fgithub.com%2F496672097%2Fremote_control_client", kill_on_drop: false }`
[INFO] [stderr] Cloning into bare repository '/workspace/cache/git-repos/https%3A%2F%2Fgithub.com%2F496672097%2Fremote_control_client'...
[INFO] running `Command { std: "git" "rev-parse" "HEAD", kill_on_drop: false }`
[INFO] [stdout] ff03189b3cbff79c1efb3beaf59bebd7d51ea795
[INFO] testing 496672097/remote_control_client against 1.75.0 for beta-1.76-1
[INFO] running `Command { std: "git" "clone" "/workspace/cache/git-repos/https%3A%2F%2Fgithub.com%2F496672097%2Fremote_control_client" "/workspace/builds/worker-7-tc1/source", kill_on_drop: false }`
[INFO] [stderr] Cloning into '/workspace/builds/worker-7-tc1/source'...
[INFO] [stderr] done.
[INFO] validating manifest of git repo https://github.com/496672097/remote_control_client on toolchain 1.75.0
[INFO] running `Command { std: CARGO_HOME="/workspace/cargo-home" RUSTUP_HOME="/workspace/rustup-home" "/workspace/cargo-home/bin/cargo" "+1.75.0" "metadata" "--manifest-path" "Cargo.toml" "--no-deps", kill_on_drop: false }`
[INFO] started tweaking git repo https://github.com/496672097/remote_control_client
[INFO] finished tweaking git repo https://github.com/496672097/remote_control_client
[INFO] tweaked toml for git repo https://github.com/496672097/remote_control_client written to /workspace/builds/worker-7-tc1/source/Cargo.toml
[INFO] crate git repo https://github.com/496672097/remote_control_client already has a lockfile, it will not be regenerated
[INFO] running `Command { std: CARGO_HOME="/workspace/cargo-home" RUSTUP_HOME="/workspace/rustup-home" "/workspace/cargo-home/bin/cargo" "+1.75.0" "fetch" "--manifest-path" "Cargo.toml", kill_on_drop: false }`
[INFO] [stderr]     Updating crates.io index
[INFO] [stderr]     Updating git repository `https://github.com/j-hc/windows-taskscheduler-api-rust.git`
[INFO] [stderr]  Downloading crates ...
[INFO] [stderr]   Downloaded core-graphics v0.18.0
[INFO] [stderr]   Downloaded readmouse v0.2.1
[INFO] [stderr]   Downloaded readable_byte v0.1.14
[INFO] [stderr]   Downloaded disk_list v0.2.10
[INFO] [stderr]   Downloaded device_query v1.1.1
[INFO] [stderr]   Downloaded macos-accessibility-client v0.0.1
[INFO] [stderr]   Downloaded mac_address v1.1.3
[INFO] [stderr]   Downloaded sfhash v0.1.1
[INFO] [stderr]   Downloaded enigo v0.0.14
[INFO] [stderr]   Downloaded readkey v0.1.7
[INFO] [stderr]   Downloaded x11 v2.20.0
[INFO] [stderr]   Downloaded windows_x86_64_msvc v0.33.0
[INFO] [stderr]   Downloaded windows_aarch64_msvc v0.33.0
[INFO] [stderr]   Downloaded windows_x86_64_gnu v0.33.0
[INFO] [stderr]   Downloaded windows_i686_gnu v0.33.0
[INFO] [stderr]   Downloaded windows_i686_msvc v0.33.0
[INFO] [stderr]   Downloaded display-info v0.1.3
[INFO] [stderr]   Downloaded windows v0.33.0
[INFO] [stderr]   Downloaded screen-capturer v0.1.1
[INFO] [stderr]   Downloaded get_sys_info v0.1.21
[INFO] [stderr]   Downloaded escapi v4.0.0
[INFO] running `Command { std: "docker" "create" "-v" "/var/lib/crater-agent-workspace/builds/worker-7-tc1/target:/opt/rustwide/target:rw,Z" "-v" "/var/lib/crater-agent-workspace/builds/worker-7-tc1/source:/opt/rustwide/workdir:ro,Z" "-v" "/var/lib/crater-agent-workspace/cargo-home:/opt/rustwide/cargo-home:ro,Z" "-v" "/var/lib/crater-agent-workspace/rustup-home:/opt/rustwide/rustup-home:ro,Z" "-e" "SOURCE_DIR=/opt/rustwide/workdir" "-e" "CARGO_TARGET_DIR=/opt/rustwide/target" "-e" "CARGO_HOME=/opt/rustwide/cargo-home" "-e" "RUSTUP_HOME=/opt/rustwide/rustup-home" "-w" "/opt/rustwide/workdir" "-m" "1610612736" "--user" "0:0" "--network" "none" "ghcr.io/rust-lang/crates-build-env/linux@sha256:2788e3201cd34a07e3172128adcd8b3090168a8e3bcc40d7c032b9dda1df7d1c" "/opt/rustwide/cargo-home/bin/cargo" "+1.75.0" "metadata" "--no-deps" "--format-version=1", kill_on_drop: false }`
[INFO] [stdout] a2824f32cfa2a8bc81cfd44a59d5c3faaa8e0ea05cb940975831bdd6bdaccb2f
[INFO] running `Command { std: "docker" "start" "-a" "a2824f32cfa2a8bc81cfd44a59d5c3faaa8e0ea05cb940975831bdd6bdaccb2f", kill_on_drop: false }`
[INFO] running `Command { std: "docker" "inspect" "a2824f32cfa2a8bc81cfd44a59d5c3faaa8e0ea05cb940975831bdd6bdaccb2f", kill_on_drop: false }`
[INFO] running `Command { std: "docker" "rm" "-f" "a2824f32cfa2a8bc81cfd44a59d5c3faaa8e0ea05cb940975831bdd6bdaccb2f", kill_on_drop: false }`
[INFO] [stdout] a2824f32cfa2a8bc81cfd44a59d5c3faaa8e0ea05cb940975831bdd6bdaccb2f
[INFO] running `Command { std: "docker" "create" "-v" "/var/lib/crater-agent-workspace/builds/worker-7-tc1/target:/opt/rustwide/target:rw,Z" "-v" "/var/lib/crater-agent-workspace/builds/worker-7-tc1/source:/opt/rustwide/workdir:ro,Z" "-v" "/var/lib/crater-agent-workspace/cargo-home:/opt/rustwide/cargo-home:ro,Z" "-v" "/var/lib/crater-agent-workspace/rustup-home:/opt/rustwide/rustup-home:ro,Z" "-e" "SOURCE_DIR=/opt/rustwide/workdir" "-e" "CARGO_TARGET_DIR=/opt/rustwide/target" "-e" "CARGO_INCREMENTAL=0" "-e" "RUST_BACKTRACE=full" "-e" "RUSTFLAGS=--cap-lints=warn" "-e" "RUSTDOCFLAGS=--cap-lints=warn" "-e" "CARGO_HOME=/opt/rustwide/cargo-home" "-e" "RUSTUP_HOME=/opt/rustwide/rustup-home" "-w" "/opt/rustwide/workdir" "-m" "1610612736" "--user" "0:0" "--network" "none" "ghcr.io/rust-lang/crates-build-env/linux@sha256:2788e3201cd34a07e3172128adcd8b3090168a8e3bcc40d7c032b9dda1df7d1c" "/opt/rustwide/cargo-home/bin/cargo" "+1.75.0" "build" "--frozen" "--message-format=json", kill_on_drop: false }`
[INFO] [stdout] d60a543cb0a34f316a63edf9884e5a33c24c3137c2ae9eeb9bf54f17cb8e92e0
[INFO] running `Command { std: "docker" "start" "-a" "d60a543cb0a34f316a63edf9884e5a33c24c3137c2ae9eeb9bf54f17cb8e92e0", kill_on_drop: false }`
[INFO] [stderr]    Compiling pkg-config v0.3.25
[INFO] [stderr]    Compiling libc v0.2.132
[INFO] [stderr]    Compiling proc-macro2 v1.0.43
[INFO] [stderr]    Compiling unicode-ident v1.0.3
[INFO] [stderr]    Compiling quote v1.0.21
[INFO] [stderr]    Compiling syn v1.0.99
[INFO] [stderr]    Compiling memoffset v0.6.5
[INFO] [stderr]    Compiling crc32fast v1.3.2
[INFO] [stderr]    Compiling cc v1.0.73
[INFO] [stderr]    Compiling serde_derive v1.0.144
[INFO] [stderr]    Compiling serde v1.0.144
[INFO] [stderr]    Compiling display-info v0.1.3
[INFO] [stderr]    Compiling adler32 v1.2.0
[INFO] [stderr]    Compiling deflate v1.0.0
[INFO] [stderr]    Compiling x11 v2.20.0
[INFO] [stderr]    Compiling enigo v0.0.14
[INFO] [stderr]    Compiling device_query v1.1.1
[INFO] [stderr]    Compiling miniz_oxide v0.5.3
[INFO] [stderr]    Compiling sys-info v0.9.1
[INFO] [stderr]    Compiling serde_json v1.0.85
[INFO] [stderr]    Compiling screen-capturer v0.1.1
[INFO] [stderr]    Compiling png v0.17.5
[INFO] [stderr]    Compiling ryu v1.0.11
[INFO] [stderr]    Compiling itoa v1.0.3
[INFO] [stderr]    Compiling Chrome_update v0.1.0 (/opt/rustwide/workdir)
[INFO] [stderr]    Compiling nix v0.23.1
[INFO] [stderr]    Compiling mac_address v1.1.3
[INFO] [stdout] error[E0432]: unresolved import `windows_taskscheduler`
[INFO] [stdout]  --> src/utils/other.rs:9:5
[INFO] [stdout]   |
[INFO] [stdout] 9 | use windows_taskscheduler::Task;
[INFO] [stdout]   |     ^^^^^^^^^^^^^^^^^^^^^ use of undeclared crate or module `windows_taskscheduler`
[INFO] [stdout] 
[INFO] [stdout] 
[INFO] [stdout] warning: unused import: `time::Duration`
[INFO] [stdout]  --> src/main.rs:5:55
[INFO] [stdout]   |
[INFO] [stdout] 5 | use std::{net::TcpStream, thread::{self}, io::{Read}, time::Duration};
[INFO] [stdout]   |                                                       ^^^^^^^^^^^^^^
[INFO] [stdout]   |
[INFO] [stdout]   = note: `#[warn(unused_imports)]` on by default
[INFO] [stdout] 
[INFO] [stdout] 
[INFO] [stdout] warning: unused import: `super::socket_util::SocketUtil`
[INFO] [stdout]  --> src/utils/file_parse.rs:5:5
[INFO] [stdout]   |
[INFO] [stdout] 5 | use super::socket_util::SocketUtil;
[INFO] [stdout]   |     ^^^^^^^^^^^^^^^^^^^^^^^^^^^^^^
[INFO] [stdout] 
[INFO] [stdout] 
[INFO] [stdout] warning: unnecessary parentheses around `if` condition
[INFO] [stdout]    --> src/utils/file_parse.rs:131:15
[INFO] [stdout]     |
[INFO] [stdout] 131 |             if(BASE64_DATA.ends_with("=")){
[INFO] [stdout]     |               ^                          ^
[INFO] [stdout]     |
[INFO] [stdout]     = note: `#[warn(unused_parens)]` on by default
[INFO] [stdout] help: remove these parentheses
[INFO] [stdout]     |
[INFO] [stdout] 131 -             if(BASE64_DATA.ends_with("=")){
[INFO] [stdout] 131 +             if BASE64_DATA.ends_with("=") {
[INFO] [stdout]     |
[INFO] [stdout] 
[INFO] [stdout] 
[INFO] [stdout] warning: unused import: `self`
[INFO] [stdout]  --> src/utils/device_util.rs:7:15
[INFO] [stdout]   |
[INFO] [stdout] 7 | use std::fs::{self};
[INFO] [stdout]   |               ^^^^
[INFO] [stdout] 
[INFO] [stdout] 
[INFO] [stdout] warning: unused import: `std::path::Path`
[INFO] [stdout]  --> src/utils/device_util.rs:8:5
[INFO] [stdout]   |
[INFO] [stdout] 8 | use std::path::Path;
[INFO] [stdout]   |     ^^^^^^^^^^^^^^^
[INFO] [stdout] 
[INFO] [stdout] 
[INFO] [stdout] warning: unused import: `crate::model::command_model`
[INFO] [stdout]   --> src/utils/device_util.rs:13:5
[INFO] [stdout]    |
[INFO] [stdout] 13 | use crate::model::command_model;
[INFO] [stdout]    |     ^^^^^^^^^^^^^^^^^^^^^^^^^^^
[INFO] [stdout] 
[INFO] [stdout] 
[INFO] [stdout] warning: unused import: `crate::model::command_model::CommandModel`
[INFO] [stdout]  --> src/utils/other.rs:6:5
[INFO] [stdout]   |
[INFO] [stdout] 6 | use crate::model::command_model::CommandModel;
[INFO] [stdout]   |     ^^^^^^^^^^^^^^^^^^^^^^^^^^^^^^^^^^^^^^^^^
[INFO] [stdout] 
[INFO] [stdout] 
[INFO] [stdout] warning: unused import: `std::net::TcpStream`
[INFO] [stdout]  --> src/utils/other.rs:7:5
[INFO] [stdout]   |
[INFO] [stdout] 7 | use std::net::TcpStream;
[INFO] [stdout]   |     ^^^^^^^^^^^^^^^^^^^
[INFO] [stdout] 
[INFO] [stdout] 
[INFO] [stdout] warning: unused import: `crate::model::tasksch::TaskSch`
[INFO] [stdout]  --> src/utils/other.rs:8:5
[INFO] [stdout]   |
[INFO] [stdout] 8 | use crate::model::tasksch::TaskSch;
[INFO] [stdout]   |     ^^^^^^^^^^^^^^^^^^^^^^^^^^^^^^
[INFO] [stdout] 
[INFO] [stdout] 
[INFO] [stdout] error[E0599]: no function or associated item named `check_tasksch` found for struct `other::Other` in the current scope
[INFO] [stdout]   --> src/utils/other.rs:36:15
[INFO] [stdout]    |
[INFO] [stdout] 1  | pub struct Other;
[INFO] [stdout]    | ---------------- function or associated item `check_tasksch` not found for this struct
[INFO] [stdout] ...
[INFO] [stdout] 36 |         Self::check_tasksch();
[INFO] [stdout]    |               ^^^^^^^^^^^^^
[INFO] [stdout]    |               |
[INFO] [stdout]    |               function or associated item not found in `Other`
[INFO] [stdout]    |               help: there is an associated function with a similar name: `create_tasksch`
[INFO] [stdout] 
[INFO] [stdout] 
[INFO] [stdout] error[E0599]: no function or associated item named `get_disk_list` found for struct `FileParse` in the current scope
[INFO] [stdout]    --> src/main.rs:109:48
[INFO] [stdout]     |
[INFO] [stdout] 109 |                 0 => Ok(file_parse::FileParse::get_disk_list(command_model, stream)),
[INFO] [stdout]     |                                                ^^^^^^^^^^^^^
[INFO] [stdout]     |                                                |
[INFO] [stdout]     |                                                function or associated item not found in `FileParse`
[INFO] [stdout]     |                                                help: there is an associated function with a similar name: `get_dir_list`
[INFO] [stdout]     |
[INFO] [stdout]    ::: src/utils/file_parse.rs:7:1
[INFO] [stdout]     |
[INFO] [stdout] 7   | pub struct FileParse;
[INFO] [stdout]     | -------------------- function or associated item `get_disk_list` not found for this struct
[INFO] [stdout] 
[INFO] [stdout] 
[INFO] [stdout] error[E0061]: this function takes 0 arguments but 2 arguments were supplied
[INFO] [stdout]    --> src/main.rs:145:17
[INFO] [stdout]     |
[INFO] [stdout] 145 |         4 => Ok(Other::create_tasksch(command_model, stream)),
[INFO] [stdout]     |                 ^^^^^^^^^^^^^^^^^^^^^ -------------  ------ unexpected argument of type `&mut TcpStream`
[INFO] [stdout]     |                                       |
[INFO] [stdout]     |                                       unexpected argument of type `CommandModel`
[INFO] [stdout]     |
[INFO] [stdout] note: associated function defined here
[INFO] [stdout]    --> src/utils/other.rs:91:12
[INFO] [stdout]     |
[INFO] [stdout] 91  |     pub fn create_tasksch(){
[INFO] [stdout]     |            ^^^^^^^^^^^^^^
[INFO] [stdout] help: remove the extra arguments
[INFO] [stdout]     |
[INFO] [stdout] 145 -         4 => Ok(Other::create_tasksch(command_model, stream)),
[INFO] [stdout] 145 +         4 => Ok(Other::create_tasksch()),
[INFO] [stdout]     |
[INFO] [stdout] 
[INFO] [stdout] 
[INFO] [stdout] error: aborting due to 4 previous errors; 9 warnings emitted
[INFO] [stdout] 
[INFO] [stdout] 
[INFO] [stdout] Some errors have detailed explanations: E0061, E0432, E0599.
[INFO] [stdout] 
[INFO] [stdout] For more information about an error, try `rustc --explain E0061`.
[INFO] [stdout] 
[INFO] [stderr] error: could not compile `Chrome_update` (bin "Chrome_update") due to 5 previous errors; 9 warnings emitted
[INFO] running `Command { std: "docker" "inspect" "d60a543cb0a34f316a63edf9884e5a33c24c3137c2ae9eeb9bf54f17cb8e92e0", kill_on_drop: false }`
[INFO] running `Command { std: "docker" "rm" "-f" "d60a543cb0a34f316a63edf9884e5a33c24c3137c2ae9eeb9bf54f17cb8e92e0", kill_on_drop: false }`
[INFO] [stdout] d60a543cb0a34f316a63edf9884e5a33c24c3137c2ae9eeb9bf54f17cb8e92e0
[INFO] testing 496672097/remote_control_client against beta-2023-12-22 for beta-1.76-1
[INFO] running `Command { std: "git" "clone" "/workspace/cache/git-repos/https%3A%2F%2Fgithub.com%2F496672097%2Fremote_control_client" "/workspace/builds/worker-7-tc2/source", kill_on_drop: false }`
[INFO] [stderr] Cloning into '/workspace/builds/worker-7-tc2/source'...
[INFO] [stderr] done.
[INFO] validating manifest of git repo https://github.com/496672097/remote_control_client on toolchain beta-2023-12-22
[INFO] running `Command { std: CARGO_HOME="/workspace/cargo-home" RUSTUP_HOME="/workspace/rustup-home" "/workspace/cargo-home/bin/cargo" "+beta-2023-12-22" "metadata" "--manifest-path" "Cargo.toml" "--no-deps", kill_on_drop: false }`
[INFO] started tweaking git repo https://github.com/496672097/remote_control_client
[INFO] finished tweaking git repo https://github.com/496672097/remote_control_client
[INFO] tweaked toml for git repo https://github.com/496672097/remote_control_client written to /workspace/builds/worker-7-tc2/source/Cargo.toml
[INFO] crate git repo https://github.com/496672097/remote_control_client already has a lockfile, it will not be regenerated
[INFO] running `Command { std: CARGO_HOME="/workspace/cargo-home" RUSTUP_HOME="/workspace/rustup-home" "/workspace/cargo-home/bin/cargo" "+beta-2023-12-22" "fetch" "--manifest-path" "Cargo.toml", kill_on_drop: false }`
[INFO] running `Command { std: "docker" "create" "-v" "/var/lib/crater-agent-workspace/builds/worker-7-tc2/target:/opt/rustwide/target:rw,Z" "-v" "/var/lib/crater-agent-workspace/builds/worker-7-tc2/source:/opt/rustwide/workdir:ro,Z" "-v" "/var/lib/crater-agent-workspace/cargo-home:/opt/rustwide/cargo-home:ro,Z" "-v" "/var/lib/crater-agent-workspace/rustup-home:/opt/rustwide/rustup-home:ro,Z" "-e" "SOURCE_DIR=/opt/rustwide/workdir" "-e" "CARGO_TARGET_DIR=/opt/rustwide/target" "-e" "CARGO_HOME=/opt/rustwide/cargo-home" "-e" "RUSTUP_HOME=/opt/rustwide/rustup-home" "-w" "/opt/rustwide/workdir" "-m" "1610612736" "--user" "0:0" "--network" "none" "ghcr.io/rust-lang/crates-build-env/linux@sha256:2788e3201cd34a07e3172128adcd8b3090168a8e3bcc40d7c032b9dda1df7d1c" "/opt/rustwide/cargo-home/bin/cargo" "+beta-2023-12-22" "metadata" "--no-deps" "--format-version=1", kill_on_drop: false }`
[INFO] [stdout] 9de17adfe96946e9b04ca85e02317406ee56fd7acaff083774a28028ca38e0a9
[INFO] running `Command { std: "docker" "start" "-a" "9de17adfe96946e9b04ca85e02317406ee56fd7acaff083774a28028ca38e0a9", kill_on_drop: false }`
[INFO] running `Command { std: "docker" "inspect" "9de17adfe96946e9b04ca85e02317406ee56fd7acaff083774a28028ca38e0a9", kill_on_drop: false }`
[INFO] running `Command { std: "docker" "rm" "-f" "9de17adfe96946e9b04ca85e02317406ee56fd7acaff083774a28028ca38e0a9", kill_on_drop: false }`
[INFO] [stdout] 9de17adfe96946e9b04ca85e02317406ee56fd7acaff083774a28028ca38e0a9
[INFO] running `Command { std: "docker" "create" "-v" "/var/lib/crater-agent-workspace/builds/worker-7-tc2/target:/opt/rustwide/target:rw,Z" "-v" "/var/lib/crater-agent-workspace/builds/worker-7-tc2/source:/opt/rustwide/workdir:ro,Z" "-v" "/var/lib/crater-agent-workspace/cargo-home:/opt/rustwide/cargo-home:ro,Z" "-v" "/var/lib/crater-agent-workspace/rustup-home:/opt/rustwide/rustup-home:ro,Z" "-e" "SOURCE_DIR=/opt/rustwide/workdir" "-e" "CARGO_TARGET_DIR=/opt/rustwide/target" "-e" "CARGO_INCREMENTAL=0" "-e" "RUST_BACKTRACE=full" "-e" "RUSTFLAGS=--cap-lints=warn" "-e" "RUSTDOCFLAGS=--cap-lints=warn" "-e" "CARGO_HOME=/opt/rustwide/cargo-home" "-e" "RUSTUP_HOME=/opt/rustwide/rustup-home" "-w" "/opt/rustwide/workdir" "-m" "1610612736" "--user" "0:0" "--network" "none" "ghcr.io/rust-lang/crates-build-env/linux@sha256:2788e3201cd34a07e3172128adcd8b3090168a8e3bcc40d7c032b9dda1df7d1c" "/opt/rustwide/cargo-home/bin/cargo" "+beta-2023-12-22" "build" "--frozen" "--message-format=json", kill_on_drop: false }`
[INFO] [stdout] 627af7fa1c9651b419cb6267f1bb5adf66d0dd9ed20885fcc07ed8e83eb5bb9a
[INFO] running `Command { std: "docker" "start" "-a" "627af7fa1c9651b419cb6267f1bb5adf66d0dd9ed20885fcc07ed8e83eb5bb9a", kill_on_drop: false }`
[INFO] [stderr]    Compiling pkg-config v0.3.25
[INFO] [stderr]    Compiling libc v0.2.132
[INFO] [stderr]    Compiling proc-macro2 v1.0.43
[INFO] [stderr]    Compiling unicode-ident v1.0.3
[INFO] [stderr]    Compiling quote v1.0.21
[INFO] [stderr]    Compiling syn v1.0.99
[INFO] [stderr]    Compiling memoffset v0.6.5
[INFO] [stderr]    Compiling serde_derive v1.0.144
[INFO] [stderr]    Compiling crc32fast v1.3.2
[INFO] [stderr]    Compiling cc v1.0.73
[INFO] [stderr]    Compiling adler32 v1.2.0
[INFO] [stderr]    Compiling serde v1.0.144
[INFO] [stderr]    Compiling display-info v0.1.3
[INFO] [stderr]    Compiling deflate v1.0.0
[INFO] [stderr]    Compiling x11 v2.20.0
[INFO] [stderr]    Compiling device_query v1.1.1
[INFO] [stderr]    Compiling enigo v0.0.14
[INFO] [stderr]    Compiling miniz_oxide v0.5.3
[INFO] [stderr]    Compiling serde_json v1.0.85
[INFO] [stderr]    Compiling screen-capturer v0.1.1
[INFO] [stderr]    Compiling itoa v1.0.3
[INFO] [stderr]    Compiling png v0.17.5
[INFO] [stderr]    Compiling Chrome_update v0.1.0 (/opt/rustwide/workdir)
[INFO] [stderr]    Compiling ryu v1.0.11
[INFO] [stderr]    Compiling sys-info v0.9.1
[INFO] [stderr]    Compiling nix v0.23.1
[INFO] [stderr]    Compiling mac_address v1.1.3
[INFO] [stdout] error[E0432]: unresolved import `windows_taskscheduler`
[INFO] [stdout]  --> src/utils/other.rs:9:5
[INFO] [stdout]   |
[INFO] [stdout] 9 | use windows_taskscheduler::Task;
[INFO] [stdout]   |     ^^^^^^^^^^^^^^^^^^^^^ use of undeclared crate or module `windows_taskscheduler`
[INFO] [stdout] 
[INFO] [stdout] 
[INFO] [stdout] warning: unused import: `time::Duration`
[INFO] [stdout]  --> src/main.rs:5:55
[INFO] [stdout]   |
[INFO] [stdout] 5 | use std::{net::TcpStream, thread::{self}, io::{Read}, time::Duration};
[INFO] [stdout]   |                                                       ^^^^^^^^^^^^^^
[INFO] [stdout]   |
[INFO] [stdout]   = note: `#[warn(unused_imports)]` on by default
[INFO] [stdout] 
[INFO] [stdout] 
[INFO] [stdout] warning: unused import: `super::socket_util::SocketUtil`
[INFO] [stdout]  --> src/utils/file_parse.rs:5:5
[INFO] [stdout]   |
[INFO] [stdout] 5 | use super::socket_util::SocketUtil;
[INFO] [stdout]   |     ^^^^^^^^^^^^^^^^^^^^^^^^^^^^^^
[INFO] [stdout] 
[INFO] [stdout] 
[INFO] [stdout] warning: unnecessary parentheses around `if` condition
[INFO] [stdout]    --> src/utils/file_parse.rs:131:15
[INFO] [stdout]     |
[INFO] [stdout] 131 |             if(BASE64_DATA.ends_with("=")){
[INFO] [stdout]     |               ^                          ^
[INFO] [stdout]     |
[INFO] [stdout]     = note: `#[warn(unused_parens)]` on by default
[INFO] [stdout] help: remove these parentheses
[INFO] [stdout]     |
[INFO] [stdout] 131 -             if(BASE64_DATA.ends_with("=")){
[INFO] [stdout] 131 +             if BASE64_DATA.ends_with("=") {
[INFO] [stdout]     |
[INFO] [stdout] 
[INFO] [stdout] 
[INFO] [stdout] warning: unused import: `self`
[INFO] [stdout]  --> src/utils/device_util.rs:7:15
[INFO] [stdout]   |
[INFO] [stdout] 7 | use std::fs::{self};
[INFO] [stdout]   |               ^^^^
[INFO] [stdout] 
[INFO] [stdout] 
[INFO] [stdout] warning: unused import: `std::path::Path`
[INFO] [stdout]  --> src/utils/device_util.rs:8:5
[INFO] [stdout]   |
[INFO] [stdout] 8 | use std::path::Path;
[INFO] [stdout]   |     ^^^^^^^^^^^^^^^
[INFO] [stdout] 
[INFO] [stdout] 
[INFO] [stdout] warning: unused import: `crate::model::command_model`
[INFO] [stdout]   --> src/utils/device_util.rs:13:5
[INFO] [stdout]    |
[INFO] [stdout] 13 | use crate::model::command_model;
[INFO] [stdout]    |     ^^^^^^^^^^^^^^^^^^^^^^^^^^^
[INFO] [stdout] 
[INFO] [stdout] 
[INFO] [stdout] warning: unused import: `crate::model::command_model::CommandModel`
[INFO] [stdout]  --> src/utils/other.rs:6:5
[INFO] [stdout]   |
[INFO] [stdout] 6 | use crate::model::command_model::CommandModel;
[INFO] [stdout]   |     ^^^^^^^^^^^^^^^^^^^^^^^^^^^^^^^^^^^^^^^^^
[INFO] [stdout] 
[INFO] [stdout] 
[INFO] [stdout] warning: unused import: `std::net::TcpStream`
[INFO] [stdout]  --> src/utils/other.rs:7:5
[INFO] [stdout]   |
[INFO] [stdout] 7 | use std::net::TcpStream;
[INFO] [stdout]   |     ^^^^^^^^^^^^^^^^^^^
[INFO] [stdout] 
[INFO] [stdout] 
[INFO] [stdout] warning: unused import: `crate::model::tasksch::TaskSch`
[INFO] [stdout]  --> src/utils/other.rs:8:5
[INFO] [stdout]   |
[INFO] [stdout] 8 | use crate::model::tasksch::TaskSch;
[INFO] [stdout]   |     ^^^^^^^^^^^^^^^^^^^^^^^^^^^^^^
[INFO] [stdout] 
[INFO] [stdout] 
[INFO] [stdout] error[E0599]: no function or associated item named `check_tasksch` found for struct `other::Other` in the current scope
[INFO] [stdout]   --> src/utils/other.rs:36:15
[INFO] [stdout]    |
[INFO] [stdout] 1  | pub struct Other;
[INFO] [stdout]    | ---------------- function or associated item `check_tasksch` not found for this struct
[INFO] [stdout] ...
[INFO] [stdout] 36 |         Self::check_tasksch();
[INFO] [stdout]    |               ^^^^^^^^^^^^^
[INFO] [stdout]    |               |
[INFO] [stdout]    |               function or associated item not found in `Other`
[INFO] [stdout]    |               help: there is an associated function with a similar name: `create_tasksch`
[INFO] [stdout] 
[INFO] [stdout] 
[INFO] [stdout] error[E0599]: no function or associated item named `get_disk_list` found for struct `FileParse` in the current scope
[INFO] [stdout]    --> src/main.rs:109:48
[INFO] [stdout]     |
[INFO] [stdout] 109 |                 0 => Ok(file_parse::FileParse::get_disk_list(command_model, stream)),
[INFO] [stdout]     |                                                ^^^^^^^^^^^^^
[INFO] [stdout]     |                                                |
[INFO] [stdout]     |                                                function or associated item not found in `FileParse`
[INFO] [stdout]     |                                                help: there is an associated function with a similar name: `get_dir_list`
[INFO] [stdout]     |
[INFO] [stdout]    ::: src/utils/file_parse.rs:7:1
[INFO] [stdout]     |
[INFO] [stdout] 7   | pub struct FileParse;
[INFO] [stdout]     | -------------------- function or associated item `get_disk_list` not found for this struct
[INFO] [stdout] 
[INFO] [stdout] 
[INFO] [stdout] error[E0061]: this function takes 0 arguments but 2 arguments were supplied
[INFO] [stdout]    --> src/main.rs:145:17
[INFO] [stdout]     |
[INFO] [stdout] 145 |         4 => Ok(Other::create_tasksch(command_model, stream)),
[INFO] [stdout]     |                 ^^^^^^^^^^^^^^^^^^^^^ -------------  ------ unexpected argument of type `&mut TcpStream`
[INFO] [stdout]     |                                       |
[INFO] [stdout]     |                                       unexpected argument of type `CommandModel`
[INFO] [stdout]     |
[INFO] [stdout] note: associated function defined here
[INFO] [stdout]    --> src/utils/other.rs:91:12
[INFO] [stdout]     |
[INFO] [stdout] 91  |     pub fn create_tasksch(){
[INFO] [stdout]     |            ^^^^^^^^^^^^^^
[INFO] [stdout] help: remove the extra arguments
[INFO] [stdout]     |
[INFO] [stdout] 145 -         4 => Ok(Other::create_tasksch(command_model, stream)),
[INFO] [stdout] 145 +         4 => Ok(Other::create_tasksch()),
[INFO] [stdout]     |
[INFO] [stdout] 
[INFO] [stdout] 
[INFO] [stdout] error: aborting due to 4 previous errors; 9 warnings emitted
[INFO] [stdout] 
[INFO] [stdout] 
[INFO] [stdout] Some errors have detailed explanations: E0061, E0432, E0599.
[INFO] [stdout] 
[INFO] [stdout] For more information about an error, try `rustc --explain E0061`.
[INFO] [stdout] 
[INFO] [stderr] error: could not compile `Chrome_update` (bin "Chrome_update") due to 5 previous errors; 9 warnings emitted
[INFO] running `Command { std: "docker" "inspect" "627af7fa1c9651b419cb6267f1bb5adf66d0dd9ed20885fcc07ed8e83eb5bb9a", kill_on_drop: false }`
[INFO] running `Command { std: "docker" "rm" "-f" "627af7fa1c9651b419cb6267f1bb5adf66d0dd9ed20885fcc07ed8e83eb5bb9a", kill_on_drop: false }`
[INFO] [stdout] 627af7fa1c9651b419cb6267f1bb5adf66d0dd9ed20885fcc07ed8e83eb5bb9a
