[INFO] cloning repository https://github.com/3uild-3thos/lava-cli
[INFO] running `Command { std: "git" "-c" "credential.helper=" "-c" "credential.helper=/workspace/cargo-home/bin/git-credential-null" "clone" "--bare" "https://github.com/3uild-3thos/lava-cli" "/workspace/cache/git-repos/https%3A%2F%2Fgithub.com%2F3uild-3thos%2Flava-cli", kill_on_drop: false }`
[INFO] [stderr] Cloning into bare repository '/workspace/cache/git-repos/https%3A%2F%2Fgithub.com%2F3uild-3thos%2Flava-cli'...
[INFO] running `Command { std: "git" "rev-parse" "HEAD", kill_on_drop: false }`
[INFO] [stdout] 8717a5424e6081d3aaaf23524398282a181d6f0d
[INFO] testing 3uild-3thos/lava-cli against 1.75.0 for beta-1.76-1
[INFO] running `Command { std: "git" "clone" "/workspace/cache/git-repos/https%3A%2F%2Fgithub.com%2F3uild-3thos%2Flava-cli" "/workspace/builds/worker-2-tc1/source", kill_on_drop: false }`
[INFO] [stderr] Cloning into '/workspace/builds/worker-2-tc1/source'...
[INFO] [stderr] done.
[INFO] validating manifest of git repo https://github.com/3uild-3thos/lava-cli on toolchain 1.75.0
[INFO] running `Command { std: CARGO_HOME="/workspace/cargo-home" RUSTUP_HOME="/workspace/rustup-home" "/workspace/cargo-home/bin/cargo" "+1.75.0" "metadata" "--manifest-path" "Cargo.toml" "--no-deps", kill_on_drop: false }`
[INFO] started tweaking git repo https://github.com/3uild-3thos/lava-cli
[INFO] finished tweaking git repo https://github.com/3uild-3thos/lava-cli
[INFO] tweaked toml for git repo https://github.com/3uild-3thos/lava-cli written to /workspace/builds/worker-2-tc1/source/Cargo.toml
[INFO] crate git repo https://github.com/3uild-3thos/lava-cli already has a lockfile, it will not be regenerated
[INFO] running `Command { std: CARGO_HOME="/workspace/cargo-home" RUSTUP_HOME="/workspace/rustup-home" "/workspace/cargo-home/bin/cargo" "+1.75.0" "fetch" "--manifest-path" "Cargo.toml", kill_on_drop: false }`
[INFO] [stderr] warning: virtual workspace defaulting to `resolver = "1"` despite one or more workspace members being on edition 2021 which implies `resolver = "2"`
[INFO] [stderr] note: to keep the current resolver, specify `workspace.resolver = "1"` in the workspace root's manifest
[INFO] [stderr] note: to use the edition 2021 resolver, specify `workspace.resolver = "2"` in the workspace root's manifest
[INFO] [stderr] note: for more details see https://doc.rust-lang.org/cargo/reference/resolver.html#resolver-versions
[INFO] running `Command { std: "docker" "create" "-v" "/var/lib/crater-agent-workspace/builds/worker-2-tc1/target:/opt/rustwide/target:rw,Z" "-v" "/var/lib/crater-agent-workspace/builds/worker-2-tc1/source:/opt/rustwide/workdir:ro,Z" "-v" "/var/lib/crater-agent-workspace/cargo-home:/opt/rustwide/cargo-home:ro,Z" "-v" "/var/lib/crater-agent-workspace/rustup-home:/opt/rustwide/rustup-home:ro,Z" "-e" "SOURCE_DIR=/opt/rustwide/workdir" "-e" "CARGO_TARGET_DIR=/opt/rustwide/target" "-e" "CARGO_HOME=/opt/rustwide/cargo-home" "-e" "RUSTUP_HOME=/opt/rustwide/rustup-home" "-w" "/opt/rustwide/workdir" "-m" "1610612736" "--user" "0:0" "--network" "none" "ghcr.io/rust-lang/crates-build-env/linux@sha256:2788e3201cd34a07e3172128adcd8b3090168a8e3bcc40d7c032b9dda1df7d1c" "/opt/rustwide/cargo-home/bin/cargo" "+1.75.0" "metadata" "--no-deps" "--format-version=1", kill_on_drop: false }`
[INFO] [stdout] 03cd276ea4b17d91137bb8e892a33d70c0a4131aab4477d64b2b650f7bd8619b
[INFO] running `Command { std: "docker" "start" "-a" "03cd276ea4b17d91137bb8e892a33d70c0a4131aab4477d64b2b650f7bd8619b", kill_on_drop: false }`
[INFO] running `Command { std: "docker" "inspect" "03cd276ea4b17d91137bb8e892a33d70c0a4131aab4477d64b2b650f7bd8619b", kill_on_drop: false }`
[INFO] running `Command { std: "docker" "rm" "-f" "03cd276ea4b17d91137bb8e892a33d70c0a4131aab4477d64b2b650f7bd8619b", kill_on_drop: false }`
[INFO] [stdout] 03cd276ea4b17d91137bb8e892a33d70c0a4131aab4477d64b2b650f7bd8619b
[INFO] running `Command { std: "docker" "create" "-v" "/var/lib/crater-agent-workspace/builds/worker-2-tc1/target:/opt/rustwide/target:rw,Z" "-v" "/var/lib/crater-agent-workspace/builds/worker-2-tc1/source:/opt/rustwide/workdir:ro,Z" "-v" "/var/lib/crater-agent-workspace/cargo-home:/opt/rustwide/cargo-home:ro,Z" "-v" "/var/lib/crater-agent-workspace/rustup-home:/opt/rustwide/rustup-home:ro,Z" "-e" "SOURCE_DIR=/opt/rustwide/workdir" "-e" "CARGO_TARGET_DIR=/opt/rustwide/target" "-e" "CARGO_INCREMENTAL=0" "-e" "RUST_BACKTRACE=full" "-e" "RUSTFLAGS=--cap-lints=warn" "-e" "RUSTDOCFLAGS=--cap-lints=warn" "-e" "CARGO_HOME=/opt/rustwide/cargo-home" "-e" "RUSTUP_HOME=/opt/rustwide/rustup-home" "-w" "/opt/rustwide/workdir" "-m" "1610612736" "--user" "0:0" "--network" "none" "ghcr.io/rust-lang/crates-build-env/linux@sha256:2788e3201cd34a07e3172128adcd8b3090168a8e3bcc40d7c032b9dda1df7d1c" "/opt/rustwide/cargo-home/bin/cargo" "+1.75.0" "build" "--frozen" "--message-format=json", kill_on_drop: false }`
[INFO] [stdout] 0f0a55fc4e730c8544ae8951b071fcd558b29253786e773f8c85fb07d5c471bf
[INFO] running `Command { std: "docker" "start" "-a" "0f0a55fc4e730c8544ae8951b071fcd558b29253786e773f8c85fb07d5c471bf", kill_on_drop: false }`
[INFO] [stderr] warning: virtual workspace defaulting to `resolver = "1"` despite one or more workspace members being on edition 2021 which implies `resolver = "2"`
[INFO] [stderr] note: to keep the current resolver, specify `workspace.resolver = "1"` in the workspace root's manifest
[INFO] [stderr] note: to use the edition 2021 resolver, specify `workspace.resolver = "2"` in the workspace root's manifest
[INFO] [stderr] note: for more details see https://doc.rust-lang.org/cargo/reference/resolver.html#resolver-versions
[INFO] [stderr]    Compiling proc-macro2 v1.0.69
[INFO] [stderr]    Compiling wasm-bindgen-shared v0.2.89
[INFO] [stderr]    Compiling bumpalo v3.14.0
[INFO] [stderr]    Compiling log v0.4.20
[INFO] [stderr]    Compiling once_cell v1.19.0
[INFO] [stderr]    Compiling serde v1.0.189
[INFO] [stderr]    Compiling utf8parse v0.2.1
[INFO] [stderr]    Compiling serde_json v1.0.108
[INFO] [stderr]    Compiling anstyle-parse v0.2.2
[INFO] [stderr]    Compiling colorchoice v1.0.0
[INFO] [stderr]    Compiling anstyle v1.0.4
[INFO] [stderr]    Compiling anstyle-query v1.0.0
[INFO] [stderr]    Compiling anyhow v1.0.75
[INFO] [stderr]    Compiling wasm-bindgen v0.2.89
[INFO] [stderr]    Compiling strsim v0.10.0
[INFO] [stderr]    Compiling clap_lex v0.5.1
[INFO] [stderr]    Compiling heck v0.4.1
[INFO] [stderr]    Compiling anstream v0.6.4
[INFO] [stderr]    Compiling itoa v1.0.9
[INFO] [stderr]    Compiling ryu v1.0.15
[INFO] [stderr]    Compiling clap_builder v4.4.6
[INFO] [stderr]    Compiling quote v1.0.33
[INFO] [stderr]    Compiling syn v2.0.38
[INFO] [stderr]    Compiling wasm-bindgen-backend v0.2.89
[INFO] [stderr]    Compiling serde_derive v1.0.189
[INFO] [stderr]    Compiling clap_derive v4.4.2
[INFO] [stderr]    Compiling wasm-bindgen-macro-support v0.2.89
[INFO] [stderr]    Compiling wasm-bindgen-macro v0.2.89
[INFO] [stderr]    Compiling clap v4.4.6
[INFO] [stderr]    Compiling lava_core v0.1.0 (/opt/rustwide/workdir/crates/lava_core)
[INFO] [stdout] error[E0277]: the trait bound `std::string::String: std::marker::Copy` is not satisfied
[INFO] [stdout]  --> crates/lava_core/src/lib.rs:8:15
[INFO] [stdout]   |
[INFO] [stdout] 8 |     pub name: String,
[INFO] [stdout]   |               ^^^^^^ the trait `std::marker::Copy` is not implemented for `std::string::String`
[INFO] [stdout]   |
[INFO] [stdout] note: required by a bound in `__wbg_get_lavaconfig_name::assert_copy`
[INFO] [stdout]  --> crates/lava_core/src/lib.rs:5:1
[INFO] [stdout]   |
[INFO] [stdout] 5 | #[wasm_bindgen]
[INFO] [stdout]   | ^^^^^^^^^^^^^^^ required by this bound in `assert_copy`
[INFO] [stdout]   = note: this error originates in the attribute macro `wasm_bindgen` (in Nightly builds, run with -Z macro-backtrace for more info)
[INFO] [stdout] 
[INFO] [stdout] 
[INFO] [stdout] error[E0277]: the trait bound `Vec<Program>: std::marker::Copy` is not satisfied
[INFO] [stdout]  --> crates/lava_core/src/lib.rs:9:30
[INFO] [stdout]   |
[INFO] [stdout] 9 |     pub programs: Vec<Program>,
[INFO] [stdout]   |                              ^ the trait `std::marker::Copy` is not implemented for `Vec<Program>`
[INFO] [stdout]   |
[INFO] [stdout] note: required by a bound in `__wbg_get_lavaconfig_programs::assert_copy`
[INFO] [stdout]  --> crates/lava_core/src/lib.rs:5:1
[INFO] [stdout]   |
[INFO] [stdout] 5 | #[wasm_bindgen]
[INFO] [stdout]   | ^^^^^^^^^^^^^^^ required by this bound in `assert_copy`
[INFO] [stdout]   = note: this error originates in the attribute macro `wasm_bindgen` (in Nightly builds, run with -Z macro-backtrace for more info)
[INFO] [stdout] 
[INFO] [stdout] 
[INFO] [stdout] error[E0277]: the trait bound `Vec<Wallet>: std::marker::Copy` is not satisfied
[INFO] [stdout]   --> crates/lava_core/src/lib.rs:10:28
[INFO] [stdout]    |
[INFO] [stdout] 10 |     pub wallets: Vec<Wallet>,
[INFO] [stdout]    |                            ^ the trait `std::marker::Copy` is not implemented for `Vec<Wallet>`
[INFO] [stdout]    |
[INFO] [stdout] note: required by a bound in `__wbg_get_lavaconfig_wallets::assert_copy`
[INFO] [stdout]   --> crates/lava_core/src/lib.rs:5:1
[INFO] [stdout]    |
[INFO] [stdout] 5  | #[wasm_bindgen]
[INFO] [stdout]    | ^^^^^^^^^^^^^^^ required by this bound in `assert_copy`
[INFO] [stdout]    = note: this error originates in the attribute macro `wasm_bindgen` (in Nightly builds, run with -Z macro-backtrace for more info)
[INFO] [stdout] 
[INFO] [stdout] 
[INFO] [stdout] error[E0277]: the trait bound `Vec<Token>: std::marker::Copy` is not satisfied
[INFO] [stdout]   --> crates/lava_core/src/lib.rs:11:26
[INFO] [stdout]    |
[INFO] [stdout] 11 |     pub tokens: Vec<Token>,
[INFO] [stdout]    |                          ^ the trait `std::marker::Copy` is not implemented for `Vec<Token>`
[INFO] [stdout]    |
[INFO] [stdout] note: required by a bound in `__wbg_get_lavaconfig_tokens::assert_copy`
[INFO] [stdout]   --> crates/lava_core/src/lib.rs:5:1
[INFO] [stdout]    |
[INFO] [stdout] 5  | #[wasm_bindgen]
[INFO] [stdout]    | ^^^^^^^^^^^^^^^ required by this bound in `assert_copy`
[INFO] [stdout]    = note: this error originates in the attribute macro `wasm_bindgen` (in Nightly builds, run with -Z macro-backtrace for more info)
[INFO] [stdout] 
[INFO] [stdout] 
[INFO] [stdout] error[E0282]: type annotations needed
[INFO] [stdout]   --> crates/lava_core/src/lib.rs:27:13
[INFO] [stdout]    |
[INFO] [stdout] 27 |         let y;
[INFO] [stdout]    |             ^
[INFO] [stdout]    |
[INFO] [stdout] help: consider giving `y` an explicit type
[INFO] [stdout]    |
[INFO] [stdout] 27 |         let y: /* Type */;
[INFO] [stdout]    |              ++++++++++++
[INFO] [stdout] 
[INFO] [stdout] 
[INFO] [stdout] error[E0277]: the trait bound `std::string::String: std::marker::Copy` is not satisfied
[INFO] [stdout]    --> crates/lava_core/src/lib.rs:143:15
[INFO] [stdout]     |
[INFO] [stdout] 143 |     pub name: String,
[INFO] [stdout]     |               ^^^^^^ the trait `std::marker::Copy` is not implemented for `std::string::String`
[INFO] [stdout]     |
[INFO] [stdout] note: required by a bound in `__wbg_get_wallet_name::assert_copy`
[INFO] [stdout]    --> crates/lava_core/src/lib.rs:140:1
[INFO] [stdout]     |
[INFO] [stdout] 140 | #[wasm_bindgen]
[INFO] [stdout]     | ^^^^^^^^^^^^^^^ required by this bound in `assert_copy`
[INFO] [stdout]     = note: this error originates in the attribute macro `wasm_bindgen` (in Nightly builds, run with -Z macro-backtrace for more info)
[INFO] [stdout] 
[INFO] [stdout] 
[INFO] [stdout] error[E0277]: the trait bound `std::string::String: std::marker::Copy` is not satisfied
[INFO] [stdout]    --> crates/lava_core/src/lib.rs:144:31
[INFO] [stdout]     |
[INFO] [stdout] 144 |     pub address: Option<String>,
[INFO] [stdout]     |                               ^ the trait `std::marker::Copy` is not implemented for `std::string::String`
[INFO] [stdout]     |
[INFO] [stdout]     = note: required for `std::option::Option<std::string::String>` to implement `std::marker::Copy`
[INFO] [stdout] note: required by a bound in `__wbg_get_wallet_address::assert_copy`
[INFO] [stdout]    --> crates/lava_core/src/lib.rs:140:1
[INFO] [stdout]     |
[INFO] [stdout] 140 | #[wasm_bindgen]
[INFO] [stdout]     | ^^^^^^^^^^^^^^^ required by this bound in `assert_copy`
[INFO] [stdout]     = note: this error originates in the attribute macro `wasm_bindgen` (in Nightly builds, run with -Z macro-backtrace for more info)
[INFO] [stdout] 
[INFO] [stdout] 
[INFO] [stdout] error[E0277]: the trait bound `Vec<TokenBalance>: std::marker::Copy` is not satisfied
[INFO] [stdout]    --> crates/lava_core/src/lib.rs:146:33
[INFO] [stdout]     |
[INFO] [stdout] 146 |     pub tokens: Vec<TokenBalance>
[INFO] [stdout]     |                                 ^ the trait `std::marker::Copy` is not implemented for `Vec<TokenBalance>`
[INFO] [stdout]     |
[INFO] [stdout] note: required by a bound in `__wbg_get_wallet_tokens::assert_copy`
[INFO] [stdout]    --> crates/lava_core/src/lib.rs:140:1
[INFO] [stdout]     |
[INFO] [stdout] 140 | #[wasm_bindgen]
[INFO] [stdout]     | ^^^^^^^^^^^^^^^ required by this bound in `assert_copy`
[INFO] [stdout]     = note: this error originates in the attribute macro `wasm_bindgen` (in Nightly builds, run with -Z macro-backtrace for more info)
[INFO] [stdout] 
[INFO] [stdout] 
[INFO] [stdout] error[E0277]: the trait bound `std::string::String: std::marker::Copy` is not satisfied
[INFO] [stdout]    --> crates/lava_core/src/lib.rs:153:17
[INFO] [stdout]     |
[INFO] [stdout] 153 |     pub symbol: String
[INFO] [stdout]     |                 ^^^^^^ the trait `std::marker::Copy` is not implemented for `std::string::String`
[INFO] [stdout]     |
[INFO] [stdout] note: required by a bound in `__wbg_get_tokenbalance_symbol::assert_copy`
[INFO] [stdout]    --> crates/lava_core/src/lib.rs:149:1
[INFO] [stdout]     |
[INFO] [stdout] 149 | #[wasm_bindgen]
[INFO] [stdout]     | ^^^^^^^^^^^^^^^ required by this bound in `assert_copy`
[INFO] [stdout]     = note: this error originates in the attribute macro `wasm_bindgen` (in Nightly builds, run with -Z macro-backtrace for more info)
[INFO] [stdout] 
[INFO] [stdout] 
[INFO] [stdout] error[E0277]: the trait bound `std::string::String: std::marker::Copy` is not satisfied
[INFO] [stdout]    --> crates/lava_core/src/lib.rs:159:15
[INFO] [stdout]     |
[INFO] [stdout] 159 |     pub name: String,
[INFO] [stdout]     |               ^^^^^^ the trait `std::marker::Copy` is not implemented for `std::string::String`
[INFO] [stdout]     |
[INFO] [stdout] note: required by a bound in `__wbg_get_token_name::assert_copy`
[INFO] [stdout]    --> crates/lava_core/src/lib.rs:156:1
[INFO] [stdout]     |
[INFO] [stdout] 156 | #[wasm_bindgen]
[INFO] [stdout]     | ^^^^^^^^^^^^^^^ required by this bound in `assert_copy`
[INFO] [stdout]     = note: this error originates in the attribute macro `wasm_bindgen` (in Nightly builds, run with -Z macro-backtrace for more info)
[INFO] [stdout] 
[INFO] [stdout] 
[INFO] [stdout] error[E0277]: the trait bound `std::string::String: std::marker::Copy` is not satisfied
[INFO] [stdout]    --> crates/lava_core/src/lib.rs:160:17
[INFO] [stdout]     |
[INFO] [stdout] 160 |     pub symbol: String,
[INFO] [stdout]     |                 ^^^^^^ the trait `std::marker::Copy` is not implemented for `std::string::String`
[INFO] [stdout]     |
[INFO] [stdout] note: required by a bound in `__wbg_get_token_symbol::assert_copy`
[INFO] [stdout]    --> crates/lava_core/src/lib.rs:156:1
[INFO] [stdout]     |
[INFO] [stdout] 156 | #[wasm_bindgen]
[INFO] [stdout]     | ^^^^^^^^^^^^^^^ required by this bound in `assert_copy`
[INFO] [stdout]     = note: this error originates in the attribute macro `wasm_bindgen` (in Nightly builds, run with -Z macro-backtrace for more info)
[INFO] [stdout] 
[INFO] [stdout] 
[INFO] [stdout] error[E0277]: the trait bound `std::string::String: std::marker::Copy` is not satisfied
[INFO] [stdout]    --> crates/lava_core/src/lib.rs:163:38
[INFO] [stdout]     |
[INFO] [stdout] 163 |     pub mint_authority: Option<String>,
[INFO] [stdout]     |                                      ^ the trait `std::marker::Copy` is not implemented for `std::string::String`
[INFO] [stdout]     |
[INFO] [stdout]     = note: required for `std::option::Option<std::string::String>` to implement `std::marker::Copy`
[INFO] [stdout] note: required by a bound in `__wbg_get_token_mint_authority::assert_copy`
[INFO] [stdout]    --> crates/lava_core/src/lib.rs:156:1
[INFO] [stdout]     |
[INFO] [stdout] 156 | #[wasm_bindgen]
[INFO] [stdout]     | ^^^^^^^^^^^^^^^ required by this bound in `assert_copy`
[INFO] [stdout]     = note: this error originates in the attribute macro `wasm_bindgen` (in Nightly builds, run with -Z macro-backtrace for more info)
[INFO] [stdout] 
[INFO] [stdout] 
[INFO] [stdout] error[E0277]: the trait bound `std::string::String: std::marker::Copy` is not satisfied
[INFO] [stdout]    --> crates/lava_core/src/lib.rs:165:40
[INFO] [stdout]     |
[INFO] [stdout] 165 |     pub freeze_authority: Option<String>,
[INFO] [stdout]     |                                        ^ the trait `std::marker::Copy` is not implemented for `std::string::String`
[INFO] [stdout]     |
[INFO] [stdout]     = note: required for `std::option::Option<std::string::String>` to implement `std::marker::Copy`
[INFO] [stdout] note: required by a bound in `__wbg_get_token_freeze_authority::assert_copy`
[INFO] [stdout]    --> crates/lava_core/src/lib.rs:156:1
[INFO] [stdout]     |
[INFO] [stdout] 156 | #[wasm_bindgen]
[INFO] [stdout]     | ^^^^^^^^^^^^^^^ required by this bound in `assert_copy`
[INFO] [stdout]     = note: this error originates in the attribute macro `wasm_bindgen` (in Nightly builds, run with -Z macro-backtrace for more info)
[INFO] [stdout] 
[INFO] [stdout] 
[INFO] [stdout] error[E0277]: the trait bound `std::string::String: std::marker::Copy` is not satisfied
[INFO] [stdout]    --> crates/lava_core/src/lib.rs:171:15
[INFO] [stdout]     |
[INFO] [stdout] 171 |     pub name: String,
[INFO] [stdout]     |               ^^^^^^ the trait `std::marker::Copy` is not implemented for `std::string::String`
[INFO] [stdout]     |
[INFO] [stdout] note: required by a bound in `__wbg_get_field_name::assert_copy`
[INFO] [stdout]    --> crates/lava_core/src/lib.rs:168:1
[INFO] [stdout]     |
[INFO] [stdout] 168 | #[wasm_bindgen]
[INFO] [stdout]     | ^^^^^^^^^^^^^^^ required by this bound in `assert_copy`
[INFO] [stdout]     = note: this error originates in the attribute macro `wasm_bindgen` (in Nightly builds, run with -Z macro-backtrace for more info)
[INFO] [stdout] 
[INFO] [stdout] 
[INFO] [stdout] error[E0277]: the trait bound `std::string::String: std::marker::Copy` is not satisfied
[INFO] [stdout]    --> crates/lava_core/src/lib.rs:173:21
[INFO] [stdout]     |
[INFO] [stdout] 173 |     pub field_type: String,
[INFO] [stdout]     |                     ^^^^^^ the trait `std::marker::Copy` is not implemented for `std::string::String`
[INFO] [stdout]     |
[INFO] [stdout] note: required by a bound in `__wbg_get_field_field_type::assert_copy`
[INFO] [stdout]    --> crates/lava_core/src/lib.rs:168:1
[INFO] [stdout]     |
[INFO] [stdout] 168 | #[wasm_bindgen]
[INFO] [stdout]     | ^^^^^^^^^^^^^^^ required by this bound in `assert_copy`
[INFO] [stdout]     = note: this error originates in the attribute macro `wasm_bindgen` (in Nightly builds, run with -Z macro-backtrace for more info)
[INFO] [stdout] 
[INFO] [stdout] 
[INFO] [stdout] error[E0277]: the trait bound `std::string::String: std::marker::Copy` is not satisfied
[INFO] [stdout]    --> crates/lava_core/src/lib.rs:179:15
[INFO] [stdout]     |
[INFO] [stdout] 179 |     pub name: String,
[INFO] [stdout]     |               ^^^^^^ the trait `std::marker::Copy` is not implemented for `std::string::String`
[INFO] [stdout]     |
[INFO] [stdout] note: required by a bound in `__wbg_get_account_name::assert_copy`
[INFO] [stdout]    --> crates/lava_core/src/lib.rs:176:1
[INFO] [stdout]     |
[INFO] [stdout] 176 | #[wasm_bindgen]
[INFO] [stdout]     | ^^^^^^^^^^^^^^^ required by this bound in `assert_copy`
[INFO] [stdout]     = note: this error originates in the attribute macro `wasm_bindgen` (in Nightly builds, run with -Z macro-backtrace for more info)
[INFO] [stdout] 
[INFO] [stdout] 
[INFO] [stdout] error[E0277]: the trait bound `AccountType: std::marker::Copy` is not satisfied
[INFO] [stdout]    --> crates/lava_core/src/lib.rs:181:18
[INFO] [stdout]     |
[INFO] [stdout] 181 |     pub of_type: AccountType
[INFO] [stdout]     |                  ^^^^^^^^^^^ the trait `std::marker::Copy` is not implemented for `AccountType`
[INFO] [stdout]     |
[INFO] [stdout] note: required by a bound in `__wbg_get_account_of_type::assert_copy`
[INFO] [stdout]    --> crates/lava_core/src/lib.rs:176:1
[INFO] [stdout]     |
[INFO] [stdout] 176 | #[wasm_bindgen]
[INFO] [stdout]     | ^^^^^^^^^^^^^^^ required by this bound in `assert_copy`
[INFO] [stdout]     = note: this error originates in the attribute macro `wasm_bindgen` (in Nightly builds, run with -Z macro-backtrace for more info)
[INFO] [stdout] 
[INFO] [stdout] 
[INFO] [stdout] error[E0277]: the trait bound `std::string::String: std::marker::Copy` is not satisfied
[INFO] [stdout]    --> crates/lava_core/src/lib.rs:187:15
[INFO] [stdout]     |
[INFO] [stdout] 187 |     pub name: String,
[INFO] [stdout]     |               ^^^^^^ the trait `std::marker::Copy` is not implemented for `std::string::String`
[INFO] [stdout]     |
[INFO] [stdout] note: required by a bound in `__wbg_get_accountinfo_name::assert_copy`
[INFO] [stdout]    --> crates/lava_core/src/lib.rs:184:1
[INFO] [stdout]     |
[INFO] [stdout] 184 | #[wasm_bindgen]
[INFO] [stdout]     | ^^^^^^^^^^^^^^^ required by this bound in `assert_copy`
[INFO] [stdout]     = note: this error originates in the attribute macro `wasm_bindgen` (in Nightly builds, run with -Z macro-backtrace for more info)
[INFO] [stdout] 
[INFO] [stdout] 
[INFO] [stdout] error[E0277]: the trait bound `Vec<Field>: std::marker::Copy` is not satisfied
[INFO] [stdout]    --> crates/lava_core/src/lib.rs:197:26
[INFO] [stdout]     |
[INFO] [stdout] 197 |     pub fields: Vec<Field>, 
[INFO] [stdout]     |                          ^ the trait `std::marker::Copy` is not implemented for `Vec<Field>`
[INFO] [stdout]     |
[INFO] [stdout] note: required by a bound in `__wbg_get_accounttype_fields::assert_copy`
[INFO] [stdout]    --> crates/lava_core/src/lib.rs:194:1
[INFO] [stdout]     |
[INFO] [stdout] 194 | #[wasm_bindgen]
[INFO] [stdout]     | ^^^^^^^^^^^^^^^ required by this bound in `assert_copy`
[INFO] [stdout]     = note: this error originates in the attribute macro `wasm_bindgen` (in Nightly builds, run with -Z macro-backtrace for more info)
[INFO] [stdout] 
[INFO] [stdout] 
[INFO] [stdout] error[E0277]: the trait bound `std::string::String: std::marker::Copy` is not satisfied
[INFO] [stdout]    --> crates/lava_core/src/lib.rs:198:15
[INFO] [stdout]     |
[INFO] [stdout] 198 |     pub kind: String 
[INFO] [stdout]     |               ^^^^^^ the trait `std::marker::Copy` is not implemented for `std::string::String`
[INFO] [stdout]     |
[INFO] [stdout] note: required by a bound in `__wbg_get_accounttype_kind::assert_copy`
[INFO] [stdout]    --> crates/lava_core/src/lib.rs:194:1
[INFO] [stdout]     |
[INFO] [stdout] 194 | #[wasm_bindgen]
[INFO] [stdout]     | ^^^^^^^^^^^^^^^ required by this bound in `assert_copy`
[INFO] [stdout]     = note: this error originates in the attribute macro `wasm_bindgen` (in Nightly builds, run with -Z macro-backtrace for more info)
[INFO] [stdout] 
[INFO] [stdout] 
[INFO] [stdout] error[E0277]: the trait bound `std::string::String: std::marker::Copy` is not satisfied
[INFO] [stdout]    --> crates/lava_core/src/lib.rs:204:15
[INFO] [stdout]     |
[INFO] [stdout] 204 |     pub name: String,
[INFO] [stdout]     |               ^^^^^^ the trait `std::marker::Copy` is not implemented for `std::string::String`
[INFO] [stdout]     |
[INFO] [stdout] note: required by a bound in `__wbg_get_argument_name::assert_copy`
[INFO] [stdout]    --> crates/lava_core/src/lib.rs:201:1
[INFO] [stdout]     |
[INFO] [stdout] 201 | #[wasm_bindgen]
[INFO] [stdout]     | ^^^^^^^^^^^^^^^ required by this bound in `assert_copy`
[INFO] [stdout]     = note: this error originates in the attribute macro `wasm_bindgen` (in Nightly builds, run with -Z macro-backtrace for more info)
[INFO] [stdout] 
[INFO] [stdout] 
[INFO] [stdout] error[E0277]: the trait bound `std::string::String: std::marker::Copy` is not satisfied
[INFO] [stdout]    --> crates/lava_core/src/lib.rs:206:18
[INFO] [stdout]     |
[INFO] [stdout] 206 |     pub of_type: String,
[INFO] [stdout]     |                  ^^^^^^ the trait `std::marker::Copy` is not implemented for `std::string::String`
[INFO] [stdout]     |
[INFO] [stdout] note: required by a bound in `__wbg_get_argument_of_type::assert_copy`
[INFO] [stdout]    --> crates/lava_core/src/lib.rs:201:1
[INFO] [stdout]     |
[INFO] [stdout] 201 | #[wasm_bindgen]
[INFO] [stdout]     | ^^^^^^^^^^^^^^^ required by this bound in `assert_copy`
[INFO] [stdout]     = note: this error originates in the attribute macro `wasm_bindgen` (in Nightly builds, run with -Z macro-backtrace for more info)
[INFO] [stdout] 
[INFO] [stdout] 
[INFO] [stdout] error[E0277]: the trait bound `Vec<AccountInfo>: std::marker::Copy` is not satisfied
[INFO] [stdout]    --> crates/lava_core/src/lib.rs:212:34
[INFO] [stdout]     |
[INFO] [stdout] 212 |     pub accounts: Vec<AccountInfo>,
[INFO] [stdout]     |                                  ^ the trait `std::marker::Copy` is not implemented for `Vec<AccountInfo>`
[INFO] [stdout]     |
[INFO] [stdout] note: required by a bound in `__wbg_get_instruction_accounts::assert_copy`
[INFO] [stdout]    --> crates/lava_core/src/lib.rs:209:1
[INFO] [stdout]     |
[INFO] [stdout] 209 | #[wasm_bindgen]
[INFO] [stdout]     | ^^^^^^^^^^^^^^^ required by this bound in `assert_copy`
[INFO] [stdout]     = note: this error originates in the attribute macro `wasm_bindgen` (in Nightly builds, run with -Z macro-backtrace for more info)
[INFO] [stdout] 
[INFO] [stdout] 
[INFO] [stdout] error[E0277]: the trait bound `Vec<Argument>: std::marker::Copy` is not satisfied
[INFO] [stdout]    --> crates/lava_core/src/lib.rs:213:27
[INFO] [stdout]     |
[INFO] [stdout] 213 |     pub args: Vec<Argument>,
[INFO] [stdout]     |                           ^ the trait `std::marker::Copy` is not implemented for `Vec<Argument>`
[INFO] [stdout]     |
[INFO] [stdout] note: required by a bound in `__wbg_get_instruction_args::assert_copy`
[INFO] [stdout]    --> crates/lava_core/src/lib.rs:209:1
[INFO] [stdout]     |
[INFO] [stdout] 209 | #[wasm_bindgen]
[INFO] [stdout]     | ^^^^^^^^^^^^^^^ required by this bound in `assert_copy`
[INFO] [stdout]     = note: this error originates in the attribute macro `wasm_bindgen` (in Nightly builds, run with -Z macro-backtrace for more info)
[INFO] [stdout] 
[INFO] [stdout] 
[INFO] [stdout] error[E0277]: the trait bound `std::string::String: std::marker::Copy` is not satisfied
[INFO] [stdout]    --> crates/lava_core/src/lib.rs:214:15
[INFO] [stdout]     |
[INFO] [stdout] 214 |     pub name: String,
[INFO] [stdout]     |               ^^^^^^ the trait `std::marker::Copy` is not implemented for `std::string::String`
[INFO] [stdout]     |
[INFO] [stdout] note: required by a bound in `__wbg_get_instruction_name::assert_copy`
[INFO] [stdout]    --> crates/lava_core/src/lib.rs:209:1
[INFO] [stdout]     |
[INFO] [stdout] 209 | #[wasm_bindgen]
[INFO] [stdout]     | ^^^^^^^^^^^^^^^ required by this bound in `assert_copy`
[INFO] [stdout]     = note: this error originates in the attribute macro `wasm_bindgen` (in Nightly builds, run with -Z macro-backtrace for more info)
[INFO] [stdout] 
[INFO] [stdout] 
[INFO] [stdout] error[E0277]: the trait bound `std::string::String: std::marker::Copy` is not satisfied
[INFO] [stdout]    --> crates/lava_core/src/lib.rs:220:31
[INFO] [stdout]     |
[INFO] [stdout] 220 |     pub address: Option<String>,
[INFO] [stdout]     |                               ^ the trait `std::marker::Copy` is not implemented for `std::string::String`
[INFO] [stdout]     |
[INFO] [stdout]     = note: required for `std::option::Option<std::string::String>` to implement `std::marker::Copy`
[INFO] [stdout] note: required by a bound in `__wbg_get_metadata_address::assert_copy`
[INFO] [stdout]    --> crates/lava_core/src/lib.rs:217:1
[INFO] [stdout]     |
[INFO] [stdout] 217 | #[wasm_bindgen]
[INFO] [stdout]     | ^^^^^^^^^^^^^^^ required by this bound in `assert_copy`
[INFO] [stdout]     = note: this error originates in the attribute macro `wasm_bindgen` (in Nightly builds, run with -Z macro-backtrace for more info)
[INFO] [stdout] 
[INFO] [stdout] 
[INFO] [stdout] error[E0277]: the trait bound `Vec<Account>: std::marker::Copy` is not satisfied
[INFO] [stdout]    --> crates/lava_core/src/lib.rs:226:30
[INFO] [stdout]     |
[INFO] [stdout] 226 |     pub accounts: Vec<Account>,
[INFO] [stdout]     |                              ^ the trait `std::marker::Copy` is not implemented for `Vec<Account>`
[INFO] [stdout]     |
[INFO] [stdout] note: required by a bound in `__wbg_get_program_accounts::assert_copy`
[INFO] [stdout]    --> crates/lava_core/src/lib.rs:223:1
[INFO] [stdout]     |
[INFO] [stdout] 223 | #[wasm_bindgen]
[INFO] [stdout]     | ^^^^^^^^^^^^^^^ required by this bound in `assert_copy`
[INFO] [stdout]     = note: this error originates in the attribute macro `wasm_bindgen` (in Nightly builds, run with -Z macro-backtrace for more info)
[INFO] [stdout] 
[INFO] [stdout] 
[INFO] [stdout] error[E0277]: the trait bound `Vec<Instruction>: std::marker::Copy` is not satisfied
[INFO] [stdout]    --> crates/lava_core/src/lib.rs:227:38
[INFO] [stdout]     |
[INFO] [stdout] 227 |     pub instructions: Vec<Instruction>,
[INFO] [stdout]     |                                      ^ the trait `std::marker::Copy` is not implemented for `Vec<Instruction>`
[INFO] [stdout]     |
[INFO] [stdout] note: required by a bound in `__wbg_get_program_instructions::assert_copy`
[INFO] [stdout]    --> crates/lava_core/src/lib.rs:223:1
[INFO] [stdout]     |
[INFO] [stdout] 223 | #[wasm_bindgen]
[INFO] [stdout]     | ^^^^^^^^^^^^^^^ required by this bound in `assert_copy`
[INFO] [stdout]     = note: this error originates in the attribute macro `wasm_bindgen` (in Nightly builds, run with -Z macro-backtrace for more info)
[INFO] [stdout] 
[INFO] [stdout] 
[INFO] [stdout] error[E0277]: the trait bound `Metadata: std::marker::Copy` is not satisfied
[INFO] [stdout]    --> crates/lava_core/src/lib.rs:228:34
[INFO] [stdout]     |
[INFO] [stdout] 228 |     pub metadata: Option<Metadata>,
[INFO] [stdout]     |                                  ^ the trait `std::marker::Copy` is not implemented for `Metadata`
[INFO] [stdout]     |
[INFO] [stdout]     = note: required for `std::option::Option<Metadata>` to implement `std::marker::Copy`
[INFO] [stdout] note: required by a bound in `__wbg_get_program_metadata::assert_copy`
[INFO] [stdout]    --> crates/lava_core/src/lib.rs:223:1
[INFO] [stdout]     |
[INFO] [stdout] 223 | #[wasm_bindgen]
[INFO] [stdout]     | ^^^^^^^^^^^^^^^ required by this bound in `assert_copy`
[INFO] [stdout]     = note: this error originates in the attribute macro `wasm_bindgen` (in Nightly builds, run with -Z macro-backtrace for more info)
[INFO] [stdout] 
[INFO] [stdout] 
[INFO] [stdout] error[E0277]: the trait bound `std::string::String: std::marker::Copy` is not satisfied
[INFO] [stdout]    --> crates/lava_core/src/lib.rs:229:15
[INFO] [stdout]     |
[INFO] [stdout] 229 |     pub name: String,
[INFO] [stdout]     |               ^^^^^^ the trait `std::marker::Copy` is not implemented for `std::string::String`
[INFO] [stdout]     |
[INFO] [stdout] note: required by a bound in `__wbg_get_program_name::assert_copy`
[INFO] [stdout]    --> crates/lava_core/src/lib.rs:223:1
[INFO] [stdout]     |
[INFO] [stdout] 223 | #[wasm_bindgen]
[INFO] [stdout]     | ^^^^^^^^^^^^^^^ required by this bound in `assert_copy`
[INFO] [stdout]     = note: this error originates in the attribute macro `wasm_bindgen` (in Nightly builds, run with -Z macro-backtrace for more info)
[INFO] [stdout] 
[INFO] [stdout] 
[INFO] [stdout] error[E0277]: the trait bound `std::string::String: std::marker::Copy` is not satisfied
[INFO] [stdout]    --> crates/lava_core/src/lib.rs:230:18
[INFO] [stdout]     |
[INFO] [stdout] 230 |     pub version: String,
[INFO] [stdout]     |                  ^^^^^^ the trait `std::marker::Copy` is not implemented for `std::string::String`
[INFO] [stdout]     |
[INFO] [stdout] note: required by a bound in `__wbg_get_program_version::assert_copy`
[INFO] [stdout]    --> crates/lava_core/src/lib.rs:223:1
[INFO] [stdout]     |
[INFO] [stdout] 223 | #[wasm_bindgen]
[INFO] [stdout]     | ^^^^^^^^^^^^^^^ required by this bound in `assert_copy`
[INFO] [stdout]     = note: this error originates in the attribute macro `wasm_bindgen` (in Nightly builds, run with -Z macro-backtrace for more info)
[INFO] [stdout] 
[INFO] [stdout] 
[INFO] [stdout] error: aborting due to 31 previous errors
[INFO] [stdout] 
[INFO] [stdout] 
[INFO] [stdout] Some errors have detailed explanations: E0277, E0282.
[INFO] [stdout] 
[INFO] [stdout] For more information about an error, try `rustc --explain E0277`.
[INFO] [stdout] 
[INFO] [stderr] error: could not compile `lava_core` (lib) due to 32 previous errors
[INFO] running `Command { std: "docker" "inspect" "0f0a55fc4e730c8544ae8951b071fcd558b29253786e773f8c85fb07d5c471bf", kill_on_drop: false }`
[INFO] running `Command { std: "docker" "rm" "-f" "0f0a55fc4e730c8544ae8951b071fcd558b29253786e773f8c85fb07d5c471bf", kill_on_drop: false }`
[INFO] [stdout] 0f0a55fc4e730c8544ae8951b071fcd558b29253786e773f8c85fb07d5c471bf
[INFO] testing 3uild-3thos/lava-cli against beta-2023-12-22 for beta-1.76-1
[INFO] running `Command { std: "git" "clone" "/workspace/cache/git-repos/https%3A%2F%2Fgithub.com%2F3uild-3thos%2Flava-cli" "/workspace/builds/worker-2-tc2/source", kill_on_drop: false }`
[INFO] [stderr] Cloning into '/workspace/builds/worker-2-tc2/source'...
[INFO] [stderr] done.
[INFO] validating manifest of git repo https://github.com/3uild-3thos/lava-cli on toolchain beta-2023-12-22
[INFO] running `Command { std: CARGO_HOME="/workspace/cargo-home" RUSTUP_HOME="/workspace/rustup-home" "/workspace/cargo-home/bin/cargo" "+beta-2023-12-22" "metadata" "--manifest-path" "Cargo.toml" "--no-deps", kill_on_drop: false }`
[INFO] started tweaking git repo https://github.com/3uild-3thos/lava-cli
[INFO] finished tweaking git repo https://github.com/3uild-3thos/lava-cli
[INFO] tweaked toml for git repo https://github.com/3uild-3thos/lava-cli written to /workspace/builds/worker-2-tc2/source/Cargo.toml
[INFO] crate git repo https://github.com/3uild-3thos/lava-cli already has a lockfile, it will not be regenerated
[INFO] running `Command { std: CARGO_HOME="/workspace/cargo-home" RUSTUP_HOME="/workspace/rustup-home" "/workspace/cargo-home/bin/cargo" "+beta-2023-12-22" "fetch" "--manifest-path" "Cargo.toml", kill_on_drop: false }`
[INFO] [stderr] warning: virtual workspace defaulting to `resolver = "1"` despite one or more workspace members being on edition 2021 which implies `resolver = "2"`
[INFO] [stderr] note: to keep the current resolver, specify `workspace.resolver = "1"` in the workspace root's manifest
[INFO] [stderr] note: to use the edition 2021 resolver, specify `workspace.resolver = "2"` in the workspace root's manifest
[INFO] [stderr] note: for more details see https://doc.rust-lang.org/cargo/reference/resolver.html#resolver-versions
[INFO] [stderr]     Blocking waiting for file lock on package cache
[INFO] running `Command { std: "docker" "create" "-v" "/var/lib/crater-agent-workspace/builds/worker-2-tc2/target:/opt/rustwide/target:rw,Z" "-v" "/var/lib/crater-agent-workspace/builds/worker-2-tc2/source:/opt/rustwide/workdir:ro,Z" "-v" "/var/lib/crater-agent-workspace/cargo-home:/opt/rustwide/cargo-home:ro,Z" "-v" "/var/lib/crater-agent-workspace/rustup-home:/opt/rustwide/rustup-home:ro,Z" "-e" "SOURCE_DIR=/opt/rustwide/workdir" "-e" "CARGO_TARGET_DIR=/opt/rustwide/target" "-e" "CARGO_HOME=/opt/rustwide/cargo-home" "-e" "RUSTUP_HOME=/opt/rustwide/rustup-home" "-w" "/opt/rustwide/workdir" "-m" "1610612736" "--user" "0:0" "--network" "none" "ghcr.io/rust-lang/crates-build-env/linux@sha256:2788e3201cd34a07e3172128adcd8b3090168a8e3bcc40d7c032b9dda1df7d1c" "/opt/rustwide/cargo-home/bin/cargo" "+beta-2023-12-22" "metadata" "--no-deps" "--format-version=1", kill_on_drop: false }`
[INFO] [stdout] f03613282676911a970aa32c18f303ff5d090bd7f8c53ad63f6bf24afb0238f0
[INFO] running `Command { std: "docker" "start" "-a" "f03613282676911a970aa32c18f303ff5d090bd7f8c53ad63f6bf24afb0238f0", kill_on_drop: false }`
[INFO] running `Command { std: "docker" "inspect" "f03613282676911a970aa32c18f303ff5d090bd7f8c53ad63f6bf24afb0238f0", kill_on_drop: false }`
[INFO] running `Command { std: "docker" "rm" "-f" "f03613282676911a970aa32c18f303ff5d090bd7f8c53ad63f6bf24afb0238f0", kill_on_drop: false }`
[INFO] [stdout] f03613282676911a970aa32c18f303ff5d090bd7f8c53ad63f6bf24afb0238f0
[INFO] running `Command { std: "docker" "create" "-v" "/var/lib/crater-agent-workspace/builds/worker-2-tc2/target:/opt/rustwide/target:rw,Z" "-v" "/var/lib/crater-agent-workspace/builds/worker-2-tc2/source:/opt/rustwide/workdir:ro,Z" "-v" "/var/lib/crater-agent-workspace/cargo-home:/opt/rustwide/cargo-home:ro,Z" "-v" "/var/lib/crater-agent-workspace/rustup-home:/opt/rustwide/rustup-home:ro,Z" "-e" "SOURCE_DIR=/opt/rustwide/workdir" "-e" "CARGO_TARGET_DIR=/opt/rustwide/target" "-e" "CARGO_INCREMENTAL=0" "-e" "RUST_BACKTRACE=full" "-e" "RUSTFLAGS=--cap-lints=warn" "-e" "RUSTDOCFLAGS=--cap-lints=warn" "-e" "CARGO_HOME=/opt/rustwide/cargo-home" "-e" "RUSTUP_HOME=/opt/rustwide/rustup-home" "-w" "/opt/rustwide/workdir" "-m" "1610612736" "--user" "0:0" "--network" "none" "ghcr.io/rust-lang/crates-build-env/linux@sha256:2788e3201cd34a07e3172128adcd8b3090168a8e3bcc40d7c032b9dda1df7d1c" "/opt/rustwide/cargo-home/bin/cargo" "+beta-2023-12-22" "build" "--frozen" "--message-format=json", kill_on_drop: false }`
[INFO] [stdout] 096d69544bd1afc02f8d8daa27c487c12531374c7594286adcad74317eb4d8c0
[INFO] running `Command { std: "docker" "start" "-a" "096d69544bd1afc02f8d8daa27c487c12531374c7594286adcad74317eb4d8c0", kill_on_drop: false }`
[INFO] [stderr] warning: virtual workspace defaulting to `resolver = "1"` despite one or more workspace members being on edition 2021 which implies `resolver = "2"`
[INFO] [stderr] note: to keep the current resolver, specify `workspace.resolver = "1"` in the workspace root's manifest
[INFO] [stderr] note: to use the edition 2021 resolver, specify `workspace.resolver = "2"` in the workspace root's manifest
[INFO] [stderr] note: for more details see https://doc.rust-lang.org/cargo/reference/resolver.html#resolver-versions
[INFO] [stderr]    Compiling proc-macro2 v1.0.69
[INFO] [stderr]    Compiling wasm-bindgen-shared v0.2.89
[INFO] [stderr]    Compiling log v0.4.20
[INFO] [stderr]    Compiling bumpalo v3.14.0
[INFO] [stderr]    Compiling once_cell v1.19.0
[INFO] [stderr]    Compiling serde v1.0.189
[INFO] [stderr]    Compiling utf8parse v0.2.1
[INFO] [stderr]    Compiling anyhow v1.0.75
[INFO] [stderr]    Compiling anstyle-parse v0.2.2
[INFO] [stderr]    Compiling anstyle-query v1.0.0
[INFO] [stderr]    Compiling colorchoice v1.0.0
[INFO] [stderr]    Compiling anstyle v1.0.4
[INFO] [stderr]    Compiling serde_json v1.0.108
[INFO] [stderr]    Compiling wasm-bindgen v0.2.89
[INFO] [stderr]    Compiling clap_lex v0.5.1
[INFO] [stderr]    Compiling itoa v1.0.9
[INFO] [stderr]    Compiling anstream v0.6.4
[INFO] [stderr]    Compiling strsim v0.10.0
[INFO] [stderr]    Compiling heck v0.4.1
[INFO] [stderr]    Compiling ryu v1.0.15
[INFO] [stderr]    Compiling clap_builder v4.4.6
[INFO] [stderr]    Compiling quote v1.0.33
[INFO] [stderr]    Compiling syn v2.0.38
[INFO] [stderr]    Compiling wasm-bindgen-backend v0.2.89
[INFO] [stderr]    Compiling serde_derive v1.0.189
[INFO] [stderr]    Compiling clap_derive v4.4.2
[INFO] [stderr]    Compiling wasm-bindgen-macro-support v0.2.89
[INFO] [stderr]    Compiling wasm-bindgen-macro v0.2.89
[INFO] [stderr]    Compiling clap v4.4.6
[INFO] [stderr]    Compiling lava_core v0.1.0 (/opt/rustwide/workdir/crates/lava_core)
[INFO] [stdout] error[E0277]: the trait bound `std::string::String: std::marker::Copy` is not satisfied
[INFO] [stdout]  --> crates/lava_core/src/lib.rs:8:15
[INFO] [stdout]   |
[INFO] [stdout] 8 |     pub name: String,
[INFO] [stdout]   |               ^^^^^^ the trait `std::marker::Copy` is not implemented for `std::string::String`
[INFO] [stdout]   |
[INFO] [stdout] note: required by a bound in `__wbg_get_lavaconfig_name::assert_copy`
[INFO] [stdout]  --> crates/lava_core/src/lib.rs:5:1
[INFO] [stdout]   |
[INFO] [stdout] 5 | #[wasm_bindgen]
[INFO] [stdout]   | ^^^^^^^^^^^^^^^ required by this bound in `assert_copy`
[INFO] [stdout]   = note: this error originates in the attribute macro `wasm_bindgen` (in Nightly builds, run with -Z macro-backtrace for more info)
[INFO] [stdout] 
[INFO] [stdout] 
[INFO] [stdout] error[E0277]: the trait bound `Vec<Program>: std::marker::Copy` is not satisfied
[INFO] [stdout]  --> crates/lava_core/src/lib.rs:9:30
[INFO] [stdout]   |
[INFO] [stdout] 9 |     pub programs: Vec<Program>,
[INFO] [stdout]   |                              ^ the trait `std::marker::Copy` is not implemented for `Vec<Program>`
[INFO] [stdout]   |
[INFO] [stdout] note: required by a bound in `__wbg_get_lavaconfig_programs::assert_copy`
[INFO] [stdout]  --> crates/lava_core/src/lib.rs:5:1
[INFO] [stdout]   |
[INFO] [stdout] 5 | #[wasm_bindgen]
[INFO] [stdout]   | ^^^^^^^^^^^^^^^ required by this bound in `assert_copy`
[INFO] [stdout]   = note: this error originates in the attribute macro `wasm_bindgen` (in Nightly builds, run with -Z macro-backtrace for more info)
[INFO] [stdout] 
[INFO] [stdout] 
[INFO] [stdout] error[E0277]: the trait bound `Vec<Wallet>: std::marker::Copy` is not satisfied
[INFO] [stdout]   --> crates/lava_core/src/lib.rs:10:28
[INFO] [stdout]    |
[INFO] [stdout] 10 |     pub wallets: Vec<Wallet>,
[INFO] [stdout]    |                            ^ the trait `std::marker::Copy` is not implemented for `Vec<Wallet>`
[INFO] [stdout]    |
[INFO] [stdout] note: required by a bound in `__wbg_get_lavaconfig_wallets::assert_copy`
[INFO] [stdout]   --> crates/lava_core/src/lib.rs:5:1
[INFO] [stdout]    |
[INFO] [stdout] 5  | #[wasm_bindgen]
[INFO] [stdout]    | ^^^^^^^^^^^^^^^ required by this bound in `assert_copy`
[INFO] [stdout]    = note: this error originates in the attribute macro `wasm_bindgen` (in Nightly builds, run with -Z macro-backtrace for more info)
[INFO] [stdout] 
[INFO] [stdout] 
[INFO] [stdout] error[E0277]: the trait bound `Vec<Token>: std::marker::Copy` is not satisfied
[INFO] [stdout]   --> crates/lava_core/src/lib.rs:11:26
[INFO] [stdout]    |
[INFO] [stdout] 11 |     pub tokens: Vec<Token>,
[INFO] [stdout]    |                          ^ the trait `std::marker::Copy` is not implemented for `Vec<Token>`
[INFO] [stdout]    |
[INFO] [stdout] note: required by a bound in `__wbg_get_lavaconfig_tokens::assert_copy`
[INFO] [stdout]   --> crates/lava_core/src/lib.rs:5:1
[INFO] [stdout]    |
[INFO] [stdout] 5  | #[wasm_bindgen]
[INFO] [stdout]    | ^^^^^^^^^^^^^^^ required by this bound in `assert_copy`
[INFO] [stdout]    = note: this error originates in the attribute macro `wasm_bindgen` (in Nightly builds, run with -Z macro-backtrace for more info)
[INFO] [stdout] 
[INFO] [stdout] 
[INFO] [stdout] error[E0282]: type annotations needed
[INFO] [stdout]   --> crates/lava_core/src/lib.rs:27:13
[INFO] [stdout]    |
[INFO] [stdout] 27 |         let y;
[INFO] [stdout]    |             ^
[INFO] [stdout]    |
[INFO] [stdout] help: consider giving `y` an explicit type
[INFO] [stdout]    |
[INFO] [stdout] 27 |         let y: /* Type */;
[INFO] [stdout]    |              ++++++++++++
[INFO] [stdout] 
[INFO] [stdout] 
[INFO] [stdout] error[E0277]: the trait bound `std::string::String: std::marker::Copy` is not satisfied
[INFO] [stdout]    --> crates/lava_core/src/lib.rs:143:15
[INFO] [stdout]     |
[INFO] [stdout] 143 |     pub name: String,
[INFO] [stdout]     |               ^^^^^^ the trait `std::marker::Copy` is not implemented for `std::string::String`
[INFO] [stdout]     |
[INFO] [stdout] note: required by a bound in `__wbg_get_wallet_name::assert_copy`
[INFO] [stdout]    --> crates/lava_core/src/lib.rs:140:1
[INFO] [stdout]     |
[INFO] [stdout] 140 | #[wasm_bindgen]
[INFO] [stdout]     | ^^^^^^^^^^^^^^^ required by this bound in `assert_copy`
[INFO] [stdout]     = note: this error originates in the attribute macro `wasm_bindgen` (in Nightly builds, run with -Z macro-backtrace for more info)
[INFO] [stdout] 
[INFO] [stdout] 
[INFO] [stdout] error[E0277]: the trait bound `std::string::String: std::marker::Copy` is not satisfied
[INFO] [stdout]    --> crates/lava_core/src/lib.rs:144:31
[INFO] [stdout]     |
[INFO] [stdout] 144 |     pub address: Option<String>,
[INFO] [stdout]     |                               ^ the trait `std::marker::Copy` is not implemented for `std::string::String`
[INFO] [stdout]     |
[INFO] [stdout]     = note: required for `std::option::Option<std::string::String>` to implement `std::marker::Copy`
[INFO] [stdout] note: required by a bound in `__wbg_get_wallet_address::assert_copy`
[INFO] [stdout]    --> crates/lava_core/src/lib.rs:140:1
[INFO] [stdout]     |
[INFO] [stdout] 140 | #[wasm_bindgen]
[INFO] [stdout]     | ^^^^^^^^^^^^^^^ required by this bound in `assert_copy`
[INFO] [stdout]     = note: this error originates in the attribute macro `wasm_bindgen` (in Nightly builds, run with -Z macro-backtrace for more info)
[INFO] [stdout] 
[INFO] [stdout] 
[INFO] [stdout] error[E0277]: the trait bound `Vec<TokenBalance>: std::marker::Copy` is not satisfied
[INFO] [stdout]    --> crates/lava_core/src/lib.rs:146:33
[INFO] [stdout]     |
[INFO] [stdout] 146 |     pub tokens: Vec<TokenBalance>
[INFO] [stdout]     |                                 ^ the trait `std::marker::Copy` is not implemented for `Vec<TokenBalance>`
[INFO] [stdout]     |
[INFO] [stdout] note: required by a bound in `__wbg_get_wallet_tokens::assert_copy`
[INFO] [stdout]    --> crates/lava_core/src/lib.rs:140:1
[INFO] [stdout]     |
[INFO] [stdout] 140 | #[wasm_bindgen]
[INFO] [stdout]     | ^^^^^^^^^^^^^^^ required by this bound in `assert_copy`
[INFO] [stdout]     = note: this error originates in the attribute macro `wasm_bindgen` (in Nightly builds, run with -Z macro-backtrace for more info)
[INFO] [stdout] 
[INFO] [stdout] 
[INFO] [stdout] error[E0277]: the trait bound `std::string::String: std::marker::Copy` is not satisfied
[INFO] [stdout]    --> crates/lava_core/src/lib.rs:153:17
[INFO] [stdout]     |
[INFO] [stdout] 153 |     pub symbol: String
[INFO] [stdout]     |                 ^^^^^^ the trait `std::marker::Copy` is not implemented for `std::string::String`
[INFO] [stdout]     |
[INFO] [stdout] note: required by a bound in `__wbg_get_tokenbalance_symbol::assert_copy`
[INFO] [stdout]    --> crates/lava_core/src/lib.rs:149:1
[INFO] [stdout]     |
[INFO] [stdout] 149 | #[wasm_bindgen]
[INFO] [stdout]     | ^^^^^^^^^^^^^^^ required by this bound in `assert_copy`
[INFO] [stdout]     = note: this error originates in the attribute macro `wasm_bindgen` (in Nightly builds, run with -Z macro-backtrace for more info)
[INFO] [stdout] 
[INFO] [stdout] 
[INFO] [stdout] error[E0277]: the trait bound `std::string::String: std::marker::Copy` is not satisfied
[INFO] [stdout]    --> crates/lava_core/src/lib.rs:159:15
[INFO] [stdout]     |
[INFO] [stdout] 159 |     pub name: String,
[INFO] [stdout]     |               ^^^^^^ the trait `std::marker::Copy` is not implemented for `std::string::String`
[INFO] [stdout]     |
[INFO] [stdout] note: required by a bound in `__wbg_get_token_name::assert_copy`
[INFO] [stdout]    --> crates/lava_core/src/lib.rs:156:1
[INFO] [stdout]     |
[INFO] [stdout] 156 | #[wasm_bindgen]
[INFO] [stdout]     | ^^^^^^^^^^^^^^^ required by this bound in `assert_copy`
[INFO] [stdout]     = note: this error originates in the attribute macro `wasm_bindgen` (in Nightly builds, run with -Z macro-backtrace for more info)
[INFO] [stdout] 
[INFO] [stdout] 
[INFO] [stdout] error[E0277]: the trait bound `std::string::String: std::marker::Copy` is not satisfied
[INFO] [stdout]    --> crates/lava_core/src/lib.rs:160:17
[INFO] [stdout]     |
[INFO] [stdout] 160 |     pub symbol: String,
[INFO] [stdout]     |                 ^^^^^^ the trait `std::marker::Copy` is not implemented for `std::string::String`
[INFO] [stdout]     |
[INFO] [stdout] note: required by a bound in `__wbg_get_token_symbol::assert_copy`
[INFO] [stdout]    --> crates/lava_core/src/lib.rs:156:1
[INFO] [stdout]     |
[INFO] [stdout] 156 | #[wasm_bindgen]
[INFO] [stdout]     | ^^^^^^^^^^^^^^^ required by this bound in `assert_copy`
[INFO] [stdout]     = note: this error originates in the attribute macro `wasm_bindgen` (in Nightly builds, run with -Z macro-backtrace for more info)
[INFO] [stdout] 
[INFO] [stdout] 
[INFO] [stdout] error[E0277]: the trait bound `std::string::String: std::marker::Copy` is not satisfied
[INFO] [stdout]    --> crates/lava_core/src/lib.rs:163:38
[INFO] [stdout]     |
[INFO] [stdout] 163 |     pub mint_authority: Option<String>,
[INFO] [stdout]     |                                      ^ the trait `std::marker::Copy` is not implemented for `std::string::String`
[INFO] [stdout]     |
[INFO] [stdout]     = note: required for `std::option::Option<std::string::String>` to implement `std::marker::Copy`
[INFO] [stdout] note: required by a bound in `__wbg_get_token_mint_authority::assert_copy`
[INFO] [stdout]    --> crates/lava_core/src/lib.rs:156:1
[INFO] [stdout]     |
[INFO] [stdout] 156 | #[wasm_bindgen]
[INFO] [stdout]     | ^^^^^^^^^^^^^^^ required by this bound in `assert_copy`
[INFO] [stdout]     = note: this error originates in the attribute macro `wasm_bindgen` (in Nightly builds, run with -Z macro-backtrace for more info)
[INFO] [stdout] 
[INFO] [stdout] 
[INFO] [stdout] error[E0277]: the trait bound `std::string::String: std::marker::Copy` is not satisfied
[INFO] [stdout]    --> crates/lava_core/src/lib.rs:165:40
[INFO] [stdout]     |
[INFO] [stdout] 165 |     pub freeze_authority: Option<String>,
[INFO] [stdout]     |                                        ^ the trait `std::marker::Copy` is not implemented for `std::string::String`
[INFO] [stdout]     |
[INFO] [stdout]     = note: required for `std::option::Option<std::string::String>` to implement `std::marker::Copy`
[INFO] [stdout] note: required by a bound in `__wbg_get_token_freeze_authority::assert_copy`
[INFO] [stdout]    --> crates/lava_core/src/lib.rs:156:1
[INFO] [stdout]     |
[INFO] [stdout] 156 | #[wasm_bindgen]
[INFO] [stdout]     | ^^^^^^^^^^^^^^^ required by this bound in `assert_copy`
[INFO] [stdout]     = note: this error originates in the attribute macro `wasm_bindgen` (in Nightly builds, run with -Z macro-backtrace for more info)
[INFO] [stdout] 
[INFO] [stdout] 
[INFO] [stdout] error[E0277]: the trait bound `std::string::String: std::marker::Copy` is not satisfied
[INFO] [stdout]    --> crates/lava_core/src/lib.rs:171:15
[INFO] [stdout]     |
[INFO] [stdout] 171 |     pub name: String,
[INFO] [stdout]     |               ^^^^^^ the trait `std::marker::Copy` is not implemented for `std::string::String`
[INFO] [stdout]     |
[INFO] [stdout] note: required by a bound in `__wbg_get_field_name::assert_copy`
[INFO] [stdout]    --> crates/lava_core/src/lib.rs:168:1
[INFO] [stdout]     |
[INFO] [stdout] 168 | #[wasm_bindgen]
[INFO] [stdout]     | ^^^^^^^^^^^^^^^ required by this bound in `assert_copy`
[INFO] [stdout]     = note: this error originates in the attribute macro `wasm_bindgen` (in Nightly builds, run with -Z macro-backtrace for more info)
[INFO] [stdout] 
[INFO] [stdout] 
[INFO] [stdout] error[E0277]: the trait bound `std::string::String: std::marker::Copy` is not satisfied
[INFO] [stdout]    --> crates/lava_core/src/lib.rs:173:21
[INFO] [stdout]     |
[INFO] [stdout] 173 |     pub field_type: String,
[INFO] [stdout]     |                     ^^^^^^ the trait `std::marker::Copy` is not implemented for `std::string::String`
[INFO] [stdout]     |
[INFO] [stdout] note: required by a bound in `__wbg_get_field_field_type::assert_copy`
[INFO] [stdout]    --> crates/lava_core/src/lib.rs:168:1
[INFO] [stdout]     |
[INFO] [stdout] 168 | #[wasm_bindgen]
[INFO] [stdout]     | ^^^^^^^^^^^^^^^ required by this bound in `assert_copy`
[INFO] [stdout]     = note: this error originates in the attribute macro `wasm_bindgen` (in Nightly builds, run with -Z macro-backtrace for more info)
[INFO] [stdout] 
[INFO] [stdout] 
[INFO] [stdout] error[E0277]: the trait bound `std::string::String: std::marker::Copy` is not satisfied
[INFO] [stdout]    --> crates/lava_core/src/lib.rs:179:15
[INFO] [stdout]     |
[INFO] [stdout] 179 |     pub name: String,
[INFO] [stdout]     |               ^^^^^^ the trait `std::marker::Copy` is not implemented for `std::string::String`
[INFO] [stdout]     |
[INFO] [stdout] note: required by a bound in `__wbg_get_account_name::assert_copy`
[INFO] [stdout]    --> crates/lava_core/src/lib.rs:176:1
[INFO] [stdout]     |
[INFO] [stdout] 176 | #[wasm_bindgen]
[INFO] [stdout]     | ^^^^^^^^^^^^^^^ required by this bound in `assert_copy`
[INFO] [stdout]     = note: this error originates in the attribute macro `wasm_bindgen` (in Nightly builds, run with -Z macro-backtrace for more info)
[INFO] [stdout] 
[INFO] [stdout] 
[INFO] [stdout] error[E0277]: the trait bound `AccountType: std::marker::Copy` is not satisfied
[INFO] [stdout]    --> crates/lava_core/src/lib.rs:181:18
[INFO] [stdout]     |
[INFO] [stdout] 181 |     pub of_type: AccountType
[INFO] [stdout]     |                  ^^^^^^^^^^^ the trait `std::marker::Copy` is not implemented for `AccountType`
[INFO] [stdout]     |
[INFO] [stdout] note: required by a bound in `__wbg_get_account_of_type::assert_copy`
[INFO] [stdout]    --> crates/lava_core/src/lib.rs:176:1
[INFO] [stdout]     |
[INFO] [stdout] 176 | #[wasm_bindgen]
[INFO] [stdout]     | ^^^^^^^^^^^^^^^ required by this bound in `assert_copy`
[INFO] [stdout]     = note: this error originates in the attribute macro `wasm_bindgen` (in Nightly builds, run with -Z macro-backtrace for more info)
[INFO] [stdout] 
[INFO] [stdout] 
[INFO] [stdout] error[E0277]: the trait bound `std::string::String: std::marker::Copy` is not satisfied
[INFO] [stdout]    --> crates/lava_core/src/lib.rs:187:15
[INFO] [stdout]     |
[INFO] [stdout] 187 |     pub name: String,
[INFO] [stdout]     |               ^^^^^^ the trait `std::marker::Copy` is not implemented for `std::string::String`
[INFO] [stdout]     |
[INFO] [stdout] note: required by a bound in `__wbg_get_accountinfo_name::assert_copy`
[INFO] [stdout]    --> crates/lava_core/src/lib.rs:184:1
[INFO] [stdout]     |
[INFO] [stdout] 184 | #[wasm_bindgen]
[INFO] [stdout]     | ^^^^^^^^^^^^^^^ required by this bound in `assert_copy`
[INFO] [stdout]     = note: this error originates in the attribute macro `wasm_bindgen` (in Nightly builds, run with -Z macro-backtrace for more info)
[INFO] [stdout] 
[INFO] [stdout] 
[INFO] [stdout] error[E0277]: the trait bound `Vec<Field>: std::marker::Copy` is not satisfied
[INFO] [stdout]    --> crates/lava_core/src/lib.rs:197:26
[INFO] [stdout]     |
[INFO] [stdout] 197 |     pub fields: Vec<Field>, 
[INFO] [stdout]     |                          ^ the trait `std::marker::Copy` is not implemented for `Vec<Field>`
[INFO] [stdout]     |
[INFO] [stdout] note: required by a bound in `__wbg_get_accounttype_fields::assert_copy`
[INFO] [stdout]    --> crates/lava_core/src/lib.rs:194:1
[INFO] [stdout]     |
[INFO] [stdout] 194 | #[wasm_bindgen]
[INFO] [stdout]     | ^^^^^^^^^^^^^^^ required by this bound in `assert_copy`
[INFO] [stdout]     = note: this error originates in the attribute macro `wasm_bindgen` (in Nightly builds, run with -Z macro-backtrace for more info)
[INFO] [stdout] 
[INFO] [stdout] 
[INFO] [stdout] error[E0277]: the trait bound `std::string::String: std::marker::Copy` is not satisfied
[INFO] [stdout]    --> crates/lava_core/src/lib.rs:198:15
[INFO] [stdout]     |
[INFO] [stdout] 198 |     pub kind: String 
[INFO] [stdout]     |               ^^^^^^ the trait `std::marker::Copy` is not implemented for `std::string::String`
[INFO] [stdout]     |
[INFO] [stdout] note: required by a bound in `__wbg_get_accounttype_kind::assert_copy`
[INFO] [stdout]    --> crates/lava_core/src/lib.rs:194:1
[INFO] [stdout]     |
[INFO] [stdout] 194 | #[wasm_bindgen]
[INFO] [stdout]     | ^^^^^^^^^^^^^^^ required by this bound in `assert_copy`
[INFO] [stdout]     = note: this error originates in the attribute macro `wasm_bindgen` (in Nightly builds, run with -Z macro-backtrace for more info)
[INFO] [stdout] 
[INFO] [stdout] 
[INFO] [stdout] error[E0277]: the trait bound `std::string::String: std::marker::Copy` is not satisfied
[INFO] [stdout]    --> crates/lava_core/src/lib.rs:204:15
[INFO] [stdout]     |
[INFO] [stdout] 204 |     pub name: String,
[INFO] [stdout]     |               ^^^^^^ the trait `std::marker::Copy` is not implemented for `std::string::String`
[INFO] [stdout]     |
[INFO] [stdout] note: required by a bound in `__wbg_get_argument_name::assert_copy`
[INFO] [stdout]    --> crates/lava_core/src/lib.rs:201:1
[INFO] [stdout]     |
[INFO] [stdout] 201 | #[wasm_bindgen]
[INFO] [stdout]     | ^^^^^^^^^^^^^^^ required by this bound in `assert_copy`
[INFO] [stdout]     = note: this error originates in the attribute macro `wasm_bindgen` (in Nightly builds, run with -Z macro-backtrace for more info)
[INFO] [stdout] 
[INFO] [stdout] 
[INFO] [stdout] error[E0277]: the trait bound `std::string::String: std::marker::Copy` is not satisfied
[INFO] [stdout]    --> crates/lava_core/src/lib.rs:206:18
[INFO] [stdout]     |
[INFO] [stdout] 206 |     pub of_type: String,
[INFO] [stdout]     |                  ^^^^^^ the trait `std::marker::Copy` is not implemented for `std::string::String`
[INFO] [stdout]     |
[INFO] [stdout] note: required by a bound in `__wbg_get_argument_of_type::assert_copy`
[INFO] [stdout]    --> crates/lava_core/src/lib.rs:201:1
[INFO] [stdout]     |
[INFO] [stdout] 201 | #[wasm_bindgen]
[INFO] [stdout]     | ^^^^^^^^^^^^^^^ required by this bound in `assert_copy`
[INFO] [stdout]     = note: this error originates in the attribute macro `wasm_bindgen` (in Nightly builds, run with -Z macro-backtrace for more info)
[INFO] [stdout] 
[INFO] [stdout] 
[INFO] [stdout] error[E0277]: the trait bound `Vec<AccountInfo>: std::marker::Copy` is not satisfied
[INFO] [stdout]    --> crates/lava_core/src/lib.rs:212:34
[INFO] [stdout]     |
[INFO] [stdout] 212 |     pub accounts: Vec<AccountInfo>,
[INFO] [stdout]     |                                  ^ the trait `std::marker::Copy` is not implemented for `Vec<AccountInfo>`
[INFO] [stdout]     |
[INFO] [stdout] note: required by a bound in `__wbg_get_instruction_accounts::assert_copy`
[INFO] [stdout]    --> crates/lava_core/src/lib.rs:209:1
[INFO] [stdout]     |
[INFO] [stdout] 209 | #[wasm_bindgen]
[INFO] [stdout]     | ^^^^^^^^^^^^^^^ required by this bound in `assert_copy`
[INFO] [stdout]     = note: this error originates in the attribute macro `wasm_bindgen` (in Nightly builds, run with -Z macro-backtrace for more info)
[INFO] [stdout] 
[INFO] [stdout] 
[INFO] [stdout] error[E0277]: the trait bound `Vec<Argument>: std::marker::Copy` is not satisfied
[INFO] [stdout]    --> crates/lava_core/src/lib.rs:213:27
[INFO] [stdout]     |
[INFO] [stdout] 213 |     pub args: Vec<Argument>,
[INFO] [stdout]     |                           ^ the trait `std::marker::Copy` is not implemented for `Vec<Argument>`
[INFO] [stdout]     |
[INFO] [stdout] note: required by a bound in `__wbg_get_instruction_args::assert_copy`
[INFO] [stdout]    --> crates/lava_core/src/lib.rs:209:1
[INFO] [stdout]     |
[INFO] [stdout] 209 | #[wasm_bindgen]
[INFO] [stdout]     | ^^^^^^^^^^^^^^^ required by this bound in `assert_copy`
[INFO] [stdout]     = note: this error originates in the attribute macro `wasm_bindgen` (in Nightly builds, run with -Z macro-backtrace for more info)
[INFO] [stdout] 
[INFO] [stdout] 
[INFO] [stdout] error[E0277]: the trait bound `std::string::String: std::marker::Copy` is not satisfied
[INFO] [stdout]    --> crates/lava_core/src/lib.rs:214:15
[INFO] [stdout]     |
[INFO] [stdout] 214 |     pub name: String,
[INFO] [stdout]     |               ^^^^^^ the trait `std::marker::Copy` is not implemented for `std::string::String`
[INFO] [stdout]     |
[INFO] [stdout] note: required by a bound in `__wbg_get_instruction_name::assert_copy`
[INFO] [stdout]    --> crates/lava_core/src/lib.rs:209:1
[INFO] [stdout]     |
[INFO] [stdout] 209 | #[wasm_bindgen]
[INFO] [stdout]     | ^^^^^^^^^^^^^^^ required by this bound in `assert_copy`
[INFO] [stdout]     = note: this error originates in the attribute macro `wasm_bindgen` (in Nightly builds, run with -Z macro-backtrace for more info)
[INFO] [stdout] 
[INFO] [stdout] 
[INFO] [stdout] error[E0277]: the trait bound `std::string::String: std::marker::Copy` is not satisfied
[INFO] [stdout]    --> crates/lava_core/src/lib.rs:220:31
[INFO] [stdout]     |
[INFO] [stdout] 220 |     pub address: Option<String>,
[INFO] [stdout]     |                               ^ the trait `std::marker::Copy` is not implemented for `std::string::String`
[INFO] [stdout]     |
[INFO] [stdout]     = note: required for `std::option::Option<std::string::String>` to implement `std::marker::Copy`
[INFO] [stdout] note: required by a bound in `__wbg_get_metadata_address::assert_copy`
[INFO] [stdout]    --> crates/lava_core/src/lib.rs:217:1
[INFO] [stdout]     |
[INFO] [stdout] 217 | #[wasm_bindgen]
[INFO] [stdout]     | ^^^^^^^^^^^^^^^ required by this bound in `assert_copy`
[INFO] [stdout]     = note: this error originates in the attribute macro `wasm_bindgen` (in Nightly builds, run with -Z macro-backtrace for more info)
[INFO] [stdout] 
[INFO] [stdout] 
[INFO] [stdout] error[E0277]: the trait bound `Vec<Account>: std::marker::Copy` is not satisfied
[INFO] [stdout]    --> crates/lava_core/src/lib.rs:226:30
[INFO] [stdout]     |
[INFO] [stdout] 226 |     pub accounts: Vec<Account>,
[INFO] [stdout]     |                              ^ the trait `std::marker::Copy` is not implemented for `Vec<Account>`
[INFO] [stdout]     |
[INFO] [stdout] note: required by a bound in `__wbg_get_program_accounts::assert_copy`
[INFO] [stdout]    --> crates/lava_core/src/lib.rs:223:1
[INFO] [stdout]     |
[INFO] [stdout] 223 | #[wasm_bindgen]
[INFO] [stdout]     | ^^^^^^^^^^^^^^^ required by this bound in `assert_copy`
[INFO] [stdout]     = note: this error originates in the attribute macro `wasm_bindgen` (in Nightly builds, run with -Z macro-backtrace for more info)
[INFO] [stdout] 
[INFO] [stdout] 
[INFO] [stdout] error[E0277]: the trait bound `Vec<Instruction>: std::marker::Copy` is not satisfied
[INFO] [stdout]    --> crates/lava_core/src/lib.rs:227:38
[INFO] [stdout]     |
[INFO] [stdout] 227 |     pub instructions: Vec<Instruction>,
[INFO] [stdout]     |                                      ^ the trait `std::marker::Copy` is not implemented for `Vec<Instruction>`
[INFO] [stdout]     |
[INFO] [stdout] note: required by a bound in `__wbg_get_program_instructions::assert_copy`
[INFO] [stdout]    --> crates/lava_core/src/lib.rs:223:1
[INFO] [stdout]     |
[INFO] [stdout] 223 | #[wasm_bindgen]
[INFO] [stdout]     | ^^^^^^^^^^^^^^^ required by this bound in `assert_copy`
[INFO] [stdout]     = note: this error originates in the attribute macro `wasm_bindgen` (in Nightly builds, run with -Z macro-backtrace for more info)
[INFO] [stdout] 
[INFO] [stdout] 
[INFO] [stdout] error[E0277]: the trait bound `Metadata: std::marker::Copy` is not satisfied
[INFO] [stdout]    --> crates/lava_core/src/lib.rs:228:34
[INFO] [stdout]     |
[INFO] [stdout] 228 |     pub metadata: Option<Metadata>,
[INFO] [stdout]     |                                  ^ the trait `std::marker::Copy` is not implemented for `Metadata`
[INFO] [stdout]     |
[INFO] [stdout]     = note: required for `std::option::Option<Metadata>` to implement `std::marker::Copy`
[INFO] [stdout] note: required by a bound in `__wbg_get_program_metadata::assert_copy`
[INFO] [stdout]    --> crates/lava_core/src/lib.rs:223:1
[INFO] [stdout]     |
[INFO] [stdout] 223 | #[wasm_bindgen]
[INFO] [stdout]     | ^^^^^^^^^^^^^^^ required by this bound in `assert_copy`
[INFO] [stdout]     = note: this error originates in the attribute macro `wasm_bindgen` (in Nightly builds, run with -Z macro-backtrace for more info)
[INFO] [stdout] 
[INFO] [stdout] 
[INFO] [stdout] error[E0277]: the trait bound `std::string::String: std::marker::Copy` is not satisfied
[INFO] [stdout]    --> crates/lava_core/src/lib.rs:229:15
[INFO] [stdout]     |
[INFO] [stdout] 229 |     pub name: String,
[INFO] [stdout]     |               ^^^^^^ the trait `std::marker::Copy` is not implemented for `std::string::String`
[INFO] [stdout]     |
[INFO] [stdout] note: required by a bound in `__wbg_get_program_name::assert_copy`
[INFO] [stdout]    --> crates/lava_core/src/lib.rs:223:1
[INFO] [stdout]     |
[INFO] [stdout] 223 | #[wasm_bindgen]
[INFO] [stdout]     | ^^^^^^^^^^^^^^^ required by this bound in `assert_copy`
[INFO] [stdout]     = note: this error originates in the attribute macro `wasm_bindgen` (in Nightly builds, run with -Z macro-backtrace for more info)
[INFO] [stdout] 
[INFO] [stdout] 
[INFO] [stdout] error[E0277]: the trait bound `std::string::String: std::marker::Copy` is not satisfied
[INFO] [stdout]    --> crates/lava_core/src/lib.rs:230:18
[INFO] [stdout]     |
[INFO] [stdout] 230 |     pub version: String,
[INFO] [stdout]     |                  ^^^^^^ the trait `std::marker::Copy` is not implemented for `std::string::String`
[INFO] [stdout]     |
[INFO] [stdout] note: required by a bound in `__wbg_get_program_version::assert_copy`
[INFO] [stdout]    --> crates/lava_core/src/lib.rs:223:1
[INFO] [stdout]     |
[INFO] [stdout] 223 | #[wasm_bindgen]
[INFO] [stdout]     | ^^^^^^^^^^^^^^^ required by this bound in `assert_copy`
[INFO] [stdout]     = note: this error originates in the attribute macro `wasm_bindgen` (in Nightly builds, run with -Z macro-backtrace for more info)
[INFO] [stdout] 
[INFO] [stdout] 
[INFO] [stdout] error: aborting due to 31 previous errors
[INFO] [stdout] 
[INFO] [stdout] 
[INFO] [stdout] Some errors have detailed explanations: E0277, E0282.
[INFO] [stdout] 
[INFO] [stdout] For more information about an error, try `rustc --explain E0277`.
[INFO] [stdout] 
[INFO] [stderr] error: could not compile `lava_core` (lib) due to 32 previous errors
[INFO] running `Command { std: "docker" "inspect" "096d69544bd1afc02f8d8daa27c487c12531374c7594286adcad74317eb4d8c0", kill_on_drop: false }`
[INFO] running `Command { std: "docker" "rm" "-f" "096d69544bd1afc02f8d8daa27c487c12531374c7594286adcad74317eb4d8c0", kill_on_drop: false }`
[INFO] [stdout] 096d69544bd1afc02f8d8daa27c487c12531374c7594286adcad74317eb4d8c0
