[INFO] cloning repository https://github.com/2lambda123/touchHLE
[INFO] running `Command { std: "git" "-c" "credential.helper=" "-c" "credential.helper=/workspace/cargo-home/bin/git-credential-null" "clone" "--bare" "https://github.com/2lambda123/touchHLE" "/workspace/cache/git-repos/https%3A%2F%2Fgithub.com%2F2lambda123%2FtouchHLE", kill_on_drop: false }`
[INFO] [stderr] Cloning into bare repository '/workspace/cache/git-repos/https%3A%2F%2Fgithub.com%2F2lambda123%2FtouchHLE'...
[INFO] running `Command { std: "git" "rev-parse" "HEAD", kill_on_drop: false }`
[INFO] [stdout] bd133d6daced3730a41e71354941f3019a1dddd2
[INFO] testing 2lambda123/touchHLE against 1.75.0 for beta-1.76-1
[INFO] running `Command { std: "git" "clone" "/workspace/cache/git-repos/https%3A%2F%2Fgithub.com%2F2lambda123%2FtouchHLE" "/workspace/builds/worker-7-tc1/source", kill_on_drop: false }`
[INFO] [stderr] Cloning into '/workspace/builds/worker-7-tc1/source'...
[INFO] [stderr] done.
[INFO] validating manifest of git repo https://github.com/2lambda123/touchHLE on toolchain 1.75.0
[INFO] running `Command { std: CARGO_HOME="/workspace/cargo-home" RUSTUP_HOME="/workspace/rustup-home" "/workspace/cargo-home/bin/cargo" "+1.75.0" "metadata" "--manifest-path" "Cargo.toml" "--no-deps", kill_on_drop: false }`
[INFO] removed /workspace/builds/worker-7-tc1/source/.cargo/config.toml
[INFO] started tweaking git repo https://github.com/2lambda123/touchHLE
[INFO] finished tweaking git repo https://github.com/2lambda123/touchHLE
[INFO] tweaked toml for git repo https://github.com/2lambda123/touchHLE written to /workspace/builds/worker-7-tc1/source/Cargo.toml
[INFO] crate git repo https://github.com/2lambda123/touchHLE already has a lockfile, it will not be regenerated
[INFO] running `Command { std: CARGO_HOME="/workspace/cargo-home" RUSTUP_HOME="/workspace/rustup-home" "/workspace/cargo-home/bin/cargo" "+1.75.0" "fetch" "--manifest-path" "Cargo.toml", kill_on_drop: false }`
[INFO] [stderr]     Updating crates.io index
[INFO] [stderr]     Updating git repository `https://github.com/hikari-no-yume/rust-sdl2.git`
[INFO] [stderr]     Updating git submodule `https://github.com/libsdl-org/SDL`
[INFO] [stderr]     Blocking waiting for file lock on package cache
[INFO] [stderr]  Downloading crates ...
[INFO] [stderr]   Downloaded camino v1.1.2
[INFO] [stderr]   Downloaded caf v0.1.0
[INFO] [stderr]   Downloaded cargo-license v0.5.1
[INFO] [stderr]   Downloaded mach_object v0.1.17
[INFO] [stderr]   Downloaded plist v1.3.1
[INFO] running `Command { std: "docker" "create" "-v" "/var/lib/crater-agent-workspace/builds/worker-7-tc1/target:/opt/rustwide/target:rw,Z" "-v" "/var/lib/crater-agent-workspace/builds/worker-7-tc1/source:/opt/rustwide/workdir:ro,Z" "-v" "/var/lib/crater-agent-workspace/cargo-home:/opt/rustwide/cargo-home:ro,Z" "-v" "/var/lib/crater-agent-workspace/rustup-home:/opt/rustwide/rustup-home:ro,Z" "-e" "SOURCE_DIR=/opt/rustwide/workdir" "-e" "CARGO_TARGET_DIR=/opt/rustwide/target" "-e" "CARGO_HOME=/opt/rustwide/cargo-home" "-e" "RUSTUP_HOME=/opt/rustwide/rustup-home" "-w" "/opt/rustwide/workdir" "-m" "1610612736" "--user" "0:0" "--network" "none" "ghcr.io/rust-lang/crates-build-env/linux@sha256:2788e3201cd34a07e3172128adcd8b3090168a8e3bcc40d7c032b9dda1df7d1c" "/opt/rustwide/cargo-home/bin/cargo" "+1.75.0" "metadata" "--no-deps" "--format-version=1", kill_on_drop: false }`
[INFO] [stdout] efa8bcbacda8d7d609e8d428d44615d0e03cd623ce488febdc17bbe1301eeeab
[INFO] running `Command { std: "docker" "start" "-a" "efa8bcbacda8d7d609e8d428d44615d0e03cd623ce488febdc17bbe1301eeeab", kill_on_drop: false }`
[INFO] running `Command { std: "docker" "inspect" "efa8bcbacda8d7d609e8d428d44615d0e03cd623ce488febdc17bbe1301eeeab", kill_on_drop: false }`
[INFO] running `Command { std: "docker" "rm" "-f" "efa8bcbacda8d7d609e8d428d44615d0e03cd623ce488febdc17bbe1301eeeab", kill_on_drop: false }`
[INFO] [stdout] efa8bcbacda8d7d609e8d428d44615d0e03cd623ce488febdc17bbe1301eeeab
[INFO] running `Command { std: "docker" "create" "-v" "/var/lib/crater-agent-workspace/builds/worker-7-tc1/target:/opt/rustwide/target:rw,Z" "-v" "/var/lib/crater-agent-workspace/builds/worker-7-tc1/source:/opt/rustwide/workdir:ro,Z" "-v" "/var/lib/crater-agent-workspace/cargo-home:/opt/rustwide/cargo-home:ro,Z" "-v" "/var/lib/crater-agent-workspace/rustup-home:/opt/rustwide/rustup-home:ro,Z" "-e" "SOURCE_DIR=/opt/rustwide/workdir" "-e" "CARGO_TARGET_DIR=/opt/rustwide/target" "-e" "CARGO_INCREMENTAL=0" "-e" "RUST_BACKTRACE=full" "-e" "RUSTFLAGS=--cap-lints=warn" "-e" "RUSTDOCFLAGS=--cap-lints=warn" "-e" "CARGO_HOME=/opt/rustwide/cargo-home" "-e" "RUSTUP_HOME=/opt/rustwide/rustup-home" "-w" "/opt/rustwide/workdir" "-m" "1610612736" "--user" "0:0" "--network" "none" "ghcr.io/rust-lang/crates-build-env/linux@sha256:2788e3201cd34a07e3172128adcd8b3090168a8e3bcc40d7c032b9dda1df7d1c" "/opt/rustwide/cargo-home/bin/cargo" "+1.75.0" "build" "--frozen" "--message-format=json", kill_on_drop: false }`
[INFO] [stdout] 95533d5d59f6b3b3951cafd2d1bc368b3a015f83a92a9e78d714ced885180ac4
[INFO] running `Command { std: "docker" "start" "-a" "95533d5d59f6b3b3951cafd2d1bc368b3a015f83a92a9e78d714ced885180ac4", kill_on_drop: false }`
[INFO] [stderr]    Compiling libc v0.2.137
[INFO] [stderr]    Compiling proc-macro2 v1.0.47
[INFO] [stderr]    Compiling unicode-ident v1.0.5
[INFO] [stderr]    Compiling quote v1.0.21
[INFO] [stderr]    Compiling syn v1.0.105
[INFO] [stderr]    Compiling serde_derive v1.0.148
[INFO] [stderr]    Compiling serde v1.0.148
[INFO] [stderr]    Compiling memchr v2.5.0
[INFO] [stderr]    Compiling itoa v1.0.4
[INFO] [stderr]    Compiling khronos_api v3.1.0
[INFO] [stderr]    Compiling thiserror v1.0.37
[INFO] [stderr]    Compiling xml-rs v0.8.4
[INFO] [stderr]    Compiling indexmap v1.9.2
[INFO] [stderr]    Compiling version-compare v0.1.1
[INFO] [stderr]    Compiling semver v1.0.16
[INFO] [stderr]    Compiling camino v1.1.2
[INFO] [stderr]    Compiling ryu v1.0.12
[INFO] [stderr]    Compiling serde_json v1.0.91
[INFO] [stderr]    Compiling regex-automata v0.1.10
[INFO] [stderr]    Compiling os_str_bytes v6.4.1
[INFO] [stderr]    Compiling anyhow v1.0.68
[INFO] [stderr]    Compiling once_cell v1.17.0
[INFO] [stderr]    Compiling time-core v0.1.0
[INFO] [stderr]    Compiling itoa v0.4.8
[INFO] [stderr]    Compiling termcolor v1.2.0
[INFO] [stderr]    Compiling unicode-width v0.1.10
[INFO] [stderr]    Compiling strsim v0.10.0
[INFO] [stderr]    Compiling textwrap v0.16.0
[INFO] [stderr]    Compiling time-macros v0.2.6
[INFO] [stderr]    Compiling clap_lex v0.2.4
[INFO] [stderr]    Compiling getopts v0.2.21
[INFO] [stderr]    Compiling ansi_term v0.12.1
[INFO] [stderr]    Compiling gl_generator v0.14.0
[INFO] [stderr]    Compiling csv-core v0.1.10
[INFO] [stderr]    Compiling byteorder v1.4.3
[INFO] [stderr]    Compiling miniz_oxide v0.6.2
[INFO] [stderr]    Compiling ttf-parser v0.15.2
[INFO] [stderr]    Compiling sdl2 v0.35.2 (https://github.com/hikari-no-yume/rust-sdl2.git?tag=touchHLE-2#15c58be7)
[INFO] [stderr]    Compiling safemem v0.3.3
[INFO] [stderr]    Compiling ab_glyph_rasterizer v0.1.8
[INFO] [stderr]    Compiling base64 v0.13.1
[INFO] [stderr]    Compiling line-wrap v0.1.1
[INFO] [stderr]    Compiling uuid v1.2.2
[INFO] [stderr]    Compiling caf v0.1.0
[INFO] [stderr]    Compiling hound v3.5.0
[INFO] [stderr]    Compiling flate2 v1.0.25
[INFO] [stderr]    Compiling cc v1.0.83
[INFO] [stderr]    Compiling atty v0.2.14
[INFO] [stderr]    Compiling proc-macro-error-attr v1.0.4
[INFO] [stderr]    Compiling touchHLE_gl_bindings v0.1.2 (/opt/rustwide/workdir/src/gles/gl_bindings)
[INFO] [stderr]    Compiling cmake v0.1.49
[INFO] [stderr]    Compiling zip v0.6.4
[INFO] [stderr]    Compiling time v0.3.17
[INFO] [stderr]    Compiling sdl2-sys v0.35.2 (https://github.com/hikari-no-yume/rust-sdl2.git?tag=touchHLE-2#15c58be7)
[INFO] [stderr]    Compiling touchHLE_pvrt_decompress_wrapper v0.1.2 (/opt/rustwide/workdir/src/image/pvrt_decompress_wrapper)
[INFO] [stderr]    Compiling touchHLE_stb_image_wrapper v0.1.2 (/opt/rustwide/workdir/src/image/stb_image_wrapper)
[INFO] [stderr]    Compiling touchHLE_dynarmic_wrapper v0.1.2 (/opt/rustwide/workdir/src/cpu/dynarmic_wrapper)
[INFO] [stderr]    Compiling touchHLE_openal_soft_wrapper v0.1.2 (/opt/rustwide/workdir/src/audio/openal_soft_wrapper)
[INFO] [stderr]    Compiling touchHLE_dr_mp3_wrapper v0.1.2 (/opt/rustwide/workdir/src/audio/dr_mp3_wrapper)
[INFO] [stderr] The following warnings were emitted during compilation:
[INFO] [stderr] 
[INFO] [stderr] warning: touchHLE_dr_mp3_wrapper@0.1.2: /opt/rustwide/workdir/src/audio/dr_mp3_wrapper/lib.c:8:10: fatal error: ../../../vendor/dr_libs/dr_mp3.h: No such file or directory
[INFO] [stderr] warning: touchHLE_dr_mp3_wrapper@0.1.2:     8 | #include "../../../vendor/dr_libs/dr_mp3.h"
[INFO] [stderr] warning: touchHLE_dr_mp3_wrapper@0.1.2:       |          ^~~~~~~~~~~~~~~~~~~~~~~~~~~~~~~~~~
[INFO] [stderr] warning: touchHLE_dr_mp3_wrapper@0.1.2: compilation terminated.
[INFO] [stderr] 
[INFO] [stderr] error: failed to run custom build command for `touchHLE_dr_mp3_wrapper v0.1.2 (/opt/rustwide/workdir/src/audio/dr_mp3_wrapper)`
[INFO] [stderr] note: To improve backtraces for build dependencies, set the CARGO_PROFILE_DEV_BUILD_OVERRIDE_DEBUG=true environment variable to enable debug information generation.
[INFO] [stderr] 
[INFO] [stderr] Caused by:
[INFO] [stderr]   process didn't exit successfully: `/opt/rustwide/target/debug/build/touchHLE_dr_mp3_wrapper-08856b561a7ca92b/build-script-build` (exit status: 1)
[INFO] [stderr]   --- stdout
[INFO] [stderr]   TARGET = Some("x86_64-unknown-linux-gnu")
[INFO] [stderr]   OPT_LEVEL = Some("0")
[INFO] [stderr]   HOST = Some("x86_64-unknown-linux-gnu")
[INFO] [stderr]   cargo:rerun-if-env-changed=CC_x86_64-unknown-linux-gnu
[INFO] [stderr]   CC_x86_64-unknown-linux-gnu = None
[INFO] [stderr]   cargo:rerun-if-env-changed=CC_x86_64_unknown_linux_gnu
[INFO] [stderr]   CC_x86_64_unknown_linux_gnu = None
[INFO] [stderr]   cargo:rerun-if-env-changed=HOST_CC
[INFO] [stderr]   HOST_CC = None
[INFO] [stderr]   cargo:rerun-if-env-changed=CC
[INFO] [stderr]   CC = None
[INFO] [stderr]   cargo:rerun-if-env-changed=CRATE_CC_NO_DEFAULTS
[INFO] [stderr]   CRATE_CC_NO_DEFAULTS = None
[INFO] [stderr]   DEBUG = Some("true")
[INFO] [stderr]   CARGO_CFG_TARGET_FEATURE = Some("fxsr,sse,sse2")
[INFO] [stderr]   cargo:rerun-if-env-changed=CFLAGS_x86_64-unknown-linux-gnu
[INFO] [stderr]   CFLAGS_x86_64-unknown-linux-gnu = None
[INFO] [stderr]   cargo:rerun-if-env-changed=CFLAGS_x86_64_unknown_linux_gnu
[INFO] [stderr]   CFLAGS_x86_64_unknown_linux_gnu = None
[INFO] [stderr]   cargo:rerun-if-env-changed=HOST_CFLAGS
[INFO] [stderr]   HOST_CFLAGS = None
[INFO] [stderr]   cargo:rerun-if-env-changed=CFLAGS
[INFO] [stderr]   CFLAGS = None
[INFO] [stderr]   running: "cc" "-O0" "-ffunction-sections" "-fdata-sections" "-fPIC" "-gdwarf-4" "-fno-omit-frame-pointer" "-m64" "-Wall" "-Wextra" "-o" "/opt/rustwide/target/debug/build/touchHLE_dr_mp3_wrapper-b17e52a74f8f58e9/out/d87d92aadf539722-lib.o" "-c" "/opt/rustwide/workdir/src/audio/dr_mp3_wrapper/lib.c"
[INFO] [stderr]   cargo:warning=/opt/rustwide/workdir/src/audio/dr_mp3_wrapper/lib.c:8:10: fatal error: ../../../vendor/dr_libs/dr_mp3.h: No such file or directory
[INFO] [stderr] 
[INFO] [stderr]   cargo:warning=    8 | #include "../../../vendor/dr_libs/dr_mp3.h"
[INFO] [stderr] 
[INFO] [stderr]   cargo:warning=      |          ^~~~~~~~~~~~~~~~~~~~~~~~~~~~~~~~~~
[INFO] [stderr] 
[INFO] [stderr]   cargo:warning=compilation terminated.
[INFO] [stderr] 
[INFO] [stderr]   exit status: 1
[INFO] [stderr] 
[INFO] [stderr]   --- stderr
[INFO] [stderr] 
[INFO] [stderr] 
[INFO] [stderr]   error occurred: Command "cc" "-O0" "-ffunction-sections" "-fdata-sections" "-fPIC" "-gdwarf-4" "-fno-omit-frame-pointer" "-m64" "-Wall" "-Wextra" "-o" "/opt/rustwide/target/debug/build/touchHLE_dr_mp3_wrapper-b17e52a74f8f58e9/out/d87d92aadf539722-lib.o" "-c" "/opt/rustwide/workdir/src/audio/dr_mp3_wrapper/lib.c" with args "cc" did not execute successfully (status code exit status: 1).
[INFO] [stderr] 
[INFO] [stderr] 
[INFO] [stderr] warning: build failed, waiting for other jobs to finish...
[INFO] [stderr] The following warnings were emitted during compilation:
[INFO] [stderr] 
[INFO] [stderr] warning: touchHLE_stb_image_wrapper@0.1.2: /opt/rustwide/workdir/src/image/stb_image_wrapper/lib.c:9:10: fatal error: ../../../vendor/stb/stb_image.h: No such file or directory
[INFO] [stderr] warning: touchHLE_stb_image_wrapper@0.1.2:     9 | #include "../../../vendor/stb/stb_image.h"
[INFO] [stderr] warning: touchHLE_stb_image_wrapper@0.1.2:       |          ^~~~~~~~~~~~~~~~~~~~~~~~~~~~~~~~~
[INFO] [stderr] warning: touchHLE_stb_image_wrapper@0.1.2: compilation terminated.
[INFO] [stderr] 
[INFO] [stderr] error: failed to run custom build command for `touchHLE_stb_image_wrapper v0.1.2 (/opt/rustwide/workdir/src/image/stb_image_wrapper)`
[INFO] [stderr] note: To improve backtraces for build dependencies, set the CARGO_PROFILE_DEV_BUILD_OVERRIDE_DEBUG=true environment variable to enable debug information generation.
[INFO] [stderr] 
[INFO] [stderr] Caused by:
[INFO] [stderr]   process didn't exit successfully: `/opt/rustwide/target/debug/build/touchHLE_stb_image_wrapper-1e71566da7bdd811/build-script-build` (exit status: 1)
[INFO] [stderr]   --- stdout
[INFO] [stderr]   TARGET = Some("x86_64-unknown-linux-gnu")
[INFO] [stderr]   OPT_LEVEL = Some("0")
[INFO] [stderr]   HOST = Some("x86_64-unknown-linux-gnu")
[INFO] [stderr]   cargo:rerun-if-env-changed=CC_x86_64-unknown-linux-gnu
[INFO] [stderr]   CC_x86_64-unknown-linux-gnu = None
[INFO] [stderr]   cargo:rerun-if-env-changed=CC_x86_64_unknown_linux_gnu
[INFO] [stderr]   CC_x86_64_unknown_linux_gnu = None
[INFO] [stderr]   cargo:rerun-if-env-changed=HOST_CC
[INFO] [stderr]   HOST_CC = None
[INFO] [stderr]   cargo:rerun-if-env-changed=CC
[INFO] [stderr]   CC = None
[INFO] [stderr]   cargo:rerun-if-env-changed=CRATE_CC_NO_DEFAULTS
[INFO] [stderr]   CRATE_CC_NO_DEFAULTS = None
[INFO] [stderr]   DEBUG = Some("true")
[INFO] [stderr]   CARGO_CFG_TARGET_FEATURE = Some("fxsr,sse,sse2")
[INFO] [stderr]   cargo:rerun-if-env-changed=CFLAGS_x86_64-unknown-linux-gnu
[INFO] [stderr]   CFLAGS_x86_64-unknown-linux-gnu = None
[INFO] [stderr]   cargo:rerun-if-env-changed=CFLAGS_x86_64_unknown_linux_gnu
[INFO] [stderr]   CFLAGS_x86_64_unknown_linux_gnu = None
[INFO] [stderr]   cargo:rerun-if-env-changed=HOST_CFLAGS
[INFO] [stderr]   HOST_CFLAGS = None
[INFO] [stderr]   cargo:rerun-if-env-changed=CFLAGS
[INFO] [stderr]   CFLAGS = None
[INFO] [stderr]   running: "cc" "-O0" "-ffunction-sections" "-fdata-sections" "-fPIC" "-gdwarf-4" "-fno-omit-frame-pointer" "-m64" "-Wall" "-Wextra" "-o" "/opt/rustwide/target/debug/build/touchHLE_stb_image_wrapper-1a8b23ad9235c67d/out/0692a10a0a35887a-lib.o" "-c" "/opt/rustwide/workdir/src/image/stb_image_wrapper/lib.c"
[INFO] [stderr]   cargo:warning=/opt/rustwide/workdir/src/image/stb_image_wrapper/lib.c:9:10: fatal error: ../../../vendor/stb/stb_image.h: No such file or directory
[INFO] [stderr] 
[INFO] [stderr]   cargo:warning=    9 | #include "../../../vendor/stb/stb_image.h"
[INFO] [stderr] 
[INFO] [stderr]   cargo:warning=      |          ^~~~~~~~~~~~~~~~~~~~~~~~~~~~~~~~~
[INFO] [stderr] 
[INFO] [stderr]   cargo:warning=compilation terminated.
[INFO] [stderr] 
[INFO] [stderr]   exit status: 1
[INFO] [stderr] 
[INFO] [stderr]   --- stderr
[INFO] [stderr] 
[INFO] [stderr] 
[INFO] [stderr]   error occurred: Command "cc" "-O0" "-ffunction-sections" "-fdata-sections" "-fPIC" "-gdwarf-4" "-fno-omit-frame-pointer" "-m64" "-Wall" "-Wextra" "-o" "/opt/rustwide/target/debug/build/touchHLE_stb_image_wrapper-1a8b23ad9235c67d/out/0692a10a0a35887a-lib.o" "-c" "/opt/rustwide/workdir/src/image/stb_image_wrapper/lib.c" with args "cc" did not execute successfully (status code exit status: 1).
[INFO] [stderr] 
[INFO] [stderr] 
[INFO] running `Command { std: "docker" "inspect" "95533d5d59f6b3b3951cafd2d1bc368b3a015f83a92a9e78d714ced885180ac4", kill_on_drop: false }`
[INFO] running `Command { std: "docker" "rm" "-f" "95533d5d59f6b3b3951cafd2d1bc368b3a015f83a92a9e78d714ced885180ac4", kill_on_drop: false }`
[INFO] [stdout] 95533d5d59f6b3b3951cafd2d1bc368b3a015f83a92a9e78d714ced885180ac4
[INFO] testing 2lambda123/touchHLE against beta-2023-12-22 for beta-1.76-1
[INFO] running `Command { std: "git" "clone" "/workspace/cache/git-repos/https%3A%2F%2Fgithub.com%2F2lambda123%2FtouchHLE" "/workspace/builds/worker-7-tc2/source", kill_on_drop: false }`
[INFO] [stderr] Cloning into '/workspace/builds/worker-7-tc2/source'...
[INFO] [stderr] done.
[INFO] validating manifest of git repo https://github.com/2lambda123/touchHLE on toolchain beta-2023-12-22
[INFO] running `Command { std: CARGO_HOME="/workspace/cargo-home" RUSTUP_HOME="/workspace/rustup-home" "/workspace/cargo-home/bin/cargo" "+beta-2023-12-22" "metadata" "--manifest-path" "Cargo.toml" "--no-deps", kill_on_drop: false }`
[INFO] removed /workspace/builds/worker-7-tc2/source/.cargo/config.toml
[INFO] started tweaking git repo https://github.com/2lambda123/touchHLE
[INFO] finished tweaking git repo https://github.com/2lambda123/touchHLE
[INFO] tweaked toml for git repo https://github.com/2lambda123/touchHLE written to /workspace/builds/worker-7-tc2/source/Cargo.toml
[INFO] crate git repo https://github.com/2lambda123/touchHLE already has a lockfile, it will not be regenerated
[INFO] running `Command { std: CARGO_HOME="/workspace/cargo-home" RUSTUP_HOME="/workspace/rustup-home" "/workspace/cargo-home/bin/cargo" "+beta-2023-12-22" "fetch" "--manifest-path" "Cargo.toml", kill_on_drop: false }`
[INFO] running `Command { std: "docker" "create" "-v" "/var/lib/crater-agent-workspace/builds/worker-7-tc2/target:/opt/rustwide/target:rw,Z" "-v" "/var/lib/crater-agent-workspace/builds/worker-7-tc2/source:/opt/rustwide/workdir:ro,Z" "-v" "/var/lib/crater-agent-workspace/cargo-home:/opt/rustwide/cargo-home:ro,Z" "-v" "/var/lib/crater-agent-workspace/rustup-home:/opt/rustwide/rustup-home:ro,Z" "-e" "SOURCE_DIR=/opt/rustwide/workdir" "-e" "CARGO_TARGET_DIR=/opt/rustwide/target" "-e" "CARGO_HOME=/opt/rustwide/cargo-home" "-e" "RUSTUP_HOME=/opt/rustwide/rustup-home" "-w" "/opt/rustwide/workdir" "-m" "1610612736" "--user" "0:0" "--network" "none" "ghcr.io/rust-lang/crates-build-env/linux@sha256:2788e3201cd34a07e3172128adcd8b3090168a8e3bcc40d7c032b9dda1df7d1c" "/opt/rustwide/cargo-home/bin/cargo" "+beta-2023-12-22" "metadata" "--no-deps" "--format-version=1", kill_on_drop: false }`
[INFO] [stdout] 154cfceddc94dfd2d4ac97ce0c8465851e5ab2aef3687a65b18167f20dd00e45
[INFO] running `Command { std: "docker" "start" "-a" "154cfceddc94dfd2d4ac97ce0c8465851e5ab2aef3687a65b18167f20dd00e45", kill_on_drop: false }`
[INFO] running `Command { std: "docker" "inspect" "154cfceddc94dfd2d4ac97ce0c8465851e5ab2aef3687a65b18167f20dd00e45", kill_on_drop: false }`
[INFO] running `Command { std: "docker" "rm" "-f" "154cfceddc94dfd2d4ac97ce0c8465851e5ab2aef3687a65b18167f20dd00e45", kill_on_drop: false }`
[INFO] [stdout] 154cfceddc94dfd2d4ac97ce0c8465851e5ab2aef3687a65b18167f20dd00e45
[INFO] running `Command { std: "docker" "create" "-v" "/var/lib/crater-agent-workspace/builds/worker-7-tc2/target:/opt/rustwide/target:rw,Z" "-v" "/var/lib/crater-agent-workspace/builds/worker-7-tc2/source:/opt/rustwide/workdir:ro,Z" "-v" "/var/lib/crater-agent-workspace/cargo-home:/opt/rustwide/cargo-home:ro,Z" "-v" "/var/lib/crater-agent-workspace/rustup-home:/opt/rustwide/rustup-home:ro,Z" "-e" "SOURCE_DIR=/opt/rustwide/workdir" "-e" "CARGO_TARGET_DIR=/opt/rustwide/target" "-e" "CARGO_INCREMENTAL=0" "-e" "RUST_BACKTRACE=full" "-e" "RUSTFLAGS=--cap-lints=warn" "-e" "RUSTDOCFLAGS=--cap-lints=warn" "-e" "CARGO_HOME=/opt/rustwide/cargo-home" "-e" "RUSTUP_HOME=/opt/rustwide/rustup-home" "-w" "/opt/rustwide/workdir" "-m" "1610612736" "--user" "0:0" "--network" "none" "ghcr.io/rust-lang/crates-build-env/linux@sha256:2788e3201cd34a07e3172128adcd8b3090168a8e3bcc40d7c032b9dda1df7d1c" "/opt/rustwide/cargo-home/bin/cargo" "+beta-2023-12-22" "build" "--frozen" "--message-format=json", kill_on_drop: false }`
[INFO] [stdout] 6ea1fb468d18b37bc2b0eb4db32c5923b6b50a8972fa4b2f4d015b6d2fe7703c
[INFO] running `Command { std: "docker" "start" "-a" "6ea1fb468d18b37bc2b0eb4db32c5923b6b50a8972fa4b2f4d015b6d2fe7703c", kill_on_drop: false }`
[INFO] [stderr]    Compiling libc v0.2.137
[INFO] [stderr]    Compiling proc-macro2 v1.0.47
[INFO] [stderr]    Compiling quote v1.0.21
[INFO] [stderr]    Compiling unicode-ident v1.0.5
[INFO] [stderr]    Compiling syn v1.0.105
[INFO] [stderr]    Compiling serde_derive v1.0.148
[INFO] [stderr]    Compiling serde v1.0.148
[INFO] [stderr]    Compiling memchr v2.5.0
[INFO] [stderr]    Compiling khronos_api v3.1.0
[INFO] [stderr]    Compiling itoa v1.0.4
[INFO] [stderr]    Compiling thiserror v1.0.37
[INFO] [stderr]    Compiling xml-rs v0.8.4
[INFO] [stderr]    Compiling indexmap v1.9.2
[INFO] [stderr]    Compiling ryu v1.0.12
[INFO] [stderr]    Compiling version-compare v0.1.1
[INFO] [stderr]    Compiling serde_json v1.0.91
[INFO] [stderr]    Compiling camino v1.1.2
[INFO] [stderr]    Compiling semver v1.0.16
[INFO] [stderr]    Compiling os_str_bytes v6.4.1
[INFO] [stderr]    Compiling regex-automata v0.1.10
[INFO] [stderr]    Compiling anyhow v1.0.68
[INFO] [stderr]    Compiling textwrap v0.16.0
[INFO] [stderr]    Compiling termcolor v1.2.0
[INFO] [stderr]    Compiling clap_lex v0.2.4
[INFO] [stderr]    Compiling itoa v0.4.8
[INFO] [stderr]    Compiling strsim v0.10.0
[INFO] [stderr]    Compiling unicode-width v0.1.10
[INFO] [stderr]    Compiling time-core v0.1.0
[INFO] [stderr]    Compiling once_cell v1.17.0
[INFO] [stderr]    Compiling gl_generator v0.14.0
[INFO] [stderr]    Compiling time-macros v0.2.6
[INFO] [stderr]    Compiling getopts v0.2.21
[INFO] [stderr]    Compiling ansi_term v0.12.1
[INFO] [stderr]    Compiling byteorder v1.4.3
[INFO] [stderr]    Compiling miniz_oxide v0.6.2
[INFO] [stderr]    Compiling csv-core v0.1.10
[INFO] [stderr]    Compiling ttf-parser v0.15.2
[INFO] [stderr]    Compiling sdl2 v0.35.2 (https://github.com/hikari-no-yume/rust-sdl2.git?tag=touchHLE-2#15c58be7)
[INFO] [stderr]    Compiling cc v1.0.83
[INFO] [stderr]    Compiling atty v0.2.14
[INFO] [stderr]    Compiling safemem v0.3.3
[INFO] [stderr]    Compiling line-wrap v0.1.1
[INFO] [stderr]    Compiling base64 v0.13.1
[INFO] [stderr]    Compiling ab_glyph_rasterizer v0.1.8
[INFO] [stderr]    Compiling uuid v1.2.2
[INFO] [stderr]    Compiling caf v0.1.0
[INFO] [stderr]    Compiling hound v3.5.0
[INFO] [stderr]    Compiling proc-macro-error-attr v1.0.4
[INFO] [stderr]    Compiling flate2 v1.0.25
[INFO] [stderr]    Compiling cmake v0.1.49
[INFO] [stderr]    Compiling time v0.3.17
[INFO] [stderr]    Compiling touchHLE_gl_bindings v0.1.2 (/opt/rustwide/workdir/src/gles/gl_bindings)
[INFO] [stderr]    Compiling zip v0.6.4
[INFO] [stderr]    Compiling sdl2-sys v0.35.2 (https://github.com/hikari-no-yume/rust-sdl2.git?tag=touchHLE-2#15c58be7)
[INFO] [stderr]    Compiling touchHLE_dynarmic_wrapper v0.1.2 (/opt/rustwide/workdir/src/cpu/dynarmic_wrapper)
[INFO] [stderr]    Compiling touchHLE_dr_mp3_wrapper v0.1.2 (/opt/rustwide/workdir/src/audio/dr_mp3_wrapper)
[INFO] [stderr]    Compiling touchHLE_openal_soft_wrapper v0.1.2 (/opt/rustwide/workdir/src/audio/openal_soft_wrapper)
[INFO] [stderr]    Compiling touchHLE_pvrt_decompress_wrapper v0.1.2 (/opt/rustwide/workdir/src/image/pvrt_decompress_wrapper)
[INFO] [stderr]    Compiling touchHLE_stb_image_wrapper v0.1.2 (/opt/rustwide/workdir/src/image/stb_image_wrapper)
[INFO] [stderr] The following warnings were emitted during compilation:
[INFO] [stderr] 
[INFO] [stderr] warning: touchHLE_stb_image_wrapper@0.1.2: /opt/rustwide/workdir/src/image/stb_image_wrapper/lib.c:9:10: fatal error: ../../../vendor/stb/stb_image.h: No such file or directory
[INFO] [stderr] warning: touchHLE_stb_image_wrapper@0.1.2:     9 | #include "../../../vendor/stb/stb_image.h"
[INFO] [stderr] warning: touchHLE_stb_image_wrapper@0.1.2:       |          ^~~~~~~~~~~~~~~~~~~~~~~~~~~~~~~~~
[INFO] [stderr] warning: touchHLE_stb_image_wrapper@0.1.2: compilation terminated.
[INFO] [stderr] 
[INFO] [stderr] error: failed to run custom build command for `touchHLE_stb_image_wrapper v0.1.2 (/opt/rustwide/workdir/src/image/stb_image_wrapper)`
[INFO] [stderr] note: To improve backtraces for build dependencies, set the CARGO_PROFILE_DEV_BUILD_OVERRIDE_DEBUG=true environment variable to enable debug information generation.
[INFO] [stderr] 
[INFO] [stderr] Caused by:
[INFO] [stderr]   process didn't exit successfully: `/opt/rustwide/target/debug/build/touchHLE_stb_image_wrapper-8d90eba6621c107c/build-script-build` (exit status: 1)
[INFO] [stderr]   --- stdout
[INFO] [stderr]   TARGET = Some("x86_64-unknown-linux-gnu")
[INFO] [stderr]   OPT_LEVEL = Some("0")
[INFO] [stderr]   HOST = Some("x86_64-unknown-linux-gnu")
[INFO] [stderr]   cargo:rerun-if-env-changed=CC_x86_64-unknown-linux-gnu
[INFO] [stderr]   CC_x86_64-unknown-linux-gnu = None
[INFO] [stderr]   cargo:rerun-if-env-changed=CC_x86_64_unknown_linux_gnu
[INFO] [stderr]   CC_x86_64_unknown_linux_gnu = None
[INFO] [stderr]   cargo:rerun-if-env-changed=HOST_CC
[INFO] [stderr]   HOST_CC = None
[INFO] [stderr]   cargo:rerun-if-env-changed=CC
[INFO] [stderr]   CC = None
[INFO] [stderr]   cargo:rerun-if-env-changed=CRATE_CC_NO_DEFAULTS
[INFO] [stderr]   CRATE_CC_NO_DEFAULTS = None
[INFO] [stderr]   DEBUG = Some("true")
[INFO] [stderr]   CARGO_CFG_TARGET_FEATURE = Some("fxsr,sse,sse2")
[INFO] [stderr]   cargo:rerun-if-env-changed=CFLAGS_x86_64-unknown-linux-gnu
[INFO] [stderr]   CFLAGS_x86_64-unknown-linux-gnu = None
[INFO] [stderr]   cargo:rerun-if-env-changed=CFLAGS_x86_64_unknown_linux_gnu
[INFO] [stderr]   CFLAGS_x86_64_unknown_linux_gnu = None
[INFO] [stderr]   cargo:rerun-if-env-changed=HOST_CFLAGS
[INFO] [stderr]   HOST_CFLAGS = None
[INFO] [stderr]   cargo:rerun-if-env-changed=CFLAGS
[INFO] [stderr]   CFLAGS = None
[INFO] [stderr]   running: "cc" "-O0" "-ffunction-sections" "-fdata-sections" "-fPIC" "-gdwarf-4" "-fno-omit-frame-pointer" "-m64" "-Wall" "-Wextra" "-o" "/opt/rustwide/target/debug/build/touchHLE_stb_image_wrapper-1d29a6f9c6e3ee9f/out/0692a10a0a35887a-lib.o" "-c" "/opt/rustwide/workdir/src/image/stb_image_wrapper/lib.c"
[INFO] [stderr]   cargo:warning=/opt/rustwide/workdir/src/image/stb_image_wrapper/lib.c:9:10: fatal error: ../../../vendor/stb/stb_image.h: No such file or directory
[INFO] [stderr] 
[INFO] [stderr]   cargo:warning=    9 | #include "../../../vendor/stb/stb_image.h"
[INFO] [stderr] 
[INFO] [stderr]   cargo:warning=      |          ^~~~~~~~~~~~~~~~~~~~~~~~~~~~~~~~~
[INFO] [stderr] 
[INFO] [stderr]   cargo:warning=compilation terminated.
[INFO] [stderr] 
[INFO] [stderr]   exit status: 1
[INFO] [stderr] 
[INFO] [stderr]   --- stderr
[INFO] [stderr] 
[INFO] [stderr] 
[INFO] [stderr]   error occurred: Command "cc" "-O0" "-ffunction-sections" "-fdata-sections" "-fPIC" "-gdwarf-4" "-fno-omit-frame-pointer" "-m64" "-Wall" "-Wextra" "-o" "/opt/rustwide/target/debug/build/touchHLE_stb_image_wrapper-1d29a6f9c6e3ee9f/out/0692a10a0a35887a-lib.o" "-c" "/opt/rustwide/workdir/src/image/stb_image_wrapper/lib.c" with args "cc" did not execute successfully (status code exit status: 1).
[INFO] [stderr] 
[INFO] [stderr] 
[INFO] [stderr] warning: build failed, waiting for other jobs to finish...
[INFO] running `Command { std: "docker" "inspect" "6ea1fb468d18b37bc2b0eb4db32c5923b6b50a8972fa4b2f4d015b6d2fe7703c", kill_on_drop: false }`
[INFO] running `Command { std: "docker" "rm" "-f" "6ea1fb468d18b37bc2b0eb4db32c5923b6b50a8972fa4b2f4d015b6d2fe7703c", kill_on_drop: false }`
[INFO] [stdout] 6ea1fb468d18b37bc2b0eb4db32c5923b6b50a8972fa4b2f4d015b6d2fe7703c
