[INFO] cloning repository https://github.com/22388o/BitguardWebsite
[INFO] running `Command { std: "git" "-c" "credential.helper=" "-c" "credential.helper=/workspace/cargo-home/bin/git-credential-null" "clone" "--bare" "https://github.com/22388o/BitguardWebsite" "/workspace/cache/git-repos/https%3A%2F%2Fgithub.com%2F22388o%2FBitguardWebsite", kill_on_drop: false }`
[INFO] [stderr] Cloning into bare repository '/workspace/cache/git-repos/https%3A%2F%2Fgithub.com%2F22388o%2FBitguardWebsite'...
[INFO] running `Command { std: "git" "rev-parse" "HEAD", kill_on_drop: false }`
[INFO] [stdout] 9eeae682d9355f4b1d6156598cc4478cec184b96
[INFO] testing 22388o/BitguardWebsite against 1.75.0 for beta-1.76-1
[INFO] running `Command { std: "git" "clone" "/workspace/cache/git-repos/https%3A%2F%2Fgithub.com%2F22388o%2FBitguardWebsite" "/workspace/builds/worker-5-tc1/source", kill_on_drop: false }`
[INFO] [stderr] Cloning into '/workspace/builds/worker-5-tc1/source'...
[INFO] [stderr] done.
[INFO] validating manifest of git repo https://github.com/22388o/BitguardWebsite on toolchain 1.75.0
[INFO] running `Command { std: CARGO_HOME="/workspace/cargo-home" RUSTUP_HOME="/workspace/rustup-home" "/workspace/cargo-home/bin/cargo" "+1.75.0" "metadata" "--manifest-path" "Cargo.toml" "--no-deps", kill_on_drop: false }`
[INFO] started tweaking git repo https://github.com/22388o/BitguardWebsite
[INFO] finished tweaking git repo https://github.com/22388o/BitguardWebsite
[INFO] tweaked toml for git repo https://github.com/22388o/BitguardWebsite written to /workspace/builds/worker-5-tc1/source/Cargo.toml
[INFO] crate git repo https://github.com/22388o/BitguardWebsite already has a lockfile, it will not be regenerated
[INFO] running `Command { std: CARGO_HOME="/workspace/cargo-home" RUSTUP_HOME="/workspace/rustup-home" "/workspace/cargo-home/bin/cargo" "+1.75.0" "fetch" "--manifest-path" "Cargo.toml", kill_on_drop: false }`
[INFO] [stderr]     Updating crates.io index
[INFO] [stderr]     Updating git repository `https://github.com/rust-lang/team`
[INFO] [stderr]  Downloading crates ...
[INFO] [stderr]   Downloaded sass-rs v0.2.2
[INFO] [stderr]   Downloaded pest_derive v2.5.6
[INFO] [stderr]   Downloaded pest_meta v2.5.6
[INFO] [stderr]   Downloaded rental v0.5.6
[INFO] [stderr]   Downloaded unic-langid v0.9.1
[INFO] [stderr]   Downloaded generator v0.7.3
[INFO] [stderr]   Downloaded pest_generator v2.5.6
[INFO] [stderr]   Downloaded tinystr v0.7.0
[INFO] [stderr]   Downloaded unic-langid-impl v0.9.1
[INFO] [stderr]   Downloaded fluent-syntax v0.9.3
[INFO] [stderr]   Downloaded unic-langid-macros-impl v0.8.0
[INFO] [stderr]   Downloaded fluent-langneg v0.12.1
[INFO] [stderr]   Downloaded sass-sys v0.4.22
[INFO] [stderr]   Downloaded rental-impl v0.5.5
[INFO] [stderr]   Downloaded intl_pluralrules v6.0.0
[INFO] [stderr]   Downloaded unic-langid-macros v0.8.0
[INFO] [stderr]   Downloaded unic-langid v0.6.1
[INFO] [stderr]   Downloaded intl-memoizer v0.4.0
[INFO] [stderr]   Downloaded rocket_dyn_templates v0.1.0-rc.3
[INFO] [stderr]   Downloaded handlebars-fluent v0.3.1
[INFO] [stderr]   Downloaded fluent-locale v0.10.1
[INFO] [stderr]   Downloaded normpath v1.1.0
[INFO] [stderr]   Downloaded fluent-bundle v0.11.0
[INFO] [stderr]   Downloaded unic-langid-impl v0.6.2
[INFO] running `Command { std: "docker" "create" "-v" "/var/lib/crater-agent-workspace/builds/worker-5-tc1/target:/opt/rustwide/target:rw,Z" "-v" "/var/lib/crater-agent-workspace/builds/worker-5-tc1/source:/opt/rustwide/workdir:ro,Z" "-v" "/var/lib/crater-agent-workspace/cargo-home:/opt/rustwide/cargo-home:ro,Z" "-v" "/var/lib/crater-agent-workspace/rustup-home:/opt/rustwide/rustup-home:ro,Z" "-e" "SOURCE_DIR=/opt/rustwide/workdir" "-e" "CARGO_TARGET_DIR=/opt/rustwide/target" "-e" "CARGO_HOME=/opt/rustwide/cargo-home" "-e" "RUSTUP_HOME=/opt/rustwide/rustup-home" "-w" "/opt/rustwide/workdir" "-m" "1610612736" "--user" "0:0" "--network" "none" "ghcr.io/rust-lang/crates-build-env/linux@sha256:2788e3201cd34a07e3172128adcd8b3090168a8e3bcc40d7c032b9dda1df7d1c" "/opt/rustwide/cargo-home/bin/cargo" "+1.75.0" "metadata" "--no-deps" "--format-version=1", kill_on_drop: false }`
[INFO] [stdout] 0aeade8400844a4ad9a9c95d769dc66accd4d3fec61989c34bac9553a2a67c84
[INFO] running `Command { std: "docker" "start" "-a" "0aeade8400844a4ad9a9c95d769dc66accd4d3fec61989c34bac9553a2a67c84", kill_on_drop: false }`
[INFO] running `Command { std: "docker" "inspect" "0aeade8400844a4ad9a9c95d769dc66accd4d3fec61989c34bac9553a2a67c84", kill_on_drop: false }`
[INFO] running `Command { std: "docker" "rm" "-f" "0aeade8400844a4ad9a9c95d769dc66accd4d3fec61989c34bac9553a2a67c84", kill_on_drop: false }`
[INFO] [stdout] 0aeade8400844a4ad9a9c95d769dc66accd4d3fec61989c34bac9553a2a67c84
[INFO] running `Command { std: "docker" "create" "-v" "/var/lib/crater-agent-workspace/builds/worker-5-tc1/target:/opt/rustwide/target:rw,Z" "-v" "/var/lib/crater-agent-workspace/builds/worker-5-tc1/source:/opt/rustwide/workdir:ro,Z" "-v" "/var/lib/crater-agent-workspace/cargo-home:/opt/rustwide/cargo-home:ro,Z" "-v" "/var/lib/crater-agent-workspace/rustup-home:/opt/rustwide/rustup-home:ro,Z" "-e" "SOURCE_DIR=/opt/rustwide/workdir" "-e" "CARGO_TARGET_DIR=/opt/rustwide/target" "-e" "CARGO_INCREMENTAL=0" "-e" "RUST_BACKTRACE=full" "-e" "RUSTFLAGS=--cap-lints=warn" "-e" "RUSTDOCFLAGS=--cap-lints=warn" "-e" "CARGO_HOME=/opt/rustwide/cargo-home" "-e" "RUSTUP_HOME=/opt/rustwide/rustup-home" "-w" "/opt/rustwide/workdir" "-m" "1610612736" "--user" "0:0" "--network" "none" "ghcr.io/rust-lang/crates-build-env/linux@sha256:2788e3201cd34a07e3172128adcd8b3090168a8e3bcc40d7c032b9dda1df7d1c" "/opt/rustwide/cargo-home/bin/cargo" "+1.75.0" "build" "--frozen" "--message-format=json", kill_on_drop: false }`
[INFO] [stdout] 221eeef6ef3ebe2ca5174934b0c18e7674736c99c20c3dd614fcce33f3aea4c4
[INFO] running `Command { std: "docker" "start" "-a" "221eeef6ef3ebe2ca5174934b0c18e7674736c99c20c3dd614fcce33f3aea4c4", kill_on_drop: false }`
[INFO] [stderr]    Compiling proc-macro2 v1.0.53
[INFO] [stderr]    Compiling unicode-ident v1.0.5
[INFO] [stderr]    Compiling quote v1.0.26
[INFO] [stderr]    Compiling syn v1.0.103
[INFO] [stderr]    Compiling libc v0.2.135
[INFO] [stderr]    Compiling serde_derive v1.0.147
[INFO] [stderr]    Compiling serde v1.0.147
[INFO] [stderr]    Compiling log v0.4.17
[INFO] [stderr]    Compiling once_cell v1.15.0
[INFO] [stderr]    Compiling memchr v2.5.0
[INFO] [stderr]    Compiling pin-project-lite v0.2.9
[INFO] [stderr]    Compiling itoa v1.0.4
[INFO] [stderr]    Compiling futures-core v0.3.27
[INFO] [stderr]    Compiling bytes v1.2.1
[INFO] [stderr]    Compiling tokio v1.21.2
[INFO] [stderr]    Compiling pkg-config v0.3.25
[INFO] [stderr]    Compiling slab v0.4.7
[INFO] [stderr]    Compiling futures-channel v0.3.27
[INFO] [stderr]    Compiling futures-task v0.3.27
[INFO] [stderr]    Compiling futures-sink v0.3.27
[INFO] [stderr]    Compiling indexmap v1.9.1
[INFO] [stderr]    Compiling proc-macro2-diagnostics v0.10.0
[INFO] [stderr]    Compiling tinystr v0.3.4
[INFO] [stderr]    Compiling thiserror v1.0.37
[INFO] [stderr]    Compiling futures-util v0.3.27
[INFO] [stderr]    Compiling tracing-core v0.1.30
[INFO] [stderr]    Compiling yansi v0.5.1
[INFO] [stderr]    Compiling futures-io v0.3.27
[INFO] [stderr]    Compiling http v0.2.8
[INFO] [stderr]    Compiling smallvec v1.10.0
[INFO] [stderr]    Compiling proc-macro-hack v0.5.20+deprecated
[INFO] [stderr]    Compiling cc v1.0.73
[INFO] [stderr]    Compiling percent-encoding v2.2.0
[INFO] [stderr]    Compiling unic-langid-impl v0.8.0
[INFO] [stderr]    Compiling try-lock v0.2.3
[INFO] [stderr]    Compiling uncased v0.9.7
[INFO] [stderr]    Compiling httpdate v1.0.2
[INFO] [stderr]    Compiling ucd-trie v0.1.5
[INFO] [stderr]    Compiling want v0.3.0
[INFO] [stderr]    Compiling time-core v0.1.0
[INFO] [stderr]    Compiling ryu v1.0.11
[INFO] [stderr]    Compiling cookie v0.17.0
[INFO] [stderr]    Compiling time-macros v0.2.8
[INFO] [stderr]    Compiling bitflags v2.0.2
[INFO] [stderr]    Compiling openssl v0.10.42
[INFO] [stderr]    Compiling encoding_rs v0.8.31
[INFO] [stderr]    Compiling io-lifetimes v1.0.9
[INFO] [stderr]    Compiling syn v2.0.10
[INFO] [stderr]    Compiling inlinable_string v0.1.15
[INFO] [stderr]    Compiling ref-cast v1.0.16
[INFO] [stderr]    Compiling foreign-types-shared v0.1.1
[INFO] [stderr]    Compiling serde_json v1.0.87
[INFO] [stderr]    Compiling foreign-types v0.3.2
[INFO] [stderr]    Compiling lock_api v0.4.9
[INFO] [stderr]    Compiling native-tls v0.2.10
[INFO] [stderr]    Compiling tinyvec_macros v0.1.0
[INFO] [stderr]    Compiling crossbeam-utils v0.8.12
[INFO] [stderr]    Compiling byteorder v1.4.3
[INFO] [stderr]    Compiling parking_lot_core v0.9.7
[INFO] [stderr]    Compiling http-body v0.4.5
[INFO] [stderr]    Compiling rustix v0.36.11
[INFO] [stderr]    Compiling type-map v0.4.0
[INFO] [stderr]    Compiling tinyvec v1.6.0
[INFO] [stderr]    Compiling fxhash v0.2.1
[INFO] [stderr]    Compiling stable-pattern v0.1.0
[INFO] [stderr]    Compiling atomic v0.5.1
[INFO] [stderr]    Compiling multer v2.0.4
[INFO] [stderr]    Compiling figment v0.10.8
[INFO] [stderr]    Compiling num_cpus v1.13.1
[INFO] [stderr]    Compiling mio v0.8.4
[INFO] [stderr]    Compiling signal-hook-registry v1.4.1
[INFO] [stderr]    Compiling socket2 v0.4.7
[INFO] [stderr]    Compiling openssl-sys v0.9.77
[INFO] [stderr]    Compiling getrandom v0.2.8
[INFO] [stderr]    Compiling linux-raw-sys v0.1.4
[INFO] [stderr]    Compiling async-trait v0.1.68
[INFO] [stderr]    Compiling rand_core v0.6.4
[INFO] [stderr]    Compiling state v0.5.3
[INFO] [stderr]    Compiling scopeguard v1.1.0
[INFO] [stderr]    Compiling mime v0.3.16
[INFO] [stderr]    Compiling either v1.8.0
[INFO] [stderr]    Compiling rand_chacha v0.3.1
[INFO] [stderr]    Compiling sass-sys v0.4.22
[INFO] [stderr]    Compiling unicode-normalization v0.1.22
[INFO] [stderr]    Compiling inotify-sys v0.1.5
[INFO] [stderr]    Compiling type-map v0.3.0
[INFO] [stderr]    Compiling form_urlencoded v1.1.0
[INFO] [stderr]    Compiling rocket v0.5.0-rc.3
[INFO] [stderr]    Compiling spin v0.9.6
[INFO] [stderr]    Compiling remove_dir_all v0.5.3
[INFO] [stderr]    Compiling glob v0.3.0
[INFO] [stderr]    Compiling self_cell v0.10.2
[INFO] [stderr]    Compiling unicode-bidi v0.3.8
[INFO] [stderr]    Compiling time v0.3.20
[INFO] [stderr]    Compiling fastrand v1.8.0
[INFO] [stderr]    Compiling stable_deref_trait v1.2.0
[INFO] [stderr]    Compiling same-file v1.0.6
[INFO] [stderr]    Compiling crossbeam-channel v0.5.6
[INFO] [stderr]    Compiling tempfile v3.3.0
[INFO] [stderr]    Compiling walkdir v2.3.2
[INFO] [stderr]    Compiling idna v0.3.0
[INFO] [stderr]    Compiling parking_lot v0.12.1
[INFO] [stderr] error: could not compile `syn` (lib)
[INFO] [stderr] 
[INFO] [stderr] Caused by:
[INFO] [stderr]   process didn't exit successfully: `/opt/rustwide/rustup-home/toolchains/1.75.0-x86_64-unknown-linux-gnu/bin/rustc --crate-name syn --edition=2018 /opt/rustwide/cargo-home/registry/src/index.crates.io-6f17d22bba15001f/syn-1.0.103/src/lib.rs --error-format=json --json=diagnostic-rendered-ansi,artifacts,future-incompat --crate-type lib --emit=dep-info,metadata,link -C embed-bitcode=no --cfg 'feature="clone-impls"' --cfg 'feature="default"' --cfg 'feature="derive"' --cfg 'feature="extra-traits"' --cfg 'feature="fold"' --cfg 'feature="full"' --cfg 'feature="parsing"' --cfg 'feature="printing"' --cfg 'feature="proc-macro"' --cfg 'feature="quote"' --cfg 'feature="visit"' --cfg 'feature="visit-mut"' -C metadata=ee067d27444ec38b -C extra-filename=-ee067d27444ec38b --out-dir /opt/rustwide/target/debug/deps -L dependency=/opt/rustwide/target/debug/deps --extern proc_macro2=/opt/rustwide/target/debug/deps/libproc_macro2-60d9874085ace6a2.rmeta --extern quote=/opt/rustwide/target/debug/deps/libquote-86ffba1622ee8513.rmeta --extern unicode_ident=/opt/rustwide/target/debug/deps/libunicode_ident-35298ca2ff589852.rmeta --cap-lints allow --cap-lints=warn --cfg syn_disable_nightly_tests` (signal: 9, SIGKILL: kill)
[INFO] [stderr] warning: build failed, waiting for other jobs to finish...
[INFO] [stderr] error: could not compile `syn` (lib)
[INFO] [stderr] 
[INFO] [stderr] Caused by:
[INFO] [stderr]   process didn't exit successfully: `/opt/rustwide/rustup-home/toolchains/1.75.0-x86_64-unknown-linux-gnu/bin/rustc --crate-name syn --edition=2021 /opt/rustwide/cargo-home/registry/src/index.crates.io-6f17d22bba15001f/syn-2.0.10/src/lib.rs --error-format=json --json=diagnostic-rendered-ansi,artifacts,future-incompat --crate-type lib --emit=dep-info,metadata,link -C embed-bitcode=no --cfg 'feature="clone-impls"' --cfg 'feature="default"' --cfg 'feature="derive"' --cfg 'feature="extra-traits"' --cfg 'feature="full"' --cfg 'feature="parsing"' --cfg 'feature="printing"' --cfg 'feature="proc-macro"' --cfg 'feature="quote"' --cfg 'feature="visit"' --cfg 'feature="visit-mut"' -C metadata=8680aded3c43f8ba -C extra-filename=-8680aded3c43f8ba --out-dir /opt/rustwide/target/debug/deps -L dependency=/opt/rustwide/target/debug/deps --extern proc_macro2=/opt/rustwide/target/debug/deps/libproc_macro2-60d9874085ace6a2.rmeta --extern quote=/opt/rustwide/target/debug/deps/libquote-86ffba1622ee8513.rmeta --extern unicode_ident=/opt/rustwide/target/debug/deps/libunicode_ident-35298ca2ff589852.rmeta --cap-lints allow --cap-lints=warn` (signal: 9, SIGKILL: kill)
[INFO] [stderr] error: could not compile `futures-util` (lib)
[INFO] [stderr] 
[INFO] [stderr] Caused by:
[INFO] [stderr]   process didn't exit successfully: `/opt/rustwide/rustup-home/toolchains/1.75.0-x86_64-unknown-linux-gnu/bin/rustc --crate-name futures_util --edition=2018 /opt/rustwide/cargo-home/registry/src/index.crates.io-6f17d22bba15001f/futures-util-0.3.27/src/lib.rs --error-format=json --json=diagnostic-rendered-ansi,artifacts,future-incompat --crate-type lib --emit=dep-info,metadata,link -C embed-bitcode=no -C debuginfo=2 --cfg 'feature="alloc"' --cfg 'feature="channel"' --cfg 'feature="futures-channel"' --cfg 'feature="futures-io"' --cfg 'feature="futures-sink"' --cfg 'feature="io"' --cfg 'feature="memchr"' --cfg 'feature="sink"' --cfg 'feature="slab"' --cfg 'feature="std"' -C metadata=8b9fd943861b10bf -C extra-filename=-8b9fd943861b10bf --out-dir /opt/rustwide/target/debug/deps -L dependency=/opt/rustwide/target/debug/deps --extern futures_channel=/opt/rustwide/target/debug/deps/libfutures_channel-34adc4ddd484bcdd.rmeta --extern futures_core=/opt/rustwide/target/debug/deps/libfutures_core-7f8e4b6a50ac9a4f.rmeta --extern futures_io=/opt/rustwide/target/debug/deps/libfutures_io-4cabff407c7d57f0.rmeta --extern futures_sink=/opt/rustwide/target/debug/deps/libfutures_sink-c60f72ffa2ae1ebd.rmeta --extern futures_task=/opt/rustwide/target/debug/deps/libfutures_task-21d3588a3e4f3690.rmeta --extern memchr=/opt/rustwide/target/debug/deps/libmemchr-4fdcfd9ddfba30cb.rmeta --extern pin_project_lite=/opt/rustwide/target/debug/deps/libpin_project_lite-cead9f5d94689600.rmeta --extern pin_utils=/opt/rustwide/target/debug/deps/libpin_utils-741f7d9d160e4a16.rmeta --extern slab=/opt/rustwide/target/debug/deps/libslab-29fe6a49d400343d.rmeta --cap-lints allow --cap-lints=warn` (signal: 9, SIGKILL: kill)
[INFO] [stderr] error: could not compile `time` (lib)
[INFO] [stderr] 
[INFO] [stderr] Caused by:
[INFO] [stderr]   process didn't exit successfully: `/opt/rustwide/rustup-home/toolchains/1.75.0-x86_64-unknown-linux-gnu/bin/rustc --crate-name time --edition=2021 /opt/rustwide/cargo-home/registry/src/index.crates.io-6f17d22bba15001f/time-0.3.20/src/lib.rs --error-format=json --json=diagnostic-rendered-ansi,artifacts,future-incompat --crate-type lib --emit=dep-info,metadata,link -C embed-bitcode=no -C debuginfo=2 --cfg 'feature="alloc"' --cfg 'feature="default"' --cfg 'feature="formatting"' --cfg 'feature="macros"' --cfg 'feature="parsing"' --cfg 'feature="std"' -C metadata=0e97b3bbb50071bb -C extra-filename=-0e97b3bbb50071bb --out-dir /opt/rustwide/target/debug/deps -L dependency=/opt/rustwide/target/debug/deps --extern itoa=/opt/rustwide/target/debug/deps/libitoa-a8f958deca0e891c.rmeta --extern time_core=/opt/rustwide/target/debug/deps/libtime_core-39c8f7012824603d.rmeta --extern time_macros=/opt/rustwide/target/debug/deps/libtime_macros-ec8025cf184f0d29.so --cap-lints allow --cap-lints=warn` (signal: 9, SIGKILL: kill)
[INFO] [stderr] error: could not compile `rustix` (lib)
[INFO] [stderr] 
[INFO] [stderr] Caused by:
[INFO] [stderr]   process didn't exit successfully: `/opt/rustwide/rustup-home/toolchains/1.75.0-x86_64-unknown-linux-gnu/bin/rustc --crate-name rustix --edition=2018 /opt/rustwide/cargo-home/registry/src/index.crates.io-6f17d22bba15001f/rustix-0.36.11/src/lib.rs --error-format=json --json=diagnostic-rendered-ansi,artifacts,future-incompat --crate-type lib --emit=dep-info,metadata,link -C embed-bitcode=no -C debuginfo=2 --cfg 'feature="default"' --cfg 'feature="io-lifetimes"' --cfg 'feature="libc"' --cfg 'feature="std"' --cfg 'feature="termios"' --cfg 'feature="use-libc-auxv"' -C metadata=002ea2319b61bdaf -C extra-filename=-002ea2319b61bdaf --out-dir /opt/rustwide/target/debug/deps -L dependency=/opt/rustwide/target/debug/deps --extern bitflags=/opt/rustwide/target/debug/deps/libbitflags-b7cee2ca4fb438d0.rmeta --extern io_lifetimes=/opt/rustwide/target/debug/deps/libio_lifetimes-6c93dde54a7c1fd3.rmeta --extern libc=/opt/rustwide/target/debug/deps/liblibc-2b3f3e35edf803f7.rmeta --extern linux_raw_sys=/opt/rustwide/target/debug/deps/liblinux_raw_sys-6c69fc13c9aacd1b.rmeta --cap-lints allow --cap-lints=warn --cfg linux_raw --cfg asm` (signal: 9, SIGKILL: kill)
[ERROR] error running command: no output for 300 seconds
[INFO] running `Command { std: "docker" "inspect" "221eeef6ef3ebe2ca5174934b0c18e7674736c99c20c3dd614fcce33f3aea4c4", kill_on_drop: false }`
[INFO] running `Command { std: "docker" "rm" "-f" "221eeef6ef3ebe2ca5174934b0c18e7674736c99c20c3dd614fcce33f3aea4c4", kill_on_drop: false }`
[INFO] [stdout] 221eeef6ef3ebe2ca5174934b0c18e7674736c99c20c3dd614fcce33f3aea4c4
[INFO] testing 22388o/BitguardWebsite against beta-2023-12-22 for beta-1.76-1
[INFO] running `Command { std: "git" "clone" "/workspace/cache/git-repos/https%3A%2F%2Fgithub.com%2F22388o%2FBitguardWebsite" "/workspace/builds/worker-5-tc2/source", kill_on_drop: false }`
[INFO] [stderr] Cloning into '/workspace/builds/worker-5-tc2/source'...
[INFO] [stderr] done.
[INFO] validating manifest of git repo https://github.com/22388o/BitguardWebsite on toolchain beta-2023-12-22
[INFO] running `Command { std: CARGO_HOME="/workspace/cargo-home" RUSTUP_HOME="/workspace/rustup-home" "/workspace/cargo-home/bin/cargo" "+beta-2023-12-22" "metadata" "--manifest-path" "Cargo.toml" "--no-deps", kill_on_drop: false }`
[INFO] started tweaking git repo https://github.com/22388o/BitguardWebsite
[INFO] finished tweaking git repo https://github.com/22388o/BitguardWebsite
[INFO] tweaked toml for git repo https://github.com/22388o/BitguardWebsite written to /workspace/builds/worker-5-tc2/source/Cargo.toml
[INFO] crate git repo https://github.com/22388o/BitguardWebsite already has a lockfile, it will not be regenerated
[INFO] running `Command { std: CARGO_HOME="/workspace/cargo-home" RUSTUP_HOME="/workspace/rustup-home" "/workspace/cargo-home/bin/cargo" "+beta-2023-12-22" "fetch" "--manifest-path" "Cargo.toml", kill_on_drop: false }`
[INFO] running `Command { std: "docker" "create" "-v" "/var/lib/crater-agent-workspace/builds/worker-5-tc2/target:/opt/rustwide/target:rw,Z" "-v" "/var/lib/crater-agent-workspace/builds/worker-5-tc2/source:/opt/rustwide/workdir:ro,Z" "-v" "/var/lib/crater-agent-workspace/cargo-home:/opt/rustwide/cargo-home:ro,Z" "-v" "/var/lib/crater-agent-workspace/rustup-home:/opt/rustwide/rustup-home:ro,Z" "-e" "SOURCE_DIR=/opt/rustwide/workdir" "-e" "CARGO_TARGET_DIR=/opt/rustwide/target" "-e" "CARGO_HOME=/opt/rustwide/cargo-home" "-e" "RUSTUP_HOME=/opt/rustwide/rustup-home" "-w" "/opt/rustwide/workdir" "-m" "1610612736" "--user" "0:0" "--network" "none" "ghcr.io/rust-lang/crates-build-env/linux@sha256:2788e3201cd34a07e3172128adcd8b3090168a8e3bcc40d7c032b9dda1df7d1c" "/opt/rustwide/cargo-home/bin/cargo" "+beta-2023-12-22" "metadata" "--no-deps" "--format-version=1", kill_on_drop: false }`
[INFO] [stdout] 7efaa8f89f2c40cbb7d1769fa79c8c3d320cfc56f65d57324f460423795fa5da
[INFO] running `Command { std: "docker" "start" "-a" "7efaa8f89f2c40cbb7d1769fa79c8c3d320cfc56f65d57324f460423795fa5da", kill_on_drop: false }`
[INFO] running `Command { std: "docker" "inspect" "7efaa8f89f2c40cbb7d1769fa79c8c3d320cfc56f65d57324f460423795fa5da", kill_on_drop: false }`
[INFO] running `Command { std: "docker" "rm" "-f" "7efaa8f89f2c40cbb7d1769fa79c8c3d320cfc56f65d57324f460423795fa5da", kill_on_drop: false }`
[INFO] [stdout] 7efaa8f89f2c40cbb7d1769fa79c8c3d320cfc56f65d57324f460423795fa5da
[INFO] running `Command { std: "docker" "create" "-v" "/var/lib/crater-agent-workspace/builds/worker-5-tc2/target:/opt/rustwide/target:rw,Z" "-v" "/var/lib/crater-agent-workspace/builds/worker-5-tc2/source:/opt/rustwide/workdir:ro,Z" "-v" "/var/lib/crater-agent-workspace/cargo-home:/opt/rustwide/cargo-home:ro,Z" "-v" "/var/lib/crater-agent-workspace/rustup-home:/opt/rustwide/rustup-home:ro,Z" "-e" "SOURCE_DIR=/opt/rustwide/workdir" "-e" "CARGO_TARGET_DIR=/opt/rustwide/target" "-e" "CARGO_INCREMENTAL=0" "-e" "RUST_BACKTRACE=full" "-e" "RUSTFLAGS=--cap-lints=warn" "-e" "RUSTDOCFLAGS=--cap-lints=warn" "-e" "CARGO_HOME=/opt/rustwide/cargo-home" "-e" "RUSTUP_HOME=/opt/rustwide/rustup-home" "-w" "/opt/rustwide/workdir" "-m" "1610612736" "--user" "0:0" "--network" "none" "ghcr.io/rust-lang/crates-build-env/linux@sha256:2788e3201cd34a07e3172128adcd8b3090168a8e3bcc40d7c032b9dda1df7d1c" "/opt/rustwide/cargo-home/bin/cargo" "+beta-2023-12-22" "build" "--frozen" "--message-format=json", kill_on_drop: false }`
[INFO] [stdout] 9b305c39c68ce7f5773b37a40be172823ecf3eb869d7ce3ec9d8e2c79aea56dd
[INFO] running `Command { std: "docker" "start" "-a" "9b305c39c68ce7f5773b37a40be172823ecf3eb869d7ce3ec9d8e2c79aea56dd", kill_on_drop: false }`
[INFO] [stderr]    Compiling proc-macro2 v1.0.53
[INFO] [stderr]    Compiling unicode-ident v1.0.5
[INFO] [stderr]    Compiling quote v1.0.26
[INFO] [stderr]    Compiling syn v1.0.103
[INFO] [stderr]    Compiling libc v0.2.135
[INFO] [stderr]    Compiling serde_derive v1.0.147
[INFO] [stderr]    Compiling serde v1.0.147
[INFO] [stderr]    Compiling log v0.4.17
[INFO] [stderr]    Compiling once_cell v1.15.0
[INFO] [stderr]    Compiling memchr v2.5.0
[INFO] [stderr]    Compiling pin-project-lite v0.2.9
[INFO] [stderr]    Compiling itoa v1.0.4
[INFO] [stderr]    Compiling futures-core v0.3.27
[INFO] [stderr]    Compiling bytes v1.2.1
[INFO] [stderr]    Compiling tokio v1.21.2
[INFO] [stderr]    Compiling pkg-config v0.3.25
[INFO] [stderr]    Compiling slab v0.4.7
[INFO] [stderr]    Compiling futures-task v0.3.27
[INFO] [stderr]    Compiling futures-channel v0.3.27
[INFO] [stderr]    Compiling futures-sink v0.3.27
[INFO] [stderr]    Compiling indexmap v1.9.1
[INFO] [stderr]    Compiling proc-macro2-diagnostics v0.10.0
[INFO] [stderr]    Compiling futures-util v0.3.27
[INFO] [stderr]    Compiling tinystr v0.3.4
[INFO] [stderr]    Compiling thiserror v1.0.37
[INFO] [stderr]    Compiling tracing-core v0.1.30
[INFO] [stderr]    Compiling yansi v0.5.1
[INFO] [stderr]    Compiling hashbrown v0.12.3
[INFO] [stderr]    Compiling futures-io v0.3.27
[INFO] [stderr]    Compiling http v0.2.8
[INFO] [stderr]    Compiling proc-macro-hack v0.5.20+deprecated
[INFO] [stderr]    Compiling smallvec v1.10.0
[INFO] [stderr]    Compiling cc v1.0.73
[INFO] [stderr]    Compiling percent-encoding v2.2.0
[INFO] [stderr]    Compiling unic-langid-impl v0.8.0
[INFO] [stderr]    Compiling try-lock v0.2.3
[INFO] [stderr]    Compiling uncased v0.9.7
[INFO] [stderr]    Compiling want v0.3.0
[INFO] [stderr]    Compiling time-core v0.1.0
[INFO] [stderr]    Compiling httpdate v1.0.2
[INFO] [stderr]    Compiling ryu v1.0.11
[INFO] [stderr]    Compiling ucd-trie v0.1.5
[INFO] [stderr]    Compiling time-macros v0.2.8
[INFO] [stderr]    Compiling cookie v0.17.0
[INFO] [stderr]    Compiling inlinable_string v0.1.15
[INFO] [stderr]    Compiling ref-cast v1.0.16
[INFO] [stderr]    Compiling syn v2.0.10
[INFO] [stderr]    Compiling bitflags v2.0.2
[INFO] [stderr]    Compiling encoding_rs v0.8.31
[INFO] [stderr]    Compiling io-lifetimes v1.0.9
[INFO] [stderr]    Compiling serde_json v1.0.87
[INFO] [stderr]    Compiling openssl v0.10.42
[INFO] [stderr]    Compiling foreign-types-shared v0.1.1
[INFO] [stderr]    Compiling foreign-types v0.3.2
[INFO] [stderr]    Compiling lock_api v0.4.9
[INFO] [stderr]    Compiling byteorder v1.4.3
[INFO] [stderr]    Compiling tinyvec_macros v0.1.0
[INFO] [stderr]    Compiling parking_lot_core v0.9.7
[INFO] [stderr]    Compiling rustix v0.36.11
[INFO] [stderr]    Compiling crossbeam-utils v0.8.12
[INFO] [stderr]    Compiling http-body v0.4.5
[INFO] [stderr]    Compiling native-tls v0.2.10
[INFO] [stderr]    Compiling fxhash v0.2.1
[INFO] [stderr]    Compiling type-map v0.4.0
[INFO] [stderr]    Compiling tinyvec v1.6.0
[INFO] [stderr]    Compiling stable-pattern v0.1.0
[INFO] [stderr]    Compiling atomic v0.5.1
[INFO] [stderr]    Compiling figment v0.10.8
[INFO] [stderr]    Compiling multer v2.0.4
[INFO] [stderr]    Compiling num_cpus v1.13.1
[INFO] [stderr]    Compiling mio v0.8.4
[INFO] [stderr]    Compiling socket2 v0.4.7
[INFO] [stderr]    Compiling signal-hook-registry v1.4.1
[INFO] [stderr]    Compiling openssl-sys v0.9.77
[INFO] [stderr]    Compiling getrandom v0.2.8
[INFO] [stderr]    Compiling linux-raw-sys v0.1.4
[INFO] [stderr]    Compiling async-trait v0.1.68
[INFO] [stderr]    Compiling openssl-probe v0.1.5
[INFO] [stderr]    Compiling rand_core v0.6.4
[INFO] [stderr]    Compiling mime v0.3.16
[INFO] [stderr]    Compiling state v0.5.3
[INFO] [stderr]    Compiling scopeguard v1.1.0
[INFO] [stderr]    Compiling either v1.8.0
[INFO] [stderr]    Compiling sass-sys v0.4.22
[INFO] [stderr]    Compiling rand_chacha v0.3.1
[INFO] [stderr]    Compiling inotify-sys v0.1.5
[INFO] [stderr]    Compiling unicode-normalization v0.1.22
[INFO] [stderr]    Compiling type-map v0.3.0
[INFO] [stderr]    Compiling form_urlencoded v1.1.0
[INFO] [stderr]    Compiling rocket v0.5.0-rc.3
[INFO] [stderr]    Compiling spin v0.9.6
[INFO] [stderr]    Compiling remove_dir_all v0.5.3
[INFO] [stderr]    Compiling same-file v1.0.6
[INFO] [stderr]    Compiling fastrand v1.8.0
[INFO] [stderr]    Compiling unicode-xid v0.2.4
[INFO] [stderr]    Compiling glob v0.3.0
[INFO] [stderr]    Compiling stable_deref_trait v1.2.0
[INFO] [stderr]    Compiling unicode-bidi v0.3.8
[INFO] [stderr]    Compiling time v0.3.20
[INFO] [stderr]    Compiling self_cell v0.10.2
[INFO] [stderr]    Compiling crossbeam-channel v0.5.6
[INFO] [stderr]    Compiling tempfile v3.3.0
[INFO] [stderr]    Compiling walkdir v2.3.2
[INFO] [stderr]    Compiling idna v0.3.0
[INFO] [stderr]    Compiling parking_lot v0.12.1
[INFO] [stderr]    Compiling rand v0.8.5
[INFO] [stderr]    Compiling inotify v0.9.6
[INFO] [stderr]    Compiling filetime v0.2.20
[INFO] [stderr]    Compiling unic-langid-impl v0.6.2
[INFO] [stderr]    Compiling linked-hash-map v0.5.6
[INFO] [stderr] error: could not compile `syn` (lib)
[INFO] [stderr] 
[INFO] [stderr] Caused by:
[INFO] [stderr]   process didn't exit successfully: `/opt/rustwide/rustup-home/toolchains/beta-2023-12-22-x86_64-unknown-linux-gnu/bin/rustc --crate-name syn --edition=2018 /opt/rustwide/cargo-home/registry/src/index.crates.io-6f17d22bba15001f/syn-1.0.103/src/lib.rs --error-format=json --json=diagnostic-rendered-ansi,artifacts,future-incompat --crate-type lib --emit=dep-info,metadata,link -C embed-bitcode=no --cfg 'feature="clone-impls"' --cfg 'feature="default"' --cfg 'feature="derive"' --cfg 'feature="extra-traits"' --cfg 'feature="fold"' --cfg 'feature="full"' --cfg 'feature="parsing"' --cfg 'feature="printing"' --cfg 'feature="proc-macro"' --cfg 'feature="quote"' --cfg 'feature="visit"' --cfg 'feature="visit-mut"' -C metadata=7018f362dd4f9e56 -C extra-filename=-7018f362dd4f9e56 --out-dir /opt/rustwide/target/debug/deps -L dependency=/opt/rustwide/target/debug/deps --extern proc_macro2=/opt/rustwide/target/debug/deps/libproc_macro2-58ca74bf6f2ff4c1.rmeta --extern quote=/opt/rustwide/target/debug/deps/libquote-f2d170efaa8aa504.rmeta --extern unicode_ident=/opt/rustwide/target/debug/deps/libunicode_ident-fd59c7aa55b5d3e2.rmeta --cap-lints allow --cap-lints=warn --cfg syn_disable_nightly_tests` (signal: 9, SIGKILL: kill)
[INFO] [stderr] warning: build failed, waiting for other jobs to finish...
[INFO] [stderr] error: could not compile `syn` (lib)
[INFO] [stderr] 
[INFO] [stderr] Caused by:
[INFO] [stderr]   process didn't exit successfully: `/opt/rustwide/rustup-home/toolchains/beta-2023-12-22-x86_64-unknown-linux-gnu/bin/rustc --crate-name syn --edition=2021 /opt/rustwide/cargo-home/registry/src/index.crates.io-6f17d22bba15001f/syn-2.0.10/src/lib.rs --error-format=json --json=diagnostic-rendered-ansi,artifacts,future-incompat --crate-type lib --emit=dep-info,metadata,link -C embed-bitcode=no --cfg 'feature="clone-impls"' --cfg 'feature="default"' --cfg 'feature="derive"' --cfg 'feature="extra-traits"' --cfg 'feature="full"' --cfg 'feature="parsing"' --cfg 'feature="printing"' --cfg 'feature="proc-macro"' --cfg 'feature="quote"' --cfg 'feature="visit"' --cfg 'feature="visit-mut"' -C metadata=d59927c35a47f7e2 -C extra-filename=-d59927c35a47f7e2 --out-dir /opt/rustwide/target/debug/deps -L dependency=/opt/rustwide/target/debug/deps --extern proc_macro2=/opt/rustwide/target/debug/deps/libproc_macro2-58ca74bf6f2ff4c1.rmeta --extern quote=/opt/rustwide/target/debug/deps/libquote-f2d170efaa8aa504.rmeta --extern unicode_ident=/opt/rustwide/target/debug/deps/libunicode_ident-fd59c7aa55b5d3e2.rmeta --cap-lints allow --cap-lints=warn` (signal: 9, SIGKILL: kill)
[INFO] [stderr] error: could not compile `futures-util` (lib)
[INFO] [stderr] 
[INFO] [stderr] Caused by:
[INFO] [stderr]   process didn't exit successfully: `/opt/rustwide/rustup-home/toolchains/beta-2023-12-22-x86_64-unknown-linux-gnu/bin/rustc --crate-name futures_util --edition=2018 /opt/rustwide/cargo-home/registry/src/index.crates.io-6f17d22bba15001f/futures-util-0.3.27/src/lib.rs --error-format=json --json=diagnostic-rendered-ansi,artifacts,future-incompat --crate-type lib --emit=dep-info,metadata,link -C embed-bitcode=no -C debuginfo=2 --cfg 'feature="alloc"' --cfg 'feature="channel"' --cfg 'feature="futures-channel"' --cfg 'feature="futures-io"' --cfg 'feature="futures-sink"' --cfg 'feature="io"' --cfg 'feature="memchr"' --cfg 'feature="sink"' --cfg 'feature="slab"' --cfg 'feature="std"' -C metadata=628bbe0f93ceb4b7 -C extra-filename=-628bbe0f93ceb4b7 --out-dir /opt/rustwide/target/debug/deps -L dependency=/opt/rustwide/target/debug/deps --extern futures_channel=/opt/rustwide/target/debug/deps/libfutures_channel-b4e28efb2214b618.rmeta --extern futures_core=/opt/rustwide/target/debug/deps/libfutures_core-a3d1fe6a8963946d.rmeta --extern futures_io=/opt/rustwide/target/debug/deps/libfutures_io-31a39cf5df4acc75.rmeta --extern futures_sink=/opt/rustwide/target/debug/deps/libfutures_sink-b6a0a0d7652ea2a4.rmeta --extern futures_task=/opt/rustwide/target/debug/deps/libfutures_task-028754cfaf7752b9.rmeta --extern memchr=/opt/rustwide/target/debug/deps/libmemchr-33d05ae5bba76030.rmeta --extern pin_project_lite=/opt/rustwide/target/debug/deps/libpin_project_lite-e8b15c1d45637ce8.rmeta --extern pin_utils=/opt/rustwide/target/debug/deps/libpin_utils-9c5dcf17efb91bff.rmeta --extern slab=/opt/rustwide/target/debug/deps/libslab-ce952e4d8ebf26c9.rmeta --cap-lints allow --cap-lints=warn` (signal: 9, SIGKILL: kill)
[INFO] [stderr] error: could not compile `time` (lib)
[INFO] [stderr] 
[INFO] [stderr] Caused by:
[INFO] [stderr]   process didn't exit successfully: `/opt/rustwide/rustup-home/toolchains/beta-2023-12-22-x86_64-unknown-linux-gnu/bin/rustc --crate-name time --edition=2021 /opt/rustwide/cargo-home/registry/src/index.crates.io-6f17d22bba15001f/time-0.3.20/src/lib.rs --error-format=json --json=diagnostic-rendered-ansi,artifacts,future-incompat --crate-type lib --emit=dep-info,metadata,link -C embed-bitcode=no -C debuginfo=2 --cfg 'feature="alloc"' --cfg 'feature="default"' --cfg 'feature="formatting"' --cfg 'feature="macros"' --cfg 'feature="parsing"' --cfg 'feature="std"' -C metadata=d1b0a196bd2b947d -C extra-filename=-d1b0a196bd2b947d --out-dir /opt/rustwide/target/debug/deps -L dependency=/opt/rustwide/target/debug/deps --extern itoa=/opt/rustwide/target/debug/deps/libitoa-d2276dfc04de0749.rmeta --extern time_core=/opt/rustwide/target/debug/deps/libtime_core-6553406c36f10fbb.rmeta --extern time_macros=/opt/rustwide/target/debug/deps/libtime_macros-fcb8dab8b3bbdca0.so --cap-lints allow --cap-lints=warn` (signal: 9, SIGKILL: kill)
[INFO] [stderr] error: could not compile `rand` (lib)
[INFO] [stderr] 
[INFO] [stderr] Caused by:
[INFO] [stderr]   process didn't exit successfully: `/opt/rustwide/rustup-home/toolchains/beta-2023-12-22-x86_64-unknown-linux-gnu/bin/rustc --crate-name rand --edition=2018 /opt/rustwide/cargo-home/registry/src/index.crates.io-6f17d22bba15001f/rand-0.8.5/src/lib.rs --error-format=json --json=diagnostic-rendered-ansi,artifacts,future-incompat --crate-type lib --emit=dep-info,metadata,link -C embed-bitcode=no -C debuginfo=2 --cfg 'feature="alloc"' --cfg 'feature="default"' --cfg 'feature="getrandom"' --cfg 'feature="libc"' --cfg 'feature="rand_chacha"' --cfg 'feature="std"' --cfg 'feature="std_rng"' -C metadata=65a155a855ce1f41 -C extra-filename=-65a155a855ce1f41 --out-dir /opt/rustwide/target/debug/deps -L dependency=/opt/rustwide/target/debug/deps --extern libc=/opt/rustwide/target/debug/deps/liblibc-658b53c3f3ebad9e.rmeta --extern rand_chacha=/opt/rustwide/target/debug/deps/librand_chacha-12a3a07a4b0fb039.rmeta --extern rand_core=/opt/rustwide/target/debug/deps/librand_core-5c78163d68eaf061.rmeta --cap-lints allow --cap-lints=warn` (signal: 9, SIGKILL: kill)
[INFO] [stderr] error: failed to run custom build command for `sass-sys v0.4.22`
[INFO] [stderr] note: To improve backtraces for build dependencies, set the CARGO_PROFILE_DEV_BUILD_OVERRIDE_DEBUG=true environment variable to enable debug information generation.
[INFO] [stderr] 
[INFO] [stderr] Caused by:
[INFO] [stderr]   process didn't exit successfully: `/opt/rustwide/target/debug/build/sass-sys-f8541dbf3940c365/build-script-build` (exit status: 101)
[INFO] [stderr]   --- stdout
[INFO] [stderr]   cargo:rerun-if-env-changed=LIBSASS_NO_PKG_CONFIG
[INFO] [stderr]   cargo:rerun-if-env-changed=PKG_CONFIG_x86_64-unknown-linux-gnu
[INFO] [stderr]   cargo:rerun-if-env-changed=PKG_CONFIG_x86_64_unknown_linux_gnu
[INFO] [stderr]   cargo:rerun-if-env-changed=HOST_PKG_CONFIG
[INFO] [stderr]   cargo:rerun-if-env-changed=PKG_CONFIG
[INFO] [stderr]   cargo:rerun-if-env-changed=LIBSASS_STATIC
[INFO] [stderr]   cargo:rerun-if-env-changed=LIBSASS_DYNAMIC
[INFO] [stderr]   cargo:rerun-if-env-changed=PKG_CONFIG_ALL_STATIC
[INFO] [stderr]   cargo:rerun-if-env-changed=PKG_CONFIG_ALL_DYNAMIC
[INFO] [stderr]   cargo:rerun-if-env-changed=PKG_CONFIG_PATH_x86_64-unknown-linux-gnu
[INFO] [stderr]   cargo:rerun-if-env-changed=PKG_CONFIG_PATH_x86_64_unknown_linux_gnu
[INFO] [stderr]   cargo:rerun-if-env-changed=HOST_PKG_CONFIG_PATH
[INFO] [stderr]   cargo:rerun-if-env-changed=PKG_CONFIG_PATH
[INFO] [stderr]   cargo:rerun-if-env-changed=PKG_CONFIG_LIBDIR_x86_64-unknown-linux-gnu
[INFO] [stderr]   cargo:rerun-if-env-changed=PKG_CONFIG_LIBDIR_x86_64_unknown_linux_gnu
[INFO] [stderr]   cargo:rerun-if-env-changed=HOST_PKG_CONFIG_LIBDIR
[INFO] [stderr]   cargo:rerun-if-env-changed=PKG_CONFIG_LIBDIR
[INFO] [stderr]   cargo:rerun-if-env-changed=PKG_CONFIG_SYSROOT_DIR_x86_64-unknown-linux-gnu
[INFO] [stderr]   cargo:rerun-if-env-changed=PKG_CONFIG_SYSROOT_DIR_x86_64_unknown_linux_gnu
[INFO] [stderr]   cargo:rerun-if-env-changed=HOST_PKG_CONFIG_SYSROOT_DIR
[INFO] [stderr]   cargo:rerun-if-env-changed=PKG_CONFIG_SYSROOT_DIR
[INFO] [stderr] 
[INFO] [stderr]   --- stderr
[INFO] [stderr]   thread 'main' panicked at /opt/rustwide/cargo-home/registry/src/index.crates.io-6f17d22bba15001f/sass-sys-0.4.22/build.rs:107:9:
[INFO] [stderr]   Build error:
[INFO] [stderr]   STDERR:g++: fatal error: Killed signal terminated program cc1plus
[INFO] [stderr]   compilation terminated.
[INFO] [stderr]   make: *** [Makefile:228: src/ast_selectors.o] Error 1
[INFO] [stderr]   make: *** Waiting for unfinished jobs....
[INFO] [stderr]   g++: fatal error: Killed signal terminated program cc1plus
[INFO] [stderr]   compilation terminated.
[INFO] [stderr]   make: *** [Makefile:228: src/fn_utils.o] Error 1
[INFO] [stderr]   src/ast_values.cpp: In member function 'virtual size_t Sass::Number::hash() const':
[INFO] [stderr]   src/ast_values.cpp:484:23: warning: loop variable 'numerator' creates a copy from type 'const std::__cxx11::basic_string<char>' [-Wrange-loop-construct]
[INFO] [stderr]     484 |       for (const auto numerator : numerators)
[INFO] [stderr]         |                       ^~~~~~~~~
[INFO] [stderr]   src/ast_values.cpp:484:23: note: use reference type to prevent copying
[INFO] [stderr]     484 |       for (const auto numerator : numerators)
[INFO] [stderr]         |                       ^~~~~~~~~
[INFO] [stderr]         |                       &
[INFO] [stderr]   src/ast_values.cpp:486:23: warning: loop variable 'denominator' creates a copy from type 'const std::__cxx11::basic_string<char>' [-Wrange-loop-construct]
[INFO] [stderr]     486 |       for (const auto denominator : denominators)
[INFO] [stderr]         |                       ^~~~~~~~~~~
[INFO] [stderr]   src/ast_values.cpp:486:23: note: use reference type to prevent copying
[INFO] [stderr]     486 |       for (const auto denominator : denominators)
[INFO] [stderr]         |                       ^~~~~~~~~~~
[INFO] [stderr]         |                       &
[INFO] [stderr]   g++: fatal error: Killed signal terminated program cc1plus
[INFO] [stderr]   compilation terminated.
[INFO] [stderr]   make: *** [Makefile:228: src/ast_supports.o] Error 1
[INFO] [stderr]   g++: fatal error: Killed signal terminated program cc1plus
[INFO] [stderr]   compilation terminated.
[INFO] [stderr]   make: *** [Makefile:228: src/fn_miscs.o] Error 1
[INFO] [stderr]   g++: fatal error: Killed signal terminated program cc1plus
[INFO] [stderr]   compilation terminated.
[INFO] [stderr]   make: *** [Makefile:228: src/fn_lists.o] Error 1
[INFO] [stderr]   g++: fatal error: Killed signal terminated program cc1plus
[INFO] [stderr]   compilation terminated.
[INFO] [stderr]   make: *** [Makefile:228: src/context.o] Error 1
[INFO] [stderr] 
[INFO] [stderr]   STDOUT:cc -Wall -O2 -I /opt/rustwide/target/debug/build/sass-sys-abd660c1d0155bc6/out/build/include  -fPIC -c -o src/cencode.o src/cencode.c
[INFO] [stderr]   g++ -Wall -O2 -std=c++11 -I /opt/rustwide/target/debug/build/sass-sys-abd660c1d0155bc6/out/build/include  -fPIC -c -o src/ast.o src/ast.cpp
[INFO] [stderr]   g++ -Wall -O2 -std=c++11 -I /opt/rustwide/target/debug/build/sass-sys-abd660c1d0155bc6/out/build/include  -fPIC -c -o src/ast_values.o src/ast_values.cpp
[INFO] [stderr]   g++ -Wall -O2 -std=c++11 -I /opt/rustwide/target/debug/build/sass-sys-abd660c1d0155bc6/out/build/include  -fPIC -c -o src/ast_supports.o src/ast_supports.cpp
[INFO] [stderr]   g++ -Wall -O2 -std=c++11 -I /opt/rustwide/target/debug/build/sass-sys-abd660c1d0155bc6/out/build/include  -fPIC -c -o src/ast_sel_cmp.o src/ast_sel_cmp.cpp
[INFO] [stderr]   g++ -Wall -O2 -std=c++11 -I /opt/rustwide/target/debug/build/sass-sys-abd660c1d0155bc6/out/build/include  -fPIC -c -o src/ast_sel_unify.o src/ast_sel_unify.cpp
[INFO] [stderr]   g++ -Wall -O2 -std=c++11 -I /opt/rustwide/target/debug/build/sass-sys-abd660c1d0155bc6/out/build/include  -fPIC -c -o src/ast_sel_super.o src/ast_sel_super.cpp
[INFO] [stderr]   g++ -Wall -O2 -std=c++11 -I /opt/rustwide/target/debug/build/sass-sys-abd660c1d0155bc6/out/build/include  -fPIC -c -o src/ast_sel_weave.o src/ast_sel_weave.cpp
[INFO] [stderr]   g++ -Wall -O2 -std=c++11 -I /opt/rustwide/target/debug/build/sass-sys-abd660c1d0155bc6/out/build/include  -fPIC -c -o src/ast_selectors.o src/ast_selectors.cpp
[INFO] [stderr]   g++ -Wall -O2 -std=c++11 -I /opt/rustwide/target/debug/build/sass-sys-abd660c1d0155bc6/out/build/include  -fPIC -c -o src/context.o src/context.cpp
[INFO] [stderr]   g++ -Wall -O2 -std=c++11 -I /opt/rustwide/target/debug/build/sass-sys-abd660c1d0155bc6/out/build/include  -fPIC -c -o src/constants.o src/constants.cpp
[INFO] [stderr]   g++ -Wall -O2 -std=c++11 -I /opt/rustwide/target/debug/build/sass-sys-abd660c1d0155bc6/out/build/include  -fPIC -c -o src/fn_utils.o src/fn_utils.cpp
[INFO] [stderr]   g++ -Wall -O2 -std=c++11 -I /opt/rustwide/target/debug/build/sass-sys-abd660c1d0155bc6/out/build/include  -fPIC -c -o src/fn_miscs.o src/fn_miscs.cpp
[INFO] [stderr]   g++ -Wall -O2 -std=c++11 -I /opt/rustwide/target/debug/build/sass-sys-abd660c1d0155bc6/out/build/include  -fPIC -c -o src/fn_maps.o src/fn_maps.cpp
[INFO] [stderr]   g++ -Wall -O2 -std=c++11 -I /opt/rustwide/target/debug/build/sass-sys-abd660c1d0155bc6/out/build/include  -fPIC -c -o src/fn_lists.o src/fn_lists.cpp
[INFO] [stderr]   g++ -Wall -O2 -std=c++11 -I /opt/rustwide/target/debug/build/sass-sys-abd660c1d0155bc6/out/build/include  -fPIC -c -o src/fn_colors.o src/fn_colors.cpp
[INFO] [stderr]   g++ -Wall -O2 -std=c++11 -I /opt/rustwide/target/debug/build/sass-sys-abd660c1d0155bc6/out/build/include  -fPIC -c -o src/fn_numbers.o src/fn_numbers.cpp
[INFO] [stderr]   g++ -Wall -O2 -std=c++11 -I /opt/rustwide/target/debug/build/sass-sys-abd660c1d0155bc6/out/build/include  -fPIC -c -o src/fn_strings.o src/fn_strings.cpp
[INFO] [stderr] 
[INFO] [stderr]   stack backtrace:
[INFO] [stderr]      0:     0x55e465c3f9d6 - std::backtrace_rs::backtrace::libunwind::trace::h261606ad26a499c1
[INFO] [stderr]                                  at /rustc/0e09125c6c3c2fd70d7de961bcf0e51575235fad/library/std/src/../../backtrace/src/backtrace/libunwind.rs:104:5
[INFO] [stderr]      1:     0x55e465c3f9d6 - std::backtrace_rs::backtrace::trace_unsynchronized::hd183f0625477fb28
[INFO] [stderr]                                  at /rustc/0e09125c6c3c2fd70d7de961bcf0e51575235fad/library/std/src/../../backtrace/src/backtrace/mod.rs:66:5
[INFO] [stderr]      2:     0x55e465c3f9d6 - std::sys_common::backtrace::_print_fmt::hd7f8fef21b4eda67
[INFO] [stderr]                                  at /rustc/0e09125c6c3c2fd70d7de961bcf0e51575235fad/library/std/src/sys_common/backtrace.rs:68:5
[INFO] [stderr]      3:     0x55e465c3f9d6 - <std::sys_common::backtrace::_print::DisplayBacktrace as core::fmt::Display>::fmt::h623d9b51f2f453f1
[INFO] [stderr]                                  at /rustc/0e09125c6c3c2fd70d7de961bcf0e51575235fad/library/std/src/sys_common/backtrace.rs:44:22
[INFO] [stderr]      4:     0x55e465c648f0 - core::fmt::rt::Argument::fmt::h9f417ac76a86f368
[INFO] [stderr]                                  at /rustc/0e09125c6c3c2fd70d7de961bcf0e51575235fad/library/core/src/fmt/rt.rs:142:9
[INFO] [stderr]      5:     0x55e465c648f0 - core::fmt::write::hc9b6faf4ac2aeff7
[INFO] [stderr]                                  at /rustc/0e09125c6c3c2fd70d7de961bcf0e51575235fad/library/core/src/fmt/mod.rs:1120:17
[INFO] [stderr]      6:     0x55e465c3d32f - std::io::Write::write_fmt::hfead1eee52c2e65e
[INFO] [stderr]                                  at /rustc/0e09125c6c3c2fd70d7de961bcf0e51575235fad/library/std/src/io/mod.rs:1810:15
[INFO] [stderr]      7:     0x55e465c3f7b4 - std::sys_common::backtrace::_print::hd5d66399c7df88a2
[INFO] [stderr]                                  at /rustc/0e09125c6c3c2fd70d7de961bcf0e51575235fad/library/std/src/sys_common/backtrace.rs:47:5
[INFO] [stderr]      8:     0x55e465c3f7b4 - std::sys_common::backtrace::print::he81ed2da642d37e5
[INFO] [stderr]                                  at /rustc/0e09125c6c3c2fd70d7de961bcf0e51575235fad/library/std/src/sys_common/backtrace.rs:34:9
[INFO] [stderr]      9:     0x55e465c40f27 - std::panicking::default_hook::{{closure}}::h85773f4fa117163d
[INFO] [stderr]     10:     0x55e465c40c89 - std::panicking::default_hook::h6a1694a91d09b278
[INFO] [stderr]                                  at /rustc/0e09125c6c3c2fd70d7de961bcf0e51575235fad/library/std/src/panicking.rs:292:9
[INFO] [stderr]     11:     0x55e465c413b8 - std::panicking::rust_panic_with_hook::h0a7ad96e90f7145b
[INFO] [stderr]                                  at /rustc/0e09125c6c3c2fd70d7de961bcf0e51575235fad/library/std/src/panicking.rs:779:13
[INFO] [stderr]     12:     0x55e465c41292 - std::panicking::begin_panic_handler::{{closure}}::h7919090525c6485e
[INFO] [stderr]                                  at /rustc/0e09125c6c3c2fd70d7de961bcf0e51575235fad/library/std/src/panicking.rs:657:13
[INFO] [stderr]     13:     0x55e465c3fed6 - std::sys_common::backtrace::__rust_end_short_backtrace::hf3289479464f7dfe
[INFO] [stderr]                                  at /rustc/0e09125c6c3c2fd70d7de961bcf0e51575235fad/library/std/src/sys_common/backtrace.rs:171:18
[INFO] [stderr]     14:     0x55e465c40ff0 - rust_begin_unwind
[INFO] [stderr]                                  at /rustc/0e09125c6c3c2fd70d7de961bcf0e51575235fad/library/std/src/panicking.rs:645:5
[INFO] [stderr]     15:     0x55e465beb395 - core::panicking::panic_fmt::hcc9f77c5c132af55
[INFO] [stderr]                                  at /rustc/0e09125c6c3c2fd70d7de961bcf0e51575235fad/library/core/src/panicking.rs:72:14
[INFO] [stderr]     16:     0x55e465beebd0 - build_script_build::compile::hce536a06e5cd5a88
[INFO] [stderr]     17:     0x55e465bef304 - build_script_build::main::h2fe582ccbbcf9dcd
[INFO] [stderr]     18:     0x55e465bec863 - core::ops::function::FnOnce::call_once::hba58a887b60a4041
[INFO] [stderr]     19:     0x55e465bebc86 - std::sys_common::backtrace::__rust_begin_short_backtrace::h2ecb7404658ed2f8
[INFO] [stderr]     20:     0x55e465bec039 - std::rt::lang_start::{{closure}}::h702fc1d6b375c25e
[INFO] [stderr]     21:     0x55e465c39251 - core::ops::function::impls::<impl core::ops::function::FnOnce<A> for &F>::call_once::h4eb4c5e1620f29b0
[INFO] [stderr]                                  at /rustc/0e09125c6c3c2fd70d7de961bcf0e51575235fad/library/core/src/ops/function.rs:284:13
[INFO] [stderr]     22:     0x55e465c39251 - std::panicking::try::do_call::h73fd26535faffcdf
[INFO] [stderr]                                  at /rustc/0e09125c6c3c2fd70d7de961bcf0e51575235fad/library/std/src/panicking.rs:552:40
[INFO] [stderr]     23:     0x55e465c39251 - std::panicking::try::h77ff1d98f0fb9f39
[INFO] [stderr]                                  at /rustc/0e09125c6c3c2fd70d7de961bcf0e51575235fad/library/std/src/panicking.rs:516:19
[INFO] [stderr]     24:     0x55e465c39251 - std::panic::catch_unwind::hab3caf2448b95e37
[INFO] [stderr]                                  at /rustc/0e09125c6c3c2fd70d7de961bcf0e51575235fad/library/std/src/panic.rs:142:14
[INFO] [stderr]     25:     0x55e465c39251 - std::rt::lang_start_internal::{{closure}}::h8086711f9c783f78
[INFO] [stderr]                                  at /rustc/0e09125c6c3c2fd70d7de961bcf0e51575235fad/library/std/src/rt.rs:148:48
[INFO] [stderr]     26:     0x55e465c39251 - std::panicking::try::do_call::hf920d4dc291cd6ca
[INFO] [stderr]                                  at /rustc/0e09125c6c3c2fd70d7de961bcf0e51575235fad/library/std/src/panicking.rs:552:40
[INFO] [stderr]     27:     0x55e465c39251 - std::panicking::try::h2b806ccc0a85db74
[INFO] [stderr]                                  at /rustc/0e09125c6c3c2fd70d7de961bcf0e51575235fad/library/std/src/panicking.rs:516:19
[INFO] [stderr]     28:     0x55e465c39251 - std::panic::catch_unwind::h038489539c507df2
[INFO] [stderr]                                  at /rustc/0e09125c6c3c2fd70d7de961bcf0e51575235fad/library/std/src/panic.rs:142:14
[INFO] [stderr]     29:     0x55e465c39251 - std::rt::lang_start_internal::h28503b88912e8a5c
[INFO] [stderr]                                  at /rustc/0e09125c6c3c2fd70d7de961bcf0e51575235fad/library/std/src/rt.rs:148:20
[INFO] [stderr]     30:     0x55e465bec017 - std::rt::lang_start::h6d080a3823471b6c
[INFO] [stderr]     31:     0x55e465bef345 - main
[INFO] [stderr]     32:     0x7f5c40950d90 - <unknown>
[INFO] [stderr]     33:     0x7f5c40950e40 - __libc_start_main
[INFO] [stderr]     34:     0x55e465bebbb5 - _start
[INFO] [stderr]     35:                0x0 - <unknown>
[INFO] running `Command { std: "docker" "inspect" "9b305c39c68ce7f5773b37a40be172823ecf3eb869d7ce3ec9d8e2c79aea56dd", kill_on_drop: false }`
[INFO] running `Command { std: "docker" "rm" "-f" "9b305c39c68ce7f5773b37a40be172823ecf3eb869d7ce3ec9d8e2c79aea56dd", kill_on_drop: false }`
[INFO] [stdout] 9b305c39c68ce7f5773b37a40be172823ecf3eb869d7ce3ec9d8e2c79aea56dd
