[INFO] cloning repository https://github.com/2010jmatpon/escenario2
[INFO] running `Command { std: "git" "-c" "credential.helper=" "-c" "credential.helper=/workspace/cargo-home/bin/git-credential-null" "clone" "--bare" "https://github.com/2010jmatpon/escenario2" "/workspace/cache/git-repos/https%3A%2F%2Fgithub.com%2F2010jmatpon%2Fescenario2", kill_on_drop: false }`
[INFO] [stderr] Cloning into bare repository '/workspace/cache/git-repos/https%3A%2F%2Fgithub.com%2F2010jmatpon%2Fescenario2'...
[INFO] running `Command { std: "git" "rev-parse" "HEAD", kill_on_drop: false }`
[INFO] [stdout] e19bebc1f6e92a340aa4f8dabf532f45b503cc95
[INFO] testing 2010jmatpon/escenario2 against 1.75.0 for beta-1.76-1
[INFO] running `Command { std: "git" "clone" "/workspace/cache/git-repos/https%3A%2F%2Fgithub.com%2F2010jmatpon%2Fescenario2" "/workspace/builds/worker-7-tc1/source", kill_on_drop: false }`
[INFO] [stderr] Cloning into '/workspace/builds/worker-7-tc1/source'...
[INFO] [stderr] done.
[INFO] validating manifest of git repo https://github.com/2010jmatpon/escenario2 on toolchain 1.75.0
[INFO] running `Command { std: CARGO_HOME="/workspace/cargo-home" RUSTUP_HOME="/workspace/rustup-home" "/workspace/cargo-home/bin/cargo" "+1.75.0" "metadata" "--manifest-path" "Cargo.toml" "--no-deps", kill_on_drop: false }`
[INFO] started tweaking git repo https://github.com/2010jmatpon/escenario2
[INFO] finished tweaking git repo https://github.com/2010jmatpon/escenario2
[INFO] tweaked toml for git repo https://github.com/2010jmatpon/escenario2 written to /workspace/builds/worker-7-tc1/source/Cargo.toml
[INFO] crate git repo https://github.com/2010jmatpon/escenario2 already has a lockfile, it will not be regenerated
[INFO] running `Command { std: CARGO_HOME="/workspace/cargo-home" RUSTUP_HOME="/workspace/rustup-home" "/workspace/cargo-home/bin/cargo" "+1.75.0" "fetch" "--manifest-path" "Cargo.toml", kill_on_drop: false }`
[INFO] [stderr]  Downloading crates ...
[INFO] [stderr]   Downloaded io-lifetimes v0.7.3
[INFO] [stderr]   Downloaded terminal_size v0.2.1
[INFO] [stderr]   Downloaded assert_cmd v2.0.5
[INFO] [stderr]   Downloaded bugreport v0.5.0
[INFO] [stderr]   Downloaded rustix v0.35.11
[INFO] [stderr]   Downloaded libgit2-sys v0.14.0+1.5.0
[INFO] [stderr]   Downloaded syn v1.0.104
[INFO] [stderr]   Downloaded predicates v2.1.3
[INFO] running `Command { std: "docker" "create" "-v" "/var/lib/crater-agent-workspace/builds/worker-7-tc1/target:/opt/rustwide/target:rw,Z" "-v" "/var/lib/crater-agent-workspace/builds/worker-7-tc1/source:/opt/rustwide/workdir:ro,Z" "-v" "/var/lib/crater-agent-workspace/cargo-home:/opt/rustwide/cargo-home:ro,Z" "-v" "/var/lib/crater-agent-workspace/rustup-home:/opt/rustwide/rustup-home:ro,Z" "-e" "SOURCE_DIR=/opt/rustwide/workdir" "-e" "CARGO_TARGET_DIR=/opt/rustwide/target" "-e" "CARGO_HOME=/opt/rustwide/cargo-home" "-e" "RUSTUP_HOME=/opt/rustwide/rustup-home" "-w" "/opt/rustwide/workdir" "-m" "1610612736" "--user" "0:0" "--network" "none" "ghcr.io/rust-lang/crates-build-env/linux@sha256:2788e3201cd34a07e3172128adcd8b3090168a8e3bcc40d7c032b9dda1df7d1c" "/opt/rustwide/cargo-home/bin/cargo" "+1.75.0" "metadata" "--no-deps" "--format-version=1", kill_on_drop: false }`
[INFO] [stdout] 6663a7b72471fb684401db9ef78bdd35ab9404cc8876af124365e39045ec3f31
[INFO] running `Command { std: "docker" "start" "-a" "6663a7b72471fb684401db9ef78bdd35ab9404cc8876af124365e39045ec3f31", kill_on_drop: false }`
[INFO] running `Command { std: "docker" "inspect" "6663a7b72471fb684401db9ef78bdd35ab9404cc8876af124365e39045ec3f31", kill_on_drop: false }`
[INFO] running `Command { std: "docker" "rm" "-f" "6663a7b72471fb684401db9ef78bdd35ab9404cc8876af124365e39045ec3f31", kill_on_drop: false }`
[INFO] [stdout] 6663a7b72471fb684401db9ef78bdd35ab9404cc8876af124365e39045ec3f31
[INFO] running `Command { std: "docker" "create" "-v" "/var/lib/crater-agent-workspace/builds/worker-7-tc1/target:/opt/rustwide/target:rw,Z" "-v" "/var/lib/crater-agent-workspace/builds/worker-7-tc1/source:/opt/rustwide/workdir:ro,Z" "-v" "/var/lib/crater-agent-workspace/cargo-home:/opt/rustwide/cargo-home:ro,Z" "-v" "/var/lib/crater-agent-workspace/rustup-home:/opt/rustwide/rustup-home:ro,Z" "-e" "SOURCE_DIR=/opt/rustwide/workdir" "-e" "CARGO_TARGET_DIR=/opt/rustwide/target" "-e" "CARGO_INCREMENTAL=0" "-e" "RUST_BACKTRACE=full" "-e" "RUSTFLAGS=--cap-lints=warn" "-e" "RUSTDOCFLAGS=--cap-lints=warn" "-e" "CARGO_HOME=/opt/rustwide/cargo-home" "-e" "RUSTUP_HOME=/opt/rustwide/rustup-home" "-w" "/opt/rustwide/workdir" "-m" "1610612736" "--user" "0:0" "--network" "none" "ghcr.io/rust-lang/crates-build-env/linux@sha256:2788e3201cd34a07e3172128adcd8b3090168a8e3bcc40d7c032b9dda1df7d1c" "/opt/rustwide/cargo-home/bin/cargo" "+1.75.0" "build" "--frozen" "--message-format=json", kill_on_drop: false }`
[INFO] [stdout] cd6c1eb9c6a581f3f33efafffb14be99038860c02ac380d59fc229d92a9c437e
[INFO] running `Command { std: "docker" "start" "-a" "cd6c1eb9c6a581f3f33efafffb14be99038860c02ac380d59fc229d92a9c437e", kill_on_drop: false }`
[INFO] [stderr]    Compiling libc v0.2.137
[INFO] [stderr]    Compiling proc-macro2 v1.0.46
[INFO] [stderr]    Compiling quote v1.0.21
[INFO] [stderr]    Compiling unicode-ident v1.0.4
[INFO] [stderr]    Compiling syn v1.0.104
[INFO] [stderr]    Compiling pkg-config v0.3.25
[INFO] [stderr]    Compiling serde_derive v1.0.148
[INFO] [stderr]    Compiling cfg-if v1.0.0
[INFO] [stderr]    Compiling bitflags v1.3.2
[INFO] [stderr]    Compiling serde v1.0.148
[INFO] [stderr]    Compiling memchr v2.5.0
[INFO] [stderr]    Compiling io-lifetimes v0.7.3
[INFO] [stderr]    Compiling rustix v0.35.11
[INFO] [stderr]    Compiling encoding_index_tests v0.1.4
[INFO] [stderr]    Compiling autocfg v1.1.0
[INFO] [stderr]    Compiling tinyvec_macros v0.1.0
[INFO] [stderr]    Compiling linux-raw-sys v0.0.46
[INFO] [stderr]    Compiling once_cell v1.16.0
[INFO] [stderr]    Compiling proc-macro-hack v0.5.19
[INFO] [stderr]    Compiling lazy_static v1.4.0
[INFO] [stderr]    Compiling log v0.4.17
[INFO] [stderr]    Compiling tinyvec v1.6.0
[INFO] [stderr]    Compiling termcolor v1.1.3
[INFO] [stderr]    Compiling crc32fast v1.3.2
[INFO] [stderr]    Compiling itoa v1.0.3
[INFO] [stderr]    Compiling hashbrown v0.12.3
[INFO] [stderr]    Compiling regex-syntax v0.6.27
[INFO] [stderr]    Compiling os_str_bytes v6.3.0
[INFO] [stderr]    Compiling indexmap v1.9.1
[INFO] [stderr]    Compiling percent-encoding v2.2.0
[INFO] [stderr]    Compiling regex-automata v0.1.10
[INFO] [stderr]    Compiling clap_lex v0.3.0
[INFO] [stderr]    Compiling linked-hash-map v0.5.6
[INFO] [stderr]    Compiling ryu v1.0.11
[INFO] [stderr]    Compiling serde_json v1.0.85
[INFO] [stderr]    Compiling fnv v1.0.7
[INFO] [stderr]    Compiling same-file v1.0.6
[INFO] [stderr]    Compiling strsim v0.10.0
[INFO] [stderr]    Compiling unicode-bidi v0.3.8
[INFO] [stderr]    Compiling aho-corasick v0.7.19
[INFO] [stderr]    Compiling num_threads v0.1.6
[INFO] [stderr]    Compiling safemem v0.3.3
[INFO] [stderr]    Compiling thiserror v1.0.37
[INFO] [stderr]    Compiling unicode-normalization v0.1.22
[INFO] [stderr]    Compiling adler v1.0.2
[INFO] [stderr]    Compiling line-wrap v0.1.1
[INFO] [stderr]    Compiling yaml-rust v0.4.5
[INFO] [stderr]    Compiling bstr v0.2.17
[INFO] [stderr]    Compiling miniz_oxide v0.5.4
[INFO] [stderr]    Compiling form_urlencoded v1.1.0
[INFO] [stderr]    Compiling bugreport v0.5.0
[INFO] [stderr]    Compiling base64 v0.13.0
[INFO] [stderr]    Compiling semver v1.0.14
[INFO] [stderr]    Compiling xml-rs v0.8.4
[INFO] [stderr]    Compiling bytemuck v1.12.1
[INFO] [stderr]    Compiling walkdir v2.3.2
[INFO] [stderr]    Compiling idna v0.3.0
[INFO] [stderr]    Compiling encoding-index-korean v1.20141219.5
[INFO] [stderr]    Compiling jobserver v0.1.25
[INFO] [stderr]    Compiling atty v0.2.14
[INFO] [stderr]    Compiling time v0.3.14
[INFO] [stderr]    Compiling cc v1.0.73
[INFO] [stderr]    Compiling flate2 v1.0.24
[INFO] [stderr]    Compiling dirs-sys-next v0.1.2
[INFO] [stderr]    Compiling terminal_size v0.1.17
[INFO] [stderr]    Compiling rgb v0.8.34
[INFO] [stderr]    Compiling encoding-index-singlebyte v1.20141219.5
[INFO] [stderr]    Compiling encoding-index-tradchinese v1.20141219.5
[INFO] [stderr]    Compiling encoding-index-simpchinese v1.20141219.5
[INFO] [stderr]    Compiling url v2.3.1
[INFO] [stderr]    Compiling encoding-index-japanese v1.20141219.5
[INFO] [stderr]    Compiling unicode-width v0.1.10
[INFO] [stderr]    Compiling regex v1.7.0
[INFO] [stderr]    Compiling shell-escape v0.1.5
[INFO] [stderr]    Compiling std_prelude v0.2.12
[INFO] [stderr]    Compiling path_abs v0.5.1
[INFO] [stderr]    Compiling console v0.15.2
[INFO] [stderr]    Compiling ansi_colours v1.1.1
[INFO] [stderr]    Compiling dirs-next v2.0.0
[INFO] [stderr]    Compiling encoding v0.2.33
[INFO] [stderr]    Compiling content_inspector v0.2.4
[INFO] [stderr]    Compiling bytesize v1.1.0
[INFO] [stderr]    Compiling shell-words v1.1.0
[INFO] [stderr]    Compiling wild v2.1.0
[INFO] [stderr]    Compiling ansi_term v0.12.1
[INFO] [stderr]    Compiling libz-sys v1.1.8
[INFO] [stderr]    Compiling onig_sys v69.8.1
[INFO] [stderr]    Compiling sys-info v0.9.1
[INFO] [stderr]    Compiling libgit2-sys v0.14.0+1.5.0
[INFO] [stderr]    Compiling terminal_size v0.2.1
[INFO] [stderr]    Compiling globset v0.4.9
[INFO] [stderr]    Compiling clap v4.0.18
[INFO] [stderr]    Compiling grep-cli v0.1.6
[INFO] [stderr]    Compiling thiserror-impl v1.0.37
[INFO] [stderr]    Compiling git-version-macro v0.3.5
[INFO] [stderr]    Compiling onig v6.4.0
[INFO] [stderr]    Compiling git-version v0.3.5
[INFO] [stderr]    Compiling bat v0.22.1 (/opt/rustwide/workdir)
[INFO] [stderr]    Compiling git2 v0.15.0
[INFO] [stderr]    Compiling plist v1.3.1
[INFO] [stderr]    Compiling bincode v1.3.3
[INFO] [stderr]    Compiling serde_yaml v0.8.26
[INFO] [stderr]    Compiling clircle v0.3.0
[INFO] [stderr]    Compiling syntect v5.0.0
[INFO] [stderr]     Finished dev [unoptimized + debuginfo] target(s) in 23.61s
[INFO] running `Command { std: "docker" "inspect" "cd6c1eb9c6a581f3f33efafffb14be99038860c02ac380d59fc229d92a9c437e", kill_on_drop: false }`
[INFO] running `Command { std: "docker" "rm" "-f" "cd6c1eb9c6a581f3f33efafffb14be99038860c02ac380d59fc229d92a9c437e", kill_on_drop: false }`
[INFO] [stdout] cd6c1eb9c6a581f3f33efafffb14be99038860c02ac380d59fc229d92a9c437e
[INFO] running `Command { std: "docker" "create" "-v" "/var/lib/crater-agent-workspace/builds/worker-7-tc1/target:/opt/rustwide/target:rw,Z" "-v" "/var/lib/crater-agent-workspace/builds/worker-7-tc1/source:/opt/rustwide/workdir:ro,Z" "-v" "/var/lib/crater-agent-workspace/cargo-home:/opt/rustwide/cargo-home:ro,Z" "-v" "/var/lib/crater-agent-workspace/rustup-home:/opt/rustwide/rustup-home:ro,Z" "-e" "SOURCE_DIR=/opt/rustwide/workdir" "-e" "CARGO_TARGET_DIR=/opt/rustwide/target" "-e" "CARGO_INCREMENTAL=0" "-e" "RUST_BACKTRACE=full" "-e" "RUSTFLAGS=--cap-lints=warn" "-e" "RUSTDOCFLAGS=--cap-lints=warn" "-e" "CARGO_HOME=/opt/rustwide/cargo-home" "-e" "RUSTUP_HOME=/opt/rustwide/rustup-home" "-w" "/opt/rustwide/workdir" "-m" "1610612736" "--user" "0:0" "--network" "none" "ghcr.io/rust-lang/crates-build-env/linux@sha256:2788e3201cd34a07e3172128adcd8b3090168a8e3bcc40d7c032b9dda1df7d1c" "/opt/rustwide/cargo-home/bin/cargo" "+1.75.0" "test" "--frozen" "--no-run" "--message-format=json", kill_on_drop: false }`
[INFO] [stdout] 2f2d2dd03125362e5f9e805c1c589d42de1d0cdf68ac2f06beb34f1d2bec5f5d
[INFO] running `Command { std: "docker" "start" "-a" "2f2d2dd03125362e5f9e805c1c589d42de1d0cdf68ac2f06beb34f1d2bec5f5d", kill_on_drop: false }`
[INFO] [stderr]    Compiling version_check v0.9.4
[INFO] [stderr]    Compiling num-traits v0.2.15
[INFO] [stderr]    Compiling lock_api v0.4.9
[INFO] [stderr]    Compiling rustversion v1.0.9
[INFO] [stderr]    Compiling parking_lot_core v0.8.5
[INFO] [stderr]    Compiling instant v0.1.12
[INFO] [stderr]    Compiling smallvec v1.10.0
[INFO] [stderr]    Compiling doc-comment v0.3.3
[INFO] [stderr]    Compiling predicates-core v1.0.3
[INFO] [stderr]    Compiling scopeguard v1.1.0
[INFO] [stderr]    Compiling either v1.8.0
[INFO] [stderr]    Compiling difflib v0.4.0
[INFO] [stderr]    Compiling normalize-line-endings v0.3.0
[INFO] [stderr]    Compiling termtree v0.2.4
[INFO] [stderr]    Compiling wait-timeout v0.2.0
[INFO] [stderr]    Compiling static_assertions v1.1.0
[INFO] [stderr]    Compiling remove_dir_all v0.5.3
[INFO] [stderr]    Compiling fastrand v1.8.0
[INFO] [stderr]    Compiling nix v0.26.1
[INFO] [stderr]    Compiling predicates-tree v1.0.5
[INFO] [stderr]    Compiling itertools v0.10.5
[INFO] [stderr]    Compiling proc-macro-error-attr v1.0.4
[INFO] [stderr]    Compiling proc-macro-error v1.0.4
[INFO] [stderr]    Compiling tempfile v3.3.0
[INFO] [stderr]    Compiling parking_lot v0.11.2
[INFO] [stderr]    Compiling serial_test_derive v0.6.0
[INFO] [stderr]    Compiling float-cmp v0.9.0
[INFO] [stderr]    Compiling predicates v2.1.3
[INFO] [stderr]    Compiling assert_cmd v2.0.5
[INFO] [stderr]    Compiling serial_test v0.6.0
[INFO] [stderr]    Compiling bat v0.22.1 (/opt/rustwide/workdir)
[INFO] [stdout] error: linking with `cc` failed: exit status: 1
[INFO] [stdout]   |
[INFO] [stdout]   = note: LC_ALL="C" PATH="/opt/rustwide/rustup-home/toolchains/1.75.0-x86_64-unknown-linux-gnu/lib/rustlib/x86_64-unknown-linux-gnu/bin:/opt/rustwide/cargo-home/bin:/usr/local/sbin:/usr/local/bin:/usr/sbin:/usr/bin:/sbin:/bin" VSLANG="1033" "cc" "-m64" "/tmp/rustcQZwT5m/symbols.o" "/opt/rustwide/target/debug/examples/advanced-d1654470c2abb53b.advanced.e2cef7e47dbcae6d-cgu.0.rcgu.o" "/opt/rustwide/target/debug/examples/advanced-d1654470c2abb53b.344p4nl4gsspylfs.rcgu.o" "-Wl,--as-needed" "-L" "/opt/rustwide/target/debug/deps" "-L" "/opt/rustwide/target/debug/build/sys-info-4258cb6ca028eb9e/out" "-L" "/opt/rustwide/target/debug/build/libgit2-sys-e2ace40f35466d0e/out/build" "-L" "/opt/rustwide/target/debug/build/onig_sys-ab4d0f4555918e1f/out" "-L" "/opt/rustwide/rustup-home/toolchains/1.75.0-x86_64-unknown-linux-gnu/lib/rustlib/x86_64-unknown-linux-gnu/lib" "-Wl,-Bstatic" "/opt/rustwide/target/debug/deps/libbat-9cabc91e5d37bacb.rlib" "/opt/rustwide/target/debug/deps/libansi_colours-4fdaf278a3be0757.rlib" "/opt/rustwide/target/debug/deps/librgb-19d3c374a7cda60e.rlib" "/opt/rustwide/target/debug/deps/libbytemuck-f8164ba824b3f0aa.rlib" "/opt/rustwide/target/debug/deps/libgrep_cli-0150008cec5c7d6f.rlib" "/opt/rustwide/target/debug/deps/libatty-3859750702f8303c.rlib" "/opt/rustwide/target/debug/deps/libtermcolor-8398fdf37ae29334.rlib" "/opt/rustwide/target/debug/deps/libserde_yaml-fc230a799f5ff82e.rlib" "/opt/rustwide/target/debug/deps/libglobset-e57cc99c69d14bef.rlib" "/opt/rustwide/target/debug/deps/libbstr-f6b63264487e0801.rlib" "/opt/rustwide/target/debug/deps/libregex_automata-41ea749691d9ce70.rlib" "/opt/rustwide/target/debug/deps/libencoding-4dd272db3d8bc387.rlib" "/opt/rustwide/target/debug/deps/libencoding_index_tradchinese-49d2ad2a1a25967e.rlib" "/opt/rustwide/target/debug/deps/libencoding_index_simpchinese-b94e8fdd53e01b5a.rlib" "/opt/rustwide/target/debug/deps/libencoding_index_japanese-b8ce3ff4a9f6d607.rlib" "/opt/rustwide/target/debug/deps/libencoding_index_korean-e7c1522b7ba72fc2.rlib" "/opt/rustwide/target/debug/deps/libencoding_index_singlebyte-d54da7a63c6786ce.rlib" "/opt/rustwide/target/debug/deps/libbytesize-349ec719eaa1c330.rlib" "/opt/rustwide/target/debug/deps/libconsole-99fb5f64722a32f6.rlib" "/opt/rustwide/target/debug/deps/libterminal_size-761393b4ce43d04e.rlib" "/opt/rustwide/target/debug/deps/libunicode_width-aeff842d70fe38c8.rlib" "/opt/rustwide/target/debug/deps/libshell_words-ef839c818afe7be7.rlib" "/opt/rustwide/target/debug/deps/libcontent_inspector-0f13dfe982ca2ca9.rlib" "/opt/rustwide/target/debug/deps/libgit2-64602497a09b72a0.rlib" "/opt/rustwide/target/debug/deps/liburl-766f8fa2770c8650.rlib" "/opt/rustwide/target/debug/deps/libidna-c62e120fb9daafd7.rlib" "/opt/rustwide/target/debug/deps/libunicode_normalization-9a523c060fbda597.rlib" "/opt/rustwide/target/debug/deps/libtinyvec-e78be141da4aa4a4.rlib" "/opt/rustwide/target/debug/deps/libtinyvec_macros-bfeb7a087f0273ce.rlib" "/opt/rustwide/target/debug/deps/libunicode_bidi-6e4d9a1bf3170bfc.rlib" "/opt/rustwide/target/debug/deps/libform_urlencoded-e8c43e838ad28fa4.rlib" "/opt/rustwide/target/debug/deps/libpercent_encoding-c39f6500503dd269.rlib" "/opt/rustwide/target/debug/deps/liblog-3ad322dff60a4fea.rlib" "/opt/rustwide/target/debug/deps/liblibgit2_sys-7062f23f22a4c03b.rlib" "/opt/rustwide/target/debug/deps/liblibz_sys-67590c214486baa3.rlib" "/opt/rustwide/target/debug/deps/libansi_term-b21a82a9f4d0b6eb.rlib" "/opt/rustwide/target/debug/deps/libclircle-fceb10b9f84d56c4.rlib" "/opt/rustwide/target/debug/deps/liblibc-dee312e7bf6bd66c.rlib" "/opt/rustwide/target/debug/deps/libregex-9995c0b435d80670.rlib" "/opt/rustwide/target/debug/deps/libaho_corasick-4afb869e3e7aedd2.rlib" "/opt/rustwide/target/debug/deps/libmemchr-4fdcfd9ddfba30cb.rlib" "/opt/rustwide/target/debug/deps/libsemver-f44341ede1e856e1.rlib" "/opt/rustwide/target/debug/deps/libpath_abs-a8c47852f4bed37d.rlib" "/opt/rustwide/target/debug/deps/libstd_prelude-1d2f6bc4e139cd85.rlib" "/opt/rustwide/target/debug/deps/libsyntect-f1aac491ba629968.rlib" "/opt/rustwide/target/debug/deps/libthiserror-3a03189f12b5174e.rlib" "/opt/rustwide/target/debug/deps/libwalkdir-6f37c7dff47afc4f.rlib" "/opt/rustwide/target/debug/deps/libsame_file-06a4c01142053b65.rlib" "/opt/rustwide/target/debug/deps/libonig-3f077c6e62f12678.rlib" "/opt/rustwide/target/debug/deps/libonig_sys-2c86f5e076b7569a.rlib" "/opt/rustwide/target/debug/deps/libyaml_rust-dadeb9b0a1ae3c6e.rlib" "/opt/rustwide/target/debug/deps/liblinked_hash_map-55396135ba6b4b1c.rlib" "/opt/rustwide/target/debug/deps/libregex_syntax-edde019f48871409.rlib" "/opt/rustwide/target/debug/deps/libfnv-18bf5144d055e772.rlib" "/opt/rustwide/target/debug/deps/libbitflags-b7cee2ca4fb438d0.rlib" "/opt/rustwide/target/debug/deps/libserde_json-f563d1c34caf4ac0.rlib" "/opt/rustwide/target/debug/deps/libryu-80596ff4214e4d03.rlib" "/opt/rustwide/target/debug/deps/libplist-109af02179006363.rlib" "/opt/rustwide/target/debug/deps/libtime-68369b9d9c2bbc5e.rlib" "/opt/rustwide/target/debug/deps/libitoa-324a29e856512b52.rlib" "/opt/rustwide/target/debug/deps/libline_wrap-8d5d671595e9c530.rlib" "/opt/rustwide/target/debug/deps/libsafemem-4745ed10c8b13fe0.rlib" "/opt/rustwide/target/debug/deps/libxml-1d5305b342b33f2b.rlib" "/opt/rustwide/target/debug/deps/libbase64-8ea64d3566a9d67e.rlib" "/opt/rustwide/target/debug/deps/libindexmap-4a55c90885f25f25.rlib" "/opt/rustwide/target/debug/deps/libhashbrown-567986452cb9bc94.rlib" "/opt/rustwide/target/debug/deps/libflate2-d0fd3d944ada1524.rlib" "/opt/rustwide/target/debug/deps/libminiz_oxide-aa3e9944b2ef3050.rlib" "/opt/rustwide/target/debug/deps/libadler-c8f2240c56a0abca.rlib" "/opt/rustwide/target/debug/deps/libcrc32fast-664446237529ebff.rlib" "/opt/rustwide/target/debug/deps/libcfg_if-61dc7a6799e72b18.rlib" "/opt/rustwide/target/debug/deps/libbincode-fd4527983bd03c0a.rlib" "/opt/rustwide/target/debug/deps/libserde-f61f694cc3849097.rlib" "/opt/rustwide/target/debug/deps/liblazy_static-591486ebcb9a7ead.rlib" "/opt/rustwide/target/debug/deps/libonce_cell-0b3944a765abe985.rlib" "/opt/rustwide/rustup-home/toolchains/1.75.0-x86_64-unknown-linux-gnu/lib/rustlib/x86_64-unknown-linux-gnu/lib/libstd-90f6ddbf82de36ec.rlib" "/opt/rustwide/rustup-home/toolchains/1.75.0-x86_64-unknown-linux-gnu/lib/rustlib/x86_64-unknown-linux-gnu/lib/libpanic_unwind-480c41e9d4e1f677.rlib" "/opt/rustwide/rustup-home/toolchains/1.75.0-x86_64-unknown-linux-gnu/lib/rustlib/x86_64-unknown-linux-gnu/lib/libobject-db744c0ca03eed1d.rlib" "/opt/rustwide/rustup-home/toolchains/1.75.0-x86_64-unknown-linux-gnu/lib/rustlib/x86_64-unknown-linux-gnu/lib/libmemchr-8ba652dc7d4b285a.rlib" "/opt/rustwide/rustup-home/toolchains/1.75.0-x86_64-unknown-linux-gnu/lib/rustlib/x86_64-unknown-linux-gnu/lib/libaddr2line-d5f4520a9ebc0d58.rlib" "/opt/rustwide/rustup-home/toolchains/1.75.0-x86_64-unknown-linux-gnu/lib/rustlib/x86_64-unknown-linux-gnu/lib/libgimli-4ad84de58f0cb463.rlib" "/opt/rustwide/rustup-home/toolchains/1.75.0-x86_64-unknown-linux-gnu/lib/rustlib/x86_64-unknown-linux-gnu/lib/librustc_demangle-0d10aae2e0f38735.rlib" "/opt/rustwide/rustup-home/toolchains/1.75.0-x86_64-unknown-linux-gnu/lib/rustlib/x86_64-unknown-linux-gnu/lib/libstd_detect-0c17cff739e6745b.rlib" "/opt/rustwide/rustup-home/toolchains/1.75.0-x86_64-unknown-linux-gnu/lib/rustlib/x86_64-unknown-linux-gnu/lib/libhashbrown-b29e17139dde1aa8.rlib" "/opt/rustwide/rustup-home/toolchains/1.75.0-x86_64-unknown-linux-gnu/lib/rustlib/x86_64-unknown-linux-gnu/lib/librustc_std_workspace_alloc-1f975299829cc7bd.rlib" "/opt/rustwide/rustup-home/toolchains/1.75.0-x86_64-unknown-linux-gnu/lib/rustlib/x86_64-unknown-linux-gnu/lib/libminiz_oxide-86bae3bc3079f89b.rlib" "/opt/rustwide/rustup-home/toolchains/1.75.0-x86_64-unknown-linux-gnu/lib/rustlib/x86_64-unknown-linux-gnu/lib/libadler-321b82c30dffdf5f.rlib" "/opt/rustwide/rustup-home/toolchains/1.75.0-x86_64-unknown-linux-gnu/lib/rustlib/x86_64-unknown-linux-gnu/lib/libunwind-3dd8a6810a0bdfef.rlib" "/opt/rustwide/rustup-home/toolchains/1.75.0-x86_64-unknown-linux-gnu/lib/rustlib/x86_64-unknown-linux-gnu/lib/libcfg_if-eb39a61c0c879984.rlib" "/opt/rustwide/rustup-home/toolchains/1.75.0-x86_64-unknown-linux-gnu/lib/rustlib/x86_64-unknown-linux-gnu/lib/liblibc-aa769569f91c3548.rlib" "/opt/rustwide/rustup-home/toolchains/1.75.0-x86_64-unknown-linux-gnu/lib/rustlib/x86_64-unknown-linux-gnu/lib/liballoc-510a192a50a983ed.rlib" "/opt/rustwide/rustup-home/toolchains/1.75.0-x86_64-unknown-linux-gnu/lib/rustlib/x86_64-unknown-linux-gnu/lib/librustc_std_workspace_core-0577018320f99037.rlib" "/opt/rustwide/rustup-home/toolchains/1.75.0-x86_64-unknown-linux-gnu/lib/rustlib/x86_64-unknown-linux-gnu/lib/libcore-193cf992125ccd4c.rlib" "/opt/rustwide/rustup-home/toolchains/1.75.0-x86_64-unknown-linux-gnu/lib/rustlib/x86_64-unknown-linux-gnu/lib/libcompiler_builtins-8e138eaf26ebb4a8.rlib" "-Wl,-Bdynamic" "-lz" "-lgcc_s" "-lutil" "-lrt" "-lpthread" "-lm" "-ldl" "-lc" "-Wl,--eh-frame-hdr" "-Wl,-z,noexecstack" "-L" "/opt/rustwide/rustup-home/toolchains/1.75.0-x86_64-unknown-linux-gnu/lib/rustlib/x86_64-unknown-linux-gnu/lib" "-o" "/opt/rustwide/target/debug/examples/advanced-d1654470c2abb53b" "-Wl,--gc-sections" "-pie" "-Wl,-z,relro,-z,now" "-nodefaultlibs"
[INFO] [stdout]   = note: collect2: fatal error: ld terminated with signal 9 [Killed]
[INFO] [stdout]           compilation terminated.
[INFO] [stdout]           
[INFO] [stdout] 
[INFO] [stdout] 
[INFO] [stdout] error: aborting due to previous error
[INFO] [stdout] 
[INFO] [stdout] 
[INFO] [stderr] error: could not compile `bat` (example "advanced") due to 2 previous errors
[INFO] [stderr] warning: build failed, waiting for other jobs to finish...
[INFO] [stdout] error: linking with `cc` failed: exit status: 1
[INFO] [stdout]   |
[INFO] [stdout]   = note: LC_ALL="C" PATH="/opt/rustwide/rustup-home/toolchains/1.75.0-x86_64-unknown-linux-gnu/lib/rustlib/x86_64-unknown-linux-gnu/bin:/opt/rustwide/cargo-home/bin:/usr/local/sbin:/usr/local/bin:/usr/sbin:/usr/bin:/sbin:/bin" VSLANG="1033" "cc" "-m64" "/tmp/rustcfyarYO/symbols.o" "/opt/rustwide/target/debug/examples/inputs-ee80e7a61a6104c4.inputs.af0c928e6acc0056-cgu.0.rcgu.o" "/opt/rustwide/target/debug/examples/inputs-ee80e7a61a6104c4.47fdecpz50qv3ps5.rcgu.o" "-Wl,--as-needed" "-L" "/opt/rustwide/target/debug/deps" "-L" "/opt/rustwide/target/debug/build/sys-info-4258cb6ca028eb9e/out" "-L" "/opt/rustwide/target/debug/build/libgit2-sys-e2ace40f35466d0e/out/build" "-L" "/opt/rustwide/target/debug/build/onig_sys-ab4d0f4555918e1f/out" "-L" "/opt/rustwide/rustup-home/toolchains/1.75.0-x86_64-unknown-linux-gnu/lib/rustlib/x86_64-unknown-linux-gnu/lib" "-Wl,-Bstatic" "/opt/rustwide/target/debug/deps/libbat-9cabc91e5d37bacb.rlib" "/opt/rustwide/target/debug/deps/libansi_colours-4fdaf278a3be0757.rlib" "/opt/rustwide/target/debug/deps/librgb-19d3c374a7cda60e.rlib" "/opt/rustwide/target/debug/deps/libbytemuck-f8164ba824b3f0aa.rlib" "/opt/rustwide/target/debug/deps/libgrep_cli-0150008cec5c7d6f.rlib" "/opt/rustwide/target/debug/deps/libatty-3859750702f8303c.rlib" "/opt/rustwide/target/debug/deps/libtermcolor-8398fdf37ae29334.rlib" "/opt/rustwide/target/debug/deps/libserde_yaml-fc230a799f5ff82e.rlib" "/opt/rustwide/target/debug/deps/libglobset-e57cc99c69d14bef.rlib" "/opt/rustwide/target/debug/deps/libbstr-f6b63264487e0801.rlib" "/opt/rustwide/target/debug/deps/libregex_automata-41ea749691d9ce70.rlib" "/opt/rustwide/target/debug/deps/libencoding-4dd272db3d8bc387.rlib" "/opt/rustwide/target/debug/deps/libencoding_index_tradchinese-49d2ad2a1a25967e.rlib" "/opt/rustwide/target/debug/deps/libencoding_index_simpchinese-b94e8fdd53e01b5a.rlib" "/opt/rustwide/target/debug/deps/libencoding_index_japanese-b8ce3ff4a9f6d607.rlib" "/opt/rustwide/target/debug/deps/libencoding_index_korean-e7c1522b7ba72fc2.rlib" "/opt/rustwide/target/debug/deps/libencoding_index_singlebyte-d54da7a63c6786ce.rlib" "/opt/rustwide/target/debug/deps/libbytesize-349ec719eaa1c330.rlib" "/opt/rustwide/target/debug/deps/libconsole-99fb5f64722a32f6.rlib" "/opt/rustwide/target/debug/deps/libterminal_size-761393b4ce43d04e.rlib" "/opt/rustwide/target/debug/deps/libunicode_width-aeff842d70fe38c8.rlib" "/opt/rustwide/target/debug/deps/libshell_words-ef839c818afe7be7.rlib" "/opt/rustwide/target/debug/deps/libcontent_inspector-0f13dfe982ca2ca9.rlib" "/opt/rustwide/target/debug/deps/libgit2-64602497a09b72a0.rlib" "/opt/rustwide/target/debug/deps/liburl-766f8fa2770c8650.rlib" "/opt/rustwide/target/debug/deps/libidna-c62e120fb9daafd7.rlib" "/opt/rustwide/target/debug/deps/libunicode_normalization-9a523c060fbda597.rlib" "/opt/rustwide/target/debug/deps/libtinyvec-e78be141da4aa4a4.rlib" "/opt/rustwide/target/debug/deps/libtinyvec_macros-bfeb7a087f0273ce.rlib" "/opt/rustwide/target/debug/deps/libunicode_bidi-6e4d9a1bf3170bfc.rlib" "/opt/rustwide/target/debug/deps/libform_urlencoded-e8c43e838ad28fa4.rlib" "/opt/rustwide/target/debug/deps/libpercent_encoding-c39f6500503dd269.rlib" "/opt/rustwide/target/debug/deps/liblog-3ad322dff60a4fea.rlib" "/opt/rustwide/target/debug/deps/liblibgit2_sys-7062f23f22a4c03b.rlib" "/opt/rustwide/target/debug/deps/liblibz_sys-67590c214486baa3.rlib" "/opt/rustwide/target/debug/deps/libansi_term-b21a82a9f4d0b6eb.rlib" "/opt/rustwide/target/debug/deps/libclircle-fceb10b9f84d56c4.rlib" "/opt/rustwide/target/debug/deps/liblibc-dee312e7bf6bd66c.rlib" "/opt/rustwide/target/debug/deps/libregex-9995c0b435d80670.rlib" "/opt/rustwide/target/debug/deps/libaho_corasick-4afb869e3e7aedd2.rlib" "/opt/rustwide/target/debug/deps/libmemchr-4fdcfd9ddfba30cb.rlib" "/opt/rustwide/target/debug/deps/libsemver-f44341ede1e856e1.rlib" "/opt/rustwide/target/debug/deps/libpath_abs-a8c47852f4bed37d.rlib" "/opt/rustwide/target/debug/deps/libstd_prelude-1d2f6bc4e139cd85.rlib" "/opt/rustwide/target/debug/deps/libsyntect-f1aac491ba629968.rlib" "/opt/rustwide/target/debug/deps/libthiserror-3a03189f12b5174e.rlib" "/opt/rustwide/target/debug/deps/libwalkdir-6f37c7dff47afc4f.rlib" "/opt/rustwide/target/debug/deps/libsame_file-06a4c01142053b65.rlib" "/opt/rustwide/target/debug/deps/libonig-3f077c6e62f12678.rlib" "/opt/rustwide/target/debug/deps/libonig_sys-2c86f5e076b7569a.rlib" "/opt/rustwide/target/debug/deps/libyaml_rust-dadeb9b0a1ae3c6e.rlib" "/opt/rustwide/target/debug/deps/liblinked_hash_map-55396135ba6b4b1c.rlib" "/opt/rustwide/target/debug/deps/libregex_syntax-edde019f48871409.rlib" "/opt/rustwide/target/debug/deps/libfnv-18bf5144d055e772.rlib" "/opt/rustwide/target/debug/deps/libbitflags-b7cee2ca4fb438d0.rlib" "/opt/rustwide/target/debug/deps/libserde_json-f563d1c34caf4ac0.rlib" "/opt/rustwide/target/debug/deps/libryu-80596ff4214e4d03.rlib" "/opt/rustwide/target/debug/deps/libplist-109af02179006363.rlib" "/opt/rustwide/target/debug/deps/libtime-68369b9d9c2bbc5e.rlib" "/opt/rustwide/target/debug/deps/libitoa-324a29e856512b52.rlib" "/opt/rustwide/target/debug/deps/libline_wrap-8d5d671595e9c530.rlib" "/opt/rustwide/target/debug/deps/libsafemem-4745ed10c8b13fe0.rlib" "/opt/rustwide/target/debug/deps/libxml-1d5305b342b33f2b.rlib" "/opt/rustwide/target/debug/deps/libbase64-8ea64d3566a9d67e.rlib" "/opt/rustwide/target/debug/deps/libindexmap-4a55c90885f25f25.rlib" "/opt/rustwide/target/debug/deps/libhashbrown-567986452cb9bc94.rlib" "/opt/rustwide/target/debug/deps/libflate2-d0fd3d944ada1524.rlib" "/opt/rustwide/target/debug/deps/libminiz_oxide-aa3e9944b2ef3050.rlib" "/opt/rustwide/target/debug/deps/libadler-c8f2240c56a0abca.rlib" "/opt/rustwide/target/debug/deps/libcrc32fast-664446237529ebff.rlib" "/opt/rustwide/target/debug/deps/libcfg_if-61dc7a6799e72b18.rlib" "/opt/rustwide/target/debug/deps/libbincode-fd4527983bd03c0a.rlib" "/opt/rustwide/target/debug/deps/libserde-f61f694cc3849097.rlib" "/opt/rustwide/target/debug/deps/liblazy_static-591486ebcb9a7ead.rlib" "/opt/rustwide/target/debug/deps/libonce_cell-0b3944a765abe985.rlib" "/opt/rustwide/rustup-home/toolchains/1.75.0-x86_64-unknown-linux-gnu/lib/rustlib/x86_64-unknown-linux-gnu/lib/libstd-90f6ddbf82de36ec.rlib" "/opt/rustwide/rustup-home/toolchains/1.75.0-x86_64-unknown-linux-gnu/lib/rustlib/x86_64-unknown-linux-gnu/lib/libpanic_unwind-480c41e9d4e1f677.rlib" "/opt/rustwide/rustup-home/toolchains/1.75.0-x86_64-unknown-linux-gnu/lib/rustlib/x86_64-unknown-linux-gnu/lib/libobject-db744c0ca03eed1d.rlib" "/opt/rustwide/rustup-home/toolchains/1.75.0-x86_64-unknown-linux-gnu/lib/rustlib/x86_64-unknown-linux-gnu/lib/libmemchr-8ba652dc7d4b285a.rlib" "/opt/rustwide/rustup-home/toolchains/1.75.0-x86_64-unknown-linux-gnu/lib/rustlib/x86_64-unknown-linux-gnu/lib/libaddr2line-d5f4520a9ebc0d58.rlib" "/opt/rustwide/rustup-home/toolchains/1.75.0-x86_64-unknown-linux-gnu/lib/rustlib/x86_64-unknown-linux-gnu/lib/libgimli-4ad84de58f0cb463.rlib" "/opt/rustwide/rustup-home/toolchains/1.75.0-x86_64-unknown-linux-gnu/lib/rustlib/x86_64-unknown-linux-gnu/lib/librustc_demangle-0d10aae2e0f38735.rlib" "/opt/rustwide/rustup-home/toolchains/1.75.0-x86_64-unknown-linux-gnu/lib/rustlib/x86_64-unknown-linux-gnu/lib/libstd_detect-0c17cff739e6745b.rlib" "/opt/rustwide/rustup-home/toolchains/1.75.0-x86_64-unknown-linux-gnu/lib/rustlib/x86_64-unknown-linux-gnu/lib/libhashbrown-b29e17139dde1aa8.rlib" "/opt/rustwide/rustup-home/toolchains/1.75.0-x86_64-unknown-linux-gnu/lib/rustlib/x86_64-unknown-linux-gnu/lib/librustc_std_workspace_alloc-1f975299829cc7bd.rlib" "/opt/rustwide/rustup-home/toolchains/1.75.0-x86_64-unknown-linux-gnu/lib/rustlib/x86_64-unknown-linux-gnu/lib/libminiz_oxide-86bae3bc3079f89b.rlib" "/opt/rustwide/rustup-home/toolchains/1.75.0-x86_64-unknown-linux-gnu/lib/rustlib/x86_64-unknown-linux-gnu/lib/libadler-321b82c30dffdf5f.rlib" "/opt/rustwide/rustup-home/toolchains/1.75.0-x86_64-unknown-linux-gnu/lib/rustlib/x86_64-unknown-linux-gnu/lib/libunwind-3dd8a6810a0bdfef.rlib" "/opt/rustwide/rustup-home/toolchains/1.75.0-x86_64-unknown-linux-gnu/lib/rustlib/x86_64-unknown-linux-gnu/lib/libcfg_if-eb39a61c0c879984.rlib" "/opt/rustwide/rustup-home/toolchains/1.75.0-x86_64-unknown-linux-gnu/lib/rustlib/x86_64-unknown-linux-gnu/lib/liblibc-aa769569f91c3548.rlib" "/opt/rustwide/rustup-home/toolchains/1.75.0-x86_64-unknown-linux-gnu/lib/rustlib/x86_64-unknown-linux-gnu/lib/liballoc-510a192a50a983ed.rlib" "/opt/rustwide/rustup-home/toolchains/1.75.0-x86_64-unknown-linux-gnu/lib/rustlib/x86_64-unknown-linux-gnu/lib/librustc_std_workspace_core-0577018320f99037.rlib" "/opt/rustwide/rustup-home/toolchains/1.75.0-x86_64-unknown-linux-gnu/lib/rustlib/x86_64-unknown-linux-gnu/lib/libcore-193cf992125ccd4c.rlib" "/opt/rustwide/rustup-home/toolchains/1.75.0-x86_64-unknown-linux-gnu/lib/rustlib/x86_64-unknown-linux-gnu/lib/libcompiler_builtins-8e138eaf26ebb4a8.rlib" "-Wl,-Bdynamic" "-lz" "-lgcc_s" "-lutil" "-lrt" "-lpthread" "-lm" "-ldl" "-lc" "-Wl,--eh-frame-hdr" "-Wl,-z,noexecstack" "-L" "/opt/rustwide/rustup-home/toolchains/1.75.0-x86_64-unknown-linux-gnu/lib/rustlib/x86_64-unknown-linux-gnu/lib" "-o" "/opt/rustwide/target/debug/examples/inputs-ee80e7a61a6104c4" "-Wl,--gc-sections" "-pie" "-Wl,-z,relro,-z,now" "-nodefaultlibs"
[INFO] [stdout]   = note: collect2: fatal error: ld terminated with signal 9 [Killed]
[INFO] [stdout]           compilation terminated.
[INFO] [stdout]           
[INFO] [stdout] 
[INFO] [stdout] 
[INFO] [stdout] error: aborting due to previous error
[INFO] [stdout] 
[INFO] [stdout] 
[INFO] [stderr] error: could not compile `bat` (example "inputs") due to 2 previous errors
[INFO] [stdout] error: linking with `cc` failed: exit status: 1
[INFO] [stdout]   |
[INFO] [stdout]   = note: LC_ALL="C" PATH="/opt/rustwide/rustup-home/toolchains/1.75.0-x86_64-unknown-linux-gnu/lib/rustlib/x86_64-unknown-linux-gnu/bin:/opt/rustwide/cargo-home/bin:/usr/local/sbin:/usr/local/bin:/usr/sbin:/usr/bin:/sbin:/bin" VSLANG="1033" "cc" "-m64" "/tmp/rustc67wkdF/symbols.o" "/opt/rustwide/target/debug/examples/cat-92a2b7bb348c4aba.cat.73c4856de3e97b3e-cgu.0.rcgu.o" "/opt/rustwide/target/debug/examples/cat-92a2b7bb348c4aba.1fvlb25u0xvxoghp.rcgu.o" "-Wl,--as-needed" "-L" "/opt/rustwide/target/debug/deps" "-L" "/opt/rustwide/target/debug/build/sys-info-4258cb6ca028eb9e/out" "-L" "/opt/rustwide/target/debug/build/libgit2-sys-e2ace40f35466d0e/out/build" "-L" "/opt/rustwide/target/debug/build/onig_sys-ab4d0f4555918e1f/out" "-L" "/opt/rustwide/rustup-home/toolchains/1.75.0-x86_64-unknown-linux-gnu/lib/rustlib/x86_64-unknown-linux-gnu/lib" "-Wl,-Bstatic" "/opt/rustwide/target/debug/deps/libbat-9cabc91e5d37bacb.rlib" "/opt/rustwide/target/debug/deps/libansi_colours-4fdaf278a3be0757.rlib" "/opt/rustwide/target/debug/deps/librgb-19d3c374a7cda60e.rlib" "/opt/rustwide/target/debug/deps/libbytemuck-f8164ba824b3f0aa.rlib" "/opt/rustwide/target/debug/deps/libgrep_cli-0150008cec5c7d6f.rlib" "/opt/rustwide/target/debug/deps/libatty-3859750702f8303c.rlib" "/opt/rustwide/target/debug/deps/libtermcolor-8398fdf37ae29334.rlib" "/opt/rustwide/target/debug/deps/libserde_yaml-fc230a799f5ff82e.rlib" "/opt/rustwide/target/debug/deps/libglobset-e57cc99c69d14bef.rlib" "/opt/rustwide/target/debug/deps/libbstr-f6b63264487e0801.rlib" "/opt/rustwide/target/debug/deps/libregex_automata-41ea749691d9ce70.rlib" "/opt/rustwide/target/debug/deps/libencoding-4dd272db3d8bc387.rlib" "/opt/rustwide/target/debug/deps/libencoding_index_tradchinese-49d2ad2a1a25967e.rlib" "/opt/rustwide/target/debug/deps/libencoding_index_simpchinese-b94e8fdd53e01b5a.rlib" "/opt/rustwide/target/debug/deps/libencoding_index_japanese-b8ce3ff4a9f6d607.rlib" "/opt/rustwide/target/debug/deps/libencoding_index_korean-e7c1522b7ba72fc2.rlib" "/opt/rustwide/target/debug/deps/libencoding_index_singlebyte-d54da7a63c6786ce.rlib" "/opt/rustwide/target/debug/deps/libbytesize-349ec719eaa1c330.rlib" "/opt/rustwide/target/debug/deps/libconsole-99fb5f64722a32f6.rlib" "/opt/rustwide/target/debug/deps/libterminal_size-761393b4ce43d04e.rlib" "/opt/rustwide/target/debug/deps/libunicode_width-aeff842d70fe38c8.rlib" "/opt/rustwide/target/debug/deps/libshell_words-ef839c818afe7be7.rlib" "/opt/rustwide/target/debug/deps/libcontent_inspector-0f13dfe982ca2ca9.rlib" "/opt/rustwide/target/debug/deps/libgit2-64602497a09b72a0.rlib" "/opt/rustwide/target/debug/deps/liburl-766f8fa2770c8650.rlib" "/opt/rustwide/target/debug/deps/libidna-c62e120fb9daafd7.rlib" "/opt/rustwide/target/debug/deps/libunicode_normalization-9a523c060fbda597.rlib" "/opt/rustwide/target/debug/deps/libtinyvec-e78be141da4aa4a4.rlib" "/opt/rustwide/target/debug/deps/libtinyvec_macros-bfeb7a087f0273ce.rlib" "/opt/rustwide/target/debug/deps/libunicode_bidi-6e4d9a1bf3170bfc.rlib" "/opt/rustwide/target/debug/deps/libform_urlencoded-e8c43e838ad28fa4.rlib" "/opt/rustwide/target/debug/deps/libpercent_encoding-c39f6500503dd269.rlib" "/opt/rustwide/target/debug/deps/liblog-3ad322dff60a4fea.rlib" "/opt/rustwide/target/debug/deps/liblibgit2_sys-7062f23f22a4c03b.rlib" "/opt/rustwide/target/debug/deps/liblibz_sys-67590c214486baa3.rlib" "/opt/rustwide/target/debug/deps/libansi_term-b21a82a9f4d0b6eb.rlib" "/opt/rustwide/target/debug/deps/libclircle-fceb10b9f84d56c4.rlib" "/opt/rustwide/target/debug/deps/liblibc-dee312e7bf6bd66c.rlib" "/opt/rustwide/target/debug/deps/libregex-9995c0b435d80670.rlib" "/opt/rustwide/target/debug/deps/libaho_corasick-4afb869e3e7aedd2.rlib" "/opt/rustwide/target/debug/deps/libmemchr-4fdcfd9ddfba30cb.rlib" "/opt/rustwide/target/debug/deps/libsemver-f44341ede1e856e1.rlib" "/opt/rustwide/target/debug/deps/libpath_abs-a8c47852f4bed37d.rlib" "/opt/rustwide/target/debug/deps/libstd_prelude-1d2f6bc4e139cd85.rlib" "/opt/rustwide/target/debug/deps/libsyntect-f1aac491ba629968.rlib" "/opt/rustwide/target/debug/deps/libthiserror-3a03189f12b5174e.rlib" "/opt/rustwide/target/debug/deps/libwalkdir-6f37c7dff47afc4f.rlib" "/opt/rustwide/target/debug/deps/libsame_file-06a4c01142053b65.rlib" "/opt/rustwide/target/debug/deps/libonig-3f077c6e62f12678.rlib" "/opt/rustwide/target/debug/deps/libonig_sys-2c86f5e076b7569a.rlib" "/opt/rustwide/target/debug/deps/libyaml_rust-dadeb9b0a1ae3c6e.rlib" "/opt/rustwide/target/debug/deps/liblinked_hash_map-55396135ba6b4b1c.rlib" "/opt/rustwide/target/debug/deps/libregex_syntax-edde019f48871409.rlib" "/opt/rustwide/target/debug/deps/libfnv-18bf5144d055e772.rlib" "/opt/rustwide/target/debug/deps/libbitflags-b7cee2ca4fb438d0.rlib" "/opt/rustwide/target/debug/deps/libserde_json-f563d1c34caf4ac0.rlib" "/opt/rustwide/target/debug/deps/libryu-80596ff4214e4d03.rlib" "/opt/rustwide/target/debug/deps/libplist-109af02179006363.rlib" "/opt/rustwide/target/debug/deps/libtime-68369b9d9c2bbc5e.rlib" "/opt/rustwide/target/debug/deps/libitoa-324a29e856512b52.rlib" "/opt/rustwide/target/debug/deps/libline_wrap-8d5d671595e9c530.rlib" "/opt/rustwide/target/debug/deps/libsafemem-4745ed10c8b13fe0.rlib" "/opt/rustwide/target/debug/deps/libxml-1d5305b342b33f2b.rlib" "/opt/rustwide/target/debug/deps/libbase64-8ea64d3566a9d67e.rlib" "/opt/rustwide/target/debug/deps/libindexmap-4a55c90885f25f25.rlib" "/opt/rustwide/target/debug/deps/libhashbrown-567986452cb9bc94.rlib" "/opt/rustwide/target/debug/deps/libflate2-d0fd3d944ada1524.rlib" "/opt/rustwide/target/debug/deps/libminiz_oxide-aa3e9944b2ef3050.rlib" "/opt/rustwide/target/debug/deps/libadler-c8f2240c56a0abca.rlib" "/opt/rustwide/target/debug/deps/libcrc32fast-664446237529ebff.rlib" "/opt/rustwide/target/debug/deps/libcfg_if-61dc7a6799e72b18.rlib" "/opt/rustwide/target/debug/deps/libbincode-fd4527983bd03c0a.rlib" "/opt/rustwide/target/debug/deps/libserde-f61f694cc3849097.rlib" "/opt/rustwide/target/debug/deps/liblazy_static-591486ebcb9a7ead.rlib" "/opt/rustwide/target/debug/deps/libonce_cell-0b3944a765abe985.rlib" "/opt/rustwide/rustup-home/toolchains/1.75.0-x86_64-unknown-linux-gnu/lib/rustlib/x86_64-unknown-linux-gnu/lib/libstd-90f6ddbf82de36ec.rlib" "/opt/rustwide/rustup-home/toolchains/1.75.0-x86_64-unknown-linux-gnu/lib/rustlib/x86_64-unknown-linux-gnu/lib/libpanic_unwind-480c41e9d4e1f677.rlib" "/opt/rustwide/rustup-home/toolchains/1.75.0-x86_64-unknown-linux-gnu/lib/rustlib/x86_64-unknown-linux-gnu/lib/libobject-db744c0ca03eed1d.rlib" "/opt/rustwide/rustup-home/toolchains/1.75.0-x86_64-unknown-linux-gnu/lib/rustlib/x86_64-unknown-linux-gnu/lib/libmemchr-8ba652dc7d4b285a.rlib" "/opt/rustwide/rustup-home/toolchains/1.75.0-x86_64-unknown-linux-gnu/lib/rustlib/x86_64-unknown-linux-gnu/lib/libaddr2line-d5f4520a9ebc0d58.rlib" "/opt/rustwide/rustup-home/toolchains/1.75.0-x86_64-unknown-linux-gnu/lib/rustlib/x86_64-unknown-linux-gnu/lib/libgimli-4ad84de58f0cb463.rlib" "/opt/rustwide/rustup-home/toolchains/1.75.0-x86_64-unknown-linux-gnu/lib/rustlib/x86_64-unknown-linux-gnu/lib/librustc_demangle-0d10aae2e0f38735.rlib" "/opt/rustwide/rustup-home/toolchains/1.75.0-x86_64-unknown-linux-gnu/lib/rustlib/x86_64-unknown-linux-gnu/lib/libstd_detect-0c17cff739e6745b.rlib" "/opt/rustwide/rustup-home/toolchains/1.75.0-x86_64-unknown-linux-gnu/lib/rustlib/x86_64-unknown-linux-gnu/lib/libhashbrown-b29e17139dde1aa8.rlib" "/opt/rustwide/rustup-home/toolchains/1.75.0-x86_64-unknown-linux-gnu/lib/rustlib/x86_64-unknown-linux-gnu/lib/librustc_std_workspace_alloc-1f975299829cc7bd.rlib" "/opt/rustwide/rustup-home/toolchains/1.75.0-x86_64-unknown-linux-gnu/lib/rustlib/x86_64-unknown-linux-gnu/lib/libminiz_oxide-86bae3bc3079f89b.rlib" "/opt/rustwide/rustup-home/toolchains/1.75.0-x86_64-unknown-linux-gnu/lib/rustlib/x86_64-unknown-linux-gnu/lib/libadler-321b82c30dffdf5f.rlib" "/opt/rustwide/rustup-home/toolchains/1.75.0-x86_64-unknown-linux-gnu/lib/rustlib/x86_64-unknown-linux-gnu/lib/libunwind-3dd8a6810a0bdfef.rlib" "/opt/rustwide/rustup-home/toolchains/1.75.0-x86_64-unknown-linux-gnu/lib/rustlib/x86_64-unknown-linux-gnu/lib/libcfg_if-eb39a61c0c879984.rlib" "/opt/rustwide/rustup-home/toolchains/1.75.0-x86_64-unknown-linux-gnu/lib/rustlib/x86_64-unknown-linux-gnu/lib/liblibc-aa769569f91c3548.rlib" "/opt/rustwide/rustup-home/toolchains/1.75.0-x86_64-unknown-linux-gnu/lib/rustlib/x86_64-unknown-linux-gnu/lib/liballoc-510a192a50a983ed.rlib" "/opt/rustwide/rustup-home/toolchains/1.75.0-x86_64-unknown-linux-gnu/lib/rustlib/x86_64-unknown-linux-gnu/lib/librustc_std_workspace_core-0577018320f99037.rlib" "/opt/rustwide/rustup-home/toolchains/1.75.0-x86_64-unknown-linux-gnu/lib/rustlib/x86_64-unknown-linux-gnu/lib/libcore-193cf992125ccd4c.rlib" "/opt/rustwide/rustup-home/toolchains/1.75.0-x86_64-unknown-linux-gnu/lib/rustlib/x86_64-unknown-linux-gnu/lib/libcompiler_builtins-8e138eaf26ebb4a8.rlib" "-Wl,-Bdynamic" "-lz" "-lgcc_s" "-lutil" "-lrt" "-lpthread" "-lm" "-ldl" "-lc" "-Wl,--eh-frame-hdr" "-Wl,-z,noexecstack" "-L" "/opt/rustwide/rustup-home/toolchains/1.75.0-x86_64-unknown-linux-gnu/lib/rustlib/x86_64-unknown-linux-gnu/lib" "-o" "/opt/rustwide/target/debug/examples/cat-92a2b7bb348c4aba" "-Wl,--gc-sections" "-pie" "-Wl,-z,relro,-z,now" "-nodefaultlibs"
[INFO] [stdout]   = note: collect2: fatal error: ld terminated with signal 9 [Killed]
[INFO] [stdout]           compilation terminated.
[INFO] [stdout]           
[INFO] [stdout] 
[INFO] [stdout] 
[INFO] [stdout] error: aborting due to previous error
[INFO] [stdout] 
[INFO] [stdout] 
[INFO] [stderr] error: could not compile `bat` (example "cat") due to 2 previous errors
[INFO] [stderr] error: could not compile `bat` (lib test)
[INFO] [stderr] 
[INFO] [stderr] Caused by:
[INFO] [stderr]   process didn't exit successfully: `/opt/rustwide/rustup-home/toolchains/1.75.0-x86_64-unknown-linux-gnu/bin/rustc --crate-name bat --edition=2018 src/lib.rs --error-format=json --json=diagnostic-rendered-ansi,artifacts,future-incompat --emit=dep-info,link -C embed-bitcode=no -C debuginfo=2 --test --cfg 'feature="application"' --cfg 'feature="atty"' --cfg 'feature="bugreport"' --cfg 'feature="build-assets"' --cfg 'feature="clap"' --cfg 'feature="default"' --cfg 'feature="dirs-next"' --cfg 'feature="git"' --cfg 'feature="git2"' --cfg 'feature="grep-cli"' --cfg 'feature="minimal-application"' --cfg 'feature="paging"' --cfg 'feature="regex"' --cfg 'feature="regex-onig"' --cfg 'feature="shell-words"' --cfg 'feature="walkdir"' --cfg 'feature="wild"' -C metadata=8e3a339411385ce4 -C extra-filename=-8e3a339411385ce4 --out-dir /opt/rustwide/target/debug/deps -L dependency=/opt/rustwide/target/debug/deps --extern ansi_colours=/opt/rustwide/target/debug/deps/libansi_colours-4fdaf278a3be0757.rlib --extern ansi_term=/opt/rustwide/target/debug/deps/libansi_term-b21a82a9f4d0b6eb.rlib --extern assert_cmd=/opt/rustwide/target/debug/deps/libassert_cmd-bbe254c27c099330.rlib --extern atty=/opt/rustwide/target/debug/deps/libatty-3859750702f8303c.rlib --extern bincode=/opt/rustwide/target/debug/deps/libbincode-fd4527983bd03c0a.rlib --extern bugreport=/opt/rustwide/target/debug/deps/libbugreport-36d1129fe149a5f2.rlib --extern bytesize=/opt/rustwide/target/debug/deps/libbytesize-349ec719eaa1c330.rlib --extern clap=/opt/rustwide/target/debug/deps/libclap-351467c23850e1e0.rlib --extern clircle=/opt/rustwide/target/debug/deps/libclircle-fceb10b9f84d56c4.rlib --extern console=/opt/rustwide/target/debug/deps/libconsole-99fb5f64722a32f6.rlib --extern content_inspector=/opt/rustwide/target/debug/deps/libcontent_inspector-0f13dfe982ca2ca9.rlib --extern dirs_next=/opt/rustwide/target/debug/deps/libdirs_next-521a7ae9a18f6819.rlib --extern encoding=/opt/rustwide/target/debug/deps/libencoding-4dd272db3d8bc387.rlib --extern flate2=/opt/rustwide/target/debug/deps/libflate2-d0fd3d944ada1524.rlib --extern git2=/opt/rustwide/target/debug/deps/libgit2-64602497a09b72a0.rlib --extern globset=/opt/rustwide/target/debug/deps/libglobset-e57cc99c69d14bef.rlib --extern grep_cli=/opt/rustwide/target/debug/deps/libgrep_cli-0150008cec5c7d6f.rlib --extern nix=/opt/rustwide/target/debug/deps/libnix-595f49435c80aaac.rlib --extern once_cell=/opt/rustwide/target/debug/deps/libonce_cell-0b3944a765abe985.rlib --extern path_abs=/opt/rustwide/target/debug/deps/libpath_abs-a8c47852f4bed37d.rlib --extern predicates=/opt/rustwide/target/debug/deps/libpredicates-91e415011b1a66ea.rlib --extern regex=/opt/rustwide/target/debug/deps/libregex-9995c0b435d80670.rlib --extern semver=/opt/rustwide/target/debug/deps/libsemver-f44341ede1e856e1.rlib --extern serde=/opt/rustwide/target/debug/deps/libserde-f61f694cc3849097.rlib --extern serde_yaml=/opt/rustwide/target/debug/deps/libserde_yaml-fc230a799f5ff82e.rlib --extern serial_test=/opt/rustwide/target/debug/deps/libserial_test-1462de9ff2beeda5.rlib --extern shell_words=/opt/rustwide/target/debug/deps/libshell_words-ef839c818afe7be7.rlib --extern syntect=/opt/rustwide/target/debug/deps/libsyntect-f1aac491ba629968.rlib --extern tempfile=/opt/rustwide/target/debug/deps/libtempfile-d17dc563889451c6.rlib --extern thiserror=/opt/rustwide/target/debug/deps/libthiserror-3a03189f12b5174e.rlib --extern unicode_width=/opt/rustwide/target/debug/deps/libunicode_width-aeff842d70fe38c8.rlib --extern wait_timeout=/opt/rustwide/target/debug/deps/libwait_timeout-02480152a77bafa5.rlib --extern walkdir=/opt/rustwide/target/debug/deps/libwalkdir-6f37c7dff47afc4f.rlib --extern wild=/opt/rustwide/target/debug/deps/libwild-4c515ad670cb851f.rlib --cap-lints=warn -L native=/opt/rustwide/target/debug/build/sys-info-4258cb6ca028eb9e/out -L native=/opt/rustwide/target/debug/build/libgit2-sys-e2ace40f35466d0e/out/build -L native=/opt/rustwide/target/debug/build/onig_sys-ab4d0f4555918e1f/out` (signal: 9, SIGKILL: kill)
[INFO] [stdout] error: linking with `cc` failed: exit status: 1
[INFO] [stdout]   |
[INFO] [stdout]   = note: LC_ALL="C" PATH="/opt/rustwide/rustup-home/toolchains/1.75.0-x86_64-unknown-linux-gnu/lib/rustlib/x86_64-unknown-linux-gnu/bin:/opt/rustwide/cargo-home/bin:/usr/local/sbin:/usr/local/bin:/usr/sbin:/usr/bin:/sbin:/bin" VSLANG="1033" "cc" "-m64" "/tmp/rustcyrguNY/symbols.o" "/opt/rustwide/target/debug/deps/no_duplicate_extensions-0fb0d8795753e673.no_duplicate_extensions.e7d993fa3a445400-cgu.0.rcgu.o" "/opt/rustwide/target/debug/deps/no_duplicate_extensions-0fb0d8795753e673.13r29bn49jslwqnw.rcgu.o" "-Wl,--as-needed" "-L" "/opt/rustwide/target/debug/deps" "-L" "/opt/rustwide/target/debug/build/sys-info-4258cb6ca028eb9e/out" "-L" "/opt/rustwide/target/debug/build/libgit2-sys-e2ace40f35466d0e/out/build" "-L" "/opt/rustwide/target/debug/build/onig_sys-ab4d0f4555918e1f/out" "-L" "/opt/rustwide/rustup-home/toolchains/1.75.0-x86_64-unknown-linux-gnu/lib/rustlib/x86_64-unknown-linux-gnu/lib" "-Wl,-Bstatic" "/opt/rustwide/rustup-home/toolchains/1.75.0-x86_64-unknown-linux-gnu/lib/rustlib/x86_64-unknown-linux-gnu/lib/libtest-3df1bed8075ce1de.rlib" "/opt/rustwide/rustup-home/toolchains/1.75.0-x86_64-unknown-linux-gnu/lib/rustlib/x86_64-unknown-linux-gnu/lib/libgetopts-2076fd86b325cb5d.rlib" "/opt/rustwide/rustup-home/toolchains/1.75.0-x86_64-unknown-linux-gnu/lib/rustlib/x86_64-unknown-linux-gnu/lib/libunicode_width-caa7152ee70c190f.rlib" "/opt/rustwide/rustup-home/toolchains/1.75.0-x86_64-unknown-linux-gnu/lib/rustlib/x86_64-unknown-linux-gnu/lib/librustc_std_workspace_std-04e6425e07f02a3c.rlib" "/opt/rustwide/target/debug/deps/libbat-9cabc91e5d37bacb.rlib" "/opt/rustwide/target/debug/deps/libansi_colours-4fdaf278a3be0757.rlib" "/opt/rustwide/target/debug/deps/librgb-19d3c374a7cda60e.rlib" "/opt/rustwide/target/debug/deps/libbytemuck-f8164ba824b3f0aa.rlib" "/opt/rustwide/target/debug/deps/libgrep_cli-0150008cec5c7d6f.rlib" "/opt/rustwide/target/debug/deps/libatty-3859750702f8303c.rlib" "/opt/rustwide/target/debug/deps/libtermcolor-8398fdf37ae29334.rlib" "/opt/rustwide/target/debug/deps/libserde_yaml-fc230a799f5ff82e.rlib" "/opt/rustwide/target/debug/deps/libglobset-e57cc99c69d14bef.rlib" "/opt/rustwide/target/debug/deps/libbstr-f6b63264487e0801.rlib" "/opt/rustwide/target/debug/deps/libregex_automata-41ea749691d9ce70.rlib" "/opt/rustwide/target/debug/deps/libencoding-4dd272db3d8bc387.rlib" "/opt/rustwide/target/debug/deps/libencoding_index_tradchinese-49d2ad2a1a25967e.rlib" "/opt/rustwide/target/debug/deps/libencoding_index_simpchinese-b94e8fdd53e01b5a.rlib" "/opt/rustwide/target/debug/deps/libencoding_index_japanese-b8ce3ff4a9f6d607.rlib" "/opt/rustwide/target/debug/deps/libencoding_index_korean-e7c1522b7ba72fc2.rlib" "/opt/rustwide/target/debug/deps/libencoding_index_singlebyte-d54da7a63c6786ce.rlib" "/opt/rustwide/target/debug/deps/libbytesize-349ec719eaa1c330.rlib" "/opt/rustwide/target/debug/deps/libconsole-99fb5f64722a32f6.rlib" "/opt/rustwide/target/debug/deps/libterminal_size-761393b4ce43d04e.rlib" "/opt/rustwide/target/debug/deps/libunicode_width-aeff842d70fe38c8.rlib" "/opt/rustwide/target/debug/deps/libshell_words-ef839c818afe7be7.rlib" "/opt/rustwide/target/debug/deps/libcontent_inspector-0f13dfe982ca2ca9.rlib" "/opt/rustwide/target/debug/deps/libgit2-64602497a09b72a0.rlib" "/opt/rustwide/target/debug/deps/liburl-766f8fa2770c8650.rlib" "/opt/rustwide/target/debug/deps/libidna-c62e120fb9daafd7.rlib" "/opt/rustwide/target/debug/deps/libunicode_normalization-9a523c060fbda597.rlib" "/opt/rustwide/target/debug/deps/libtinyvec-e78be141da4aa4a4.rlib" "/opt/rustwide/target/debug/deps/libtinyvec_macros-bfeb7a087f0273ce.rlib" "/opt/rustwide/target/debug/deps/libunicode_bidi-6e4d9a1bf3170bfc.rlib" "/opt/rustwide/target/debug/deps/libform_urlencoded-e8c43e838ad28fa4.rlib" "/opt/rustwide/target/debug/deps/libpercent_encoding-c39f6500503dd269.rlib" "/opt/rustwide/target/debug/deps/liblog-3ad322dff60a4fea.rlib" "/opt/rustwide/target/debug/deps/liblibgit2_sys-7062f23f22a4c03b.rlib" "/opt/rustwide/target/debug/deps/liblibz_sys-67590c214486baa3.rlib" "/opt/rustwide/target/debug/deps/libansi_term-b21a82a9f4d0b6eb.rlib" "/opt/rustwide/target/debug/deps/libclircle-fceb10b9f84d56c4.rlib" "/opt/rustwide/target/debug/deps/liblibc-dee312e7bf6bd66c.rlib" "/opt/rustwide/target/debug/deps/libregex-9995c0b435d80670.rlib" "/opt/rustwide/target/debug/deps/libaho_corasick-4afb869e3e7aedd2.rlib" "/opt/rustwide/target/debug/deps/libmemchr-4fdcfd9ddfba30cb.rlib" "/opt/rustwide/target/debug/deps/libsemver-f44341ede1e856e1.rlib" "/opt/rustwide/target/debug/deps/libpath_abs-a8c47852f4bed37d.rlib" "/opt/rustwide/target/debug/deps/libstd_prelude-1d2f6bc4e139cd85.rlib" "/opt/rustwide/target/debug/deps/libsyntect-f1aac491ba629968.rlib" "/opt/rustwide/target/debug/deps/libthiserror-3a03189f12b5174e.rlib" "/opt/rustwide/target/debug/deps/libwalkdir-6f37c7dff47afc4f.rlib" "/opt/rustwide/target/debug/deps/libsame_file-06a4c01142053b65.rlib" "/opt/rustwide/target/debug/deps/libonig-3f077c6e62f12678.rlib" "/opt/rustwide/target/debug/deps/libonig_sys-2c86f5e076b7569a.rlib" "/opt/rustwide/target/debug/deps/libyaml_rust-dadeb9b0a1ae3c6e.rlib" "/opt/rustwide/target/debug/deps/liblinked_hash_map-55396135ba6b4b1c.rlib" "/opt/rustwide/target/debug/deps/libregex_syntax-edde019f48871409.rlib" "/opt/rustwide/target/debug/deps/libfnv-18bf5144d055e772.rlib" "/opt/rustwide/target/debug/deps/libbitflags-b7cee2ca4fb438d0.rlib" "/opt/rustwide/target/debug/deps/libserde_json-f563d1c34caf4ac0.rlib" "/opt/rustwide/target/debug/deps/libryu-80596ff4214e4d03.rlib" "/opt/rustwide/target/debug/deps/libplist-109af02179006363.rlib" "/opt/rustwide/target/debug/deps/libtime-68369b9d9c2bbc5e.rlib" "/opt/rustwide/target/debug/deps/libitoa-324a29e856512b52.rlib" "/opt/rustwide/target/debug/deps/libline_wrap-8d5d671595e9c530.rlib" "/opt/rustwide/target/debug/deps/libsafemem-4745ed10c8b13fe0.rlib" "/opt/rustwide/target/debug/deps/libxml-1d5305b342b33f2b.rlib" "/opt/rustwide/target/debug/deps/libbase64-8ea64d3566a9d67e.rlib" "/opt/rustwide/target/debug/deps/libindexmap-4a55c90885f25f25.rlib" "/opt/rustwide/target/debug/deps/libhashbrown-567986452cb9bc94.rlib" "/opt/rustwide/target/debug/deps/libflate2-d0fd3d944ada1524.rlib" "/opt/rustwide/target/debug/deps/libminiz_oxide-aa3e9944b2ef3050.rlib" "/opt/rustwide/target/debug/deps/libadler-c8f2240c56a0abca.rlib" "/opt/rustwide/target/debug/deps/libcrc32fast-664446237529ebff.rlib" "/opt/rustwide/target/debug/deps/libcfg_if-61dc7a6799e72b18.rlib" "/opt/rustwide/target/debug/deps/libbincode-fd4527983bd03c0a.rlib" "/opt/rustwide/target/debug/deps/libserde-f61f694cc3849097.rlib" "/opt/rustwide/target/debug/deps/liblazy_static-591486ebcb9a7ead.rlib" "/opt/rustwide/target/debug/deps/libonce_cell-0b3944a765abe985.rlib" "/opt/rustwide/rustup-home/toolchains/1.75.0-x86_64-unknown-linux-gnu/lib/rustlib/x86_64-unknown-linux-gnu/lib/libstd-90f6ddbf82de36ec.rlib" "/opt/rustwide/rustup-home/toolchains/1.75.0-x86_64-unknown-linux-gnu/lib/rustlib/x86_64-unknown-linux-gnu/lib/libpanic_unwind-480c41e9d4e1f677.rlib" "/opt/rustwide/rustup-home/toolchains/1.75.0-x86_64-unknown-linux-gnu/lib/rustlib/x86_64-unknown-linux-gnu/lib/libobject-db744c0ca03eed1d.rlib" "/opt/rustwide/rustup-home/toolchains/1.75.0-x86_64-unknown-linux-gnu/lib/rustlib/x86_64-unknown-linux-gnu/lib/libmemchr-8ba652dc7d4b285a.rlib" "/opt/rustwide/rustup-home/toolchains/1.75.0-x86_64-unknown-linux-gnu/lib/rustlib/x86_64-unknown-linux-gnu/lib/libaddr2line-d5f4520a9ebc0d58.rlib" "/opt/rustwide/rustup-home/toolchains/1.75.0-x86_64-unknown-linux-gnu/lib/rustlib/x86_64-unknown-linux-gnu/lib/libgimli-4ad84de58f0cb463.rlib" "/opt/rustwide/rustup-home/toolchains/1.75.0-x86_64-unknown-linux-gnu/lib/rustlib/x86_64-unknown-linux-gnu/lib/librustc_demangle-0d10aae2e0f38735.rlib" "/opt/rustwide/rustup-home/toolchains/1.75.0-x86_64-unknown-linux-gnu/lib/rustlib/x86_64-unknown-linux-gnu/lib/libstd_detect-0c17cff739e6745b.rlib" "/opt/rustwide/rustup-home/toolchains/1.75.0-x86_64-unknown-linux-gnu/lib/rustlib/x86_64-unknown-linux-gnu/lib/libhashbrown-b29e17139dde1aa8.rlib" "/opt/rustwide/rustup-home/toolchains/1.75.0-x86_64-unknown-linux-gnu/lib/rustlib/x86_64-unknown-linux-gnu/lib/librustc_std_workspace_alloc-1f975299829cc7bd.rlib" "/opt/rustwide/rustup-home/toolchains/1.75.0-x86_64-unknown-linux-gnu/lib/rustlib/x86_64-unknown-linux-gnu/lib/libminiz_oxide-86bae3bc3079f89b.rlib" "/opt/rustwide/rustup-home/toolchains/1.75.0-x86_64-unknown-linux-gnu/lib/rustlib/x86_64-unknown-linux-gnu/lib/libadler-321b82c30dffdf5f.rlib" "/opt/rustwide/rustup-home/toolchains/1.75.0-x86_64-unknown-linux-gnu/lib/rustlib/x86_64-unknown-linux-gnu/lib/libunwind-3dd8a6810a0bdfef.rlib" "/opt/rustwide/rustup-home/toolchains/1.75.0-x86_64-unknown-linux-gnu/lib/rustlib/x86_64-unknown-linux-gnu/lib/libcfg_if-eb39a61c0c879984.rlib" "/opt/rustwide/rustup-home/toolchains/1.75.0-x86_64-unknown-linux-gnu/lib/rustlib/x86_64-unknown-linux-gnu/lib/liblibc-aa769569f91c3548.rlib" "/opt/rustwide/rustup-home/toolchains/1.75.0-x86_64-unknown-linux-gnu/lib/rustlib/x86_64-unknown-linux-gnu/lib/liballoc-510a192a50a983ed.rlib" "/opt/rustwide/rustup-home/toolchains/1.75.0-x86_64-unknown-linux-gnu/lib/rustlib/x86_64-unknown-linux-gnu/lib/librustc_std_workspace_core-0577018320f99037.rlib" "/opt/rustwide/rustup-home/toolchains/1.75.0-x86_64-unknown-linux-gnu/lib/rustlib/x86_64-unknown-linux-gnu/lib/libcore-193cf992125ccd4c.rlib" "/opt/rustwide/rustup-home/toolchains/1.75.0-x86_64-unknown-linux-gnu/lib/rustlib/x86_64-unknown-linux-gnu/lib/libcompiler_builtins-8e138eaf26ebb4a8.rlib" "-Wl,-Bdynamic" "-lz" "-lgcc_s" "-lutil" "-lrt" "-lpthread" "-lm" "-ldl" "-lc" "-Wl,--eh-frame-hdr" "-Wl,-z,noexecstack" "-L" "/opt/rustwide/rustup-home/toolchains/1.75.0-x86_64-unknown-linux-gnu/lib/rustlib/x86_64-unknown-linux-gnu/lib" "-o" "/opt/rustwide/target/debug/deps/no_duplicate_extensions-0fb0d8795753e673" "-Wl,--gc-sections" "-pie" "-Wl,-z,relro,-z,now" "-nodefaultlibs"
[INFO] [stdout]   = note: collect2: fatal error: ld terminated with signal 9 [Killed]
[INFO] [stdout]           compilation terminated.
[INFO] [stdout]           
[INFO] [stdout] 
[INFO] [stdout] 
[INFO] [stdout] error: aborting due to previous error
[INFO] [stdout] 
[INFO] [stdout] 
[INFO] [stderr] error: could not compile `bat` (test "no_duplicate_extensions") due to 2 previous errors
[INFO] [stdout] error: linking with `cc` failed: exit status: 1
[INFO] [stdout]   |
[INFO] [stdout]   = note: LC_ALL="C" PATH="/opt/rustwide/rustup-home/toolchains/1.75.0-x86_64-unknown-linux-gnu/lib/rustlib/x86_64-unknown-linux-gnu/bin:/opt/rustwide/cargo-home/bin:/usr/local/sbin:/usr/local/bin:/usr/sbin:/usr/bin:/sbin:/bin" VSLANG="1033" "cc" "-m64" "/tmp/rustcOE4UwT/symbols.o" "/opt/rustwide/target/debug/deps/test_pretty_printer-634912ba6eb51584.test_pretty_printer.70c12e08c8c3a5b0-cgu.0.rcgu.o" "/opt/rustwide/target/debug/deps/test_pretty_printer-634912ba6eb51584.31lo0efbzmnmzw78.rcgu.o" "-Wl,--as-needed" "-L" "/opt/rustwide/target/debug/deps" "-L" "/opt/rustwide/target/debug/build/sys-info-4258cb6ca028eb9e/out" "-L" "/opt/rustwide/target/debug/build/libgit2-sys-e2ace40f35466d0e/out/build" "-L" "/opt/rustwide/target/debug/build/onig_sys-ab4d0f4555918e1f/out" "-L" "/opt/rustwide/rustup-home/toolchains/1.75.0-x86_64-unknown-linux-gnu/lib/rustlib/x86_64-unknown-linux-gnu/lib" "-Wl,-Bstatic" "/opt/rustwide/rustup-home/toolchains/1.75.0-x86_64-unknown-linux-gnu/lib/rustlib/x86_64-unknown-linux-gnu/lib/libtest-3df1bed8075ce1de.rlib" "/opt/rustwide/rustup-home/toolchains/1.75.0-x86_64-unknown-linux-gnu/lib/rustlib/x86_64-unknown-linux-gnu/lib/libgetopts-2076fd86b325cb5d.rlib" "/opt/rustwide/rustup-home/toolchains/1.75.0-x86_64-unknown-linux-gnu/lib/rustlib/x86_64-unknown-linux-gnu/lib/libunicode_width-caa7152ee70c190f.rlib" "/opt/rustwide/rustup-home/toolchains/1.75.0-x86_64-unknown-linux-gnu/lib/rustlib/x86_64-unknown-linux-gnu/lib/librustc_std_workspace_std-04e6425e07f02a3c.rlib" "/opt/rustwide/target/debug/deps/libbat-9cabc91e5d37bacb.rlib" "/opt/rustwide/target/debug/deps/libansi_colours-4fdaf278a3be0757.rlib" "/opt/rustwide/target/debug/deps/librgb-19d3c374a7cda60e.rlib" "/opt/rustwide/target/debug/deps/libbytemuck-f8164ba824b3f0aa.rlib" "/opt/rustwide/target/debug/deps/libgrep_cli-0150008cec5c7d6f.rlib" "/opt/rustwide/target/debug/deps/libatty-3859750702f8303c.rlib" "/opt/rustwide/target/debug/deps/libtermcolor-8398fdf37ae29334.rlib" "/opt/rustwide/target/debug/deps/libserde_yaml-fc230a799f5ff82e.rlib" "/opt/rustwide/target/debug/deps/libglobset-e57cc99c69d14bef.rlib" "/opt/rustwide/target/debug/deps/libbstr-f6b63264487e0801.rlib" "/opt/rustwide/target/debug/deps/libregex_automata-41ea749691d9ce70.rlib" "/opt/rustwide/target/debug/deps/libencoding-4dd272db3d8bc387.rlib" "/opt/rustwide/target/debug/deps/libencoding_index_tradchinese-49d2ad2a1a25967e.rlib" "/opt/rustwide/target/debug/deps/libencoding_index_simpchinese-b94e8fdd53e01b5a.rlib" "/opt/rustwide/target/debug/deps/libencoding_index_japanese-b8ce3ff4a9f6d607.rlib" "/opt/rustwide/target/debug/deps/libencoding_index_korean-e7c1522b7ba72fc2.rlib" "/opt/rustwide/target/debug/deps/libencoding_index_singlebyte-d54da7a63c6786ce.rlib" "/opt/rustwide/target/debug/deps/libbytesize-349ec719eaa1c330.rlib" "/opt/rustwide/target/debug/deps/libconsole-99fb5f64722a32f6.rlib" "/opt/rustwide/target/debug/deps/libterminal_size-761393b4ce43d04e.rlib" "/opt/rustwide/target/debug/deps/libunicode_width-aeff842d70fe38c8.rlib" "/opt/rustwide/target/debug/deps/libshell_words-ef839c818afe7be7.rlib" "/opt/rustwide/target/debug/deps/libcontent_inspector-0f13dfe982ca2ca9.rlib" "/opt/rustwide/target/debug/deps/libgit2-64602497a09b72a0.rlib" "/opt/rustwide/target/debug/deps/liburl-766f8fa2770c8650.rlib" "/opt/rustwide/target/debug/deps/libidna-c62e120fb9daafd7.rlib" "/opt/rustwide/target/debug/deps/libunicode_normalization-9a523c060fbda597.rlib" "/opt/rustwide/target/debug/deps/libtinyvec-e78be141da4aa4a4.rlib" "/opt/rustwide/target/debug/deps/libtinyvec_macros-bfeb7a087f0273ce.rlib" "/opt/rustwide/target/debug/deps/libunicode_bidi-6e4d9a1bf3170bfc.rlib" "/opt/rustwide/target/debug/deps/libform_urlencoded-e8c43e838ad28fa4.rlib" "/opt/rustwide/target/debug/deps/libpercent_encoding-c39f6500503dd269.rlib" "/opt/rustwide/target/debug/deps/liblog-3ad322dff60a4fea.rlib" "/opt/rustwide/target/debug/deps/liblibgit2_sys-7062f23f22a4c03b.rlib" "/opt/rustwide/target/debug/deps/liblibz_sys-67590c214486baa3.rlib" "/opt/rustwide/target/debug/deps/libansi_term-b21a82a9f4d0b6eb.rlib" "/opt/rustwide/target/debug/deps/libclircle-fceb10b9f84d56c4.rlib" "/opt/rustwide/target/debug/deps/liblibc-dee312e7bf6bd66c.rlib" "/opt/rustwide/target/debug/deps/libregex-9995c0b435d80670.rlib" "/opt/rustwide/target/debug/deps/libaho_corasick-4afb869e3e7aedd2.rlib" "/opt/rustwide/target/debug/deps/libmemchr-4fdcfd9ddfba30cb.rlib" "/opt/rustwide/target/debug/deps/libsemver-f44341ede1e856e1.rlib" "/opt/rustwide/target/debug/deps/libpath_abs-a8c47852f4bed37d.rlib" "/opt/rustwide/target/debug/deps/libstd_prelude-1d2f6bc4e139cd85.rlib" "/opt/rustwide/target/debug/deps/libsyntect-f1aac491ba629968.rlib" "/opt/rustwide/target/debug/deps/libthiserror-3a03189f12b5174e.rlib" "/opt/rustwide/target/debug/deps/libwalkdir-6f37c7dff47afc4f.rlib" "/opt/rustwide/target/debug/deps/libsame_file-06a4c01142053b65.rlib" "/opt/rustwide/target/debug/deps/libonig-3f077c6e62f12678.rlib" "/opt/rustwide/target/debug/deps/libonig_sys-2c86f5e076b7569a.rlib" "/opt/rustwide/target/debug/deps/libyaml_rust-dadeb9b0a1ae3c6e.rlib" "/opt/rustwide/target/debug/deps/liblinked_hash_map-55396135ba6b4b1c.rlib" "/opt/rustwide/target/debug/deps/libregex_syntax-edde019f48871409.rlib" "/opt/rustwide/target/debug/deps/libfnv-18bf5144d055e772.rlib" "/opt/rustwide/target/debug/deps/libbitflags-b7cee2ca4fb438d0.rlib" "/opt/rustwide/target/debug/deps/libserde_json-f563d1c34caf4ac0.rlib" "/opt/rustwide/target/debug/deps/libryu-80596ff4214e4d03.rlib" "/opt/rustwide/target/debug/deps/libplist-109af02179006363.rlib" "/opt/rustwide/target/debug/deps/libtime-68369b9d9c2bbc5e.rlib" "/opt/rustwide/target/debug/deps/libitoa-324a29e856512b52.rlib" "/opt/rustwide/target/debug/deps/libline_wrap-8d5d671595e9c530.rlib" "/opt/rustwide/target/debug/deps/libsafemem-4745ed10c8b13fe0.rlib" "/opt/rustwide/target/debug/deps/libxml-1d5305b342b33f2b.rlib" "/opt/rustwide/target/debug/deps/libbase64-8ea64d3566a9d67e.rlib" "/opt/rustwide/target/debug/deps/libindexmap-4a55c90885f25f25.rlib" "/opt/rustwide/target/debug/deps/libhashbrown-567986452cb9bc94.rlib" "/opt/rustwide/target/debug/deps/libflate2-d0fd3d944ada1524.rlib" "/opt/rustwide/target/debug/deps/libminiz_oxide-aa3e9944b2ef3050.rlib" "/opt/rustwide/target/debug/deps/libadler-c8f2240c56a0abca.rlib" "/opt/rustwide/target/debug/deps/libcrc32fast-664446237529ebff.rlib" "/opt/rustwide/target/debug/deps/libcfg_if-61dc7a6799e72b18.rlib" "/opt/rustwide/target/debug/deps/libbincode-fd4527983bd03c0a.rlib" "/opt/rustwide/target/debug/deps/libserde-f61f694cc3849097.rlib" "/opt/rustwide/target/debug/deps/liblazy_static-591486ebcb9a7ead.rlib" "/opt/rustwide/target/debug/deps/libonce_cell-0b3944a765abe985.rlib" "/opt/rustwide/rustup-home/toolchains/1.75.0-x86_64-unknown-linux-gnu/lib/rustlib/x86_64-unknown-linux-gnu/lib/libstd-90f6ddbf82de36ec.rlib" "/opt/rustwide/rustup-home/toolchains/1.75.0-x86_64-unknown-linux-gnu/lib/rustlib/x86_64-unknown-linux-gnu/lib/libpanic_unwind-480c41e9d4e1f677.rlib" "/opt/rustwide/rustup-home/toolchains/1.75.0-x86_64-unknown-linux-gnu/lib/rustlib/x86_64-unknown-linux-gnu/lib/libobject-db744c0ca03eed1d.rlib" "/opt/rustwide/rustup-home/toolchains/1.75.0-x86_64-unknown-linux-gnu/lib/rustlib/x86_64-unknown-linux-gnu/lib/libmemchr-8ba652dc7d4b285a.rlib" "/opt/rustwide/rustup-home/toolchains/1.75.0-x86_64-unknown-linux-gnu/lib/rustlib/x86_64-unknown-linux-gnu/lib/libaddr2line-d5f4520a9ebc0d58.rlib" "/opt/rustwide/rustup-home/toolchains/1.75.0-x86_64-unknown-linux-gnu/lib/rustlib/x86_64-unknown-linux-gnu/lib/libgimli-4ad84de58f0cb463.rlib" "/opt/rustwide/rustup-home/toolchains/1.75.0-x86_64-unknown-linux-gnu/lib/rustlib/x86_64-unknown-linux-gnu/lib/librustc_demangle-0d10aae2e0f38735.rlib" "/opt/rustwide/rustup-home/toolchains/1.75.0-x86_64-unknown-linux-gnu/lib/rustlib/x86_64-unknown-linux-gnu/lib/libstd_detect-0c17cff739e6745b.rlib" "/opt/rustwide/rustup-home/toolchains/1.75.0-x86_64-unknown-linux-gnu/lib/rustlib/x86_64-unknown-linux-gnu/lib/libhashbrown-b29e17139dde1aa8.rlib" "/opt/rustwide/rustup-home/toolchains/1.75.0-x86_64-unknown-linux-gnu/lib/rustlib/x86_64-unknown-linux-gnu/lib/librustc_std_workspace_alloc-1f975299829cc7bd.rlib" "/opt/rustwide/rustup-home/toolchains/1.75.0-x86_64-unknown-linux-gnu/lib/rustlib/x86_64-unknown-linux-gnu/lib/libminiz_oxide-86bae3bc3079f89b.rlib" "/opt/rustwide/rustup-home/toolchains/1.75.0-x86_64-unknown-linux-gnu/lib/rustlib/x86_64-unknown-linux-gnu/lib/libadler-321b82c30dffdf5f.rlib" "/opt/rustwide/rustup-home/toolchains/1.75.0-x86_64-unknown-linux-gnu/lib/rustlib/x86_64-unknown-linux-gnu/lib/libunwind-3dd8a6810a0bdfef.rlib" "/opt/rustwide/rustup-home/toolchains/1.75.0-x86_64-unknown-linux-gnu/lib/rustlib/x86_64-unknown-linux-gnu/lib/libcfg_if-eb39a61c0c879984.rlib" "/opt/rustwide/rustup-home/toolchains/1.75.0-x86_64-unknown-linux-gnu/lib/rustlib/x86_64-unknown-linux-gnu/lib/liblibc-aa769569f91c3548.rlib" "/opt/rustwide/rustup-home/toolchains/1.75.0-x86_64-unknown-linux-gnu/lib/rustlib/x86_64-unknown-linux-gnu/lib/liballoc-510a192a50a983ed.rlib" "/opt/rustwide/rustup-home/toolchains/1.75.0-x86_64-unknown-linux-gnu/lib/rustlib/x86_64-unknown-linux-gnu/lib/librustc_std_workspace_core-0577018320f99037.rlib" "/opt/rustwide/rustup-home/toolchains/1.75.0-x86_64-unknown-linux-gnu/lib/rustlib/x86_64-unknown-linux-gnu/lib/libcore-193cf992125ccd4c.rlib" "/opt/rustwide/rustup-home/toolchains/1.75.0-x86_64-unknown-linux-gnu/lib/rustlib/x86_64-unknown-linux-gnu/lib/libcompiler_builtins-8e138eaf26ebb4a8.rlib" "-Wl,-Bdynamic" "-lz" "-lgcc_s" "-lutil" "-lrt" "-lpthread" "-lm" "-ldl" "-lc" "-Wl,--eh-frame-hdr" "-Wl,-z,noexecstack" "-L" "/opt/rustwide/rustup-home/toolchains/1.75.0-x86_64-unknown-linux-gnu/lib/rustlib/x86_64-unknown-linux-gnu/lib" "-o" "/opt/rustwide/target/debug/deps/test_pretty_printer-634912ba6eb51584" "-Wl,--gc-sections" "-pie" "-Wl,-z,relro,-z,now" "-nodefaultlibs"
[INFO] [stdout]   = note: collect2: fatal error: ld terminated with signal 9 [Killed]
[INFO] [stdout]           compilation terminated.
[INFO] [stdout]           
[INFO] [stdout] 
[INFO] [stdout] 
[INFO] [stdout] error: aborting due to previous error
[INFO] [stdout] 
[INFO] [stdout] 
[INFO] [stderr] error: could not compile `bat` (test "test_pretty_printer") due to 2 previous errors
[INFO] running `Command { std: "docker" "inspect" "2f2d2dd03125362e5f9e805c1c589d42de1d0cdf68ac2f06beb34f1d2bec5f5d", kill_on_drop: false }`
[INFO] running `Command { std: "docker" "rm" "-f" "2f2d2dd03125362e5f9e805c1c589d42de1d0cdf68ac2f06beb34f1d2bec5f5d", kill_on_drop: false }`
[INFO] [stdout] 2f2d2dd03125362e5f9e805c1c589d42de1d0cdf68ac2f06beb34f1d2bec5f5d
[INFO] testing 2010jmatpon/escenario2 against beta-2023-12-22 for beta-1.76-1
[INFO] running `Command { std: "git" "clone" "/workspace/cache/git-repos/https%3A%2F%2Fgithub.com%2F2010jmatpon%2Fescenario2" "/workspace/builds/worker-7-tc2/source", kill_on_drop: false }`
[INFO] [stderr] Cloning into '/workspace/builds/worker-7-tc2/source'...
[INFO] [stderr] done.
[INFO] validating manifest of git repo https://github.com/2010jmatpon/escenario2 on toolchain beta-2023-12-22
[INFO] running `Command { std: CARGO_HOME="/workspace/cargo-home" RUSTUP_HOME="/workspace/rustup-home" "/workspace/cargo-home/bin/cargo" "+beta-2023-12-22" "metadata" "--manifest-path" "Cargo.toml" "--no-deps", kill_on_drop: false }`
[INFO] started tweaking git repo https://github.com/2010jmatpon/escenario2
[INFO] finished tweaking git repo https://github.com/2010jmatpon/escenario2
[INFO] tweaked toml for git repo https://github.com/2010jmatpon/escenario2 written to /workspace/builds/worker-7-tc2/source/Cargo.toml
[INFO] crate git repo https://github.com/2010jmatpon/escenario2 already has a lockfile, it will not be regenerated
[INFO] running `Command { std: CARGO_HOME="/workspace/cargo-home" RUSTUP_HOME="/workspace/rustup-home" "/workspace/cargo-home/bin/cargo" "+beta-2023-12-22" "fetch" "--manifest-path" "Cargo.toml", kill_on_drop: false }`
[INFO] running `Command { std: "docker" "create" "-v" "/var/lib/crater-agent-workspace/builds/worker-7-tc2/target:/opt/rustwide/target:rw,Z" "-v" "/var/lib/crater-agent-workspace/builds/worker-7-tc2/source:/opt/rustwide/workdir:ro,Z" "-v" "/var/lib/crater-agent-workspace/cargo-home:/opt/rustwide/cargo-home:ro,Z" "-v" "/var/lib/crater-agent-workspace/rustup-home:/opt/rustwide/rustup-home:ro,Z" "-e" "SOURCE_DIR=/opt/rustwide/workdir" "-e" "CARGO_TARGET_DIR=/opt/rustwide/target" "-e" "CARGO_HOME=/opt/rustwide/cargo-home" "-e" "RUSTUP_HOME=/opt/rustwide/rustup-home" "-w" "/opt/rustwide/workdir" "-m" "1610612736" "--user" "0:0" "--network" "none" "ghcr.io/rust-lang/crates-build-env/linux@sha256:2788e3201cd34a07e3172128adcd8b3090168a8e3bcc40d7c032b9dda1df7d1c" "/opt/rustwide/cargo-home/bin/cargo" "+beta-2023-12-22" "metadata" "--no-deps" "--format-version=1", kill_on_drop: false }`
[INFO] [stdout] 13d0d950476ef73e7e31e0b66a390e72f0d3f88c51420bf7de00db8c15baec36
[INFO] running `Command { std: "docker" "start" "-a" "13d0d950476ef73e7e31e0b66a390e72f0d3f88c51420bf7de00db8c15baec36", kill_on_drop: false }`
[INFO] running `Command { std: "docker" "inspect" "13d0d950476ef73e7e31e0b66a390e72f0d3f88c51420bf7de00db8c15baec36", kill_on_drop: false }`
[INFO] running `Command { std: "docker" "rm" "-f" "13d0d950476ef73e7e31e0b66a390e72f0d3f88c51420bf7de00db8c15baec36", kill_on_drop: false }`
[INFO] [stdout] 13d0d950476ef73e7e31e0b66a390e72f0d3f88c51420bf7de00db8c15baec36
[INFO] running `Command { std: "docker" "create" "-v" "/var/lib/crater-agent-workspace/builds/worker-7-tc2/target:/opt/rustwide/target:rw,Z" "-v" "/var/lib/crater-agent-workspace/builds/worker-7-tc2/source:/opt/rustwide/workdir:ro,Z" "-v" "/var/lib/crater-agent-workspace/cargo-home:/opt/rustwide/cargo-home:ro,Z" "-v" "/var/lib/crater-agent-workspace/rustup-home:/opt/rustwide/rustup-home:ro,Z" "-e" "SOURCE_DIR=/opt/rustwide/workdir" "-e" "CARGO_TARGET_DIR=/opt/rustwide/target" "-e" "CARGO_INCREMENTAL=0" "-e" "RUST_BACKTRACE=full" "-e" "RUSTFLAGS=--cap-lints=warn" "-e" "RUSTDOCFLAGS=--cap-lints=warn" "-e" "CARGO_HOME=/opt/rustwide/cargo-home" "-e" "RUSTUP_HOME=/opt/rustwide/rustup-home" "-w" "/opt/rustwide/workdir" "-m" "1610612736" "--user" "0:0" "--network" "none" "ghcr.io/rust-lang/crates-build-env/linux@sha256:2788e3201cd34a07e3172128adcd8b3090168a8e3bcc40d7c032b9dda1df7d1c" "/opt/rustwide/cargo-home/bin/cargo" "+beta-2023-12-22" "build" "--frozen" "--message-format=json", kill_on_drop: false }`
[INFO] [stdout] 191a9d69686eeccc6d927689b2b0e677d1f23987177387717323b4845f3753e4
[INFO] running `Command { std: "docker" "start" "-a" "191a9d69686eeccc6d927689b2b0e677d1f23987177387717323b4845f3753e4", kill_on_drop: false }`
[INFO] [stderr]    Compiling libc v0.2.137
[INFO] [stderr]    Compiling proc-macro2 v1.0.46
[INFO] [stderr]    Compiling unicode-ident v1.0.4
[INFO] [stderr]    Compiling quote v1.0.21
[INFO] [stderr]    Compiling syn v1.0.104
[INFO] [stderr]    Compiling pkg-config v0.3.25
[INFO] [stderr]    Compiling cfg-if v1.0.0
[INFO] [stderr]    Compiling serde_derive v1.0.148
[INFO] [stderr]    Compiling memchr v2.5.0
[INFO] [stderr]    Compiling bitflags v1.3.2
[INFO] [stderr]    Compiling serde v1.0.148
[INFO] [stderr]    Compiling io-lifetimes v0.7.3
[INFO] [stderr]    Compiling encoding_index_tests v0.1.4
[INFO] [stderr]    Compiling autocfg v1.1.0
[INFO] [stderr]    Compiling rustix v0.35.11
[INFO] [stderr]    Compiling once_cell v1.16.0
[INFO] [stderr]    Compiling lazy_static v1.4.0
[INFO] [stderr]    Compiling log v0.4.17
[INFO] [stderr]    Compiling linux-raw-sys v0.0.46
[INFO] [stderr]    Compiling tinyvec_macros v0.1.0
[INFO] [stderr]    Compiling proc-macro-hack v0.5.19
[INFO] [stderr]    Compiling tinyvec v1.6.0
[INFO] [stderr]    Compiling crc32fast v1.3.2
[INFO] [stderr]    Compiling itoa v1.0.3
[INFO] [stderr]    Compiling termcolor v1.1.3
[INFO] [stderr]    Compiling regex-syntax v0.6.27
[INFO] [stderr]    Compiling indexmap v1.9.1
[INFO] [stderr]    Compiling hashbrown v0.12.3
[INFO] [stderr]    Compiling os_str_bytes v6.3.0
[INFO] [stderr]    Compiling same-file v1.0.6
[INFO] [stderr]    Compiling strsim v0.10.0
[INFO] [stderr]    Compiling thiserror v1.0.37
[INFO] [stderr]    Compiling num_threads v0.1.6
[INFO] [stderr]    Compiling safemem v0.3.3
[INFO] [stderr]    Compiling linked-hash-map v0.5.6
[INFO] [stderr]    Compiling clap_lex v0.3.0
[INFO] [stderr]    Compiling fnv v1.0.7
[INFO] [stderr]    Compiling aho-corasick v0.7.19
[INFO] [stderr]    Compiling adler v1.0.2
[INFO] [stderr]    Compiling ryu v1.0.11
[INFO] [stderr]    Compiling serde_json v1.0.85
[INFO] [stderr]    Compiling unicode-bidi v0.3.8
[INFO] [stderr]    Compiling regex-automata v0.1.10
[INFO] [stderr]    Compiling percent-encoding v2.2.0
[INFO] [stderr]    Compiling miniz_oxide v0.5.4
[INFO] [stderr]    Compiling form_urlencoded v1.1.0
[INFO] [stderr]    Compiling yaml-rust v0.4.5
[INFO] [stderr]    Compiling unicode-normalization v0.1.22
[INFO] [stderr]    Compiling bstr v0.2.17
[INFO] [stderr]    Compiling line-wrap v0.1.1
[INFO] [stderr]    Compiling bugreport v0.5.0
[INFO] [stderr]    Compiling bytemuck v1.12.1
[INFO] [stderr]    Compiling semver v1.0.14
[INFO] [stderr]    Compiling xml-rs v0.8.4
[INFO] [stderr]    Compiling base64 v0.13.0
[INFO] [stderr]    Compiling rgb v0.8.34
[INFO] [stderr]    Compiling flate2 v1.0.24
[INFO] [stderr]    Compiling walkdir v2.3.2
[INFO] [stderr]    Compiling encoding-index-japanese v1.20141219.5
[INFO] [stderr]    Compiling encoding-index-tradchinese v1.20141219.5
[INFO] [stderr]    Compiling encoding-index-singlebyte v1.20141219.5
[INFO] [stderr]    Compiling idna v0.3.0
[INFO] [stderr]    Compiling encoding-index-korean v1.20141219.5
[INFO] [stderr]    Compiling encoding-index-simpchinese v1.20141219.5
[INFO] [stderr]    Compiling shell-escape v0.1.5
[INFO] [stderr]    Compiling unicode-width v0.1.10
[INFO] [stderr]    Compiling std_prelude v0.2.12
[INFO] [stderr]    Compiling jobserver v0.1.25
[INFO] [stderr]    Compiling atty v0.2.14
[INFO] [stderr]    Compiling time v0.3.14
[INFO] [stderr]    Compiling dirs-sys-next v0.1.2
[INFO] [stderr]    Compiling terminal_size v0.1.17
[INFO] [stderr]    Compiling path_abs v0.5.1
[INFO] [stderr]    Compiling console v0.15.2
[INFO] [stderr]    Compiling ansi_colours v1.1.1
[INFO] [stderr]    Compiling cc v1.0.73
[INFO] [stderr]    Compiling encoding v0.2.33
[INFO] [stderr]    Compiling dirs-next v2.0.0
[INFO] [stderr]    Compiling url v2.3.1
[INFO] [stderr]    Compiling content_inspector v0.2.4
[INFO] [stderr]    Compiling wild v2.1.0
[INFO] [stderr]    Compiling ansi_term v0.12.1
[INFO] [stderr]    Compiling shell-words v1.1.0
[INFO] [stderr]    Compiling bytesize v1.1.0
[INFO] [stderr]    Compiling regex v1.7.0
[INFO] [stderr]    Compiling libz-sys v1.1.8
[INFO] [stderr]    Compiling sys-info v0.9.1
[INFO] [stderr]    Compiling onig_sys v69.8.1
[INFO] [stderr]    Compiling libgit2-sys v0.14.0+1.5.0
[INFO] [stderr]    Compiling terminal_size v0.2.1
[INFO] [stderr]    Compiling clap v4.0.18
[INFO] [stderr]    Compiling globset v0.4.9
[INFO] [stderr]    Compiling grep-cli v0.1.6
[INFO] [stderr]    Compiling thiserror-impl v1.0.37
[INFO] [stderr]    Compiling git-version-macro v0.3.5
[INFO] [stderr]    Compiling onig v6.4.0
[INFO] [stderr]    Compiling git-version v0.3.5
[INFO] [stderr]    Compiling bat v0.22.1 (/opt/rustwide/workdir)
[INFO] [stderr]    Compiling git2 v0.15.0
[INFO] [stderr]    Compiling bincode v1.3.3
[INFO] [stderr]    Compiling plist v1.3.1
[INFO] [stderr]    Compiling clircle v0.3.0
[INFO] [stderr]    Compiling serde_yaml v0.8.26
[INFO] [stderr]    Compiling syntect v5.0.0
[INFO] [stderr]     Finished dev [unoptimized + debuginfo] target(s) in 26.31s
[INFO] running `Command { std: "docker" "inspect" "191a9d69686eeccc6d927689b2b0e677d1f23987177387717323b4845f3753e4", kill_on_drop: false }`
[INFO] running `Command { std: "docker" "rm" "-f" "191a9d69686eeccc6d927689b2b0e677d1f23987177387717323b4845f3753e4", kill_on_drop: false }`
[INFO] [stdout] 191a9d69686eeccc6d927689b2b0e677d1f23987177387717323b4845f3753e4
[INFO] running `Command { std: "docker" "create" "-v" "/var/lib/crater-agent-workspace/builds/worker-7-tc2/target:/opt/rustwide/target:rw,Z" "-v" "/var/lib/crater-agent-workspace/builds/worker-7-tc2/source:/opt/rustwide/workdir:ro,Z" "-v" "/var/lib/crater-agent-workspace/cargo-home:/opt/rustwide/cargo-home:ro,Z" "-v" "/var/lib/crater-agent-workspace/rustup-home:/opt/rustwide/rustup-home:ro,Z" "-e" "SOURCE_DIR=/opt/rustwide/workdir" "-e" "CARGO_TARGET_DIR=/opt/rustwide/target" "-e" "CARGO_INCREMENTAL=0" "-e" "RUST_BACKTRACE=full" "-e" "RUSTFLAGS=--cap-lints=warn" "-e" "RUSTDOCFLAGS=--cap-lints=warn" "-e" "CARGO_HOME=/opt/rustwide/cargo-home" "-e" "RUSTUP_HOME=/opt/rustwide/rustup-home" "-w" "/opt/rustwide/workdir" "-m" "1610612736" "--user" "0:0" "--network" "none" "ghcr.io/rust-lang/crates-build-env/linux@sha256:2788e3201cd34a07e3172128adcd8b3090168a8e3bcc40d7c032b9dda1df7d1c" "/opt/rustwide/cargo-home/bin/cargo" "+beta-2023-12-22" "test" "--frozen" "--no-run" "--message-format=json", kill_on_drop: false }`
[INFO] [stdout] 98a5ef0826661492f97602110715e4a3ea77763f7c1698986f3fa20f6c48e41e
[INFO] running `Command { std: "docker" "start" "-a" "98a5ef0826661492f97602110715e4a3ea77763f7c1698986f3fa20f6c48e41e", kill_on_drop: false }`
[INFO] [stderr]    Compiling version_check v0.9.4
[INFO] [stderr]    Compiling num-traits v0.2.15
[INFO] [stderr]    Compiling lock_api v0.4.9
[INFO] [stderr]    Compiling parking_lot_core v0.8.5
[INFO] [stderr]    Compiling rustversion v1.0.9
[INFO] [stderr]    Compiling instant v0.1.12
[INFO] [stderr]    Compiling predicates-core v1.0.3
[INFO] [stderr]    Compiling smallvec v1.10.0
[INFO] [stderr]    Compiling doc-comment v0.3.3
[INFO] [stderr]    Compiling either v1.8.0
[INFO] [stderr]    Compiling scopeguard v1.1.0
[INFO] [stderr]    Compiling normalize-line-endings v0.3.0
[INFO] [stderr]    Compiling difflib v0.4.0
[INFO] [stderr]    Compiling termtree v0.2.4
[INFO] [stderr]    Compiling wait-timeout v0.2.0
[INFO] [stderr]    Compiling fastrand v1.8.0
[INFO] [stderr]    Compiling static_assertions v1.1.0
[INFO] [stderr]    Compiling remove_dir_all v0.5.3
[INFO] [stderr]    Compiling nix v0.26.1
[INFO] [stderr]    Compiling predicates-tree v1.0.5
[INFO] [stderr]    Compiling itertools v0.10.5
[INFO] [stderr]    Compiling tempfile v3.3.0
[INFO] [stderr]    Compiling proc-macro-error-attr v1.0.4
[INFO] [stderr]    Compiling proc-macro-error v1.0.4
[INFO] [stderr]    Compiling parking_lot v0.11.2
[INFO] [stderr]    Compiling serial_test_derive v0.6.0
[INFO] [stderr]    Compiling float-cmp v0.9.0
[INFO] [stderr]    Compiling predicates v2.1.3
[INFO] [stderr]    Compiling serial_test v0.6.0
[INFO] [stderr]    Compiling assert_cmd v2.0.5
[INFO] [stderr]    Compiling bat v0.22.1 (/opt/rustwide/workdir)
[INFO] [stderr] error: could not compile `bat` (lib test)
[INFO] [stderr] 
[INFO] [stderr] Caused by:
[INFO] [stderr]   process didn't exit successfully: `/opt/rustwide/rustup-home/toolchains/beta-2023-12-22-x86_64-unknown-linux-gnu/bin/rustc --crate-name bat --edition=2018 src/lib.rs --error-format=json --json=diagnostic-rendered-ansi,artifacts,future-incompat --emit=dep-info,link -C embed-bitcode=no -C debuginfo=2 --test --cfg 'feature="application"' --cfg 'feature="atty"' --cfg 'feature="bugreport"' --cfg 'feature="build-assets"' --cfg 'feature="clap"' --cfg 'feature="default"' --cfg 'feature="dirs-next"' --cfg 'feature="git"' --cfg 'feature="git2"' --cfg 'feature="grep-cli"' --cfg 'feature="minimal-application"' --cfg 'feature="paging"' --cfg 'feature="regex"' --cfg 'feature="regex-onig"' --cfg 'feature="shell-words"' --cfg 'feature="walkdir"' --cfg 'feature="wild"' -C metadata=34d97be73582d58f -C extra-filename=-34d97be73582d58f --out-dir /opt/rustwide/target/debug/deps -L dependency=/opt/rustwide/target/debug/deps --extern ansi_colours=/opt/rustwide/target/debug/deps/libansi_colours-44f0e77fa71419b9.rlib --extern ansi_term=/opt/rustwide/target/debug/deps/libansi_term-f435e404af61098a.rlib --extern assert_cmd=/opt/rustwide/target/debug/deps/libassert_cmd-627ade68172c63b8.rlib --extern atty=/opt/rustwide/target/debug/deps/libatty-4983c27e1d05cc60.rlib --extern bincode=/opt/rustwide/target/debug/deps/libbincode-152996499f4921ee.rlib --extern bugreport=/opt/rustwide/target/debug/deps/libbugreport-bafaecc6691af43f.rlib --extern bytesize=/opt/rustwide/target/debug/deps/libbytesize-71f656b4474b72c3.rlib --extern clap=/opt/rustwide/target/debug/deps/libclap-60f59edfa9ae8c93.rlib --extern clircle=/opt/rustwide/target/debug/deps/libclircle-6c551acda161722c.rlib --extern console=/opt/rustwide/target/debug/deps/libconsole-a0ea973460b39ee4.rlib --extern content_inspector=/opt/rustwide/target/debug/deps/libcontent_inspector-ec2bc5e197816015.rlib --extern dirs_next=/opt/rustwide/target/debug/deps/libdirs_next-4af10b61db371808.rlib --extern encoding=/opt/rustwide/target/debug/deps/libencoding-04fd8a52028aa466.rlib --extern flate2=/opt/rustwide/target/debug/deps/libflate2-d1c76d99f74e2354.rlib --extern git2=/opt/rustwide/target/debug/deps/libgit2-41241ddcb388cb6c.rlib --extern globset=/opt/rustwide/target/debug/deps/libglobset-7841171e14f7d468.rlib --extern grep_cli=/opt/rustwide/target/debug/deps/libgrep_cli-68520f3cac75618c.rlib --extern nix=/opt/rustwide/target/debug/deps/libnix-a08a55d20796f521.rlib --extern once_cell=/opt/rustwide/target/debug/deps/libonce_cell-ef1409d54228c1c0.rlib --extern path_abs=/opt/rustwide/target/debug/deps/libpath_abs-811a99caf4683192.rlib --extern predicates=/opt/rustwide/target/debug/deps/libpredicates-b2d2e5d3b6adf6ce.rlib --extern regex=/opt/rustwide/target/debug/deps/libregex-672f7d66b3d86524.rlib --extern semver=/opt/rustwide/target/debug/deps/libsemver-d9f2ef02b8193c66.rlib --extern serde=/opt/rustwide/target/debug/deps/libserde-adfbfd51eabdb1ff.rlib --extern serde_yaml=/opt/rustwide/target/debug/deps/libserde_yaml-0105bccc8c8fa093.rlib --extern serial_test=/opt/rustwide/target/debug/deps/libserial_test-b1ccd32cf0668533.rlib --extern shell_words=/opt/rustwide/target/debug/deps/libshell_words-bbd2e885bb0e12aa.rlib --extern syntect=/opt/rustwide/target/debug/deps/libsyntect-ff93eb8366023006.rlib --extern tempfile=/opt/rustwide/target/debug/deps/libtempfile-e35964dcb6e88b19.rlib --extern thiserror=/opt/rustwide/target/debug/deps/libthiserror-dd9f511d5ec62aac.rlib --extern unicode_width=/opt/rustwide/target/debug/deps/libunicode_width-8c89bf6e02b90910.rlib --extern wait_timeout=/opt/rustwide/target/debug/deps/libwait_timeout-bf98887f562d85fb.rlib --extern walkdir=/opt/rustwide/target/debug/deps/libwalkdir-f0b67fbf628bcd90.rlib --extern wild=/opt/rustwide/target/debug/deps/libwild-b247caccfd202d46.rlib --cap-lints=warn -L native=/opt/rustwide/target/debug/build/sys-info-7ca02ae5234055dd/out -L native=/opt/rustwide/target/debug/build/libgit2-sys-0eef660bd4d4bf04/out/build -L native=/opt/rustwide/target/debug/build/onig_sys-c69816506b541159/out` (signal: 9, SIGKILL: kill)
[INFO] [stderr] warning: build failed, waiting for other jobs to finish...
[INFO] [stderr] error: could not compile `bat` (test "integration_tests")
[INFO] [stderr] 
[INFO] [stderr] Caused by:
[INFO] [stderr]   process didn't exit successfully: `/opt/rustwide/rustup-home/toolchains/beta-2023-12-22-x86_64-unknown-linux-gnu/bin/rustc --crate-name integration_tests --edition=2018 tests/integration_tests.rs --error-format=json --json=diagnostic-rendered-ansi,artifacts,future-incompat --emit=dep-info,link -C embed-bitcode=no -C debuginfo=2 --test --cfg 'feature="application"' --cfg 'feature="atty"' --cfg 'feature="bugreport"' --cfg 'feature="build-assets"' --cfg 'feature="clap"' --cfg 'feature="default"' --cfg 'feature="dirs-next"' --cfg 'feature="git"' --cfg 'feature="git2"' --cfg 'feature="grep-cli"' --cfg 'feature="minimal-application"' --cfg 'feature="paging"' --cfg 'feature="regex"' --cfg 'feature="regex-onig"' --cfg 'feature="shell-words"' --cfg 'feature="walkdir"' --cfg 'feature="wild"' -C metadata=25b352df43764196 -C extra-filename=-25b352df43764196 --out-dir /opt/rustwide/target/debug/deps -L dependency=/opt/rustwide/target/debug/deps --extern ansi_colours=/opt/rustwide/target/debug/deps/libansi_colours-44f0e77fa71419b9.rlib --extern ansi_term=/opt/rustwide/target/debug/deps/libansi_term-f435e404af61098a.rlib --extern assert_cmd=/opt/rustwide/target/debug/deps/libassert_cmd-627ade68172c63b8.rlib --extern atty=/opt/rustwide/target/debug/deps/libatty-4983c27e1d05cc60.rlib --extern bat=/opt/rustwide/target/debug/deps/libbat-07b3ab8990107abe.rlib --extern bincode=/opt/rustwide/target/debug/deps/libbincode-152996499f4921ee.rlib --extern bugreport=/opt/rustwide/target/debug/deps/libbugreport-bafaecc6691af43f.rlib --extern bytesize=/opt/rustwide/target/debug/deps/libbytesize-71f656b4474b72c3.rlib --extern clap=/opt/rustwide/target/debug/deps/libclap-60f59edfa9ae8c93.rlib --extern clircle=/opt/rustwide/target/debug/deps/libclircle-6c551acda161722c.rlib --extern console=/opt/rustwide/target/debug/deps/libconsole-a0ea973460b39ee4.rlib --extern content_inspector=/opt/rustwide/target/debug/deps/libcontent_inspector-ec2bc5e197816015.rlib --extern dirs_next=/opt/rustwide/target/debug/deps/libdirs_next-4af10b61db371808.rlib --extern encoding=/opt/rustwide/target/debug/deps/libencoding-04fd8a52028aa466.rlib --extern flate2=/opt/rustwide/target/debug/deps/libflate2-d1c76d99f74e2354.rlib --extern git2=/opt/rustwide/target/debug/deps/libgit2-41241ddcb388cb6c.rlib --extern globset=/opt/rustwide/target/debug/deps/libglobset-7841171e14f7d468.rlib --extern grep_cli=/opt/rustwide/target/debug/deps/libgrep_cli-68520f3cac75618c.rlib --extern nix=/opt/rustwide/target/debug/deps/libnix-a08a55d20796f521.rlib --extern once_cell=/opt/rustwide/target/debug/deps/libonce_cell-ef1409d54228c1c0.rlib --extern path_abs=/opt/rustwide/target/debug/deps/libpath_abs-811a99caf4683192.rlib --extern predicates=/opt/rustwide/target/debug/deps/libpredicates-b2d2e5d3b6adf6ce.rlib --extern regex=/opt/rustwide/target/debug/deps/libregex-672f7d66b3d86524.rlib --extern semver=/opt/rustwide/target/debug/deps/libsemver-d9f2ef02b8193c66.rlib --extern serde=/opt/rustwide/target/debug/deps/libserde-adfbfd51eabdb1ff.rlib --extern serde_yaml=/opt/rustwide/target/debug/deps/libserde_yaml-0105bccc8c8fa093.rlib --extern serial_test=/opt/rustwide/target/debug/deps/libserial_test-b1ccd32cf0668533.rlib --extern shell_words=/opt/rustwide/target/debug/deps/libshell_words-bbd2e885bb0e12aa.rlib --extern syntect=/opt/rustwide/target/debug/deps/libsyntect-ff93eb8366023006.rlib --extern tempfile=/opt/rustwide/target/debug/deps/libtempfile-e35964dcb6e88b19.rlib --extern thiserror=/opt/rustwide/target/debug/deps/libthiserror-dd9f511d5ec62aac.rlib --extern unicode_width=/opt/rustwide/target/debug/deps/libunicode_width-8c89bf6e02b90910.rlib --extern wait_timeout=/opt/rustwide/target/debug/deps/libwait_timeout-bf98887f562d85fb.rlib --extern walkdir=/opt/rustwide/target/debug/deps/libwalkdir-f0b67fbf628bcd90.rlib --extern wild=/opt/rustwide/target/debug/deps/libwild-b247caccfd202d46.rlib --cap-lints=warn -L native=/opt/rustwide/target/debug/build/sys-info-7ca02ae5234055dd/out -L native=/opt/rustwide/target/debug/build/libgit2-sys-0eef660bd4d4bf04/out/build -L native=/opt/rustwide/target/debug/build/onig_sys-c69816506b541159/out` (signal: 9, SIGKILL: kill)
[INFO] [stdout] error: linking with `cc` failed: exit status: 1
[INFO] [stdout]   |
[INFO] [stdout]   = note: LC_ALL="C" PATH="/opt/rustwide/rustup-home/toolchains/beta-2023-12-22-x86_64-unknown-linux-gnu/lib/rustlib/x86_64-unknown-linux-gnu/bin:/opt/rustwide/cargo-home/bin:/usr/local/sbin:/usr/local/bin:/usr/sbin:/usr/bin:/sbin:/bin" VSLANG="1033" "cc" "-m64" "/tmp/rustceKgjJo/symbols.o" "/opt/rustwide/target/debug/examples/advanced-5b215fed0fa041cd.advanced.cb3b5d8c15072fda-cgu.0.rcgu.o" "/opt/rustwide/target/debug/examples/advanced-5b215fed0fa041cd.13296rdi6htd10cg.rcgu.o" "-Wl,--as-needed" "-L" "/opt/rustwide/target/debug/deps" "-L" "/opt/rustwide/target/debug/build/sys-info-7ca02ae5234055dd/out" "-L" "/opt/rustwide/target/debug/build/libgit2-sys-0eef660bd4d4bf04/out/build" "-L" "/opt/rustwide/target/debug/build/onig_sys-c69816506b541159/out" "-L" "/opt/rustwide/rustup-home/toolchains/beta-2023-12-22-x86_64-unknown-linux-gnu/lib/rustlib/x86_64-unknown-linux-gnu/lib" "-Wl,-Bstatic" "/opt/rustwide/target/debug/deps/libbat-07b3ab8990107abe.rlib" "/opt/rustwide/target/debug/deps/libansi_colours-44f0e77fa71419b9.rlib" "/opt/rustwide/target/debug/deps/librgb-e8ee7fa9916b6973.rlib" "/opt/rustwide/target/debug/deps/libbytemuck-4012d8b0b9390b7a.rlib" "/opt/rustwide/target/debug/deps/libgrep_cli-68520f3cac75618c.rlib" "/opt/rustwide/target/debug/deps/libatty-4983c27e1d05cc60.rlib" "/opt/rustwide/target/debug/deps/libtermcolor-fe47d483106080c8.rlib" "/opt/rustwide/target/debug/deps/libserde_yaml-0105bccc8c8fa093.rlib" "/opt/rustwide/target/debug/deps/libglobset-7841171e14f7d468.rlib" "/opt/rustwide/target/debug/deps/libbstr-41d00a1c46623c5d.rlib" "/opt/rustwide/target/debug/deps/libregex_automata-d911e44eb55ac229.rlib" "/opt/rustwide/target/debug/deps/libencoding-04fd8a52028aa466.rlib" "/opt/rustwide/target/debug/deps/libencoding_index_tradchinese-1abd9c3a6f08c084.rlib" "/opt/rustwide/target/debug/deps/libencoding_index_simpchinese-293d45738db0614e.rlib" "/opt/rustwide/target/debug/deps/libencoding_index_japanese-b05997860acead33.rlib" "/opt/rustwide/target/debug/deps/libencoding_index_korean-bc414905a5629161.rlib" "/opt/rustwide/target/debug/deps/libencoding_index_singlebyte-cffcef67d7c289e9.rlib" "/opt/rustwide/target/debug/deps/libbytesize-71f656b4474b72c3.rlib" "/opt/rustwide/target/debug/deps/libconsole-a0ea973460b39ee4.rlib" "/opt/rustwide/target/debug/deps/libterminal_size-95a547d15dd2ae94.rlib" "/opt/rustwide/target/debug/deps/libunicode_width-8c89bf6e02b90910.rlib" "/opt/rustwide/target/debug/deps/libshell_words-bbd2e885bb0e12aa.rlib" "/opt/rustwide/target/debug/deps/libcontent_inspector-ec2bc5e197816015.rlib" "/opt/rustwide/target/debug/deps/libgit2-41241ddcb388cb6c.rlib" "/opt/rustwide/target/debug/deps/liburl-c27420e289672182.rlib" "/opt/rustwide/target/debug/deps/libidna-f5ec19a924db9307.rlib" "/opt/rustwide/target/debug/deps/libunicode_normalization-d46a9be84e5a96bd.rlib" "/opt/rustwide/target/debug/deps/libtinyvec-e7dc63e82263080a.rlib" "/opt/rustwide/target/debug/deps/libtinyvec_macros-2b90caf71be257df.rlib" "/opt/rustwide/target/debug/deps/libunicode_bidi-dff3380632f62c6d.rlib" "/opt/rustwide/target/debug/deps/libform_urlencoded-2e6be29729763aa6.rlib" "/opt/rustwide/target/debug/deps/libpercent_encoding-52ba3d834e28489d.rlib" "/opt/rustwide/target/debug/deps/liblog-c50132996933641a.rlib" "/opt/rustwide/target/debug/deps/liblibgit2_sys-5e899ec09cc533e2.rlib" "/opt/rustwide/target/debug/deps/liblibz_sys-9b6ab79b676ad4ef.rlib" "/opt/rustwide/target/debug/deps/libansi_term-f435e404af61098a.rlib" "/opt/rustwide/target/debug/deps/libclircle-6c551acda161722c.rlib" "/opt/rustwide/target/debug/deps/liblibc-acfe84869d5640c5.rlib" "/opt/rustwide/target/debug/deps/libregex-672f7d66b3d86524.rlib" "/opt/rustwide/target/debug/deps/libaho_corasick-f7ccc8f22855ad8f.rlib" "/opt/rustwide/target/debug/deps/libmemchr-33d05ae5bba76030.rlib" "/opt/rustwide/target/debug/deps/libsemver-d9f2ef02b8193c66.rlib" "/opt/rustwide/target/debug/deps/libpath_abs-811a99caf4683192.rlib" "/opt/rustwide/target/debug/deps/libstd_prelude-2c8108ca002b2b78.rlib" "/opt/rustwide/target/debug/deps/libsyntect-ff93eb8366023006.rlib" "/opt/rustwide/target/debug/deps/libthiserror-dd9f511d5ec62aac.rlib" "/opt/rustwide/target/debug/deps/libwalkdir-f0b67fbf628bcd90.rlib" "/opt/rustwide/target/debug/deps/libsame_file-5e62a1af5be346fb.rlib" "/opt/rustwide/target/debug/deps/libonig-0ee8902dbbc8d448.rlib" "/opt/rustwide/target/debug/deps/libonig_sys-f6a8dfa4d0a15d01.rlib" "/opt/rustwide/target/debug/deps/libyaml_rust-4a308368ddddc975.rlib" "/opt/rustwide/target/debug/deps/liblinked_hash_map-d832c69510805464.rlib" "/opt/rustwide/target/debug/deps/libregex_syntax-e3f07c2354d4f303.rlib" "/opt/rustwide/target/debug/deps/libfnv-953831fe314029b4.rlib" "/opt/rustwide/target/debug/deps/libbitflags-85e13ed1e0c6d910.rlib" "/opt/rustwide/target/debug/deps/libserde_json-c3763c6c3820de7e.rlib" "/opt/rustwide/target/debug/deps/libryu-71a7e639e7459b62.rlib" "/opt/rustwide/target/debug/deps/libplist-2b0029495aa986cf.rlib" "/opt/rustwide/target/debug/deps/libtime-ae78fc3509aa551b.rlib" "/opt/rustwide/target/debug/deps/libitoa-1d92cc467d2e500f.rlib" "/opt/rustwide/target/debug/deps/libline_wrap-68b6a837fc315c8f.rlib" "/opt/rustwide/target/debug/deps/libsafemem-c5268489761944e6.rlib" "/opt/rustwide/target/debug/deps/libxml-06886181afabb648.rlib" "/opt/rustwide/target/debug/deps/libbase64-450a6d9dcba13b9b.rlib" "/opt/rustwide/target/debug/deps/libindexmap-1ce30c148e54e12a.rlib" "/opt/rustwide/target/debug/deps/libhashbrown-e273ba0f8cdcbe5b.rlib" "/opt/rustwide/target/debug/deps/libflate2-d1c76d99f74e2354.rlib" "/opt/rustwide/target/debug/deps/libminiz_oxide-41d91a8cd80bb78a.rlib" "/opt/rustwide/target/debug/deps/libadler-eba61f23bb3cdb48.rlib" "/opt/rustwide/target/debug/deps/libcrc32fast-dbea8ee6fb11ce73.rlib" "/opt/rustwide/target/debug/deps/libcfg_if-e7002d307f97bc56.rlib" "/opt/rustwide/target/debug/deps/libbincode-152996499f4921ee.rlib" "/opt/rustwide/target/debug/deps/libserde-adfbfd51eabdb1ff.rlib" "/opt/rustwide/target/debug/deps/liblazy_static-efa3519517df6cf0.rlib" "/opt/rustwide/target/debug/deps/libonce_cell-ef1409d54228c1c0.rlib" "/opt/rustwide/rustup-home/toolchains/beta-2023-12-22-x86_64-unknown-linux-gnu/lib/rustlib/x86_64-unknown-linux-gnu/lib/libstd-0672489a78b613de.rlib" "/opt/rustwide/rustup-home/toolchains/beta-2023-12-22-x86_64-unknown-linux-gnu/lib/rustlib/x86_64-unknown-linux-gnu/lib/libpanic_unwind-7eb3ffc34a49f675.rlib" "/opt/rustwide/rustup-home/toolchains/beta-2023-12-22-x86_64-unknown-linux-gnu/lib/rustlib/x86_64-unknown-linux-gnu/lib/libobject-6478a9daa4bee8e2.rlib" "/opt/rustwide/rustup-home/toolchains/beta-2023-12-22-x86_64-unknown-linux-gnu/lib/rustlib/x86_64-unknown-linux-gnu/lib/libmemchr-0c75d871a5c3923d.rlib" "/opt/rustwide/rustup-home/toolchains/beta-2023-12-22-x86_64-unknown-linux-gnu/lib/rustlib/x86_64-unknown-linux-gnu/lib/libaddr2line-d163ef63ad37bb71.rlib" "/opt/rustwide/rustup-home/toolchains/beta-2023-12-22-x86_64-unknown-linux-gnu/lib/rustlib/x86_64-unknown-linux-gnu/lib/libgimli-8a3fd810a85b9f4c.rlib" "/opt/rustwide/rustup-home/toolchains/beta-2023-12-22-x86_64-unknown-linux-gnu/lib/rustlib/x86_64-unknown-linux-gnu/lib/librustc_demangle-462a2cde8c5dfc10.rlib" "/opt/rustwide/rustup-home/toolchains/beta-2023-12-22-x86_64-unknown-linux-gnu/lib/rustlib/x86_64-unknown-linux-gnu/lib/libstd_detect-cb06ac9f54713f71.rlib" "/opt/rustwide/rustup-home/toolchains/beta-2023-12-22-x86_64-unknown-linux-gnu/lib/rustlib/x86_64-unknown-linux-gnu/lib/libhashbrown-f20bfd1f8e59b393.rlib" "/opt/rustwide/rustup-home/toolchains/beta-2023-12-22-x86_64-unknown-linux-gnu/lib/rustlib/x86_64-unknown-linux-gnu/lib/librustc_std_workspace_alloc-1ef460949b49da4b.rlib" "/opt/rustwide/rustup-home/toolchains/beta-2023-12-22-x86_64-unknown-linux-gnu/lib/rustlib/x86_64-unknown-linux-gnu/lib/libminiz_oxide-2cb0c0ffe4f87514.rlib" "/opt/rustwide/rustup-home/toolchains/beta-2023-12-22-x86_64-unknown-linux-gnu/lib/rustlib/x86_64-unknown-linux-gnu/lib/libadler-58d841eb322a11a2.rlib" "/opt/rustwide/rustup-home/toolchains/beta-2023-12-22-x86_64-unknown-linux-gnu/lib/rustlib/x86_64-unknown-linux-gnu/lib/libunwind-aa2ae0b0a9d11533.rlib" "/opt/rustwide/rustup-home/toolchains/beta-2023-12-22-x86_64-unknown-linux-gnu/lib/rustlib/x86_64-unknown-linux-gnu/lib/libcfg_if-23874e15830ed336.rlib" "/opt/rustwide/rustup-home/toolchains/beta-2023-12-22-x86_64-unknown-linux-gnu/lib/rustlib/x86_64-unknown-linux-gnu/lib/liblibc-e47cddc003bce885.rlib" "/opt/rustwide/rustup-home/toolchains/beta-2023-12-22-x86_64-unknown-linux-gnu/lib/rustlib/x86_64-unknown-linux-gnu/lib/liballoc-c22b13b48a8f128e.rlib" "/opt/rustwide/rustup-home/toolchains/beta-2023-12-22-x86_64-unknown-linux-gnu/lib/rustlib/x86_64-unknown-linux-gnu/lib/librustc_std_workspace_core-e46bc3da6d7c462f.rlib" "/opt/rustwide/rustup-home/toolchains/beta-2023-12-22-x86_64-unknown-linux-gnu/lib/rustlib/x86_64-unknown-linux-gnu/lib/libcore-8d1ac131d3cb2645.rlib" "/opt/rustwide/rustup-home/toolchains/beta-2023-12-22-x86_64-unknown-linux-gnu/lib/rustlib/x86_64-unknown-linux-gnu/lib/libcompiler_builtins-a1b43df8c6899c1f.rlib" "-Wl,-Bdynamic" "-lz" "-lgcc_s" "-lutil" "-lrt" "-lpthread" "-lm" "-ldl" "-lc" "-Wl,--eh-frame-hdr" "-Wl,-z,noexecstack" "-L" "/opt/rustwide/rustup-home/toolchains/beta-2023-12-22-x86_64-unknown-linux-gnu/lib/rustlib/x86_64-unknown-linux-gnu/lib" "-o" "/opt/rustwide/target/debug/examples/advanced-5b215fed0fa041cd" "-Wl,--gc-sections" "-pie" "-Wl,-z,relro,-z,now" "-nodefaultlibs"
[INFO] [stdout]   = note: collect2: fatal error: ld terminated with signal 9 [Killed]
[INFO] [stdout]           compilation terminated.
[INFO] [stdout]           
[INFO] [stdout] 
[INFO] [stdout] 
[INFO] [stdout] error: aborting due to 1 previous error
[INFO] [stdout] 
[INFO] [stdout] 
[INFO] [stderr] error: could not compile `bat` (example "advanced") due to 2 previous errors
[INFO] [stdout] error: linking with `cc` failed: exit status: 1
[INFO] [stdout]   |
[INFO] [stdout]   = note: LC_ALL="C" PATH="/opt/rustwide/rustup-home/toolchains/beta-2023-12-22-x86_64-unknown-linux-gnu/lib/rustlib/x86_64-unknown-linux-gnu/bin:/opt/rustwide/cargo-home/bin:/usr/local/sbin:/usr/local/bin:/usr/sbin:/usr/bin:/sbin:/bin" VSLANG="1033" "cc" "-m64" "/tmp/rustcQItDgl/symbols.o" "/opt/rustwide/target/debug/examples/list_syntaxes_and_themes-88c4c9ba87531710.list_syntaxes_and_themes.502910c5e70cd4a2-cgu.0.rcgu.o" "/opt/rustwide/target/debug/examples/list_syntaxes_and_themes-88c4c9ba87531710.1eap0jkuts7lqpip.rcgu.o" "-Wl,--as-needed" "-L" "/opt/rustwide/target/debug/deps" "-L" "/opt/rustwide/target/debug/build/sys-info-7ca02ae5234055dd/out" "-L" "/opt/rustwide/target/debug/build/libgit2-sys-0eef660bd4d4bf04/out/build" "-L" "/opt/rustwide/target/debug/build/onig_sys-c69816506b541159/out" "-L" "/opt/rustwide/rustup-home/toolchains/beta-2023-12-22-x86_64-unknown-linux-gnu/lib/rustlib/x86_64-unknown-linux-gnu/lib" "-Wl,-Bstatic" "/opt/rustwide/target/debug/deps/libbat-07b3ab8990107abe.rlib" "/opt/rustwide/target/debug/deps/libansi_colours-44f0e77fa71419b9.rlib" "/opt/rustwide/target/debug/deps/librgb-e8ee7fa9916b6973.rlib" "/opt/rustwide/target/debug/deps/libbytemuck-4012d8b0b9390b7a.rlib" "/opt/rustwide/target/debug/deps/libgrep_cli-68520f3cac75618c.rlib" "/opt/rustwide/target/debug/deps/libatty-4983c27e1d05cc60.rlib" "/opt/rustwide/target/debug/deps/libtermcolor-fe47d483106080c8.rlib" "/opt/rustwide/target/debug/deps/libserde_yaml-0105bccc8c8fa093.rlib" "/opt/rustwide/target/debug/deps/libglobset-7841171e14f7d468.rlib" "/opt/rustwide/target/debug/deps/libbstr-41d00a1c46623c5d.rlib" "/opt/rustwide/target/debug/deps/libregex_automata-d911e44eb55ac229.rlib" "/opt/rustwide/target/debug/deps/libencoding-04fd8a52028aa466.rlib" "/opt/rustwide/target/debug/deps/libencoding_index_tradchinese-1abd9c3a6f08c084.rlib" "/opt/rustwide/target/debug/deps/libencoding_index_simpchinese-293d45738db0614e.rlib" "/opt/rustwide/target/debug/deps/libencoding_index_japanese-b05997860acead33.rlib" "/opt/rustwide/target/debug/deps/libencoding_index_korean-bc414905a5629161.rlib" "/opt/rustwide/target/debug/deps/libencoding_index_singlebyte-cffcef67d7c289e9.rlib" "/opt/rustwide/target/debug/deps/libbytesize-71f656b4474b72c3.rlib" "/opt/rustwide/target/debug/deps/libconsole-a0ea973460b39ee4.rlib" "/opt/rustwide/target/debug/deps/libterminal_size-95a547d15dd2ae94.rlib" "/opt/rustwide/target/debug/deps/libunicode_width-8c89bf6e02b90910.rlib" "/opt/rustwide/target/debug/deps/libshell_words-bbd2e885bb0e12aa.rlib" "/opt/rustwide/target/debug/deps/libcontent_inspector-ec2bc5e197816015.rlib" "/opt/rustwide/target/debug/deps/libgit2-41241ddcb388cb6c.rlib" "/opt/rustwide/target/debug/deps/liburl-c27420e289672182.rlib" "/opt/rustwide/target/debug/deps/libidna-f5ec19a924db9307.rlib" "/opt/rustwide/target/debug/deps/libunicode_normalization-d46a9be84e5a96bd.rlib" "/opt/rustwide/target/debug/deps/libtinyvec-e7dc63e82263080a.rlib" "/opt/rustwide/target/debug/deps/libtinyvec_macros-2b90caf71be257df.rlib" "/opt/rustwide/target/debug/deps/libunicode_bidi-dff3380632f62c6d.rlib" "/opt/rustwide/target/debug/deps/libform_urlencoded-2e6be29729763aa6.rlib" "/opt/rustwide/target/debug/deps/libpercent_encoding-52ba3d834e28489d.rlib" "/opt/rustwide/target/debug/deps/liblog-c50132996933641a.rlib" "/opt/rustwide/target/debug/deps/liblibgit2_sys-5e899ec09cc533e2.rlib" "/opt/rustwide/target/debug/deps/liblibz_sys-9b6ab79b676ad4ef.rlib" "/opt/rustwide/target/debug/deps/libansi_term-f435e404af61098a.rlib" "/opt/rustwide/target/debug/deps/libclircle-6c551acda161722c.rlib" "/opt/rustwide/target/debug/deps/liblibc-acfe84869d5640c5.rlib" "/opt/rustwide/target/debug/deps/libregex-672f7d66b3d86524.rlib" "/opt/rustwide/target/debug/deps/libaho_corasick-f7ccc8f22855ad8f.rlib" "/opt/rustwide/target/debug/deps/libmemchr-33d05ae5bba76030.rlib" "/opt/rustwide/target/debug/deps/libsemver-d9f2ef02b8193c66.rlib" "/opt/rustwide/target/debug/deps/libpath_abs-811a99caf4683192.rlib" "/opt/rustwide/target/debug/deps/libstd_prelude-2c8108ca002b2b78.rlib" "/opt/rustwide/target/debug/deps/libsyntect-ff93eb8366023006.rlib" "/opt/rustwide/target/debug/deps/libthiserror-dd9f511d5ec62aac.rlib" "/opt/rustwide/target/debug/deps/libwalkdir-f0b67fbf628bcd90.rlib" "/opt/rustwide/target/debug/deps/libsame_file-5e62a1af5be346fb.rlib" "/opt/rustwide/target/debug/deps/libonig-0ee8902dbbc8d448.rlib" "/opt/rustwide/target/debug/deps/libonig_sys-f6a8dfa4d0a15d01.rlib" "/opt/rustwide/target/debug/deps/libyaml_rust-4a308368ddddc975.rlib" "/opt/rustwide/target/debug/deps/liblinked_hash_map-d832c69510805464.rlib" "/opt/rustwide/target/debug/deps/libregex_syntax-e3f07c2354d4f303.rlib" "/opt/rustwide/target/debug/deps/libfnv-953831fe314029b4.rlib" "/opt/rustwide/target/debug/deps/libbitflags-85e13ed1e0c6d910.rlib" "/opt/rustwide/target/debug/deps/libserde_json-c3763c6c3820de7e.rlib" "/opt/rustwide/target/debug/deps/libryu-71a7e639e7459b62.rlib" "/opt/rustwide/target/debug/deps/libplist-2b0029495aa986cf.rlib" "/opt/rustwide/target/debug/deps/libtime-ae78fc3509aa551b.rlib" "/opt/rustwide/target/debug/deps/libitoa-1d92cc467d2e500f.rlib" "/opt/rustwide/target/debug/deps/libline_wrap-68b6a837fc315c8f.rlib" "/opt/rustwide/target/debug/deps/libsafemem-c5268489761944e6.rlib" "/opt/rustwide/target/debug/deps/libxml-06886181afabb648.rlib" "/opt/rustwide/target/debug/deps/libbase64-450a6d9dcba13b9b.rlib" "/opt/rustwide/target/debug/deps/libindexmap-1ce30c148e54e12a.rlib" "/opt/rustwide/target/debug/deps/libhashbrown-e273ba0f8cdcbe5b.rlib" "/opt/rustwide/target/debug/deps/libflate2-d1c76d99f74e2354.rlib" "/opt/rustwide/target/debug/deps/libminiz_oxide-41d91a8cd80bb78a.rlib" "/opt/rustwide/target/debug/deps/libadler-eba61f23bb3cdb48.rlib" "/opt/rustwide/target/debug/deps/libcrc32fast-dbea8ee6fb11ce73.rlib" "/opt/rustwide/target/debug/deps/libcfg_if-e7002d307f97bc56.rlib" "/opt/rustwide/target/debug/deps/libbincode-152996499f4921ee.rlib" "/opt/rustwide/target/debug/deps/libserde-adfbfd51eabdb1ff.rlib" "/opt/rustwide/target/debug/deps/liblazy_static-efa3519517df6cf0.rlib" "/opt/rustwide/target/debug/deps/libonce_cell-ef1409d54228c1c0.rlib" "/opt/rustwide/rustup-home/toolchains/beta-2023-12-22-x86_64-unknown-linux-gnu/lib/rustlib/x86_64-unknown-linux-gnu/lib/libstd-0672489a78b613de.rlib" "/opt/rustwide/rustup-home/toolchains/beta-2023-12-22-x86_64-unknown-linux-gnu/lib/rustlib/x86_64-unknown-linux-gnu/lib/libpanic_unwind-7eb3ffc34a49f675.rlib" "/opt/rustwide/rustup-home/toolchains/beta-2023-12-22-x86_64-unknown-linux-gnu/lib/rustlib/x86_64-unknown-linux-gnu/lib/libobject-6478a9daa4bee8e2.rlib" "/opt/rustwide/rustup-home/toolchains/beta-2023-12-22-x86_64-unknown-linux-gnu/lib/rustlib/x86_64-unknown-linux-gnu/lib/libmemchr-0c75d871a5c3923d.rlib" "/opt/rustwide/rustup-home/toolchains/beta-2023-12-22-x86_64-unknown-linux-gnu/lib/rustlib/x86_64-unknown-linux-gnu/lib/libaddr2line-d163ef63ad37bb71.rlib" "/opt/rustwide/rustup-home/toolchains/beta-2023-12-22-x86_64-unknown-linux-gnu/lib/rustlib/x86_64-unknown-linux-gnu/lib/libgimli-8a3fd810a85b9f4c.rlib" "/opt/rustwide/rustup-home/toolchains/beta-2023-12-22-x86_64-unknown-linux-gnu/lib/rustlib/x86_64-unknown-linux-gnu/lib/librustc_demangle-462a2cde8c5dfc10.rlib" "/opt/rustwide/rustup-home/toolchains/beta-2023-12-22-x86_64-unknown-linux-gnu/lib/rustlib/x86_64-unknown-linux-gnu/lib/libstd_detect-cb06ac9f54713f71.rlib" "/opt/rustwide/rustup-home/toolchains/beta-2023-12-22-x86_64-unknown-linux-gnu/lib/rustlib/x86_64-unknown-linux-gnu/lib/libhashbrown-f20bfd1f8e59b393.rlib" "/opt/rustwide/rustup-home/toolchains/beta-2023-12-22-x86_64-unknown-linux-gnu/lib/rustlib/x86_64-unknown-linux-gnu/lib/librustc_std_workspace_alloc-1ef460949b49da4b.rlib" "/opt/rustwide/rustup-home/toolchains/beta-2023-12-22-x86_64-unknown-linux-gnu/lib/rustlib/x86_64-unknown-linux-gnu/lib/libminiz_oxide-2cb0c0ffe4f87514.rlib" "/opt/rustwide/rustup-home/toolchains/beta-2023-12-22-x86_64-unknown-linux-gnu/lib/rustlib/x86_64-unknown-linux-gnu/lib/libadler-58d841eb322a11a2.rlib" "/opt/rustwide/rustup-home/toolchains/beta-2023-12-22-x86_64-unknown-linux-gnu/lib/rustlib/x86_64-unknown-linux-gnu/lib/libunwind-aa2ae0b0a9d11533.rlib" "/opt/rustwide/rustup-home/toolchains/beta-2023-12-22-x86_64-unknown-linux-gnu/lib/rustlib/x86_64-unknown-linux-gnu/lib/libcfg_if-23874e15830ed336.rlib" "/opt/rustwide/rustup-home/toolchains/beta-2023-12-22-x86_64-unknown-linux-gnu/lib/rustlib/x86_64-unknown-linux-gnu/lib/liblibc-e47cddc003bce885.rlib" "/opt/rustwide/rustup-home/toolchains/beta-2023-12-22-x86_64-unknown-linux-gnu/lib/rustlib/x86_64-unknown-linux-gnu/lib/liballoc-c22b13b48a8f128e.rlib" "/opt/rustwide/rustup-home/toolchains/beta-2023-12-22-x86_64-unknown-linux-gnu/lib/rustlib/x86_64-unknown-linux-gnu/lib/librustc_std_workspace_core-e46bc3da6d7c462f.rlib" "/opt/rustwide/rustup-home/toolchains/beta-2023-12-22-x86_64-unknown-linux-gnu/lib/rustlib/x86_64-unknown-linux-gnu/lib/libcore-8d1ac131d3cb2645.rlib" "/opt/rustwide/rustup-home/toolchains/beta-2023-12-22-x86_64-unknown-linux-gnu/lib/rustlib/x86_64-unknown-linux-gnu/lib/libcompiler_builtins-a1b43df8c6899c1f.rlib" "-Wl,-Bdynamic" "-lz" "-lgcc_s" "-lutil" "-lrt" "-lpthread" "-lm" "-ldl" "-lc" "-Wl,--eh-frame-hdr" "-Wl,-z,noexecstack" "-L" "/opt/rustwide/rustup-home/toolchains/beta-2023-12-22-x86_64-unknown-linux-gnu/lib/rustlib/x86_64-unknown-linux-gnu/lib" "-o" "/opt/rustwide/target/debug/examples/list_syntaxes_and_themes-88c4c9ba87531710" "-Wl,--gc-sections" "-pie" "-Wl,-z,relro,-z,now" "-nodefaultlibs"
[INFO] [stdout]   = note: collect2: fatal error: ld terminated with signal 9 [Killed]
[INFO] [stdout]           compilation terminated.
[INFO] [stdout]           
[INFO] [stdout] 
[INFO] [stdout] 
[INFO] [stdout] error: aborting due to 1 previous error
[INFO] [stdout] 
[INFO] [stdout] 
[INFO] [stderr] error: could not compile `bat` (example "list_syntaxes_and_themes") due to 2 previous errors
[INFO] [stdout] error: linking with `cc` failed: exit status: 1
[INFO] [stdout]   |
[INFO] [stdout]   = note: LC_ALL="C" PATH="/opt/rustwide/rustup-home/toolchains/beta-2023-12-22-x86_64-unknown-linux-gnu/lib/rustlib/x86_64-unknown-linux-gnu/bin:/opt/rustwide/cargo-home/bin:/usr/local/sbin:/usr/local/bin:/usr/sbin:/usr/bin:/sbin:/bin" VSLANG="1033" "cc" "-m64" "/tmp/rustcVgmWpi/symbols.o" "/opt/rustwide/target/debug/deps/test_pretty_printer-6af89cdd226cf505.test_pretty_printer.e8035f53212c6e51-cgu.0.rcgu.o" "/opt/rustwide/target/debug/deps/test_pretty_printer-6af89cdd226cf505.12dgsrtdhfv1gqxf.rcgu.o" "-Wl,--as-needed" "-L" "/opt/rustwide/target/debug/deps" "-L" "/opt/rustwide/target/debug/build/sys-info-7ca02ae5234055dd/out" "-L" "/opt/rustwide/target/debug/build/libgit2-sys-0eef660bd4d4bf04/out/build" "-L" "/opt/rustwide/target/debug/build/onig_sys-c69816506b541159/out" "-L" "/opt/rustwide/rustup-home/toolchains/beta-2023-12-22-x86_64-unknown-linux-gnu/lib/rustlib/x86_64-unknown-linux-gnu/lib" "-Wl,-Bstatic" "/opt/rustwide/rustup-home/toolchains/beta-2023-12-22-x86_64-unknown-linux-gnu/lib/rustlib/x86_64-unknown-linux-gnu/lib/libtest-cbab71697df97b00.rlib" "/opt/rustwide/rustup-home/toolchains/beta-2023-12-22-x86_64-unknown-linux-gnu/lib/rustlib/x86_64-unknown-linux-gnu/lib/libgetopts-2a2cf8f16c536007.rlib" "/opt/rustwide/rustup-home/toolchains/beta-2023-12-22-x86_64-unknown-linux-gnu/lib/rustlib/x86_64-unknown-linux-gnu/lib/libunicode_width-c5f3cc3cceaf9070.rlib" "/opt/rustwide/rustup-home/toolchains/beta-2023-12-22-x86_64-unknown-linux-gnu/lib/rustlib/x86_64-unknown-linux-gnu/lib/librustc_std_workspace_std-a31324ec815b09db.rlib" "/opt/rustwide/target/debug/deps/libbat-07b3ab8990107abe.rlib" "/opt/rustwide/target/debug/deps/libansi_colours-44f0e77fa71419b9.rlib" "/opt/rustwide/target/debug/deps/librgb-e8ee7fa9916b6973.rlib" "/opt/rustwide/target/debug/deps/libbytemuck-4012d8b0b9390b7a.rlib" "/opt/rustwide/target/debug/deps/libgrep_cli-68520f3cac75618c.rlib" "/opt/rustwide/target/debug/deps/libatty-4983c27e1d05cc60.rlib" "/opt/rustwide/target/debug/deps/libtermcolor-fe47d483106080c8.rlib" "/opt/rustwide/target/debug/deps/libserde_yaml-0105bccc8c8fa093.rlib" "/opt/rustwide/target/debug/deps/libglobset-7841171e14f7d468.rlib" "/opt/rustwide/target/debug/deps/libbstr-41d00a1c46623c5d.rlib" "/opt/rustwide/target/debug/deps/libregex_automata-d911e44eb55ac229.rlib" "/opt/rustwide/target/debug/deps/libencoding-04fd8a52028aa466.rlib" "/opt/rustwide/target/debug/deps/libencoding_index_tradchinese-1abd9c3a6f08c084.rlib" "/opt/rustwide/target/debug/deps/libencoding_index_simpchinese-293d45738db0614e.rlib" "/opt/rustwide/target/debug/deps/libencoding_index_japanese-b05997860acead33.rlib" "/opt/rustwide/target/debug/deps/libencoding_index_korean-bc414905a5629161.rlib" "/opt/rustwide/target/debug/deps/libencoding_index_singlebyte-cffcef67d7c289e9.rlib" "/opt/rustwide/target/debug/deps/libbytesize-71f656b4474b72c3.rlib" "/opt/rustwide/target/debug/deps/libconsole-a0ea973460b39ee4.rlib" "/opt/rustwide/target/debug/deps/libterminal_size-95a547d15dd2ae94.rlib" "/opt/rustwide/target/debug/deps/libunicode_width-8c89bf6e02b90910.rlib" "/opt/rustwide/target/debug/deps/libshell_words-bbd2e885bb0e12aa.rlib" "/opt/rustwide/target/debug/deps/libcontent_inspector-ec2bc5e197816015.rlib" "/opt/rustwide/target/debug/deps/libgit2-41241ddcb388cb6c.rlib" "/opt/rustwide/target/debug/deps/liburl-c27420e289672182.rlib" "/opt/rustwide/target/debug/deps/libidna-f5ec19a924db9307.rlib" "/opt/rustwide/target/debug/deps/libunicode_normalization-d46a9be84e5a96bd.rlib" "/opt/rustwide/target/debug/deps/libtinyvec-e7dc63e82263080a.rlib" "/opt/rustwide/target/debug/deps/libtinyvec_macros-2b90caf71be257df.rlib" "/opt/rustwide/target/debug/deps/libunicode_bidi-dff3380632f62c6d.rlib" "/opt/rustwide/target/debug/deps/libform_urlencoded-2e6be29729763aa6.rlib" "/opt/rustwide/target/debug/deps/libpercent_encoding-52ba3d834e28489d.rlib" "/opt/rustwide/target/debug/deps/liblog-c50132996933641a.rlib" "/opt/rustwide/target/debug/deps/liblibgit2_sys-5e899ec09cc533e2.rlib" "/opt/rustwide/target/debug/deps/liblibz_sys-9b6ab79b676ad4ef.rlib" "/opt/rustwide/target/debug/deps/libansi_term-f435e404af61098a.rlib" "/opt/rustwide/target/debug/deps/libclircle-6c551acda161722c.rlib" "/opt/rustwide/target/debug/deps/liblibc-acfe84869d5640c5.rlib" "/opt/rustwide/target/debug/deps/libregex-672f7d66b3d86524.rlib" "/opt/rustwide/target/debug/deps/libaho_corasick-f7ccc8f22855ad8f.rlib" "/opt/rustwide/target/debug/deps/libmemchr-33d05ae5bba76030.rlib" "/opt/rustwide/target/debug/deps/libsemver-d9f2ef02b8193c66.rlib" "/opt/rustwide/target/debug/deps/libpath_abs-811a99caf4683192.rlib" "/opt/rustwide/target/debug/deps/libstd_prelude-2c8108ca002b2b78.rlib" "/opt/rustwide/target/debug/deps/libsyntect-ff93eb8366023006.rlib" "/opt/rustwide/target/debug/deps/libthiserror-dd9f511d5ec62aac.rlib" "/opt/rustwide/target/debug/deps/libwalkdir-f0b67fbf628bcd90.rlib" "/opt/rustwide/target/debug/deps/libsame_file-5e62a1af5be346fb.rlib" "/opt/rustwide/target/debug/deps/libonig-0ee8902dbbc8d448.rlib" "/opt/rustwide/target/debug/deps/libonig_sys-f6a8dfa4d0a15d01.rlib" "/opt/rustwide/target/debug/deps/libyaml_rust-4a308368ddddc975.rlib" "/opt/rustwide/target/debug/deps/liblinked_hash_map-d832c69510805464.rlib" "/opt/rustwide/target/debug/deps/libregex_syntax-e3f07c2354d4f303.rlib" "/opt/rustwide/target/debug/deps/libfnv-953831fe314029b4.rlib" "/opt/rustwide/target/debug/deps/libbitflags-85e13ed1e0c6d910.rlib" "/opt/rustwide/target/debug/deps/libserde_json-c3763c6c3820de7e.rlib" "/opt/rustwide/target/debug/deps/libryu-71a7e639e7459b62.rlib" "/opt/rustwide/target/debug/deps/libplist-2b0029495aa986cf.rlib" "/opt/rustwide/target/debug/deps/libtime-ae78fc3509aa551b.rlib" "/opt/rustwide/target/debug/deps/libitoa-1d92cc467d2e500f.rlib" "/opt/rustwide/target/debug/deps/libline_wrap-68b6a837fc315c8f.rlib" "/opt/rustwide/target/debug/deps/libsafemem-c5268489761944e6.rlib" "/opt/rustwide/target/debug/deps/libxml-06886181afabb648.rlib" "/opt/rustwide/target/debug/deps/libbase64-450a6d9dcba13b9b.rlib" "/opt/rustwide/target/debug/deps/libindexmap-1ce30c148e54e12a.rlib" "/opt/rustwide/target/debug/deps/libhashbrown-e273ba0f8cdcbe5b.rlib" "/opt/rustwide/target/debug/deps/libflate2-d1c76d99f74e2354.rlib" "/opt/rustwide/target/debug/deps/libminiz_oxide-41d91a8cd80bb78a.rlib" "/opt/rustwide/target/debug/deps/libadler-eba61f23bb3cdb48.rlib" "/opt/rustwide/target/debug/deps/libcrc32fast-dbea8ee6fb11ce73.rlib" "/opt/rustwide/target/debug/deps/libcfg_if-e7002d307f97bc56.rlib" "/opt/rustwide/target/debug/deps/libbincode-152996499f4921ee.rlib" "/opt/rustwide/target/debug/deps/libserde-adfbfd51eabdb1ff.rlib" "/opt/rustwide/target/debug/deps/liblazy_static-efa3519517df6cf0.rlib" "/opt/rustwide/target/debug/deps/libonce_cell-ef1409d54228c1c0.rlib" "/opt/rustwide/rustup-home/toolchains/beta-2023-12-22-x86_64-unknown-linux-gnu/lib/rustlib/x86_64-unknown-linux-gnu/lib/libstd-0672489a78b613de.rlib" "/opt/rustwide/rustup-home/toolchains/beta-2023-12-22-x86_64-unknown-linux-gnu/lib/rustlib/x86_64-unknown-linux-gnu/lib/libpanic_unwind-7eb3ffc34a49f675.rlib" "/opt/rustwide/rustup-home/toolchains/beta-2023-12-22-x86_64-unknown-linux-gnu/lib/rustlib/x86_64-unknown-linux-gnu/lib/libobject-6478a9daa4bee8e2.rlib" "/opt/rustwide/rustup-home/toolchains/beta-2023-12-22-x86_64-unknown-linux-gnu/lib/rustlib/x86_64-unknown-linux-gnu/lib/libmemchr-0c75d871a5c3923d.rlib" "/opt/rustwide/rustup-home/toolchains/beta-2023-12-22-x86_64-unknown-linux-gnu/lib/rustlib/x86_64-unknown-linux-gnu/lib/libaddr2line-d163ef63ad37bb71.rlib" "/opt/rustwide/rustup-home/toolchains/beta-2023-12-22-x86_64-unknown-linux-gnu/lib/rustlib/x86_64-unknown-linux-gnu/lib/libgimli-8a3fd810a85b9f4c.rlib" "/opt/rustwide/rustup-home/toolchains/beta-2023-12-22-x86_64-unknown-linux-gnu/lib/rustlib/x86_64-unknown-linux-gnu/lib/librustc_demangle-462a2cde8c5dfc10.rlib" "/opt/rustwide/rustup-home/toolchains/beta-2023-12-22-x86_64-unknown-linux-gnu/lib/rustlib/x86_64-unknown-linux-gnu/lib/libstd_detect-cb06ac9f54713f71.rlib" "/opt/rustwide/rustup-home/toolchains/beta-2023-12-22-x86_64-unknown-linux-gnu/lib/rustlib/x86_64-unknown-linux-gnu/lib/libhashbrown-f20bfd1f8e59b393.rlib" "/opt/rustwide/rustup-home/toolchains/beta-2023-12-22-x86_64-unknown-linux-gnu/lib/rustlib/x86_64-unknown-linux-gnu/lib/librustc_std_workspace_alloc-1ef460949b49da4b.rlib" "/opt/rustwide/rustup-home/toolchains/beta-2023-12-22-x86_64-unknown-linux-gnu/lib/rustlib/x86_64-unknown-linux-gnu/lib/libminiz_oxide-2cb0c0ffe4f87514.rlib" "/opt/rustwide/rustup-home/toolchains/beta-2023-12-22-x86_64-unknown-linux-gnu/lib/rustlib/x86_64-unknown-linux-gnu/lib/libadler-58d841eb322a11a2.rlib" "/opt/rustwide/rustup-home/toolchains/beta-2023-12-22-x86_64-unknown-linux-gnu/lib/rustlib/x86_64-unknown-linux-gnu/lib/libunwind-aa2ae0b0a9d11533.rlib" "/opt/rustwide/rustup-home/toolchains/beta-2023-12-22-x86_64-unknown-linux-gnu/lib/rustlib/x86_64-unknown-linux-gnu/lib/libcfg_if-23874e15830ed336.rlib" "/opt/rustwide/rustup-home/toolchains/beta-2023-12-22-x86_64-unknown-linux-gnu/lib/rustlib/x86_64-unknown-linux-gnu/lib/liblibc-e47cddc003bce885.rlib" "/opt/rustwide/rustup-home/toolchains/beta-2023-12-22-x86_64-unknown-linux-gnu/lib/rustlib/x86_64-unknown-linux-gnu/lib/liballoc-c22b13b48a8f128e.rlib" "/opt/rustwide/rustup-home/toolchains/beta-2023-12-22-x86_64-unknown-linux-gnu/lib/rustlib/x86_64-unknown-linux-gnu/lib/librustc_std_workspace_core-e46bc3da6d7c462f.rlib" "/opt/rustwide/rustup-home/toolchains/beta-2023-12-22-x86_64-unknown-linux-gnu/lib/rustlib/x86_64-unknown-linux-gnu/lib/libcore-8d1ac131d3cb2645.rlib" "/opt/rustwide/rustup-home/toolchains/beta-2023-12-22-x86_64-unknown-linux-gnu/lib/rustlib/x86_64-unknown-linux-gnu/lib/libcompiler_builtins-a1b43df8c6899c1f.rlib" "-Wl,-Bdynamic" "-lz" "-lgcc_s" "-lutil" "-lrt" "-lpthread" "-lm" "-ldl" "-lc" "-Wl,--eh-frame-hdr" "-Wl,-z,noexecstack" "-L" "/opt/rustwide/rustup-home/toolchains/beta-2023-12-22-x86_64-unknown-linux-gnu/lib/rustlib/x86_64-unknown-linux-gnu/lib" "-o" "/opt/rustwide/target/debug/deps/test_pretty_printer-6af89cdd226cf505" "-Wl,--gc-sections" "-pie" "-Wl,-z,relro,-z,now" "-nodefaultlibs"
[INFO] [stdout]   = note: collect2: fatal error: ld terminated with signal 9 [Killed]
[INFO] [stdout]           compilation terminated.
[INFO] [stdout]           
[INFO] [stdout] 
[INFO] [stdout] 
[INFO] [stdout] error: aborting due to 1 previous error
[INFO] [stdout] 
[INFO] [stdout] 
[INFO] [stderr] error: could not compile `bat` (test "test_pretty_printer") due to 2 previous errors
[INFO] [stdout] error: linking with `cc` failed: exit status: 1
[INFO] [stdout]   |
[INFO] [stdout]   = note: LC_ALL="C" PATH="/opt/rustwide/rustup-home/toolchains/beta-2023-12-22-x86_64-unknown-linux-gnu/lib/rustlib/x86_64-unknown-linux-gnu/bin:/opt/rustwide/cargo-home/bin:/usr/local/sbin:/usr/local/bin:/usr/sbin:/usr/bin:/sbin:/bin" VSLANG="1033" "cc" "-m64" "/tmp/rustcoUso7A/symbols.o" "/opt/rustwide/target/debug/deps/no_duplicate_extensions-d78d16a94581f153.no_duplicate_extensions.54a68ee1a1842a3d-cgu.0.rcgu.o" "/opt/rustwide/target/debug/deps/no_duplicate_extensions-d78d16a94581f153.3280npfjs4gnamca.rcgu.o" "-Wl,--as-needed" "-L" "/opt/rustwide/target/debug/deps" "-L" "/opt/rustwide/target/debug/build/sys-info-7ca02ae5234055dd/out" "-L" "/opt/rustwide/target/debug/build/libgit2-sys-0eef660bd4d4bf04/out/build" "-L" "/opt/rustwide/target/debug/build/onig_sys-c69816506b541159/out" "-L" "/opt/rustwide/rustup-home/toolchains/beta-2023-12-22-x86_64-unknown-linux-gnu/lib/rustlib/x86_64-unknown-linux-gnu/lib" "-Wl,-Bstatic" "/opt/rustwide/rustup-home/toolchains/beta-2023-12-22-x86_64-unknown-linux-gnu/lib/rustlib/x86_64-unknown-linux-gnu/lib/libtest-cbab71697df97b00.rlib" "/opt/rustwide/rustup-home/toolchains/beta-2023-12-22-x86_64-unknown-linux-gnu/lib/rustlib/x86_64-unknown-linux-gnu/lib/libgetopts-2a2cf8f16c536007.rlib" "/opt/rustwide/rustup-home/toolchains/beta-2023-12-22-x86_64-unknown-linux-gnu/lib/rustlib/x86_64-unknown-linux-gnu/lib/libunicode_width-c5f3cc3cceaf9070.rlib" "/opt/rustwide/rustup-home/toolchains/beta-2023-12-22-x86_64-unknown-linux-gnu/lib/rustlib/x86_64-unknown-linux-gnu/lib/librustc_std_workspace_std-a31324ec815b09db.rlib" "/opt/rustwide/target/debug/deps/libbat-07b3ab8990107abe.rlib" "/opt/rustwide/target/debug/deps/libansi_colours-44f0e77fa71419b9.rlib" "/opt/rustwide/target/debug/deps/librgb-e8ee7fa9916b6973.rlib" "/opt/rustwide/target/debug/deps/libbytemuck-4012d8b0b9390b7a.rlib" "/opt/rustwide/target/debug/deps/libgrep_cli-68520f3cac75618c.rlib" "/opt/rustwide/target/debug/deps/libatty-4983c27e1d05cc60.rlib" "/opt/rustwide/target/debug/deps/libtermcolor-fe47d483106080c8.rlib" "/opt/rustwide/target/debug/deps/libserde_yaml-0105bccc8c8fa093.rlib" "/opt/rustwide/target/debug/deps/libglobset-7841171e14f7d468.rlib" "/opt/rustwide/target/debug/deps/libbstr-41d00a1c46623c5d.rlib" "/opt/rustwide/target/debug/deps/libregex_automata-d911e44eb55ac229.rlib" "/opt/rustwide/target/debug/deps/libencoding-04fd8a52028aa466.rlib" "/opt/rustwide/target/debug/deps/libencoding_index_tradchinese-1abd9c3a6f08c084.rlib" "/opt/rustwide/target/debug/deps/libencoding_index_simpchinese-293d45738db0614e.rlib" "/opt/rustwide/target/debug/deps/libencoding_index_japanese-b05997860acead33.rlib" "/opt/rustwide/target/debug/deps/libencoding_index_korean-bc414905a5629161.rlib" "/opt/rustwide/target/debug/deps/libencoding_index_singlebyte-cffcef67d7c289e9.rlib" "/opt/rustwide/target/debug/deps/libbytesize-71f656b4474b72c3.rlib" "/opt/rustwide/target/debug/deps/libconsole-a0ea973460b39ee4.rlib" "/opt/rustwide/target/debug/deps/libterminal_size-95a547d15dd2ae94.rlib" "/opt/rustwide/target/debug/deps/libunicode_width-8c89bf6e02b90910.rlib" "/opt/rustwide/target/debug/deps/libshell_words-bbd2e885bb0e12aa.rlib" "/opt/rustwide/target/debug/deps/libcontent_inspector-ec2bc5e197816015.rlib" "/opt/rustwide/target/debug/deps/libgit2-41241ddcb388cb6c.rlib" "/opt/rustwide/target/debug/deps/liburl-c27420e289672182.rlib" "/opt/rustwide/target/debug/deps/libidna-f5ec19a924db9307.rlib" "/opt/rustwide/target/debug/deps/libunicode_normalization-d46a9be84e5a96bd.rlib" "/opt/rustwide/target/debug/deps/libtinyvec-e7dc63e82263080a.rlib" "/opt/rustwide/target/debug/deps/libtinyvec_macros-2b90caf71be257df.rlib" "/opt/rustwide/target/debug/deps/libunicode_bidi-dff3380632f62c6d.rlib" "/opt/rustwide/target/debug/deps/libform_urlencoded-2e6be29729763aa6.rlib" "/opt/rustwide/target/debug/deps/libpercent_encoding-52ba3d834e28489d.rlib" "/opt/rustwide/target/debug/deps/liblog-c50132996933641a.rlib" "/opt/rustwide/target/debug/deps/liblibgit2_sys-5e899ec09cc533e2.rlib" "/opt/rustwide/target/debug/deps/liblibz_sys-9b6ab79b676ad4ef.rlib" "/opt/rustwide/target/debug/deps/libansi_term-f435e404af61098a.rlib" "/opt/rustwide/target/debug/deps/libclircle-6c551acda161722c.rlib" "/opt/rustwide/target/debug/deps/liblibc-acfe84869d5640c5.rlib" "/opt/rustwide/target/debug/deps/libregex-672f7d66b3d86524.rlib" "/opt/rustwide/target/debug/deps/libaho_corasick-f7ccc8f22855ad8f.rlib" "/opt/rustwide/target/debug/deps/libmemchr-33d05ae5bba76030.rlib" "/opt/rustwide/target/debug/deps/libsemver-d9f2ef02b8193c66.rlib" "/opt/rustwide/target/debug/deps/libpath_abs-811a99caf4683192.rlib" "/opt/rustwide/target/debug/deps/libstd_prelude-2c8108ca002b2b78.rlib" "/opt/rustwide/target/debug/deps/libsyntect-ff93eb8366023006.rlib" "/opt/rustwide/target/debug/deps/libthiserror-dd9f511d5ec62aac.rlib" "/opt/rustwide/target/debug/deps/libwalkdir-f0b67fbf628bcd90.rlib" "/opt/rustwide/target/debug/deps/libsame_file-5e62a1af5be346fb.rlib" "/opt/rustwide/target/debug/deps/libonig-0ee8902dbbc8d448.rlib" "/opt/rustwide/target/debug/deps/libonig_sys-f6a8dfa4d0a15d01.rlib" "/opt/rustwide/target/debug/deps/libyaml_rust-4a308368ddddc975.rlib" "/opt/rustwide/target/debug/deps/liblinked_hash_map-d832c69510805464.rlib" "/opt/rustwide/target/debug/deps/libregex_syntax-e3f07c2354d4f303.rlib" "/opt/rustwide/target/debug/deps/libfnv-953831fe314029b4.rlib" "/opt/rustwide/target/debug/deps/libbitflags-85e13ed1e0c6d910.rlib" "/opt/rustwide/target/debug/deps/libserde_json-c3763c6c3820de7e.rlib" "/opt/rustwide/target/debug/deps/libryu-71a7e639e7459b62.rlib" "/opt/rustwide/target/debug/deps/libplist-2b0029495aa986cf.rlib" "/opt/rustwide/target/debug/deps/libtime-ae78fc3509aa551b.rlib" "/opt/rustwide/target/debug/deps/libitoa-1d92cc467d2e500f.rlib" "/opt/rustwide/target/debug/deps/libline_wrap-68b6a837fc315c8f.rlib" "/opt/rustwide/target/debug/deps/libsafemem-c5268489761944e6.rlib" "/opt/rustwide/target/debug/deps/libxml-06886181afabb648.rlib" "/opt/rustwide/target/debug/deps/libbase64-450a6d9dcba13b9b.rlib" "/opt/rustwide/target/debug/deps/libindexmap-1ce30c148e54e12a.rlib" "/opt/rustwide/target/debug/deps/libhashbrown-e273ba0f8cdcbe5b.rlib" "/opt/rustwide/target/debug/deps/libflate2-d1c76d99f74e2354.rlib" "/opt/rustwide/target/debug/deps/libminiz_oxide-41d91a8cd80bb78a.rlib" "/opt/rustwide/target/debug/deps/libadler-eba61f23bb3cdb48.rlib" "/opt/rustwide/target/debug/deps/libcrc32fast-dbea8ee6fb11ce73.rlib" "/opt/rustwide/target/debug/deps/libcfg_if-e7002d307f97bc56.rlib" "/opt/rustwide/target/debug/deps/libbincode-152996499f4921ee.rlib" "/opt/rustwide/target/debug/deps/libserde-adfbfd51eabdb1ff.rlib" "/opt/rustwide/target/debug/deps/liblazy_static-efa3519517df6cf0.rlib" "/opt/rustwide/target/debug/deps/libonce_cell-ef1409d54228c1c0.rlib" "/opt/rustwide/rustup-home/toolchains/beta-2023-12-22-x86_64-unknown-linux-gnu/lib/rustlib/x86_64-unknown-linux-gnu/lib/libstd-0672489a78b613de.rlib" "/opt/rustwide/rustup-home/toolchains/beta-2023-12-22-x86_64-unknown-linux-gnu/lib/rustlib/x86_64-unknown-linux-gnu/lib/libpanic_unwind-7eb3ffc34a49f675.rlib" "/opt/rustwide/rustup-home/toolchains/beta-2023-12-22-x86_64-unknown-linux-gnu/lib/rustlib/x86_64-unknown-linux-gnu/lib/libobject-6478a9daa4bee8e2.rlib" "/opt/rustwide/rustup-home/toolchains/beta-2023-12-22-x86_64-unknown-linux-gnu/lib/rustlib/x86_64-unknown-linux-gnu/lib/libmemchr-0c75d871a5c3923d.rlib" "/opt/rustwide/rustup-home/toolchains/beta-2023-12-22-x86_64-unknown-linux-gnu/lib/rustlib/x86_64-unknown-linux-gnu/lib/libaddr2line-d163ef63ad37bb71.rlib" "/opt/rustwide/rustup-home/toolchains/beta-2023-12-22-x86_64-unknown-linux-gnu/lib/rustlib/x86_64-unknown-linux-gnu/lib/libgimli-8a3fd810a85b9f4c.rlib" "/opt/rustwide/rustup-home/toolchains/beta-2023-12-22-x86_64-unknown-linux-gnu/lib/rustlib/x86_64-unknown-linux-gnu/lib/librustc_demangle-462a2cde8c5dfc10.rlib" "/opt/rustwide/rustup-home/toolchains/beta-2023-12-22-x86_64-unknown-linux-gnu/lib/rustlib/x86_64-unknown-linux-gnu/lib/libstd_detect-cb06ac9f54713f71.rlib" "/opt/rustwide/rustup-home/toolchains/beta-2023-12-22-x86_64-unknown-linux-gnu/lib/rustlib/x86_64-unknown-linux-gnu/lib/libhashbrown-f20bfd1f8e59b393.rlib" "/opt/rustwide/rustup-home/toolchains/beta-2023-12-22-x86_64-unknown-linux-gnu/lib/rustlib/x86_64-unknown-linux-gnu/lib/librustc_std_workspace_alloc-1ef460949b49da4b.rlib" "/opt/rustwide/rustup-home/toolchains/beta-2023-12-22-x86_64-unknown-linux-gnu/lib/rustlib/x86_64-unknown-linux-gnu/lib/libminiz_oxide-2cb0c0ffe4f87514.rlib" "/opt/rustwide/rustup-home/toolchains/beta-2023-12-22-x86_64-unknown-linux-gnu/lib/rustlib/x86_64-unknown-linux-gnu/lib/libadler-58d841eb322a11a2.rlib" "/opt/rustwide/rustup-home/toolchains/beta-2023-12-22-x86_64-unknown-linux-gnu/lib/rustlib/x86_64-unknown-linux-gnu/lib/libunwind-aa2ae0b0a9d11533.rlib" "/opt/rustwide/rustup-home/toolchains/beta-2023-12-22-x86_64-unknown-linux-gnu/lib/rustlib/x86_64-unknown-linux-gnu/lib/libcfg_if-23874e15830ed336.rlib" "/opt/rustwide/rustup-home/toolchains/beta-2023-12-22-x86_64-unknown-linux-gnu/lib/rustlib/x86_64-unknown-linux-gnu/lib/liblibc-e47cddc003bce885.rlib" "/opt/rustwide/rustup-home/toolchains/beta-2023-12-22-x86_64-unknown-linux-gnu/lib/rustlib/x86_64-unknown-linux-gnu/lib/liballoc-c22b13b48a8f128e.rlib" "/opt/rustwide/rustup-home/toolchains/beta-2023-12-22-x86_64-unknown-linux-gnu/lib/rustlib/x86_64-unknown-linux-gnu/lib/librustc_std_workspace_core-e46bc3da6d7c462f.rlib" "/opt/rustwide/rustup-home/toolchains/beta-2023-12-22-x86_64-unknown-linux-gnu/lib/rustlib/x86_64-unknown-linux-gnu/lib/libcore-8d1ac131d3cb2645.rlib" "/opt/rustwide/rustup-home/toolchains/beta-2023-12-22-x86_64-unknown-linux-gnu/lib/rustlib/x86_64-unknown-linux-gnu/lib/libcompiler_builtins-a1b43df8c6899c1f.rlib" "-Wl,-Bdynamic" "-lz" "-lgcc_s" "-lutil" "-lrt" "-lpthread" "-lm" "-ldl" "-lc" "-Wl,--eh-frame-hdr" "-Wl,-z,noexecstack" "-L" "/opt/rustwide/rustup-home/toolchains/beta-2023-12-22-x86_64-unknown-linux-gnu/lib/rustlib/x86_64-unknown-linux-gnu/lib" "-o" "/opt/rustwide/target/debug/deps/no_duplicate_extensions-d78d16a94581f153" "-Wl,--gc-sections" "-pie" "-Wl,-z,relro,-z,now" "-nodefaultlibs"
[INFO] [stdout]   = note: collect2: fatal error: ld terminated with signal 9 [Killed]
[INFO] [stdout]           compilation terminated.
[INFO] [stdout]           
[INFO] [stdout] 
[INFO] [stdout] 
[INFO] [stdout] error: aborting due to 1 previous error
[INFO] [stdout] 
[INFO] [stdout] 
[INFO] [stderr] error: could not compile `bat` (test "no_duplicate_extensions") due to 2 previous errors
[INFO] running `Command { std: "docker" "inspect" "98a5ef0826661492f97602110715e4a3ea77763f7c1698986f3fa20f6c48e41e", kill_on_drop: false }`
[INFO] running `Command { std: "docker" "rm" "-f" "98a5ef0826661492f97602110715e4a3ea77763f7c1698986f3fa20f6c48e41e", kill_on_drop: false }`
[INFO] [stdout] 98a5ef0826661492f97602110715e4a3ea77763f7c1698986f3fa20f6c48e41e
