[INFO] cloning repository https://github.com/17robots/crosstown_poc
[INFO] running `Command { std: "git" "-c" "credential.helper=" "-c" "credential.helper=/workspace/cargo-home/bin/git-credential-null" "clone" "--bare" "https://github.com/17robots/crosstown_poc" "/workspace/cache/git-repos/https%3A%2F%2Fgithub.com%2F17robots%2Fcrosstown_poc", kill_on_drop: false }`
[INFO] [stderr] Cloning into bare repository '/workspace/cache/git-repos/https%3A%2F%2Fgithub.com%2F17robots%2Fcrosstown_poc'...
[INFO] running `Command { std: "git" "rev-parse" "HEAD", kill_on_drop: false }`
[INFO] [stdout] 7bdc47e2cf37cc85d4fd7bd803a452e17568de27
[INFO] testing 17robots/crosstown_poc against 1.75.0 for beta-1.76-1
[INFO] running `Command { std: "git" "clone" "/workspace/cache/git-repos/https%3A%2F%2Fgithub.com%2F17robots%2Fcrosstown_poc" "/workspace/builds/worker-4-tc1/source", kill_on_drop: false }`
[INFO] [stderr] Cloning into '/workspace/builds/worker-4-tc1/source'...
[INFO] [stderr] done.
[INFO] validating manifest of git repo https://github.com/17robots/crosstown_poc on toolchain 1.75.0
[INFO] running `Command { std: CARGO_HOME="/workspace/cargo-home" RUSTUP_HOME="/workspace/rustup-home" "/workspace/cargo-home/bin/cargo" "+1.75.0" "metadata" "--manifest-path" "Cargo.toml" "--no-deps", kill_on_drop: false }`
[INFO] started tweaking git repo https://github.com/17robots/crosstown_poc
[INFO] finished tweaking git repo https://github.com/17robots/crosstown_poc
[INFO] tweaked toml for git repo https://github.com/17robots/crosstown_poc written to /workspace/builds/worker-4-tc1/source/Cargo.toml
[INFO] crate git repo https://github.com/17robots/crosstown_poc already has a lockfile, it will not be regenerated
[INFO] running `Command { std: CARGO_HOME="/workspace/cargo-home" RUSTUP_HOME="/workspace/rustup-home" "/workspace/cargo-home/bin/cargo" "+1.75.0" "fetch" "--manifest-path" "Cargo.toml", kill_on_drop: false }`
[INFO] [stderr]     Updating crates.io index
[INFO] [stderr]  Downloading crates ...
[INFO] [stderr]   Downloaded input_buffer v0.5.0
[INFO] [stderr]   Downloaded amiquip v0.4.2
[INFO] [stderr]   Downloaded crosstown_bus v0.6.0
[INFO] running `Command { std: "docker" "create" "-v" "/var/lib/crater-agent-workspace/builds/worker-4-tc1/target:/opt/rustwide/target:rw,Z" "-v" "/var/lib/crater-agent-workspace/builds/worker-4-tc1/source:/opt/rustwide/workdir:ro,Z" "-v" "/var/lib/crater-agent-workspace/cargo-home:/opt/rustwide/cargo-home:ro,Z" "-v" "/var/lib/crater-agent-workspace/rustup-home:/opt/rustwide/rustup-home:ro,Z" "-e" "SOURCE_DIR=/opt/rustwide/workdir" "-e" "CARGO_TARGET_DIR=/opt/rustwide/target" "-e" "CARGO_HOME=/opt/rustwide/cargo-home" "-e" "RUSTUP_HOME=/opt/rustwide/rustup-home" "-w" "/opt/rustwide/workdir" "-m" "1610612736" "--user" "0:0" "--network" "none" "ghcr.io/rust-lang/crates-build-env/linux@sha256:2788e3201cd34a07e3172128adcd8b3090168a8e3bcc40d7c032b9dda1df7d1c" "/opt/rustwide/cargo-home/bin/cargo" "+1.75.0" "metadata" "--no-deps" "--format-version=1", kill_on_drop: false }`
[INFO] [stdout] 40a54c885d55078c2acd4597afee3d78b69edd78d1bb5e7527e8b0f82d1a102c
[INFO] running `Command { std: "docker" "start" "-a" "40a54c885d55078c2acd4597afee3d78b69edd78d1bb5e7527e8b0f82d1a102c", kill_on_drop: false }`
[INFO] running `Command { std: "docker" "inspect" "40a54c885d55078c2acd4597afee3d78b69edd78d1bb5e7527e8b0f82d1a102c", kill_on_drop: false }`
[INFO] running `Command { std: "docker" "rm" "-f" "40a54c885d55078c2acd4597afee3d78b69edd78d1bb5e7527e8b0f82d1a102c", kill_on_drop: false }`
[INFO] [stdout] 40a54c885d55078c2acd4597afee3d78b69edd78d1bb5e7527e8b0f82d1a102c
[INFO] running `Command { std: "docker" "create" "-v" "/var/lib/crater-agent-workspace/builds/worker-4-tc1/target:/opt/rustwide/target:rw,Z" "-v" "/var/lib/crater-agent-workspace/builds/worker-4-tc1/source:/opt/rustwide/workdir:ro,Z" "-v" "/var/lib/crater-agent-workspace/cargo-home:/opt/rustwide/cargo-home:ro,Z" "-v" "/var/lib/crater-agent-workspace/rustup-home:/opt/rustwide/rustup-home:ro,Z" "-e" "SOURCE_DIR=/opt/rustwide/workdir" "-e" "CARGO_TARGET_DIR=/opt/rustwide/target" "-e" "CARGO_INCREMENTAL=0" "-e" "RUST_BACKTRACE=full" "-e" "RUSTFLAGS=--cap-lints=warn" "-e" "RUSTDOCFLAGS=--cap-lints=warn" "-e" "CARGO_HOME=/opt/rustwide/cargo-home" "-e" "RUSTUP_HOME=/opt/rustwide/rustup-home" "-w" "/opt/rustwide/workdir" "-m" "1610612736" "--user" "0:0" "--network" "none" "ghcr.io/rust-lang/crates-build-env/linux@sha256:2788e3201cd34a07e3172128adcd8b3090168a8e3bcc40d7c032b9dda1df7d1c" "/opt/rustwide/cargo-home/bin/cargo" "+1.75.0" "build" "--frozen" "--message-format=json", kill_on_drop: false }`
[INFO] [stdout] 3bc6e3f4326ebbd29228c2a89fe3226a3b6ad6eed2ae69164c3f38cbcad2c92f
[INFO] running `Command { std: "docker" "start" "-a" "3bc6e3f4326ebbd29228c2a89fe3226a3b6ad6eed2ae69164c3f38cbcad2c92f", kill_on_drop: false }`
[INFO] [stderr]    Compiling proc-macro2 v1.0.66
[INFO] [stderr]    Compiling unicode-ident v1.0.11
[INFO] [stderr]    Compiling libc v0.2.147
[INFO] [stderr]    Compiling serde v1.0.180
[INFO] [stderr]    Compiling serde_derive v1.0.180
[INFO] [stderr]    Compiling memchr v2.5.0
[INFO] [stderr]    Compiling tinyvec_macros v0.1.1
[INFO] [stderr]    Compiling cfg-if v1.0.0
[INFO] [stderr]    Compiling syn v1.0.109
[INFO] [stderr]    Compiling thiserror v1.0.44
[INFO] [stderr]    Compiling ucd-trie v0.1.6
[INFO] [stderr]    Compiling once_cell v1.18.0
[INFO] [stderr]    Compiling serde_json v1.0.104
[INFO] [stderr]    Compiling version_check v0.1.5
[INFO] [stderr]    Compiling log v0.4.19
[INFO] [stderr]    Compiling tinyvec v1.6.0
[INFO] [stderr]    Compiling slab v0.4.8
[INFO] [stderr]    Compiling itoa v1.0.9
[INFO] [stderr]    Compiling cc v1.0.79
[INFO] [stderr]    Compiling percent-encoding v2.3.0
[INFO] [stderr]    Compiling ryu v1.0.15
[INFO] [stderr]    Compiling regex-syntax v0.7.4
[INFO] [stderr]    Compiling unicode-bidi v0.3.13
[INFO] [stderr]    Compiling form_urlencoded v1.2.0
[INFO] [stderr]    Compiling nom v4.2.3
[INFO] [stderr]    Compiling same-file v1.0.6
[INFO] [stderr]    Compiling semver v1.0.18
[INFO] [stderr]    Compiling cookie-factory v0.2.4
[INFO] [stderr]    Compiling lazy_static v1.4.0
[INFO] [stderr]    Compiling futures-core v0.3.28
[INFO] [stderr]    Compiling walkdir v2.3.3
[INFO] [stderr]    Compiling quick-error v1.2.3
[INFO] [stderr]    Compiling futures-channel v0.3.28
[INFO] [stderr]    Compiling futures-task v0.3.28
[INFO] [stderr]    Compiling lock_api v0.4.10
[INFO] [stderr]    Compiling ahash v0.7.6
[INFO] [stderr]    Compiling futures-util v0.3.28
[INFO] [stderr]    Compiling aho-corasick v1.0.2
[INFO] [stderr]    Compiling quote v1.0.32
[INFO] [stderr]    Compiling matches v0.1.10
[INFO] [stderr]    Compiling doc-comment v0.3.3
[INFO] [stderr]    Compiling unicode-normalization v0.1.22
[INFO] [stderr]    Compiling foreign-types-shared v0.1.1
[INFO] [stderr]    Compiling crossbeam-utils v0.8.16
[INFO] [stderr]    Compiling syn v2.0.28
[INFO] [stderr]    Compiling futures-sink v0.3.28
[INFO] [stderr]    Compiling openssl v0.10.55
[INFO] [stderr]    Compiling pin-project-lite v0.2.10
[INFO] [stderr]    Compiling parking_lot_core v0.9.8
[INFO] [stderr]    Compiling cfg-if v0.1.10
[INFO] [stderr]    Compiling net2 v0.2.39
[INFO] [stderr]    Compiling getrandom v0.2.10
[INFO] [stderr]    Compiling iovec v0.1.4
[INFO] [stderr]    Compiling idna v0.4.0
[INFO] [stderr]    Compiling foreign-types v0.3.2
[INFO] [stderr]    Compiling openssl-sys v0.9.90
[INFO] [stderr]    Compiling idna v0.1.5
[INFO] [stderr]    Compiling indexmap v1.9.3
[INFO] [stderr]    Compiling ahash v0.8.3
[INFO] [stderr]    Compiling smallvec v1.11.0
[INFO] [stderr]    Compiling futures-io v0.3.28
[INFO] [stderr]    Compiling bytes v1.4.0
[INFO] [stderr]    Compiling percent-encoding v1.0.1
[INFO] [stderr]    Compiling bitflags v1.3.2
[INFO] [stderr]    Compiling scopeguard v1.2.0
[INFO] [stderr]    Compiling heck v0.4.1
[INFO] [stderr]    Compiling pin-utils v0.1.0
[INFO] [stderr]    Compiling native-tls v0.2.11
[INFO] [stderr]    Compiling mio v0.6.23
[INFO] [stderr]    Compiling url v2.4.0
[INFO] [stderr]    Compiling url v1.7.2
[INFO] [stderr]    Compiling tokio v1.29.1
[INFO] [stderr]    Compiling openssl-probe v0.1.5
[INFO] [stderr]    Compiling hashbrown v0.12.3
[INFO] [stderr]    Compiling regex-automata v0.3.4
[INFO] [stderr]    Compiling lazycell v1.3.0
[INFO] [stderr]    Compiling mio-extras v2.0.6
[INFO] [stderr]    Compiling crossbeam-channel v0.5.8
[INFO] [stderr]    Compiling hashbrown v0.11.2
[INFO] [stderr]    Compiling parking_lot v0.12.1
[INFO] [stderr]    Compiling input_buffer v0.5.0
[INFO] [stderr]    Compiling num_cpus v1.16.0
[INFO] [stderr]    Compiling signal-hook-registry v1.4.1
[INFO] [stderr]    Compiling mio v0.8.8
[INFO] [stderr]    Compiling socket2 v0.4.9
[INFO] [stderr]    Compiling hashbrown v0.13.2
[INFO] [stderr]    Compiling toml v0.5.11
[INFO] [stderr]    Compiling borsh-derive-internal v0.9.3
[INFO] [stderr]    Compiling borsh-schema-derive-internal v0.9.3
[INFO] [stderr]    Compiling borsh-schema-derive-internal v0.10.3
[INFO] [stderr]    Compiling borsh-derive-internal v0.10.3
[INFO] [stderr]    Compiling thiserror-impl v1.0.44
[INFO] [stderr]    Compiling openssl-macros v0.1.1
[INFO] [stderr]    Compiling futures-macro v0.3.28
[INFO] [stderr]    Compiling tokio-macros v2.1.0
[INFO] [stderr]    Compiling regex v1.9.1
[INFO] [stderr]    Compiling cargo-lock v8.0.3
[INFO] [stderr]    Compiling proc-macro-crate v0.1.5
[INFO] [stderr]    Compiling snafu-derive v0.7.5
[INFO] [stderr]    Compiling amq-protocol-types v1.2.0
[INFO] [stderr]    Compiling borsh-derive v0.9.3
[INFO] [stderr]    Compiling borsh-derive v0.10.3
[INFO] [stderr]    Compiling built v0.5.2
[INFO] [stderr]    Compiling pest v2.7.1
[INFO] [stderr]    Compiling amiquip v0.4.2
[INFO] [stderr]    Compiling borsh v0.9.3
[INFO] [stderr]    Compiling borsh v0.10.3
[INFO] [stderr]    Compiling snafu v0.7.5
[INFO] [stderr]    Compiling pest_meta v2.7.1
[INFO] [stderr]    Compiling pest_generator v2.7.1
[INFO] [stderr]    Compiling pest_derive v2.7.1
[INFO] [stderr]    Compiling futures-executor v0.3.28
[INFO] [stderr]    Compiling futures v0.3.28
[INFO] [stderr]    Compiling handlebars v1.1.0
[INFO] [stderr]    Compiling amq-protocol-codegen v1.4.0
[INFO] [stderr]    Compiling amq-protocol v1.4.0
[INFO] [stderr]    Compiling crosstown_bus v0.6.0
[INFO] [stderr]    Compiling events v0.1.0 (/opt/rustwide/workdir/events)
[INFO] [stderr]    Compiling publisher v0.1.0 (/opt/rustwide/workdir/publisher)
[INFO] [stderr]    Compiling subscriber v0.1.0 (/opt/rustwide/workdir/subscriber)
[INFO] [stdout] error[E0046]: not all trait items implemented, missing: `get_handler_action`
[INFO] [stdout]  --> subscriber/src/main.rs:7:1
[INFO] [stdout]   |
[INFO] [stdout] 7 | impl MessageHandler<UserCreatedEventMessage> for UserCreatedHandler {
[INFO] [stdout]   | ^^^^^^^^^^^^^^^^^^^^^^^^^^^^^^^^^^^^^^^^^^^^^^^^^^^^^^^^^^^^^^^^^^^ missing `get_handler_action` in implementation
[INFO] [stdout]   |
[INFO] [stdout]   = help: implement the missing item: `fn get_handler_action(&self) -> String { todo!() }`
[INFO] [stdout] 
[INFO] [stdout] 
[INFO] [stdout] error[E0277]: the trait bound `UserCreatedEventMessage: borsh::de::BorshDeserialize` is not satisfied
[INFO] [stdout]   --> subscriber/src/main.rs:17:18
[INFO] [stdout]    |
[INFO] [stdout] 17 |     _ = listener.listen("user_created".to_owned(), UserCreatedHandler{}, QueueProperties { auto_delete: false, durable: false, use_dead_l...
[INFO] [stdout]    |                  ^^^^^^ the trait `borsh::de::BorshDeserialize` is not implemented for `UserCreatedEventMessage`
[INFO] [stdout]    |
[INFO] [stdout]    = help: the following other types implement trait `borsh::de::BorshDeserialize`:
[INFO] [stdout]              bool
[INFO] [stdout]              i8
[INFO] [stdout]              i16
[INFO] [stdout]              i32
[INFO] [stdout]              i64
[INFO] [stdout]              i128
[INFO] [stdout]              usize
[INFO] [stdout]              u8
[INFO] [stdout]            and 99 others
[INFO] [stdout] note: required by a bound in `crosstown_bus::queue_bus::QueueListener::listen`
[INFO] [stdout]   --> /opt/rustwide/cargo-home/registry/src/index.crates.io-6f17d22bba15001f/crosstown_bus-0.6.0/src/queue_bus.rs:20:19
[INFO] [stdout]    |
[INFO] [stdout] 17 |     pub fn listen<T>(self, event_name: String, 
[INFO] [stdout]    |            ------ required by a bound in this associated function
[INFO] [stdout] ...
[INFO] [stdout] 20 |         where T : BorshDeserialize + BorshSerialize + Clone + 'static {
[INFO] [stdout]    |                   ^^^^^^^^^^^^^^^^ required by this bound in `QueueListener::listen`
[INFO] [stdout] 
[INFO] [stdout] 
[INFO] [stdout] error[E0277]: the trait bound `UserCreatedEventMessage: borsh::ser::BorshSerialize` is not satisfied
[INFO] [stdout]   --> subscriber/src/main.rs:17:18
[INFO] [stdout]    |
[INFO] [stdout] 17 |     _ = listener.listen("user_created".to_owned(), UserCreatedHandler{}, QueueProperties { auto_delete: false, durable: false, use_dead_l...
[INFO] [stdout]    |                  ^^^^^^ the trait `borsh::ser::BorshSerialize` is not implemented for `UserCreatedEventMessage`
[INFO] [stdout]    |
[INFO] [stdout]    = help: the following other types implement trait `borsh::ser::BorshSerialize`:
[INFO] [stdout]              bool
[INFO] [stdout]              i8
[INFO] [stdout]              i16
[INFO] [stdout]              i32
[INFO] [stdout]              i64
[INFO] [stdout]              i128
[INFO] [stdout]              usize
[INFO] [stdout]              u8
[INFO] [stdout]            and 102 others
[INFO] [stdout] note: required by a bound in `crosstown_bus::queue_bus::QueueListener::listen`
[INFO] [stdout]   --> /opt/rustwide/cargo-home/registry/src/index.crates.io-6f17d22bba15001f/crosstown_bus-0.6.0/src/queue_bus.rs:20:38
[INFO] [stdout]    |
[INFO] [stdout] 17 |     pub fn listen<T>(self, event_name: String, 
[INFO] [stdout]    |            ------ required by a bound in this associated function
[INFO] [stdout] ...
[INFO] [stdout] 20 |         where T : BorshDeserialize + BorshSerialize + Clone + 'static {
[INFO] [stdout]    |                                      ^^^^^^^^^^^^^^ required by this bound in `QueueListener::listen`
[INFO] [stdout] 
[INFO] [stdout] 
[INFO] [stdout] error: aborting due to 3 previous errors
[INFO] [stdout] 
[INFO] [stdout] 
[INFO] [stdout] Some errors have detailed explanations: E0046, E0277.
[INFO] [stdout] 
[INFO] [stdout] For more information about an error, try `rustc --explain E0046`.
[INFO] [stdout] 
[INFO] [stdout] error[E0277]: the trait bound `UserCreatedEventMessage: borsh::ser::BorshSerialize` is not satisfied
[INFO] [stdout]   --> publisher/src/main.rs:6:60
[INFO] [stdout]    |
[INFO] [stdout] 6  | ...sher.publish_event("user_created".to_owned(), UserCreatedEventMessage { user_id: "1".to_owned(), user_name: "Bob".to_owned() });
[INFO] [stdout]    |         -------------                            ^^^^^^^^^^^^^^^^^^^^^^^^^^^^^^^^^^^^^^^^^^^^^^^^^^^^^^^^^^^^^^^^^^^^^^^^^^^^^^^^ the trait `borsh::ser::BorshSerialize` is not implemented for `UserCreatedEventMessage`
[INFO] [stdout]    |         |
[INFO] [stdout]    |         required by a bound introduced by this call
[INFO] [stdout]    |
[INFO] [stdout] help: trait impl with same name found
[INFO] [stdout]   --> /opt/rustwide/workdir/events/src/lib.rs:3:24
[INFO] [stdout]    |
[INFO] [stdout] 3  | #[derive(Debug, Clone, BorshSerialize, BorshDeserialize)]
[INFO] [stdout]    |                        ^^^^^^^^^^^^^^
[INFO] [stdout]    = note: perhaps two different versions of crate `borsh` are being used?
[INFO] [stdout]    = help: the following other types implement trait `borsh::ser::BorshSerialize`:
[INFO] [stdout]              bool
[INFO] [stdout]              i8
[INFO] [stdout]              i16
[INFO] [stdout]              i32
[INFO] [stdout]              i64
[INFO] [stdout]              i128
[INFO] [stdout]              usize
[INFO] [stdout]              u8
[INFO] [stdout]            and 102 others
[INFO] [stdout] note: required by a bound in `crosstown_bus::queue_bus::QueuePublisher::publish_event`
[INFO] [stdout]   --> /opt/rustwide/cargo-home/registry/src/index.crates.io-6f17d22bba15001f/crosstown_bus-0.6.0/src/queue_bus.rs:76:54
[INFO] [stdout]    |
[INFO] [stdout] 75 |     pub fn publish_event<T>(&mut self, event_name: String, message: T) -> GenericResult 
[INFO] [stdout]    |            ------------- required by a bound in this associated function
[INFO] [stdout] 76 |                                             where T: BorshSerialize + BorshDeserialize {
[INFO] [stdout]    |                                                      ^^^^^^^^^^^^^^ required by this bound in `QueuePublisher::publish_event`
[INFO] [stdout]    = note: this error originates in the derive macro `BorshSerialize` (in Nightly builds, run with -Z macro-backtrace for more info)
[INFO] [stdout] 
[INFO] [stdout] 
[INFO] [stdout] error[E0277]: the trait bound `UserCreatedEventMessage: borsh::de::BorshDeserialize` is not satisfied
[INFO] [stdout]   --> publisher/src/main.rs:6:60
[INFO] [stdout]    |
[INFO] [stdout] 6  | ...sher.publish_event("user_created".to_owned(), UserCreatedEventMessage { user_id: "1".to_owned(), user_name: "Bob".to_owned() });
[INFO] [stdout]    |         -------------                            ^^^^^^^^^^^^^^^^^^^^^^^^^^^^^^^^^^^^^^^^^^^^^^^^^^^^^^^^^^^^^^^^^^^^^^^^^^^^^^^^ the trait `borsh::de::BorshDeserialize` is not implemented for `UserCreatedEventMessage`
[INFO] [stdout]    |         |
[INFO] [stdout]    |         required by a bound introduced by this call
[INFO] [stdout]    |
[INFO] [stdout] help: trait impl with same name found
[INFO] [stdout]   --> /opt/rustwide/workdir/events/src/lib.rs:3:40
[INFO] [stdout]    |
[INFO] [stdout] 3  | #[derive(Debug, Clone, BorshSerialize, BorshDeserialize)]
[INFO] [stdout]    |                                        ^^^^^^^^^^^^^^^^
[INFO] [stdout]    = note: perhaps two different versions of crate `borsh` are being used?
[INFO] [stdout]    = help: the following other types implement trait `borsh::de::BorshDeserialize`:
[INFO] [stdout]              bool
[INFO] [stdout]              i8
[INFO] [stdout]              i16
[INFO] [stdout]              i32
[INFO] [stdout]              i64
[INFO] [stdout]              i128
[INFO] [stdout]              usize
[INFO] [stdout]              u8
[INFO] [stdout]            and 99 others
[INFO] [stdout] note: required by a bound in `crosstown_bus::queue_bus::QueuePublisher::publish_event`
[INFO] [stdout]   --> /opt/rustwide/cargo-home/registry/src/index.crates.io-6f17d22bba15001f/crosstown_bus-0.6.0/src/queue_bus.rs:76:71
[INFO] [stdout]    |
[INFO] [stdout] 75 |     pub fn publish_event<T>(&mut self, event_name: String, message: T) -> GenericResult 
[INFO] [stdout]    |            ------------- required by a bound in this associated function
[INFO] [stdout] 76 |                                             where T: BorshSerialize + BorshDeserialize {
[INFO] [stdout]    |                                                                       ^^^^^^^^^^^^^^^^ required by this bound in `QueuePublisher::publish_event`
[INFO] [stdout]    = note: this error originates in the derive macro `BorshDeserialize` (in Nightly builds, run with -Z macro-backtrace for more info)
[INFO] [stdout] 
[INFO] [stdout] 
[INFO] [stderr] error: could not compile `subscriber` (bin "subscriber") due to 4 previous errors
[INFO] [stderr] warning: build failed, waiting for other jobs to finish...
[INFO] [stdout] error: aborting due to 2 previous errors
[INFO] [stdout] 
[INFO] [stdout] 
[INFO] [stdout] For more information about this error, try `rustc --explain E0277`.
[INFO] [stdout] 
[INFO] [stderr] error: could not compile `publisher` (bin "publisher") due to 3 previous errors
[INFO] running `Command { std: "docker" "inspect" "3bc6e3f4326ebbd29228c2a89fe3226a3b6ad6eed2ae69164c3f38cbcad2c92f", kill_on_drop: false }`
[INFO] running `Command { std: "docker" "rm" "-f" "3bc6e3f4326ebbd29228c2a89fe3226a3b6ad6eed2ae69164c3f38cbcad2c92f", kill_on_drop: false }`
[INFO] [stdout] 3bc6e3f4326ebbd29228c2a89fe3226a3b6ad6eed2ae69164c3f38cbcad2c92f
[INFO] testing 17robots/crosstown_poc against beta-2023-12-22 for beta-1.76-1
[INFO] running `Command { std: "git" "clone" "/workspace/cache/git-repos/https%3A%2F%2Fgithub.com%2F17robots%2Fcrosstown_poc" "/workspace/builds/worker-4-tc2/source", kill_on_drop: false }`
[INFO] [stderr] Cloning into '/workspace/builds/worker-4-tc2/source'...
[INFO] [stderr] done.
[INFO] validating manifest of git repo https://github.com/17robots/crosstown_poc on toolchain beta-2023-12-22
[INFO] running `Command { std: CARGO_HOME="/workspace/cargo-home" RUSTUP_HOME="/workspace/rustup-home" "/workspace/cargo-home/bin/cargo" "+beta-2023-12-22" "metadata" "--manifest-path" "Cargo.toml" "--no-deps", kill_on_drop: false }`
[INFO] started tweaking git repo https://github.com/17robots/crosstown_poc
[INFO] finished tweaking git repo https://github.com/17robots/crosstown_poc
[INFO] tweaked toml for git repo https://github.com/17robots/crosstown_poc written to /workspace/builds/worker-4-tc2/source/Cargo.toml
[INFO] crate git repo https://github.com/17robots/crosstown_poc already has a lockfile, it will not be regenerated
[INFO] running `Command { std: CARGO_HOME="/workspace/cargo-home" RUSTUP_HOME="/workspace/rustup-home" "/workspace/cargo-home/bin/cargo" "+beta-2023-12-22" "fetch" "--manifest-path" "Cargo.toml", kill_on_drop: false }`
[INFO] running `Command { std: "docker" "create" "-v" "/var/lib/crater-agent-workspace/builds/worker-4-tc2/target:/opt/rustwide/target:rw,Z" "-v" "/var/lib/crater-agent-workspace/builds/worker-4-tc2/source:/opt/rustwide/workdir:ro,Z" "-v" "/var/lib/crater-agent-workspace/cargo-home:/opt/rustwide/cargo-home:ro,Z" "-v" "/var/lib/crater-agent-workspace/rustup-home:/opt/rustwide/rustup-home:ro,Z" "-e" "SOURCE_DIR=/opt/rustwide/workdir" "-e" "CARGO_TARGET_DIR=/opt/rustwide/target" "-e" "CARGO_HOME=/opt/rustwide/cargo-home" "-e" "RUSTUP_HOME=/opt/rustwide/rustup-home" "-w" "/opt/rustwide/workdir" "-m" "1610612736" "--user" "0:0" "--network" "none" "ghcr.io/rust-lang/crates-build-env/linux@sha256:2788e3201cd34a07e3172128adcd8b3090168a8e3bcc40d7c032b9dda1df7d1c" "/opt/rustwide/cargo-home/bin/cargo" "+beta-2023-12-22" "metadata" "--no-deps" "--format-version=1", kill_on_drop: false }`
[INFO] [stdout] 7be200b6c177163a9bb9013f52aacf54b18fe50b07230204e6583b8d517ce61f
[INFO] running `Command { std: "docker" "start" "-a" "7be200b6c177163a9bb9013f52aacf54b18fe50b07230204e6583b8d517ce61f", kill_on_drop: false }`
[INFO] running `Command { std: "docker" "inspect" "7be200b6c177163a9bb9013f52aacf54b18fe50b07230204e6583b8d517ce61f", kill_on_drop: false }`
[INFO] running `Command { std: "docker" "rm" "-f" "7be200b6c177163a9bb9013f52aacf54b18fe50b07230204e6583b8d517ce61f", kill_on_drop: false }`
[INFO] [stdout] 7be200b6c177163a9bb9013f52aacf54b18fe50b07230204e6583b8d517ce61f
[INFO] running `Command { std: "docker" "create" "-v" "/var/lib/crater-agent-workspace/builds/worker-4-tc2/target:/opt/rustwide/target:rw,Z" "-v" "/var/lib/crater-agent-workspace/builds/worker-4-tc2/source:/opt/rustwide/workdir:ro,Z" "-v" "/var/lib/crater-agent-workspace/cargo-home:/opt/rustwide/cargo-home:ro,Z" "-v" "/var/lib/crater-agent-workspace/rustup-home:/opt/rustwide/rustup-home:ro,Z" "-e" "SOURCE_DIR=/opt/rustwide/workdir" "-e" "CARGO_TARGET_DIR=/opt/rustwide/target" "-e" "CARGO_INCREMENTAL=0" "-e" "RUST_BACKTRACE=full" "-e" "RUSTFLAGS=--cap-lints=warn" "-e" "RUSTDOCFLAGS=--cap-lints=warn" "-e" "CARGO_HOME=/opt/rustwide/cargo-home" "-e" "RUSTUP_HOME=/opt/rustwide/rustup-home" "-w" "/opt/rustwide/workdir" "-m" "1610612736" "--user" "0:0" "--network" "none" "ghcr.io/rust-lang/crates-build-env/linux@sha256:2788e3201cd34a07e3172128adcd8b3090168a8e3bcc40d7c032b9dda1df7d1c" "/opt/rustwide/cargo-home/bin/cargo" "+beta-2023-12-22" "build" "--frozen" "--message-format=json", kill_on_drop: false }`
[INFO] [stdout] 54c3591de56f0ac0e002ead69a8002d0976e40782aa377a40cdbbfea10704876
[INFO] running `Command { std: "docker" "start" "-a" "54c3591de56f0ac0e002ead69a8002d0976e40782aa377a40cdbbfea10704876", kill_on_drop: false }`
[INFO] [stderr]    Compiling proc-macro2 v1.0.66
[INFO] [stderr]    Compiling unicode-ident v1.0.11
[INFO] [stderr]    Compiling libc v0.2.147
[INFO] [stderr]    Compiling serde v1.0.180
[INFO] [stderr]    Compiling serde_derive v1.0.180
[INFO] [stderr]    Compiling memchr v2.5.0
[INFO] [stderr]    Compiling cfg-if v1.0.0
[INFO] [stderr]    Compiling tinyvec_macros v0.1.1
[INFO] [stderr]    Compiling syn v1.0.109
[INFO] [stderr]    Compiling thiserror v1.0.44
[INFO] [stderr]    Compiling ucd-trie v0.1.6
[INFO] [stderr]    Compiling log v0.4.19
[INFO] [stderr]    Compiling version_check v0.1.5
[INFO] [stderr]    Compiling serde_json v1.0.104
[INFO] [stderr]    Compiling once_cell v1.18.0
[INFO] [stderr]    Compiling tinyvec v1.6.0
[INFO] [stderr]    Compiling slab v0.4.8
[INFO] [stderr]    Compiling itoa v1.0.9
[INFO] [stderr]    Compiling regex-syntax v0.7.4
[INFO] [stderr]    Compiling ryu v1.0.15
[INFO] [stderr]    Compiling percent-encoding v2.3.0
[INFO] [stderr]    Compiling cc v1.0.79
[INFO] [stderr]    Compiling nom v4.2.3
[INFO] [stderr]    Compiling form_urlencoded v1.2.0
[INFO] [stderr]    Compiling semver v1.0.18
[INFO] [stderr]    Compiling unicode-bidi v0.3.13
[INFO] [stderr]    Compiling same-file v1.0.6
[INFO] [stderr]    Compiling futures-core v0.3.28
[INFO] [stderr]    Compiling aho-corasick v1.0.2
[INFO] [stderr]    Compiling cookie-factory v0.2.4
[INFO] [stderr]    Compiling walkdir v2.3.3
[INFO] [stderr]    Compiling quick-error v1.2.3
[INFO] [stderr]    Compiling lazy_static v1.4.0
[INFO] [stderr]    Compiling futures-task v0.3.28
[INFO] [stderr]    Compiling futures-channel v0.3.28
[INFO] [stderr]    Compiling ahash v0.7.6
[INFO] [stderr]    Compiling quote v1.0.32
[INFO] [stderr]    Compiling lock_api v0.4.10
[INFO] [stderr]    Compiling pin-project-lite v0.2.10
[INFO] [stderr]    Compiling parking_lot_core v0.9.8
[INFO] [stderr]    Compiling futures-util v0.3.28
[INFO] [stderr]    Compiling syn v2.0.28
[INFO] [stderr]    Compiling unicode-normalization v0.1.22
[INFO] [stderr]    Compiling openssl v0.10.55
[INFO] [stderr]    Compiling foreign-types-shared v0.1.1
[INFO] [stderr]    Compiling futures-sink v0.3.28
[INFO] [stderr]    Compiling matches v0.1.10
[INFO] [stderr]    Compiling doc-comment v0.3.3
[INFO] [stderr]    Compiling cfg-if v0.1.10
[INFO] [stderr]    Compiling crossbeam-utils v0.8.16
[INFO] [stderr]    Compiling getrandom v0.2.10
[INFO] [stderr]    Compiling net2 v0.2.39
[INFO] [stderr]    Compiling iovec v0.1.4
[INFO] [stderr]    Compiling foreign-types v0.3.2
[INFO] [stderr]    Compiling indexmap v1.9.3
[INFO] [stderr]    Compiling ahash v0.8.3
[INFO] [stderr]    Compiling native-tls v0.2.11
[INFO] [stderr]    Compiling scopeguard v1.2.0
[INFO] [stderr]    Compiling smallvec v1.11.0
[INFO] [stderr]    Compiling bytes v1.4.0
[INFO] [stderr]    Compiling futures-io v0.3.28
[INFO] [stderr]    Compiling idna v0.4.0
[INFO] [stderr]    Compiling idna v0.1.5
[INFO] [stderr]    Compiling openssl-sys v0.9.90
[INFO] [stderr]    Compiling percent-encoding v1.0.1
[INFO] [stderr]    Compiling bitflags v1.3.2
[INFO] [stderr]    Compiling pin-utils v0.1.0
[INFO] [stderr]    Compiling heck v0.4.1
[INFO] [stderr]    Compiling mio v0.6.23
[INFO] [stderr]    Compiling tokio v1.29.1
[INFO] [stderr]    Compiling hashbrown v0.12.3
[INFO] [stderr]    Compiling lazycell v1.3.0
[INFO] [stderr]    Compiling openssl-probe v0.1.5
[INFO] [stderr]    Compiling parking_lot v0.12.1
[INFO] [stderr]    Compiling input_buffer v0.5.0
[INFO] [stderr]    Compiling url v1.7.2
[INFO] [stderr]    Compiling crossbeam-channel v0.5.8
[INFO] [stderr]    Compiling url v2.4.0
[INFO] [stderr]    Compiling mio-extras v2.0.6
[INFO] [stderr]    Compiling regex-automata v0.3.4
[INFO] [stderr]    Compiling hashbrown v0.11.2
[INFO] [stderr]    Compiling socket2 v0.4.9
[INFO] [stderr]    Compiling mio v0.8.8
[INFO] [stderr]    Compiling signal-hook-registry v1.4.1
[INFO] [stderr]    Compiling num_cpus v1.16.0
[INFO] [stderr]    Compiling hashbrown v0.13.2
[INFO] [stderr]    Compiling thiserror-impl v1.0.44
[INFO] [stderr]    Compiling openssl-macros v0.1.1
[INFO] [stderr]    Compiling futures-macro v0.3.28
[INFO] [stderr]    Compiling tokio-macros v2.1.0
[INFO] [stderr]    Compiling toml v0.5.11
[INFO] [stderr]    Compiling borsh-schema-derive-internal v0.9.3
[INFO] [stderr]    Compiling borsh-derive-internal v0.9.3
[INFO] [stderr]    Compiling borsh-schema-derive-internal v0.10.3
[INFO] [stderr]    Compiling borsh-derive-internal v0.10.3
[INFO] [stderr]    Compiling amq-protocol-types v1.2.0
[INFO] [stderr]    Compiling regex v1.9.1
[INFO] [stderr]    Compiling proc-macro-crate v0.1.5
[INFO] [stderr]    Compiling cargo-lock v8.0.3
[INFO] [stderr]    Compiling snafu-derive v0.7.5
[INFO] [stderr]    Compiling pest v2.7.1
[INFO] [stderr]    Compiling borsh-derive v0.9.3
[INFO] [stderr]    Compiling borsh-derive v0.10.3
[INFO] [stderr]    Compiling built v0.5.2
[INFO] [stderr]    Compiling amiquip v0.4.2
[INFO] [stderr]    Compiling borsh v0.9.3
[INFO] [stderr]    Compiling borsh v0.10.3
[INFO] [stderr]    Compiling pest_meta v2.7.1
[INFO] [stderr]    Compiling snafu v0.7.5
[INFO] [stderr]    Compiling pest_generator v2.7.1
[INFO] [stderr]    Compiling pest_derive v2.7.1
[INFO] [stderr]    Compiling futures-executor v0.3.28
[INFO] [stderr]    Compiling futures v0.3.28
[INFO] [stderr]    Compiling handlebars v1.1.0
[INFO] [stderr]    Compiling amq-protocol-codegen v1.4.0
[INFO] [stderr]    Compiling amq-protocol v1.4.0
[INFO] [stderr]    Compiling crosstown_bus v0.6.0
[INFO] [stderr]    Compiling events v0.1.0 (/opt/rustwide/workdir/events)
[INFO] [stderr]    Compiling publisher v0.1.0 (/opt/rustwide/workdir/publisher)
[INFO] [stderr]    Compiling subscriber v0.1.0 (/opt/rustwide/workdir/subscriber)
[INFO] [stdout] error[E0277]: the trait bound `UserCreatedEventMessage: borsh::ser::BorshSerialize` is not satisfied
[INFO] [stdout]   --> publisher/src/main.rs:6:60
[INFO] [stdout]    |
[INFO] [stdout] 6  | ...sher.publish_event("user_created".to_owned(), UserCreatedEventMessage { user_id: "1".to_owned(), user_name: "Bob".to_owned() });
[INFO] [stdout]    |         -------------                            ^^^^^^^^^^^^^^^^^^^^^^^^^^^^^^^^^^^^^^^^^^^^^^^^^^^^^^^^^^^^^^^^^^^^^^^^^^^^^^^^ the trait `borsh::ser::BorshSerialize` is not implemented for `UserCreatedEventMessage`
[INFO] [stdout]    |         |
[INFO] [stdout]    |         required by a bound introduced by this call
[INFO] [stdout]    |
[INFO] [stdout] help: trait impl with same name found
[INFO] [stdout]   --> /opt/rustwide/workdir/events/src/lib.rs:3:24
[INFO] [stdout]    |
[INFO] [stdout] 3  | #[derive(Debug, Clone, BorshSerialize, BorshDeserialize)]
[INFO] [stdout]    |                        ^^^^^^^^^^^^^^
[INFO] [stdout]    = note: perhaps two different versions of crate `borsh` are being used?
[INFO] [stdout]    = help: the following other types implement trait `borsh::ser::BorshSerialize`:
[INFO] [stdout]              bool
[INFO] [stdout]              i8
[INFO] [stdout]              i16
[INFO] [stdout]              i32
[INFO] [stdout]              i64
[INFO] [stdout]              i128
[INFO] [stdout]              usize
[INFO] [stdout]              u8
[INFO] [stdout]            and 102 others
[INFO] [stdout] note: required by a bound in `crosstown_bus::queue_bus::QueuePublisher::publish_event`
[INFO] [stdout]   --> /opt/rustwide/cargo-home/registry/src/index.crates.io-6f17d22bba15001f/crosstown_bus-0.6.0/src/queue_bus.rs:76:54
[INFO] [stdout]    |
[INFO] [stdout] 75 |     pub fn publish_event<T>(&mut self, event_name: String, message: T) -> GenericResult 
[INFO] [stdout]    |            ------------- required by a bound in this associated function
[INFO] [stdout] 76 |                                             where T: BorshSerialize + BorshDeserialize {
[INFO] [stdout]    |                                                      ^^^^^^^^^^^^^^ required by this bound in `QueuePublisher::publish_event`
[INFO] [stdout]    = note: this error originates in the derive macro `BorshSerialize` (in Nightly builds, run with -Z macro-backtrace for more info)
[INFO] [stdout] 
[INFO] [stdout] 
[INFO] [stdout] error[E0277]: the trait bound `UserCreatedEventMessage: borsh::de::BorshDeserialize` is not satisfied
[INFO] [stdout]   --> publisher/src/main.rs:6:60
[INFO] [stdout]    |
[INFO] [stdout] 6  | ...sher.publish_event("user_created".to_owned(), UserCreatedEventMessage { user_id: "1".to_owned(), user_name: "Bob".to_owned() });
[INFO] [stdout]    |         -------------                            ^^^^^^^^^^^^^^^^^^^^^^^^^^^^^^^^^^^^^^^^^^^^^^^^^^^^^^^^^^^^^^^^^^^^^^^^^^^^^^^^ the trait `borsh::de::BorshDeserialize` is not implemented for `UserCreatedEventMessage`
[INFO] [stdout]    |         |
[INFO] [stdout]    |         required by a bound introduced by this call
[INFO] [stdout]    |
[INFO] [stdout] help: trait impl with same name found
[INFO] [stdout]   --> /opt/rustwide/workdir/events/src/lib.rs:3:40
[INFO] [stdout]    |
[INFO] [stdout] 3  | #[derive(Debug, Clone, BorshSerialize, BorshDeserialize)]
[INFO] [stdout]    |                                        ^^^^^^^^^^^^^^^^
[INFO] [stdout]    = note: perhaps two different versions of crate `borsh` are being used?
[INFO] [stdout]    = help: the following other types implement trait `borsh::de::BorshDeserialize`:
[INFO] [stdout]              bool
[INFO] [stdout]              i8
[INFO] [stdout]              i16
[INFO] [stdout]              i32
[INFO] [stdout]              i64
[INFO] [stdout]              i128
[INFO] [stdout]              usize
[INFO] [stdout]              u8
[INFO] [stdout]            and 99 others
[INFO] [stdout] note: required by a bound in `crosstown_bus::queue_bus::QueuePublisher::publish_event`
[INFO] [stdout]   --> /opt/rustwide/cargo-home/registry/src/index.crates.io-6f17d22bba15001f/crosstown_bus-0.6.0/src/queue_bus.rs:76:71
[INFO] [stdout]    |
[INFO] [stdout] 75 |     pub fn publish_event<T>(&mut self, event_name: String, message: T) -> GenericResult 
[INFO] [stdout]    |            ------------- required by a bound in this associated function
[INFO] [stdout] 76 |                                             where T: BorshSerialize + BorshDeserialize {
[INFO] [stdout]    |                                                                       ^^^^^^^^^^^^^^^^ required by this bound in `QueuePublisher::publish_event`
[INFO] [stdout]    = note: this error originates in the derive macro `BorshDeserialize` (in Nightly builds, run with -Z macro-backtrace for more info)
[INFO] [stdout] 
[INFO] [stdout] 
[INFO] [stdout] error: aborting due to 2 previous errors
[INFO] [stdout] 
[INFO] [stdout] 
[INFO] [stderr] error: could not compile `publisher` (bin "publisher") due to 3 previous errors
[INFO] [stdout] For more information about this error, try `rustc --explain E0277`.
[INFO] [stdout] 
[INFO] [stderr] warning: build failed, waiting for other jobs to finish...
[INFO] [stdout] error[E0046]: not all trait items implemented, missing: `get_handler_action`
[INFO] [stdout]  --> subscriber/src/main.rs:7:1
[INFO] [stdout]   |
[INFO] [stdout] 7 | impl MessageHandler<UserCreatedEventMessage> for UserCreatedHandler {
[INFO] [stdout]   | ^^^^^^^^^^^^^^^^^^^^^^^^^^^^^^^^^^^^^^^^^^^^^^^^^^^^^^^^^^^^^^^^^^^ missing `get_handler_action` in implementation
[INFO] [stdout]   |
[INFO] [stdout]   = help: implement the missing item: `fn get_handler_action(&self) -> String { todo!() }`
[INFO] [stdout] 
[INFO] [stdout] 
[INFO] [stdout] error[E0277]: the trait bound `UserCreatedEventMessage: borsh::de::BorshDeserialize` is not satisfied
[INFO] [stdout]   --> subscriber/src/main.rs:17:18
[INFO] [stdout]    |
[INFO] [stdout] 17 |     _ = listener.listen("user_created".to_owned(), UserCreatedHandler{}, QueueProperties { auto_delete: false, durable: false, use_dead_l...
[INFO] [stdout]    |                  ^^^^^^ the trait `borsh::de::BorshDeserialize` is not implemented for `UserCreatedEventMessage`
[INFO] [stdout]    |
[INFO] [stdout]    = help: the following other types implement trait `borsh::de::BorshDeserialize`:
[INFO] [stdout]              bool
[INFO] [stdout]              i8
[INFO] [stdout]              i16
[INFO] [stdout]              i32
[INFO] [stdout]              i64
[INFO] [stdout]              i128
[INFO] [stdout]              usize
[INFO] [stdout]              u8
[INFO] [stdout]            and 99 others
[INFO] [stdout] note: required by a bound in `crosstown_bus::queue_bus::QueueListener::listen`
[INFO] [stdout]   --> /opt/rustwide/cargo-home/registry/src/index.crates.io-6f17d22bba15001f/crosstown_bus-0.6.0/src/queue_bus.rs:20:19
[INFO] [stdout]    |
[INFO] [stdout] 17 |     pub fn listen<T>(self, event_name: String, 
[INFO] [stdout]    |            ------ required by a bound in this associated function
[INFO] [stdout] ...
[INFO] [stdout] 20 |         where T : BorshDeserialize + BorshSerialize + Clone + 'static {
[INFO] [stdout]    |                   ^^^^^^^^^^^^^^^^ required by this bound in `QueueListener::listen`
[INFO] [stdout] 
[INFO] [stdout] 
[INFO] [stdout] error[E0277]: the trait bound `UserCreatedEventMessage: borsh::ser::BorshSerialize` is not satisfied
[INFO] [stdout]   --> subscriber/src/main.rs:17:18
[INFO] [stdout]    |
[INFO] [stdout] 17 |     _ = listener.listen("user_created".to_owned(), UserCreatedHandler{}, QueueProperties { auto_delete: false, durable: false, use_dead_l...
[INFO] [stdout]    |                  ^^^^^^ the trait `borsh::ser::BorshSerialize` is not implemented for `UserCreatedEventMessage`
[INFO] [stdout]    |
[INFO] [stdout]    = help: the following other types implement trait `borsh::ser::BorshSerialize`:
[INFO] [stdout]              bool
[INFO] [stdout]              i8
[INFO] [stdout]              i16
[INFO] [stdout]              i32
[INFO] [stdout]              i64
[INFO] [stdout]              i128
[INFO] [stdout]              usize
[INFO] [stdout]              u8
[INFO] [stdout]            and 102 others
[INFO] [stdout] note: required by a bound in `crosstown_bus::queue_bus::QueueListener::listen`
[INFO] [stdout]   --> /opt/rustwide/cargo-home/registry/src/index.crates.io-6f17d22bba15001f/crosstown_bus-0.6.0/src/queue_bus.rs:20:38
[INFO] [stdout]    |
[INFO] [stdout] 17 |     pub fn listen<T>(self, event_name: String, 
[INFO] [stdout]    |            ------ required by a bound in this associated function
[INFO] [stdout] ...
[INFO] [stdout] 20 |         where T : BorshDeserialize + BorshSerialize + Clone + 'static {
[INFO] [stdout]    |                                      ^^^^^^^^^^^^^^ required by this bound in `QueueListener::listen`
[INFO] [stdout] 
[INFO] [stdout] 
[INFO] [stdout] error: aborting due to 3 previous errors
[INFO] [stdout] 
[INFO] [stdout] 
[INFO] [stdout] Some errors have detailed explanations: E0046, E0277.
[INFO] [stdout] 
[INFO] [stdout] For more information about an error, try `rustc --explain E0046`.
[INFO] [stdout] 
[INFO] [stderr] error: could not compile `subscriber` (bin "subscriber") due to 4 previous errors
[INFO] running `Command { std: "docker" "inspect" "54c3591de56f0ac0e002ead69a8002d0976e40782aa377a40cdbbfea10704876", kill_on_drop: false }`
[INFO] running `Command { std: "docker" "rm" "-f" "54c3591de56f0ac0e002ead69a8002d0976e40782aa377a40cdbbfea10704876", kill_on_drop: false }`
[INFO] [stdout] 54c3591de56f0ac0e002ead69a8002d0976e40782aa377a40cdbbfea10704876
