[INFO] cloning repository https://github.com/1602077/rust-zero-to-prod
[INFO] running `Command { std: "git" "-c" "credential.helper=" "-c" "credential.helper=/workspace/cargo-home/bin/git-credential-null" "clone" "--bare" "https://github.com/1602077/rust-zero-to-prod" "/workspace/cache/git-repos/https%3A%2F%2Fgithub.com%2F1602077%2Frust-zero-to-prod", kill_on_drop: false }`
[INFO] [stderr] Cloning into bare repository '/workspace/cache/git-repos/https%3A%2F%2Fgithub.com%2F1602077%2Frust-zero-to-prod'...
[INFO] running `Command { std: "git" "rev-parse" "HEAD", kill_on_drop: false }`
[INFO] [stdout] 20769dfda195a856d246d1d0479730c5dd81aa30
[INFO] testing 1602077/rust-zero-to-prod against 1.75.0 for beta-1.76-1
[INFO] running `Command { std: "git" "clone" "/workspace/cache/git-repos/https%3A%2F%2Fgithub.com%2F1602077%2Frust-zero-to-prod" "/workspace/builds/worker-5-tc1/source", kill_on_drop: false }`
[INFO] [stderr] Cloning into '/workspace/builds/worker-5-tc1/source'...
[INFO] [stderr] done.
[INFO] validating manifest of git repo https://github.com/1602077/rust-zero-to-prod on toolchain 1.75.0
[INFO] running `Command { std: CARGO_HOME="/workspace/cargo-home" RUSTUP_HOME="/workspace/rustup-home" "/workspace/cargo-home/bin/cargo" "+1.75.0" "metadata" "--manifest-path" "Cargo.toml" "--no-deps", kill_on_drop: false }`
[INFO] started tweaking git repo https://github.com/1602077/rust-zero-to-prod
[INFO] finished tweaking git repo https://github.com/1602077/rust-zero-to-prod
[INFO] tweaked toml for git repo https://github.com/1602077/rust-zero-to-prod written to /workspace/builds/worker-5-tc1/source/Cargo.toml
[INFO] crate git repo https://github.com/1602077/rust-zero-to-prod already has a lockfile, it will not be regenerated
[INFO] running `Command { std: CARGO_HOME="/workspace/cargo-home" RUSTUP_HOME="/workspace/rustup-home" "/workspace/cargo-home/bin/cargo" "+1.75.0" "fetch" "--manifest-path" "Cargo.toml", kill_on_drop: false }`
[INFO] [stderr]     Updating crates.io index
[INFO] [stderr]  Downloading crates ...
[INFO] [stderr]   Downloaded actix-web-lab-derive v0.19.0
[INFO] [stderr]   Downloaded deadpool-runtime v0.1.2
[INFO] [stderr]   Downloaded serde-aux v4.2.0
[INFO] [stderr]   Downloaded actix-web-flash-messages v0.4.2
[INFO] [stderr]   Downloaded impl-more v0.1.5
[INFO] [stderr]   Downloaded linkify v0.9.0
[INFO] [stderr]   Downloaded claims v0.7.1
[INFO] [stderr]   Downloaded uuid v1.3.3
[INFO] [stderr]   Downloaded security-framework v2.9.0
[INFO] [stderr]   Downloaded tracing-bunyan-formatter v0.3.7
[INFO] [stderr]   Downloaded actix-web-lab v0.19.1
[INFO] [stderr]   Downloaded wiremock v0.5.18
[INFO] [stderr]   Downloaded rustix v0.37.13
[INFO] [stderr]   Downloaded actix-session v0.7.2
[INFO] [stderr]   Downloaded webpki v0.22.2
[INFO] [stderr]   Downloaded fake v2.3.0
[INFO] [stderr]   Downloaded serde_html_form v0.2.0
[INFO] [stderr]   Downloaded tracing-actix-web v0.7.4
[INFO] [stderr]   Downloaded mediatype v0.19.14
[INFO] running `Command { std: "docker" "create" "-v" "/var/lib/crater-agent-workspace/builds/worker-5-tc1/target:/opt/rustwide/target:rw,Z" "-v" "/var/lib/crater-agent-workspace/builds/worker-5-tc1/source:/opt/rustwide/workdir:ro,Z" "-v" "/var/lib/crater-agent-workspace/cargo-home:/opt/rustwide/cargo-home:ro,Z" "-v" "/var/lib/crater-agent-workspace/rustup-home:/opt/rustwide/rustup-home:ro,Z" "-e" "SOURCE_DIR=/opt/rustwide/workdir" "-e" "CARGO_TARGET_DIR=/opt/rustwide/target" "-e" "CARGO_HOME=/opt/rustwide/cargo-home" "-e" "RUSTUP_HOME=/opt/rustwide/rustup-home" "-w" "/opt/rustwide/workdir" "-m" "1610612736" "--user" "0:0" "--network" "none" "ghcr.io/rust-lang/crates-build-env/linux@sha256:2788e3201cd34a07e3172128adcd8b3090168a8e3bcc40d7c032b9dda1df7d1c" "/opt/rustwide/cargo-home/bin/cargo" "+1.75.0" "metadata" "--no-deps" "--format-version=1", kill_on_drop: false }`
[INFO] [stdout] 38790ad05c0b76928845b188305a4c84ecc060cf78d55f31a2b464e6517b5cab
[INFO] running `Command { std: "docker" "start" "-a" "38790ad05c0b76928845b188305a4c84ecc060cf78d55f31a2b464e6517b5cab", kill_on_drop: false }`
[INFO] running `Command { std: "docker" "inspect" "38790ad05c0b76928845b188305a4c84ecc060cf78d55f31a2b464e6517b5cab", kill_on_drop: false }`
[INFO] running `Command { std: "docker" "rm" "-f" "38790ad05c0b76928845b188305a4c84ecc060cf78d55f31a2b464e6517b5cab", kill_on_drop: false }`
[INFO] [stdout] 38790ad05c0b76928845b188305a4c84ecc060cf78d55f31a2b464e6517b5cab
[INFO] running `Command { std: "docker" "create" "-v" "/var/lib/crater-agent-workspace/builds/worker-5-tc1/target:/opt/rustwide/target:rw,Z" "-v" "/var/lib/crater-agent-workspace/builds/worker-5-tc1/source:/opt/rustwide/workdir:ro,Z" "-v" "/var/lib/crater-agent-workspace/cargo-home:/opt/rustwide/cargo-home:ro,Z" "-v" "/var/lib/crater-agent-workspace/rustup-home:/opt/rustwide/rustup-home:ro,Z" "-e" "SOURCE_DIR=/opt/rustwide/workdir" "-e" "CARGO_TARGET_DIR=/opt/rustwide/target" "-e" "CARGO_INCREMENTAL=0" "-e" "RUST_BACKTRACE=full" "-e" "RUSTFLAGS=--cap-lints=warn" "-e" "RUSTDOCFLAGS=--cap-lints=warn" "-e" "CARGO_HOME=/opt/rustwide/cargo-home" "-e" "RUSTUP_HOME=/opt/rustwide/rustup-home" "-w" "/opt/rustwide/workdir" "-m" "1610612736" "--user" "0:0" "--network" "none" "ghcr.io/rust-lang/crates-build-env/linux@sha256:2788e3201cd34a07e3172128adcd8b3090168a8e3bcc40d7c032b9dda1df7d1c" "/opt/rustwide/cargo-home/bin/cargo" "+1.75.0" "build" "--frozen" "--message-format=json", kill_on_drop: false }`
[INFO] [stdout] e7e24e8e20055a22efe6fb0817ca598e3292fd61b0f1a8547f2dcb7e1bb67bd6
[INFO] running `Command { std: "docker" "start" "-a" "e7e24e8e20055a22efe6fb0817ca598e3292fd61b0f1a8547f2dcb7e1bb67bd6", kill_on_drop: false }`
[INFO] [stderr]    Compiling libc v0.2.141
[INFO] [stderr]    Compiling proc-macro2 v1.0.56
[INFO] [stderr]    Compiling quote v1.0.26
[INFO] [stderr]    Compiling unicode-ident v1.0.8
[INFO] [stderr]    Compiling once_cell v1.17.1
[INFO] [stderr]    Compiling typenum v1.16.0
[INFO] [stderr]    Compiling generic-array v0.14.7
[INFO] [stderr]    Compiling bytes v1.4.0
[INFO] [stderr]    Compiling futures-core v0.3.28
[INFO] [stderr]    Compiling serde_derive v1.0.160
[INFO] [stderr]    Compiling itoa v1.0.6
[INFO] [stderr]    Compiling syn v1.0.109
[INFO] [stderr]    Compiling serde v1.0.160
[INFO] [stderr]    Compiling parking_lot_core v0.9.7
[INFO] [stderr]    Compiling tokio v1.28.1
[INFO] [stderr]    Compiling ahash v0.7.6
[INFO] [stderr]    Compiling untrusted v0.7.1
[INFO] [stderr]    Compiling spin v0.5.2
[INFO] [stderr]    Compiling syn v2.0.15
[INFO] [stderr]    Compiling futures-sink v0.3.28
[INFO] [stderr]    Compiling pkg-config v0.3.26
[INFO] [stderr]    Compiling cpufeatures v0.2.6
[INFO] [stderr]    Compiling tinyvec_macros v0.1.1
[INFO] [stderr]    Compiling tinyvec v1.6.0
[INFO] [stderr]    Compiling tracing-core v0.1.30
[INFO] [stderr]    Compiling getrandom v0.2.9
[INFO] [stderr]    Compiling jobserver v0.1.26
[INFO] [stderr]    Compiling rand_core v0.6.4
[INFO] [stderr]    Compiling cc v1.0.79
[INFO] [stderr]    Compiling num_cpus v1.15.0
[INFO] [stderr]    Compiling socket2 v0.4.9
[INFO] [stderr]    Compiling signal-hook-registry v1.4.1
[INFO] [stderr]    Compiling mio v0.8.6
[INFO] [stderr]    Compiling parking_lot v0.12.1
[INFO] [stderr]    Compiling slab v0.4.8
[INFO] [stderr]    Compiling block-buffer v0.10.4
[INFO] [stderr]    Compiling crypto-common v0.1.6
[INFO] [stderr]    Compiling futures-channel v0.3.28
[INFO] [stderr]    Compiling futures-task v0.3.28
[INFO] [stderr]    Compiling unicode-normalization v0.1.22
[INFO] [stderr]    Compiling ring v0.16.20
[INFO] [stderr]    Compiling unicode-bidi v0.3.13
[INFO] [stderr]    Compiling ryu v1.0.13
[INFO] [stderr]    Compiling futures-util v0.3.28
[INFO] [stderr]    Compiling digest v0.10.7
[INFO] [stderr]    Compiling futures-io v0.3.28
[INFO] [stderr]    Compiling form_urlencoded v1.1.0
[INFO] [stderr]    Compiling idna v0.3.0
[INFO] [stderr]    Compiling serde_json v1.0.96
[INFO] [stderr]    Compiling ppv-lite86 v0.2.17
[INFO] [stderr]    Compiling hashbrown v0.12.3
[INFO] [stderr]    Compiling indexmap v1.9.3
[INFO] [stderr]    Compiling rand_chacha v0.3.1
[INFO] [stderr]    Compiling http v0.2.9
[INFO] [stderr]    Compiling paste v1.0.12
[INFO] [stderr]    Compiling regex-syntax v0.6.29
[INFO] [stderr]    Compiling inout v0.1.3
[INFO] [stderr]    Compiling aho-corasick v0.7.20
[INFO] [stderr]    Compiling base64 v0.21.2
[INFO] [stderr]    Compiling cipher v0.4.4
[INFO] [stderr]    Compiling rand v0.8.5
[INFO] [stderr]    Compiling url v2.3.1
[INFO] [stderr]    Compiling hmac v0.12.1
[INFO] [stderr]    Compiling zstd-sys v2.0.8+zstd.1.5.5
[INFO] [stderr]    Compiling universal-hash v0.5.1
[INFO] [stderr]    Compiling regex v1.7.3
[INFO] [stderr]    Compiling tokio-macros v2.1.0
[INFO] [stderr]    Compiling futures-macro v0.3.28
[INFO] [stderr]    Compiling num-traits v0.2.15
[INFO] [stderr]    Compiling time-core v0.1.0
[INFO] [stderr]    Compiling rustls v0.20.8
[INFO] [stderr]    Compiling polyval v0.6.0
[INFO] [stderr]    Compiling time-macros v0.2.8
[INFO] [stderr]    Compiling tracing-attributes v0.1.23
[INFO] [stderr]    Compiling hkdf v0.12.3
[INFO] [stderr]    Compiling sha2 v0.10.7
[INFO] [stderr]    Compiling vcpkg v0.2.15
[INFO] [stderr]    Compiling time v0.3.20
[INFO] [stderr]    Compiling tracing v0.1.37
[INFO] [stderr]    Compiling ghash v0.5.0
[INFO] [stderr]    Compiling sct v0.7.0
[INFO] [stderr]    Compiling openssl-sys v0.9.92
[INFO] [stderr]    Compiling aes v0.8.2
[INFO] [stderr]    Compiling ctr v0.9.2
[INFO] [stderr]    Compiling aead v0.5.2
[INFO] [stderr]    Compiling bytestring v1.3.0
[INFO] [stderr]    Compiling ahash v0.8.3
[INFO] [stderr]    Compiling cookie v0.16.2
[INFO] [stderr]    Compiling num-integer v0.1.45
[INFO] [stderr]    Compiling alloc-no-stdlib v2.0.4
[INFO] [stderr]    Compiling bitflags v1.3.2
[INFO] [stderr]    Compiling subtle v2.4.1
[INFO] [stderr]    Compiling crc32fast v1.3.2
[INFO] [stderr]    Compiling local-waker v0.1.3
[INFO] [stderr]    Compiling zstd-safe v6.0.5+zstd.1.5.4
[INFO] [stderr]    Compiling tokio-util v0.7.7
[INFO] [stderr]    Compiling alloc-stdlib v0.2.2
[INFO] [stderr]    Compiling aes-gcm v0.10.3
[INFO] [stderr]    Compiling sha1 v0.10.5
[INFO] [stderr]    Compiling base64 v0.20.0
[INFO] [stderr]    Compiling parking_lot_core v0.8.6
[INFO] [stderr]    Compiling h2 v0.3.18
[INFO] [stderr]    Compiling adler v1.0.2
[INFO] [stderr]    Compiling miniz_oxide v0.6.2
[INFO] [stderr]    Compiling brotli-decompressor v2.3.4
[INFO] [stderr]    Compiling actix-rt v2.8.0
[INFO] [stderr]    Compiling actix-utils v3.0.1
[INFO] [stderr]    Compiling webpki v0.22.2
[INFO] [stderr]    Compiling actix-service v2.0.2
[INFO] [stderr]    Compiling either v1.8.1
[INFO] [stderr]    Compiling encoding_rs v0.8.32
[INFO] [stderr]    Compiling instant v0.1.12
[INFO] [stderr]    Compiling minimal-lexical v0.2.1
[INFO] [stderr]    Compiling mime v0.3.17
[INFO] [stderr]    Compiling thiserror v1.0.40
[INFO] [stderr]    Compiling iana-time-zone v0.1.56
[INFO] [stderr]    Compiling convert_case v0.4.0
[INFO] [stderr]    Compiling crossbeam-utils v0.8.15
[INFO] [stderr]    Compiling nom v7.1.3
[INFO] [stderr]    Compiling derive_more v0.99.17
[INFO] [stderr]    Compiling itertools v0.10.5
[INFO] [stderr]    Compiling brotli v3.3.4
[INFO] [stderr]    Compiling serde_urlencoded v0.7.1
[INFO] [stderr]    Compiling actix-router v0.5.1
[INFO] [stderr]    Compiling flate2 v1.0.25
[INFO] [stderr]    Compiling actix-codec v0.5.0
[INFO] [stderr]    Compiling local-channel v0.1.3
[INFO] [stderr]    Compiling thiserror-impl v1.0.40
[INFO] [stderr]    Compiling crossbeam-queue v0.3.8
[INFO] [stderr]    Compiling language-tags v0.3.2
[INFO] [stderr]    Compiling foreign-types-shared v0.1.1
[INFO] [stderr]    Compiling async-trait v0.1.68
[INFO] [stderr]    Compiling lazy_static v1.4.0
[INFO] [stderr]    Compiling openssl v0.10.57
[INFO] [stderr]    Compiling foreign-types v0.3.2
[INFO] [stderr]    Compiling actix-web-codegen v4.2.0
[INFO] [stderr]    Compiling parking_lot v0.11.2
[INFO] [stderr]    Compiling actix-server v2.2.0
[INFO] [stderr]    Compiling actix-macros v0.2.3
[INFO] [stderr]    Compiling openssl-macros v0.1.1
[INFO] [stderr]    Compiling rustls-pemfile v1.0.2
[INFO] [stderr]    Compiling dirs-sys v0.3.7
[INFO] [stderr]    Compiling native-tls v0.2.11
[INFO] [stderr]    Compiling bitflags v2.4.0
[INFO] [stderr]    Compiling rustls v0.21.1
[INFO] [stderr]    Compiling crc-catalog v2.2.0
[INFO] [stderr]    Compiling unicode_categories v0.1.1
[INFO] [stderr]    Compiling crc v3.0.1
[INFO] [stderr]    Compiling sqlformat v0.2.1
[INFO] [stderr]    Compiling dirs v4.0.0
[INFO] [stderr]    Compiling tokio-rustls v0.23.4
[INFO] [stderr]    Compiling futures-intrusive v0.4.2
[INFO] [stderr]    Compiling atoi v1.0.0
[INFO] [stderr]    Compiling rustls-webpki v0.100.2
[INFO] [stderr]    Compiling stringprep v0.1.2
[INFO] [stderr]    Compiling event-listener v2.5.3
[INFO] [stderr]    Compiling whoami v1.4.0
[INFO] [stderr]    Compiling byteorder v1.4.3
[INFO] [stderr]    Compiling dotenvy v0.15.7
[INFO] [stderr]    Compiling try-lock v0.2.4
[INFO] [stderr]    Compiling base64 v0.13.1
[INFO] [stderr]    Compiling matches v0.1.10
[INFO] [stderr]    Compiling anyhow v1.0.70
[INFO] [stderr]    Compiling hex v0.4.3
[INFO] [stderr]    Compiling openssl-probe v0.1.5
[INFO] [stderr]    Compiling idna v0.2.3
[INFO] [stderr]    Compiling want v0.3.0
[INFO] [stderr]    Compiling sqlx-rt v0.6.3
[INFO] [stderr]    Compiling hashlink v0.8.1
[INFO] [stderr]    Compiling tokio-stream v0.1.12
[INFO] [stderr]    Compiling chrono v0.4.24
[INFO] [stderr]    Compiling uuid v1.3.3
[INFO] [stderr]    Compiling webpki-roots v0.22.6
[INFO] [stderr]    Compiling md-5 v0.10.5
[INFO] [stderr]    Compiling futures-executor v0.3.28
[INFO] [stderr]    Compiling regex-automata v0.1.10
[INFO] [stderr]    Compiling http-body v0.4.5
[INFO] [stderr]    Compiling unicode-segmentation v1.10.1
[INFO] [stderr]    Compiling overload v0.1.1
[INFO] [stderr]    Compiling psl-types v2.0.11
[INFO] [stderr]    Compiling arc-swap v1.6.0
[INFO] [stderr]    Compiling publicsuffix v2.2.3
[INFO] [stderr]    Compiling nu-ansi-term v0.46.0
[INFO] [stderr]    Compiling heck v0.4.1
[INFO] [stderr]    Compiling sqlx-core v0.6.3
[INFO] [stderr]    Compiling hyper v0.14.26
[INFO] [stderr]    Compiling matchers v0.1.0
[INFO] [stderr]    Compiling tokio-rustls v0.24.0
[INFO] [stderr]    Compiling futures v0.3.28
[INFO] [stderr]    Compiling tokio-native-tls v0.3.1
[INFO] [stderr]    Compiling sharded-slab v0.1.4
[INFO] [stderr]    Compiling tracing-log v0.1.3
[INFO] [stderr]    Compiling combine v4.6.6
[INFO] [stderr]    Compiling pin-project-internal v1.0.12
[INFO] [stderr]    Compiling thread_local v1.1.7
[INFO] [stderr]    Compiling csv-core v0.1.10
[INFO] [stderr]    Compiling linked-hash-map v0.5.6
[INFO] [stderr]    Compiling base64ct v1.6.0
[INFO] [stderr]    Compiling csv v1.2.2
[INFO] [stderr]    Compiling yaml-rust v0.4.5
[INFO] [stderr]    Compiling password-hash v0.5.0
[INFO] [stderr]    Compiling tracing-subscriber v0.3.17
[INFO] [stderr]    Compiling cookie_store v0.16.2
[INFO] [stderr]    Compiling pin-project v1.0.12
[INFO] [stderr]    Compiling serde_html_form v0.2.0
[INFO] [stderr]    Compiling actix-web-lab-derive v0.19.0
[INFO] [stderr]    Compiling hyper-rustls v0.24.0
[INFO] [stderr]    Compiling blake2 v0.10.6
[INFO] [stderr]    Compiling gethostname v0.2.3
[INFO] [stderr]    Compiling pathdiff v0.2.1
[INFO] [stderr]    Compiling impl-more v0.1.5
[INFO] [stderr]    Compiling mediatype v0.19.14
[INFO] [stderr]    Compiling ipnet v2.7.2
[INFO] [stderr]    Compiling zeroize v1.6.0
[INFO] [stderr]    Compiling secrecy v0.8.0
[INFO] [stderr]    Compiling reqwest v0.11.18
[INFO] [stderr]    Compiling tracing-bunyan-formatter v0.3.7
[INFO] [stderr]    Compiling argon2 v0.5.0
[INFO] [stderr]    Compiling config v0.13.3
[INFO] [stderr]    Compiling serde-aux v4.2.0
[INFO] [stderr]    Compiling redis v0.21.7
[INFO] [stderr]    Compiling validator v0.16.0
[INFO] [stderr]    Compiling htmlescape v0.3.1
[INFO] [stderr]    Compiling urlencoding v2.1.2
[INFO] [stderr]    Compiling sqlx-macros v0.6.3
[INFO] [stderr]    Compiling zstd v0.12.3+zstd.1.5.2
[INFO] [stderr]    Compiling actix-http v3.3.1
[INFO] [stderr]    Compiling sqlx v0.6.3
[INFO] [stderr]    Compiling actix-web v4.3.1
[INFO] [stderr]    Compiling actix-web-flash-messages v0.4.2
[INFO] [stderr]    Compiling actix-session v0.7.2
[INFO] [stderr]    Compiling actix-web-lab v0.19.1
[INFO] [stderr]    Compiling tracing-actix-web v0.7.4
[INFO] [stderr]    Compiling zero2prod v0.1.0 (/opt/rustwide/workdir)
[INFO] [stdout] error: error communicating with database: Cannot assign requested address (os error 99)
[INFO] [stdout]   --> src/authentication/password.rs:88:26
[INFO] [stdout]    |
[INFO] [stdout] 88 |       let row: Option<_> = sqlx::query!(
[INFO] [stdout]    |  __________________________^
[INFO] [stdout] 89 | |         r#"
[INFO] [stdout] 90 | |         SELECT user_id, password_hash
[INFO] [stdout] 91 | |         FROM users
[INFO] [stdout] ...  |
[INFO] [stdout] 94 | |         username
[INFO] [stdout] 95 | |     )
[INFO] [stdout]    | |_____^
[INFO] [stdout]    |
[INFO] [stdout]    = note: this error originates in the macro `$crate::sqlx_macros::expand_query` which comes from the expansion of the macro `sqlx::query` (in Nightly builds, run with -Z macro-backtrace for more info)
[INFO] [stdout] 
[INFO] [stdout] 
[INFO] [stdout] error: error communicating with database: Cannot assign requested address (os error 99)
[INFO] [stdout]    --> src/authentication/password.rs:155:5
[INFO] [stdout]     |
[INFO] [stdout] 155 | /     sqlx::query!(
[INFO] [stdout] 156 | |         r#"
[INFO] [stdout] 157 | |         UPDATE users
[INFO] [stdout] 158 | |         SET password_hash = $1
[INFO] [stdout] ...   |
[INFO] [stdout] 162 | |         user_id
[INFO] [stdout] 163 | |     )
[INFO] [stdout]     | |_____^
[INFO] [stdout]     |
[INFO] [stdout]     = note: this error originates in the macro `$crate::sqlx_macros::expand_query` which comes from the expansion of the macro `sqlx::query` (in Nightly builds, run with -Z macro-backtrace for more info)
[INFO] [stdout] 
[INFO] [stdout] 
[INFO] [stdout] error: error communicating with database: Cannot assign requested address (os error 99)
[INFO] [stdout]   --> src/routes/admin/dashboard.rs:58:15
[INFO] [stdout]    |
[INFO] [stdout] 58 |       let row = sqlx::query!(
[INFO] [stdout]    |  _______________^
[INFO] [stdout] 59 | |         r#"
[INFO] [stdout] 60 | |            SELECT username
[INFO] [stdout] 61 | |            FROM users
[INFO] [stdout] ...  |
[INFO] [stdout] 64 | |         user_id
[INFO] [stdout] 65 | |     )
[INFO] [stdout]    | |_____^
[INFO] [stdout]    |
[INFO] [stdout]    = note: this error originates in the macro `$crate::sqlx_macros::expand_query` which comes from the expansion of the macro `sqlx::query` (in Nightly builds, run with -Z macro-backtrace for more info)
[INFO] [stdout] 
[INFO] [stdout] 
[INFO] [stdout] error: error communicating with database: Cannot assign requested address (os error 99)
[INFO] [stdout]    --> src/routes/newsletters.rs:133:16
[INFO] [stdout]     |
[INFO] [stdout] 133 |       let rows = sqlx::query!(
[INFO] [stdout]     |  ________________^
[INFO] [stdout] 134 | |         r#"
[INFO] [stdout] 135 | |         SELECT email 
[INFO] [stdout] 136 | |         FROM subscriptions 
[INFO] [stdout] 137 | |         WHERE status='confirmed';
[INFO] [stdout] 138 | |         "#,
[INFO] [stdout] 139 | |     )
[INFO] [stdout]     | |_____^
[INFO] [stdout]     |
[INFO] [stdout]     = note: this error originates in the macro `$crate::sqlx_macros::expand_query` which comes from the expansion of the macro `sqlx::query` (in Nightly builds, run with -Z macro-backtrace for more info)
[INFO] [stdout] 
[INFO] [stdout] 
[INFO] [stdout] error: error communicating with database: Cannot assign requested address (os error 99)
[INFO] [stdout]    --> src/routes/subscriptions.rs:196:5
[INFO] [stdout]     |
[INFO] [stdout] 196 | /     sqlx::query!(
[INFO] [stdout] 197 | |         r#"
[INFO] [stdout] 198 | |     INSERT INTO subscriptions (id, email, name, subscribed_at, status)
[INFO] [stdout] 199 | |     VALUES ($1, $2, $3, $4, 'pending_confirmation')
[INFO] [stdout] ...   |
[INFO] [stdout] 204 | |         Utc::now()
[INFO] [stdout] 205 | |     )
[INFO] [stdout]     | |_____^
[INFO] [stdout]     |
[INFO] [stdout]     = note: this error originates in the macro `$crate::sqlx_macros::expand_query` which comes from the expansion of the macro `sqlx::query` (in Nightly builds, run with -Z macro-backtrace for more info)
[INFO] [stdout] 
[INFO] [stdout] 
[INFO] [stdout] error: error communicating with database: Cannot assign requested address (os error 99)
[INFO] [stdout]    --> src/routes/subscriptions.rs:221:5
[INFO] [stdout]     |
[INFO] [stdout] 221 | /     sqlx::query!(
[INFO] [stdout] 222 | |         r#"
[INFO] [stdout] 223 | |     INSERT INTO subscription_tokens (subscription_token, subscriber_id)
[INFO] [stdout] 224 | |     VALUES ($1, $2)
[INFO] [stdout] ...   |
[INFO] [stdout] 227 | |         subscriber_id
[INFO] [stdout] 228 | |     )
[INFO] [stdout]     | |_____^
[INFO] [stdout]     |
[INFO] [stdout]     = note: this error originates in the macro `$crate::sqlx_macros::expand_query` which comes from the expansion of the macro `sqlx::query` (in Nightly builds, run with -Z macro-backtrace for more info)
[INFO] [stdout] 
[INFO] [stdout] 
[INFO] [stdout] error: error communicating with database: Cannot assign requested address (os error 99)
[INFO] [stdout]   --> src/routes/subscriptions_confirm.rs:49:5
[INFO] [stdout]    |
[INFO] [stdout] 49 | /     sqlx::query!(
[INFO] [stdout] 50 | |         r#"UPDATE subscriptions SET status = 'confirmed' WHERE id = $1"#,
[INFO] [stdout] 51 | |         subscriber_id,
[INFO] [stdout] 52 | |     )
[INFO] [stdout]    | |_____^
[INFO] [stdout]    |
[INFO] [stdout]    = note: this error originates in the macro `$crate::sqlx_macros::expand_query` which comes from the expansion of the macro `sqlx::query` (in Nightly builds, run with -Z macro-backtrace for more info)
[INFO] [stdout] 
[INFO] [stdout] 
[INFO] [stdout] error: error communicating with database: Cannot assign requested address (os error 99)
[INFO] [stdout]   --> src/routes/subscriptions_confirm.rs:70:18
[INFO] [stdout]    |
[INFO] [stdout] 70 |       let result = sqlx::query!(
[INFO] [stdout]    |  __________________^
[INFO] [stdout] 71 | |         r#"SELECT subscriber_id FROM subscription_tokens WHERE subscription_token = $1"#,
[INFO] [stdout] 72 | |         subscription_token,
[INFO] [stdout] 73 | |     )
[INFO] [stdout]    | |_____^
[INFO] [stdout]    |
[INFO] [stdout]    = note: this error originates in the macro `$crate::sqlx_macros::expand_query` which comes from the expansion of the macro `sqlx::query` (in Nightly builds, run with -Z macro-backtrace for more info)
[INFO] [stdout] 
[INFO] [stdout] 
[INFO] [stdout] warning: unused import: `chrono::Utc`
[INFO] [stdout]  --> src/routes/subscriptions.rs:5:5
[INFO] [stdout]   |
[INFO] [stdout] 5 | use chrono::Utc;
[INFO] [stdout]   |     ^^^^^^^^^^^
[INFO] [stdout]   |
[INFO] [stdout]   = note: `#[warn(unused_imports)]` on by default
[INFO] [stdout] 
[INFO] [stdout] 
[INFO] [stdout] warning: unused import: `anyhow::Context`
[INFO] [stdout]  --> src/routes/admin/dashboard.rs:3:5
[INFO] [stdout]   |
[INFO] [stdout] 3 | use anyhow::Context;
[INFO] [stdout]   |     ^^^^^^^^^^^^^^^
[INFO] [stdout] 
[INFO] [stdout] 
[INFO] [stdout] error: aborting due to 8 previous errors; 2 warnings emitted
[INFO] [stdout] 
[INFO] [stdout] 
[INFO] [stderr] error: could not compile `zero2prod` (lib) due to 9 previous errors; 2 warnings emitted
[INFO] running `Command { std: "docker" "inspect" "e7e24e8e20055a22efe6fb0817ca598e3292fd61b0f1a8547f2dcb7e1bb67bd6", kill_on_drop: false }`
[INFO] running `Command { std: "docker" "rm" "-f" "e7e24e8e20055a22efe6fb0817ca598e3292fd61b0f1a8547f2dcb7e1bb67bd6", kill_on_drop: false }`
[INFO] [stdout] e7e24e8e20055a22efe6fb0817ca598e3292fd61b0f1a8547f2dcb7e1bb67bd6
