[INFO] cloning repository https://github.com/0xpaco/arp-watch-tui
[INFO] running `Command { std: "git" "-c" "credential.helper=" "-c" "credential.helper=/workspace/cargo-home/bin/git-credential-null" "clone" "--bare" "https://github.com/0xpaco/arp-watch-tui" "/workspace/cache/git-repos/https%3A%2F%2Fgithub.com%2F0xpaco%2Farp-watch-tui", kill_on_drop: false }`
[INFO] [stderr] Cloning into bare repository '/workspace/cache/git-repos/https%3A%2F%2Fgithub.com%2F0xpaco%2Farp-watch-tui'...
[INFO] running `Command { std: "git" "rev-parse" "HEAD", kill_on_drop: false }`
[INFO] [stdout] ccfcccb2b669393ba13869d5c7ce9e67ff41841e
[INFO] testing 0xpaco/arp-watch-tui against 1.75.0 for beta-1.76-1
[INFO] running `Command { std: "git" "clone" "/workspace/cache/git-repos/https%3A%2F%2Fgithub.com%2F0xpaco%2Farp-watch-tui" "/workspace/builds/worker-0-tc1/source", kill_on_drop: false }`
[INFO] [stderr] Cloning into '/workspace/builds/worker-0-tc1/source'...
[INFO] [stderr] done.
[INFO] validating manifest of git repo https://github.com/0xpaco/arp-watch-tui on toolchain 1.75.0
[INFO] running `Command { std: CARGO_HOME="/workspace/cargo-home" RUSTUP_HOME="/workspace/rustup-home" "/workspace/cargo-home/bin/cargo" "+1.75.0" "metadata" "--manifest-path" "Cargo.toml" "--no-deps", kill_on_drop: false }`
[INFO] started tweaking git repo https://github.com/0xpaco/arp-watch-tui
[INFO] finished tweaking git repo https://github.com/0xpaco/arp-watch-tui
[INFO] tweaked toml for git repo https://github.com/0xpaco/arp-watch-tui written to /workspace/builds/worker-0-tc1/source/Cargo.toml
[INFO] running `Command { std: CARGO_HOME="/workspace/cargo-home" RUSTUP_HOME="/workspace/rustup-home" "/workspace/cargo-home/bin/cargo" "+1.75.0" "generate-lockfile" "--manifest-path" "Cargo.toml", kill_on_drop: false }`
[INFO] [stderr]     Updating crates.io index
[INFO] running `Command { std: CARGO_HOME="/workspace/cargo-home" RUSTUP_HOME="/workspace/rustup-home" "/workspace/cargo-home/bin/cargo" "+1.75.0" "fetch" "--manifest-path" "Cargo.toml", kill_on_drop: false }`
[INFO] [stderr]  Downloading crates ...
[INFO] [stderr]   Downloaded tauri-winrt-notification v0.1.3
[INFO] [stderr]   Downloaded pnet_macros v0.33.0
[INFO] [stderr]   Downloaded pnet v0.33.0
[INFO] [stderr]   Downloaded pnet_sys v0.33.0
[INFO] [stderr]   Downloaded ipnetwork v0.20.0
[INFO] [stderr]   Downloaded pnet_datalink v0.33.0
[INFO] [stderr]   Downloaded notify-rust v4.10.0
[INFO] [stderr]   Downloaded pnet_packet v0.33.0
[INFO] [stderr]   Downloaded ratatui v0.21.0
[INFO] [stderr]   Downloaded ratatui v0.23.0
[INFO] [stderr]   Downloaded mac-notification-sys v0.6.1
[INFO] [stderr]   Downloaded pnet_base v0.33.0
[INFO] [stderr]   Downloaded pnet_transport v0.33.0
[INFO] [stderr]   Downloaded pnet_macros_support v0.33.0
[INFO] [stderr]   Downloaded tui-logger v0.9.6
[INFO] running `Command { std: "docker" "create" "-v" "/var/lib/crater-agent-workspace/builds/worker-0-tc1/target:/opt/rustwide/target:rw,Z" "-v" "/var/lib/crater-agent-workspace/builds/worker-0-tc1/source:/opt/rustwide/workdir:ro,Z" "-v" "/var/lib/crater-agent-workspace/cargo-home:/opt/rustwide/cargo-home:ro,Z" "-v" "/var/lib/crater-agent-workspace/rustup-home:/opt/rustwide/rustup-home:ro,Z" "-e" "SOURCE_DIR=/opt/rustwide/workdir" "-e" "CARGO_TARGET_DIR=/opt/rustwide/target" "-e" "CARGO_HOME=/opt/rustwide/cargo-home" "-e" "RUSTUP_HOME=/opt/rustwide/rustup-home" "-w" "/opt/rustwide/workdir" "-m" "1610612736" "--user" "0:0" "--network" "none" "ghcr.io/rust-lang/crates-build-env/linux@sha256:2788e3201cd34a07e3172128adcd8b3090168a8e3bcc40d7c032b9dda1df7d1c" "/opt/rustwide/cargo-home/bin/cargo" "+1.75.0" "metadata" "--no-deps" "--format-version=1", kill_on_drop: false }`
[INFO] [stdout] f36897d1afef9050c6d8cab8fb30ba8088474769075e93cc424369461a5c7e35
[INFO] running `Command { std: "docker" "start" "-a" "f36897d1afef9050c6d8cab8fb30ba8088474769075e93cc424369461a5c7e35", kill_on_drop: false }`
[INFO] running `Command { std: "docker" "inspect" "f36897d1afef9050c6d8cab8fb30ba8088474769075e93cc424369461a5c7e35", kill_on_drop: false }`
[INFO] running `Command { std: "docker" "rm" "-f" "f36897d1afef9050c6d8cab8fb30ba8088474769075e93cc424369461a5c7e35", kill_on_drop: false }`
[INFO] [stdout] f36897d1afef9050c6d8cab8fb30ba8088474769075e93cc424369461a5c7e35
[INFO] running `Command { std: "docker" "create" "-v" "/var/lib/crater-agent-workspace/builds/worker-0-tc1/target:/opt/rustwide/target:rw,Z" "-v" "/var/lib/crater-agent-workspace/builds/worker-0-tc1/source:/opt/rustwide/workdir:ro,Z" "-v" "/var/lib/crater-agent-workspace/cargo-home:/opt/rustwide/cargo-home:ro,Z" "-v" "/var/lib/crater-agent-workspace/rustup-home:/opt/rustwide/rustup-home:ro,Z" "-e" "SOURCE_DIR=/opt/rustwide/workdir" "-e" "CARGO_TARGET_DIR=/opt/rustwide/target" "-e" "CARGO_INCREMENTAL=0" "-e" "RUST_BACKTRACE=full" "-e" "RUSTFLAGS=--cap-lints=warn" "-e" "RUSTDOCFLAGS=--cap-lints=warn" "-e" "CARGO_HOME=/opt/rustwide/cargo-home" "-e" "RUSTUP_HOME=/opt/rustwide/rustup-home" "-w" "/opt/rustwide/workdir" "-m" "1610612736" "--user" "0:0" "--network" "none" "ghcr.io/rust-lang/crates-build-env/linux@sha256:2788e3201cd34a07e3172128adcd8b3090168a8e3bcc40d7c032b9dda1df7d1c" "/opt/rustwide/cargo-home/bin/cargo" "+1.75.0" "build" "--frozen" "--message-format=json", kill_on_drop: false }`
[INFO] [stdout] 0abb64f44eda874157983e4b00374f0d272bf8339a6b87ad3fb7be7068eea404
[INFO] running `Command { std: "docker" "start" "-a" "0abb64f44eda874157983e4b00374f0d272bf8339a6b87ad3fb7be7068eea404", kill_on_drop: false }`
[INFO] [stderr]    Compiling libc v0.2.151
[INFO] [stderr]    Compiling pin-project-lite v0.2.13
[INFO] [stderr]    Compiling memchr v2.7.1
[INFO] [stderr]    Compiling syn v1.0.109
[INFO] [stderr]    Compiling crossbeam-utils v0.8.18
[INFO] [stderr]    Compiling futures-core v0.3.30
[INFO] [stderr]    Compiling once_cell v1.19.0
[INFO] [stderr]    Compiling parking v2.2.0
[INFO] [stderr]    Compiling serde v1.0.194
[INFO] [stderr]    Compiling regex-syntax v0.8.2
[INFO] [stderr]    Compiling typenum v1.17.0
[INFO] [stderr]    Compiling toml_datetime v0.6.5
[INFO] [stderr]    Compiling futures-io v0.3.30
[INFO] [stderr]    Compiling serde_derive v1.0.194
[INFO] [stderr]    Compiling slab v0.4.9
[INFO] [stderr]    Compiling parking_lot_core v0.9.9
[INFO] [stderr]    Compiling memoffset v0.7.1
[INFO] [stderr]    Compiling fastrand v2.0.1
[INFO] [stderr]    Compiling toml_edit v0.19.15
[INFO] [stderr]    Compiling no-std-net v0.6.0
[INFO] [stderr]    Compiling event-listener v2.5.3
[INFO] [stderr]    Compiling tracing-core v0.1.32
[INFO] [stderr]    Compiling pnet_base v0.33.0
[INFO] [stderr]    Compiling futures-lite v2.1.0
[INFO] [stderr]    Compiling tracing-attributes v0.1.27
[INFO] [stderr]    Compiling enumflags2_derive v0.7.8
[INFO] [stderr]    Compiling polling v2.8.0
[INFO] [stderr]    Compiling waker-fn v1.1.1
[INFO] [stderr]    Compiling atomic-waker v1.1.2
[INFO] [stderr]    Compiling rustix v0.37.27
[INFO] [stderr]    Compiling async-task v4.7.0
[INFO] [stderr]    Compiling signal-hook v0.3.17
[INFO] [stderr]    Compiling aho-corasick v1.1.2
[INFO] [stderr]    Compiling concurrent-queue v2.4.0
[INFO] [stderr]    Compiling event-listener v4.0.2
[INFO] [stderr]    Compiling futures-lite v1.13.0
[INFO] [stderr]    Compiling piper v0.2.1
[INFO] [stderr]    Compiling async-lock v2.8.0
[INFO] [stderr]    Compiling async-fs v1.6.0
[INFO] [stderr]    Compiling event-listener-strategy v0.4.0
[INFO] [stderr]    Compiling num-traits v0.2.17
[INFO] [stderr]    Compiling async-io v1.13.0
[INFO] [stderr]    Compiling async-lock v3.2.0
[INFO] [stderr]    Compiling async-channel v2.1.1
[INFO] [stderr]    Compiling paste v1.0.14
[INFO] [stderr]    Compiling static_assertions v1.1.0
[INFO] [stderr]    Compiling async-trait v0.1.77
[INFO] [stderr]    Compiling strum_macros v0.25.3
[INFO] [stderr]    Compiling pnet_macros_support v0.33.0
[INFO] [stderr]    Compiling cassowary v0.3.0
[INFO] [stderr]    Compiling futures-task v0.3.30
[INFO] [stderr]    Compiling either v1.9.0
[INFO] [stderr]    Compiling generic-array v0.14.7
[INFO] [stderr]    Compiling futures-sink v0.3.30
[INFO] [stderr]    Compiling unicode-width v0.1.11
[INFO] [stderr]    Compiling powerfmt v0.2.0
[INFO] [stderr]    Compiling cpufeatures v0.2.12
[INFO] [stderr]    Compiling itertools v0.11.0
[INFO] [stderr]    Compiling futures-util v0.3.30
[INFO] [stderr]    Compiling deranged v0.3.11
[INFO] [stderr]    Compiling proc-macro-crate v1.3.1
[INFO] [stderr]    Compiling regex-automata v0.4.3
[INFO] [stderr]    Compiling signal-hook-registry v1.4.1
[INFO] [stderr]    Compiling getrandom v0.2.11
[INFO] [stderr]    Compiling parking_lot v0.12.1
[INFO] [stderr]    Compiling tracing v0.1.40
[INFO] [stderr]    Compiling rand_core v0.6.4
[INFO] [stderr]    Compiling block-buffer v0.10.4
[INFO] [stderr]    Compiling crypto-common v0.1.6
[INFO] [stderr]    Compiling mio v0.8.10
[INFO] [stderr]    Compiling io-lifetimes v1.0.11
[INFO] [stderr]    Compiling rand_chacha v0.3.1
[INFO] [stderr]    Compiling digest v0.10.7
[INFO] [stderr]    Compiling blocking v1.5.1
[INFO] [stderr]    Compiling nix v0.26.4
[INFO] [stderr]    Compiling socket2 v0.4.10
[INFO] [stderr]    Compiling pnet_sys v0.33.0
[INFO] [stderr]    Compiling signal-hook-mio v0.2.3
[INFO] [stderr]    Compiling rand v0.8.5
[INFO] [stderr]    Compiling sha1 v0.10.6
[INFO] [stderr]    Compiling async-executor v1.8.0
[INFO] [stderr]    Compiling async-broadcast v0.5.1
[INFO] [stderr]    Compiling ordered-stream v0.2.0
[INFO] [stderr]    Compiling serde_repr v0.1.18
[INFO] [stderr]    Compiling async-recursion v1.0.5
[INFO] [stderr]    Compiling indoc v2.0.4
[INFO] [stderr]    Compiling iana-time-zone v0.1.59
[INFO] [stderr]    Compiling strum v0.25.0
[INFO] [stderr]    Compiling bitflags v2.4.1
[INFO] [stderr]    Compiling pnet v0.33.0
[INFO] [stderr]    Compiling xdg-home v1.0.0
[INFO] [stderr]    Compiling time-core v0.1.2
[INFO] [stderr]    Compiling num_threads v0.1.6
[INFO] [stderr]    Compiling chrono v0.4.31
[INFO] [stderr]    Compiling time v0.3.31
[INFO] [stderr]    Compiling crossterm v0.26.1
[INFO] [stderr]    Compiling socket2 v0.5.5
[INFO] [stderr]    Compiling num_cpus v1.16.0
[INFO] [stderr]    Compiling fxhash v0.2.1
[INFO] [stderr]    Compiling tokio-macros v2.2.0
[INFO] [stderr]    Compiling bytes v1.5.0
[INFO] [stderr]    Compiling ratatui v0.23.0
[INFO] [stderr]    Compiling zvariant_utils v1.0.1
[INFO] [stderr]    Compiling regex v1.10.2
[INFO] [stderr]    Compiling ratatui v0.21.0
[INFO] [stderr]    Compiling tokio v1.35.1
[INFO] [stderr]    Compiling tui-logger v0.9.6
[INFO] [stderr]    Compiling zvariant_derive v3.15.0
[INFO] [stderr]    Compiling pnet_macros v0.33.0
[INFO] [stderr]    Compiling zbus_macros v3.14.1
[INFO] [stderr]    Compiling derivative v2.2.0
[INFO] [stderr]    Compiling pnet_packet v0.33.0
[INFO] [stderr]    Compiling enumflags2 v0.7.8
[INFO] [stderr]    Compiling ipnetwork v0.20.0
[INFO] [stderr]    Compiling zvariant v3.15.0
[INFO] [stderr]    Compiling pnet_datalink v0.33.0
[INFO] [stderr]    Compiling zbus_names v2.6.0
[INFO] [stderr]    Compiling zbus v3.14.1
[INFO] [stderr]    Compiling pnet_transport v0.33.0
[INFO] [stderr]    Compiling notify-rust v4.10.0
[INFO] [stderr]    Compiling arp-watch v0.1.0 (/opt/rustwide/workdir)
[INFO] [stdout] error[E0308]: mismatched types
[INFO] [stdout]    --> src/ui/tui.rs:81:22
[INFO] [stdout]     |
[INFO] [stdout] 81  |         .style_error(Style::default().fg(Color::Red))
[INFO] [stdout]     |          ----------- ^^^^^^^^^^^^^^^^^^^^^^^^^^^^^^^ expected `ratatui::style::Style`, found `Style`
[INFO] [stdout]     |          |
[INFO] [stdout]     |          arguments to this method are incorrect
[INFO] [stdout]     |
[INFO] [stdout]     = note: `Style` and `ratatui::style::Style` have similar names, but are actually distinct types
[INFO] [stdout] note: `Style` is defined in crate `ratatui`
[INFO] [stdout]    --> /opt/rustwide/cargo-home/registry/src/index.crates.io-6f17d22bba15001f/ratatui-0.21.0/src/style.rs:121:1
[INFO] [stdout]     |
[INFO] [stdout] 121 | pub struct Style {
[INFO] [stdout]     | ^^^^^^^^^^^^^^^^
[INFO] [stdout] note: `ratatui::style::Style` is defined in crate `ratatui`
[INFO] [stdout]    --> /opt/rustwide/cargo-home/registry/src/index.crates.io-6f17d22bba15001f/ratatui-0.23.0/src/style.rs:253:1
[INFO] [stdout]     |
[INFO] [stdout] 253 | pub struct Style {
[INFO] [stdout]     | ^^^^^^^^^^^^^^^^
[INFO] [stdout]     = note: perhaps two different versions of crate `ratatui` are being used?
[INFO] [stdout] note: method defined here
[INFO] [stdout]    --> /opt/rustwide/cargo-home/registry/src/index.crates.io-6f17d22bba15001f/tui-logger-0.9.6/src/lib.rs:990:12
[INFO] [stdout]     |
[INFO] [stdout] 990 |     pub fn style_error(mut self, style: Style) -> Self {
[INFO] [stdout]     |            ^^^^^^^^^^^
[INFO] [stdout] 
[INFO] [stdout] 
[INFO] [stdout] error[E0308]: mismatched types
[INFO] [stdout]     --> src/ui/tui.rs:82:22
[INFO] [stdout]      |
[INFO] [stdout] 82   |         .style_debug(Style::default().fg(Color::Green))
[INFO] [stdout]      |          ----------- ^^^^^^^^^^^^^^^^^^^^^^^^^^^^^^^^^ expected `ratatui::style::Style`, found `Style`
[INFO] [stdout]      |          |
[INFO] [stdout]      |          arguments to this method are incorrect
[INFO] [stdout]      |
[INFO] [stdout]      = note: `Style` and `ratatui::style::Style` have similar names, but are actually distinct types
[INFO] [stdout] note: `Style` is defined in crate `ratatui`
[INFO] [stdout]     --> /opt/rustwide/cargo-home/registry/src/index.crates.io-6f17d22bba15001f/ratatui-0.21.0/src/style.rs:121:1
[INFO] [stdout]      |
[INFO] [stdout] 121  | pub struct Style {
[INFO] [stdout]      | ^^^^^^^^^^^^^^^^
[INFO] [stdout] note: `ratatui::style::Style` is defined in crate `ratatui`
[INFO] [stdout]     --> /opt/rustwide/cargo-home/registry/src/index.crates.io-6f17d22bba15001f/ratatui-0.23.0/src/style.rs:253:1
[INFO] [stdout]      |
[INFO] [stdout] 253  | pub struct Style {
[INFO] [stdout]      | ^^^^^^^^^^^^^^^^
[INFO] [stdout]      = note: perhaps two different versions of crate `ratatui` are being used?
[INFO] [stdout] note: method defined here
[INFO] [stdout]     --> /opt/rustwide/cargo-home/registry/src/index.crates.io-6f17d22bba15001f/tui-logger-0.9.6/src/lib.rs:1006:12
[INFO] [stdout]      |
[INFO] [stdout] 1006 |     pub fn style_debug(mut self, style: Style) -> Self {
[INFO] [stdout]      |            ^^^^^^^^^^^
[INFO] [stdout] 
[INFO] [stdout] 
[INFO] [stdout] error[E0308]: mismatched types
[INFO] [stdout]    --> src/ui/tui.rs:83:21
[INFO] [stdout]     |
[INFO] [stdout] 83  |         .style_warn(Style::default().fg(Color::Yellow))
[INFO] [stdout]     |          ---------- ^^^^^^^^^^^^^^^^^^^^^^^^^^^^^^^^^^ expected `ratatui::style::Style`, found `Style`
[INFO] [stdout]     |          |
[INFO] [stdout]     |          arguments to this method are incorrect
[INFO] [stdout]     |
[INFO] [stdout]     = note: `Style` and `ratatui::style::Style` have similar names, but are actually distinct types
[INFO] [stdout] note: `Style` is defined in crate `ratatui`
[INFO] [stdout]    --> /opt/rustwide/cargo-home/registry/src/index.crates.io-6f17d22bba15001f/ratatui-0.21.0/src/style.rs:121:1
[INFO] [stdout]     |
[INFO] [stdout] 121 | pub struct Style {
[INFO] [stdout]     | ^^^^^^^^^^^^^^^^
[INFO] [stdout] note: `ratatui::style::Style` is defined in crate `ratatui`
[INFO] [stdout]    --> /opt/rustwide/cargo-home/registry/src/index.crates.io-6f17d22bba15001f/ratatui-0.23.0/src/style.rs:253:1
[INFO] [stdout]     |
[INFO] [stdout] 253 | pub struct Style {
[INFO] [stdout]     | ^^^^^^^^^^^^^^^^
[INFO] [stdout]     = note: perhaps two different versions of crate `ratatui` are being used?
[INFO] [stdout] note: method defined here
[INFO] [stdout]    --> /opt/rustwide/cargo-home/registry/src/index.crates.io-6f17d22bba15001f/tui-logger-0.9.6/src/lib.rs:994:12
[INFO] [stdout]     |
[INFO] [stdout] 994 |     pub fn style_warn(mut self, style: Style) -> Self {
[INFO] [stdout]     |            ^^^^^^^^^^
[INFO] [stdout] 
[INFO] [stdout] 
[INFO] [stdout] error[E0308]: mismatched types
[INFO] [stdout]     --> src/ui/tui.rs:84:22
[INFO] [stdout]      |
[INFO] [stdout] 84   |         .style_trace(Style::default().fg(Color::Magenta))
[INFO] [stdout]      |          ----------- ^^^^^^^^^^^^^^^^^^^^^^^^^^^^^^^^^^^ expected `ratatui::style::Style`, found `Style`
[INFO] [stdout]      |          |
[INFO] [stdout]      |          arguments to this method are incorrect
[INFO] [stdout]      |
[INFO] [stdout]      = note: `Style` and `ratatui::style::Style` have similar names, but are actually distinct types
[INFO] [stdout] note: `Style` is defined in crate `ratatui`
[INFO] [stdout]     --> /opt/rustwide/cargo-home/registry/src/index.crates.io-6f17d22bba15001f/ratatui-0.21.0/src/style.rs:121:1
[INFO] [stdout]      |
[INFO] [stdout] 121  | pub struct Style {
[INFO] [stdout]      | ^^^^^^^^^^^^^^^^
[INFO] [stdout] note: `ratatui::style::Style` is defined in crate `ratatui`
[INFO] [stdout]     --> /opt/rustwide/cargo-home/registry/src/index.crates.io-6f17d22bba15001f/ratatui-0.23.0/src/style.rs:253:1
[INFO] [stdout]      |
[INFO] [stdout] 253  | pub struct Style {
[INFO] [stdout]      | ^^^^^^^^^^^^^^^^
[INFO] [stdout]      = note: perhaps two different versions of crate `ratatui` are being used?
[INFO] [stdout] note: method defined here
[INFO] [stdout]     --> /opt/rustwide/cargo-home/registry/src/index.crates.io-6f17d22bba15001f/tui-logger-0.9.6/src/lib.rs:1002:12
[INFO] [stdout]      |
[INFO] [stdout] 1002 |     pub fn style_trace(mut self, style: Style) -> Self {
[INFO] [stdout]      |            ^^^^^^^^^^^
[INFO] [stdout] 
[INFO] [stdout] 
[INFO] [stdout] error[E0308]: mismatched types
[INFO] [stdout]    --> src/ui/tui.rs:85:21
[INFO] [stdout]     |
[INFO] [stdout] 85  |         .style_info(Style::default().fg(Color::Cyan))
[INFO] [stdout]     |          ---------- ^^^^^^^^^^^^^^^^^^^^^^^^^^^^^^^^ expected `ratatui::style::Style`, found `Style`
[INFO] [stdout]     |          |
[INFO] [stdout]     |          arguments to this method are incorrect
[INFO] [stdout]     |
[INFO] [stdout]     = note: `Style` and `ratatui::style::Style` have similar names, but are actually distinct types
[INFO] [stdout] note: `Style` is defined in crate `ratatui`
[INFO] [stdout]    --> /opt/rustwide/cargo-home/registry/src/index.crates.io-6f17d22bba15001f/ratatui-0.21.0/src/style.rs:121:1
[INFO] [stdout]     |
[INFO] [stdout] 121 | pub struct Style {
[INFO] [stdout]     | ^^^^^^^^^^^^^^^^
[INFO] [stdout] note: `ratatui::style::Style` is defined in crate `ratatui`
[INFO] [stdout]    --> /opt/rustwide/cargo-home/registry/src/index.crates.io-6f17d22bba15001f/ratatui-0.23.0/src/style.rs:253:1
[INFO] [stdout]     |
[INFO] [stdout] 253 | pub struct Style {
[INFO] [stdout]     | ^^^^^^^^^^^^^^^^
[INFO] [stdout]     = note: perhaps two different versions of crate `ratatui` are being used?
[INFO] [stdout] note: method defined here
[INFO] [stdout]    --> /opt/rustwide/cargo-home/registry/src/index.crates.io-6f17d22bba15001f/tui-logger-0.9.6/src/lib.rs:998:12
[INFO] [stdout]     |
[INFO] [stdout] 998 |     pub fn style_info(mut self, style: Style) -> Self {
[INFO] [stdout]     |            ^^^^^^^^^^
[INFO] [stdout] 
[INFO] [stdout] 
[INFO] [stdout] error[E0308]: mismatched types
[INFO] [stdout]    --> src/ui/tui.rs:93:13
[INFO] [stdout]     |
[INFO] [stdout] 92  |           .block(
[INFO] [stdout]     |            ----- arguments to this method are incorrect
[INFO] [stdout] 93  | /             block
[INFO] [stdout] 94  | |                 .clone()
[INFO] [stdout] 95  | |                 .title("Logs")
[INFO] [stdout] 96  | |                 .title_alignment(Alignment::Center),
[INFO] [stdout]     | |___________________________________________________^ expected `ratatui::widgets::block::Block<'_>`, found `ratatui::widgets::Block<'_>`
[INFO] [stdout]     |
[INFO] [stdout]     = note: `ratatui::widgets::Block<'_>` and `ratatui::widgets::block::Block<'_>` have similar names, but are actually distinct types
[INFO] [stdout] note: `ratatui::widgets::Block<'_>` is defined in crate `ratatui`
[INFO] [stdout]    --> /opt/rustwide/cargo-home/registry/src/index.crates.io-6f17d22bba15001f/ratatui-0.21.0/src/widgets/block.rs:100:1
[INFO] [stdout]     |
[INFO] [stdout] 100 | pub struct Block<'a> {
[INFO] [stdout]     | ^^^^^^^^^^^^^^^^^^^^
[INFO] [stdout] note: `ratatui::widgets::block::Block<'_>` is defined in crate `ratatui`
[INFO] [stdout]    --> /opt/rustwide/cargo-home/registry/src/index.crates.io-6f17d22bba15001f/ratatui-0.23.0/src/widgets/block.rs:119:1
[INFO] [stdout]     |
[INFO] [stdout] 119 | pub struct Block<'a> {
[INFO] [stdout]     | ^^^^^^^^^^^^^^^^^^^^
[INFO] [stdout]     = note: perhaps two different versions of crate `ratatui` are being used?
[INFO] [stdout] note: method defined here
[INFO] [stdout]    --> /opt/rustwide/cargo-home/registry/src/index.crates.io-6f17d22bba15001f/tui-logger-0.9.6/src/lib.rs:946:12
[INFO] [stdout]     |
[INFO] [stdout] 946 |     pub fn block(mut self, block: Block<'b>) -> Self {
[INFO] [stdout]     |            ^^^^^
[INFO] [stdout] 
[INFO] [stdout] 
[INFO] [stdout] error[E0277]: the trait bound `TuiLoggerWidget<'_>: Widget` is not satisfied
[INFO] [stdout]    --> src/ui/tui.rs:122:25
[INFO] [stdout]     |
[INFO] [stdout] 122 |     frame.render_widget(tui_log, body_layout[0]);
[INFO] [stdout]     |           ------------- ^^^^^^^ the trait `Widget` is not implemented for `TuiLoggerWidget<'_>`
[INFO] [stdout]     |           |
[INFO] [stdout]     |           required by a bound introduced by this call
[INFO] [stdout]     |
[INFO] [stdout]     = help: the following other types implement trait `Widget`:
[INFO] [stdout]               ArpCacheWidget<'a>
[INFO] [stdout]               Monthly<'a, S>
[INFO] [stdout]               Canvas<'a, F>
[INFO] [stdout]               LineGauge<'a>
[INFO] [stdout]               BarChart<'a>
[INFO] [stdout]               ratatui::widgets::Block<'a>
[INFO] [stdout]               Chart<'a>
[INFO] [stdout]               ratatui::widgets::Clear
[INFO] [stdout]             and 6 others
[INFO] [stdout] note: required by a bound in `Frame::<'a, B>::render_widget`
[INFO] [stdout]    --> /opt/rustwide/cargo-home/registry/src/index.crates.io-6f17d22bba15001f/ratatui-0.21.0/src/terminal.rs:88:12
[INFO] [stdout]     |
[INFO] [stdout] 86  |     pub fn render_widget<W>(&mut self, widget: W, area: Rect)
[INFO] [stdout]     |            ------------- required by a bound in this associated function
[INFO] [stdout] 87  |     where
[INFO] [stdout] 88  |         W: Widget,
[INFO] [stdout]     |            ^^^^^^ required by this bound in `Frame::<'a, B>::render_widget`
[INFO] [stdout] 
[INFO] [stdout] 
[INFO] [stdout] error: aborting due to 7 previous errors
[INFO] [stdout] 
[INFO] [stdout] 
[INFO] [stdout] Some errors have detailed explanations: E0277, E0308.
[INFO] [stdout] 
[INFO] [stdout] For more information about an error, try `rustc --explain E0277`.
[INFO] [stdout] 
[INFO] [stderr] error: could not compile `arp-watch` (lib) due to 8 previous errors
[INFO] [stderr] warning: build failed, waiting for other jobs to finish...
[INFO] running `Command { std: "docker" "inspect" "0abb64f44eda874157983e4b00374f0d272bf8339a6b87ad3fb7be7068eea404", kill_on_drop: false }`
[INFO] running `Command { std: "docker" "rm" "-f" "0abb64f44eda874157983e4b00374f0d272bf8339a6b87ad3fb7be7068eea404", kill_on_drop: false }`
[INFO] [stdout] 0abb64f44eda874157983e4b00374f0d272bf8339a6b87ad3fb7be7068eea404
