[INFO] cloning repository https://github.com/0xKitsune/magglob-rs
[INFO] running `Command { std: "git" "-c" "credential.helper=" "-c" "credential.helper=/workspace/cargo-home/bin/git-credential-null" "clone" "--bare" "https://github.com/0xKitsune/magglob-rs" "/workspace/cache/git-repos/https%3A%2F%2Fgithub.com%2F0xKitsune%2Fmagglob-rs", kill_on_drop: false }`
[INFO] [stderr] Cloning into bare repository '/workspace/cache/git-repos/https%3A%2F%2Fgithub.com%2F0xKitsune%2Fmagglob-rs'...
[INFO] running `Command { std: "git" "rev-parse" "HEAD", kill_on_drop: false }`
[INFO] [stdout] 51117bc8e3d06de24cbd0742111bae6f18be6bec
[INFO] testing 0xKitsune/magglob-rs against 1.75.0 for beta-1.76-1
[INFO] running `Command { std: "git" "clone" "/workspace/cache/git-repos/https%3A%2F%2Fgithub.com%2F0xKitsune%2Fmagglob-rs" "/workspace/builds/worker-4-tc1/source", kill_on_drop: false }`
[INFO] [stderr] Cloning into '/workspace/builds/worker-4-tc1/source'...
[INFO] [stderr] done.
[INFO] validating manifest of git repo https://github.com/0xKitsune/magglob-rs on toolchain 1.75.0
[INFO] running `Command { std: CARGO_HOME="/workspace/cargo-home" RUSTUP_HOME="/workspace/rustup-home" "/workspace/cargo-home/bin/cargo" "+1.75.0" "metadata" "--manifest-path" "Cargo.toml" "--no-deps", kill_on_drop: false }`
[INFO] started tweaking git repo https://github.com/0xKitsune/magglob-rs
[INFO] finished tweaking git repo https://github.com/0xKitsune/magglob-rs
[INFO] tweaked toml for git repo https://github.com/0xKitsune/magglob-rs written to /workspace/builds/worker-4-tc1/source/Cargo.toml
[INFO] crate git repo https://github.com/0xKitsune/magglob-rs already has a lockfile, it will not be regenerated
[INFO] running `Command { std: CARGO_HOME="/workspace/cargo-home" RUSTUP_HOME="/workspace/rustup-home" "/workspace/cargo-home/bin/cargo" "+1.75.0" "fetch" "--manifest-path" "Cargo.toml", kill_on_drop: false }`
[INFO] [stderr]  Downloading crates ...
[INFO] [stderr]   Downloaded thread-id v4.1.0
[INFO] [stderr]   Downloaded serde_with v3.0.0
[INFO] [stderr]   Downloaded intrusive-collections v0.9.5
[INFO] [stderr]   Downloaded base64 v0.21.1
[INFO] [stderr]   Downloaded serde_with_macros v3.0.0
[INFO] running `Command { std: "docker" "create" "-v" "/var/lib/crater-agent-workspace/builds/worker-4-tc1/target:/opt/rustwide/target:rw,Z" "-v" "/var/lib/crater-agent-workspace/builds/worker-4-tc1/source:/opt/rustwide/workdir:ro,Z" "-v" "/var/lib/crater-agent-workspace/cargo-home:/opt/rustwide/cargo-home:ro,Z" "-v" "/var/lib/crater-agent-workspace/rustup-home:/opt/rustwide/rustup-home:ro,Z" "-e" "SOURCE_DIR=/opt/rustwide/workdir" "-e" "CARGO_TARGET_DIR=/opt/rustwide/target" "-e" "CARGO_HOME=/opt/rustwide/cargo-home" "-e" "RUSTUP_HOME=/opt/rustwide/rustup-home" "-w" "/opt/rustwide/workdir" "-m" "1610612736" "--user" "0:0" "--network" "none" "ghcr.io/rust-lang/crates-build-env/linux@sha256:2788e3201cd34a07e3172128adcd8b3090168a8e3bcc40d7c032b9dda1df7d1c" "/opt/rustwide/cargo-home/bin/cargo" "+1.75.0" "metadata" "--no-deps" "--format-version=1", kill_on_drop: false }`
[INFO] [stdout] 3f6078480bc7f5e27b85954196f5ca447181b0bb41c7519811d5ff9cfbe2f12d
[INFO] running `Command { std: "docker" "start" "-a" "3f6078480bc7f5e27b85954196f5ca447181b0bb41c7519811d5ff9cfbe2f12d", kill_on_drop: false }`
[INFO] running `Command { std: "docker" "inspect" "3f6078480bc7f5e27b85954196f5ca447181b0bb41c7519811d5ff9cfbe2f12d", kill_on_drop: false }`
[INFO] running `Command { std: "docker" "rm" "-f" "3f6078480bc7f5e27b85954196f5ca447181b0bb41c7519811d5ff9cfbe2f12d", kill_on_drop: false }`
[INFO] [stdout] 3f6078480bc7f5e27b85954196f5ca447181b0bb41c7519811d5ff9cfbe2f12d
[INFO] running `Command { std: "docker" "create" "-v" "/var/lib/crater-agent-workspace/builds/worker-4-tc1/target:/opt/rustwide/target:rw,Z" "-v" "/var/lib/crater-agent-workspace/builds/worker-4-tc1/source:/opt/rustwide/workdir:ro,Z" "-v" "/var/lib/crater-agent-workspace/cargo-home:/opt/rustwide/cargo-home:ro,Z" "-v" "/var/lib/crater-agent-workspace/rustup-home:/opt/rustwide/rustup-home:ro,Z" "-e" "SOURCE_DIR=/opt/rustwide/workdir" "-e" "CARGO_TARGET_DIR=/opt/rustwide/target" "-e" "CARGO_INCREMENTAL=0" "-e" "RUST_BACKTRACE=full" "-e" "RUSTFLAGS=--cap-lints=warn" "-e" "RUSTDOCFLAGS=--cap-lints=warn" "-e" "CARGO_HOME=/opt/rustwide/cargo-home" "-e" "RUSTUP_HOME=/opt/rustwide/rustup-home" "-w" "/opt/rustwide/workdir" "-m" "1610612736" "--user" "0:0" "--network" "none" "ghcr.io/rust-lang/crates-build-env/linux@sha256:2788e3201cd34a07e3172128adcd8b3090168a8e3bcc40d7c032b9dda1df7d1c" "/opt/rustwide/cargo-home/bin/cargo" "+1.75.0" "build" "--frozen" "--message-format=json", kill_on_drop: false }`
[INFO] [stdout] f70dd70fdeccc228cdd3a3bb22b3ed51d94872668e50151e9c7e0d0e72d6dd1f
[INFO] running `Command { std: "docker" "start" "-a" "f70dd70fdeccc228cdd3a3bb22b3ed51d94872668e50151e9c7e0d0e72d6dd1f", kill_on_drop: false }`
[INFO] [stderr]    Compiling autocfg v1.1.0
[INFO] [stderr]    Compiling proc-macro2 v1.0.58
[INFO] [stderr]    Compiling unicode-ident v1.0.8
[INFO] [stderr]    Compiling quote v1.0.27
[INFO] [stderr]    Compiling libc v0.2.144
[INFO] [stderr]    Compiling serde v1.0.163
[INFO] [stderr]    Compiling cc v1.0.79
[INFO] [stderr]    Compiling log v0.4.17
[INFO] [stderr]    Compiling once_cell v1.17.1
[INFO] [stderr]    Compiling scopeguard v1.1.0
[INFO] [stderr]    Compiling pin-project-lite v0.2.9
[INFO] [stderr]    Compiling parking_lot_core v0.9.7
[INFO] [stderr]    Compiling fnv v1.0.7
[INFO] [stderr]    Compiling itoa v1.0.6
[INFO] [stderr]    Compiling futures-core v0.3.28
[INFO] [stderr]    Compiling bytes v1.4.0
[INFO] [stderr]    Compiling smallvec v1.10.0
[INFO] [stderr]    Compiling futures-task v0.3.28
[INFO] [stderr]    Compiling futures-sink v0.3.28
[INFO] [stderr]    Compiling futures-channel v0.3.28
[INFO] [stderr]    Compiling memchr v2.5.0
[INFO] [stderr]    Compiling pkg-config v0.3.27
[INFO] [stderr]    Compiling futures-util v0.3.28
[INFO] [stderr]    Compiling hashbrown v0.12.3
[INFO] [stderr]    Compiling version_check v0.9.4
[INFO] [stderr]    Compiling pin-utils v0.1.0
[INFO] [stderr]    Compiling typenum v1.16.0
[INFO] [stderr]    Compiling lock_api v0.4.9
[INFO] [stderr]    Compiling tokio v1.28.1
[INFO] [stderr]    Compiling slab v0.4.8
[INFO] [stderr]    Compiling num-traits v0.2.15
[INFO] [stderr]    Compiling indexmap v1.9.3
[INFO] [stderr]    Compiling futures-io v0.3.28
[INFO] [stderr]    Compiling memoffset v0.8.0
[INFO] [stderr]    Compiling spin v0.5.2
[INFO] [stderr]    Compiling generic-array v0.14.7
[INFO] [stderr]    Compiling crossbeam-utils v0.8.15
[INFO] [stderr]    Compiling untrusted v0.7.1
[INFO] [stderr]    Compiling http v0.2.9
[INFO] [stderr]    Compiling openssl-probe v0.1.5
[INFO] [stderr]    Compiling httparse v1.8.0
[INFO] [stderr]    Compiling tinyvec_macros v0.1.1
[INFO] [stderr]    Compiling bitflags v1.3.2
[INFO] [stderr]    Compiling ryu v1.0.13
[INFO] [stderr]    Compiling tinyvec v1.6.0
[INFO] [stderr]    Compiling crossbeam-epoch v0.9.14
[INFO] [stderr]    Compiling num_cpus v1.15.0
[INFO] [stderr]    Compiling socket2 v0.4.9
[INFO] [stderr]    Compiling signal-hook-registry v1.4.1
[INFO] [stderr]    Compiling syn v2.0.16
[INFO] [stderr]    Compiling parking_lot v0.12.1
[INFO] [stderr]    Compiling ring v0.16.20
[INFO] [stderr]    Compiling openssl-sys v0.9.87
[INFO] [stderr]    Compiling tracing-core v0.1.31
[INFO] [stderr]    Compiling serde_json v1.0.96
[INFO] [stderr]    Compiling openssl v0.10.52
[INFO] [stderr]    Compiling percent-encoding v2.2.0
[INFO] [stderr]    Compiling foreign-types-shared v0.1.1
[INFO] [stderr]    Compiling form_urlencoded v1.1.0
[INFO] [stderr]    Compiling foreign-types v0.3.2
[INFO] [stderr]    Compiling tracing v0.1.37
[INFO] [stderr]    Compiling getrandom v0.2.9
[INFO] [stderr]    Compiling unicode-bidi v0.3.13
[INFO] [stderr]    Compiling native-tls v0.2.11
[INFO] [stderr]    Compiling base64 v0.21.1
[INFO] [stderr]    Compiling unicode-normalization v0.1.22
[INFO] [stderr]    Compiling rustls v0.21.1
[INFO] [stderr]    Compiling strsim v0.10.0
[INFO] [stderr]    Compiling thiserror v1.0.40
[INFO] [stderr]    Compiling ident_case v1.0.1
[INFO] [stderr]    Compiling rand_core v0.6.4
[INFO] [stderr]    Compiling num-integer v0.1.45
[INFO] [stderr]    Compiling either v1.8.1
[INFO] [stderr]    Compiling ppv-lite86 v0.2.17
[INFO] [stderr]    Compiling idna v0.3.0
[INFO] [stderr]    Compiling try-lock v0.2.4
[INFO] [stderr]    Compiling rayon-core v1.11.0
[INFO] [stderr]    Compiling syn v1.0.109
[INFO] [stderr]    Compiling rustls-pemfile v1.0.2
[INFO] [stderr]    Compiling crossbeam-channel v0.5.8
[INFO] [stderr]    Compiling http-body v0.4.5
[INFO] [stderr]    Compiling crossbeam-deque v0.8.3
[INFO] [stderr]    Compiling tower-service v0.3.2
[INFO] [stderr]    Compiling destructure_traitobject v0.2.0
[INFO] [stderr]    Compiling anyhow v1.0.71
[INFO] [stderr]    Compiling rand_chacha v0.3.1
[INFO] [stderr]    Compiling httpdate v1.0.2
[INFO] [stderr]    Compiling crypto-common v0.1.6
[INFO] [stderr]    Compiling block-buffer v0.10.4
[INFO] [stderr]    Compiling linked-hash-map v0.5.6
[INFO] [stderr]    Compiling ciborium-io v0.2.1
[INFO] [stderr]    Compiling half v1.8.2
[INFO] [stderr]    Compiling os_str_bytes v6.5.0
[INFO] [stderr]    Compiling plotters-backend v0.3.4
[INFO] [stderr]    Compiling digest v0.10.7
[INFO] [stderr]    Compiling cpufeatures v0.2.7
[INFO] [stderr]    Compiling unsafe-any-ors v1.0.0
[INFO] [stderr]    Compiling yaml-rust v0.4.5
[INFO] [stderr]    Compiling rand v0.8.5
[INFO] [stderr]    Compiling rustls-native-certs v0.6.2
[INFO] [stderr]    Compiling url v2.3.1
[INFO] [stderr]    Compiling ciborium-ll v0.2.1
[INFO] [stderr]    Compiling plotters-svg v0.3.3
[INFO] [stderr]    Compiling sha1 v0.10.5
[INFO] [stderr]    Compiling clap_lex v0.2.4
[INFO] [stderr]    Compiling itertools v0.10.5
[INFO] [stderr]    Compiling ordered-float v2.10.0
[INFO] [stderr]    Compiling time v0.1.45
[INFO] [stderr]    Compiling textwrap v0.16.0
[INFO] [stderr]    Compiling byteorder v1.4.3
[INFO] [stderr]    Compiling iana-time-zone v0.1.56
[INFO] [stderr]    Compiling async-trait v0.1.68
[INFO] [stderr]    Compiling data-encoding v2.4.0
[INFO] [stderr]    Compiling regex-syntax v0.7.1
[INFO] [stderr]    Compiling utf-8 v0.7.6
[INFO] [stderr]    Compiling cast v0.3.0
[INFO] [stderr]    Compiling chrono v0.4.24
[INFO] [stderr]    Compiling clap v3.2.25
[INFO] [stderr]    Compiling rayon v1.7.0
[INFO] [stderr]    Compiling walkdir v2.3.3
[INFO] [stderr]    Compiling plotters v0.3.4
[INFO] [stderr]    Compiling typemap-ors v1.0.0
[INFO] [stderr]    Compiling atty v0.2.14
[INFO] [stderr]    Compiling thread-id v4.1.0
[INFO] [stderr]    Compiling encoding_rs v0.8.32
[INFO] [stderr]    Compiling oorandom v11.1.3
[INFO] [stderr]    Compiling log-mdc v0.1.0
[INFO] [stderr]    Compiling mime v0.3.17
[INFO] [stderr]    Compiling arc-swap v1.6.0
[INFO] [stderr]    Compiling humantime v2.1.0
[INFO] [stderr]    Compiling lazy_static v1.4.0
[INFO] [stderr]    Compiling ipnet v2.7.2
[INFO] [stderr]    Compiling anes v0.1.6
[INFO] [stderr]    Compiling ordered-float v3.7.0
[INFO] [stderr]    Compiling intrusive-collections v0.9.5
[INFO] [stderr]    Compiling criterion-plot v0.5.0
[INFO] [stderr]    Compiling regex v1.8.1
[INFO] [stderr]    Compiling darling_core v0.20.1
[INFO] [stderr]    Compiling derivative v2.2.0
[INFO] [stderr]    Compiling rustls-webpki v0.100.1
[INFO] [stderr]    Compiling sct v0.7.0
[INFO] [stderr]    Compiling webpki v0.22.0
[INFO] [stderr]    Compiling serde_derive v1.0.163
[INFO] [stderr]    Compiling tokio-macros v2.1.0
[INFO] [stderr]    Compiling futures-macro v0.3.28
[INFO] [stderr]    Compiling openssl-macros v0.1.1
[INFO] [stderr]    Compiling thiserror-impl v1.0.40
[INFO] [stderr]    Compiling darling_macro v0.20.1
[INFO] [stderr]    Compiling darling v0.20.1
[INFO] [stderr]    Compiling serde_with_macros v3.0.0
[INFO] [stderr]    Compiling futures-executor v0.3.28
[INFO] [stderr]    Compiling futures v0.3.28
[INFO] [stderr]    Compiling serde-value v0.7.0
[INFO] [stderr]    Compiling serde_urlencoded v0.7.1
[INFO] [stderr]    Compiling serde_yaml v0.8.26
[INFO] [stderr]    Compiling ciborium v0.2.1
[INFO] [stderr]    Compiling serde_with v3.0.0
[INFO] [stderr]    Compiling mio v0.8.6
[INFO] [stderr]    Compiling want v0.3.0
[INFO] [stderr]    Compiling tinytemplate v1.2.1
[INFO] [stderr]    Compiling log4rs v1.2.0
[INFO] [stderr]    Compiling tungstenite v0.19.0
[INFO] [stderr]    Compiling tokio-util v0.7.8
[INFO] [stderr]    Compiling tokio-native-tls v0.3.1
[INFO] [stderr]    Compiling tokio-rustls v0.24.0
[INFO] [stderr]    Compiling criterion v0.4.0
[INFO] [stderr]    Compiling tokio-tungstenite v0.19.0
[INFO] [stderr]    Compiling h2 v0.3.19
[INFO] [stderr]    Compiling hyper v0.14.26
[INFO] [stderr]    Compiling hyper-tls v0.5.0
[INFO] [stderr]    Compiling reqwest v0.11.18
[INFO] [stderr]    Compiling magglob v0.1.0 (/opt/rustwide/workdir)
[INFO] [stdout] error: expected one of `!` or `::`, found `exchange`
[INFO] [stdout]   --> src/exchanges/exchange_utils.rs:13:8
[INFO] [stdout]    |
[INFO] [stdout] 13 | remove exchange utils and make this specific to each exchange that needs it, add a note that we could make one impl of this if we had con...
[INFO] [stdout]    |        ^^^^^^^^ expected one of `!` or `::`
[INFO] [stdout] 
[INFO] [stdout] 
[INFO] [stdout] error[E0425]: cannot find function `convert_array_items_to_f64` in module `exchange_utils`
[INFO] [stdout]    --> src/exchanges/binance/stream.rs:166:32
[INFO] [stdout]     |
[INFO] [stdout] 166 |     #[serde(deserialize_with = "exchange_utils::convert_array_items_to_f64")]
[INFO] [stdout]     |                                ^^^^^^^^^^^^^^^^^^^^^^^^^^^^^^^^^^^^^^^^^^^^ not found in `exchange_utils`
[INFO] [stdout]     |
[INFO] [stdout] help: consider importing this function
[INFO] [stdout]     |
[INFO] [stdout] 1   + use crate::exchanges::kraken::convert_array_items_to_f64;
[INFO] [stdout]     |
[INFO] [stdout] 
[INFO] [stdout] 
[INFO] [stdout] error[E0425]: cannot find function `convert_array_items_to_f64` in module `exchange_utils`
[INFO] [stdout]    --> src/exchanges/binance/stream.rs:168:32
[INFO] [stdout]     |
[INFO] [stdout] 168 |     #[serde(deserialize_with = "exchange_utils::convert_array_items_to_f64")]
[INFO] [stdout]     |                                ^^^^^^^^^^^^^^^^^^^^^^^^^^^^^^^^^^^^^^^^^^^^ not found in `exchange_utils`
[INFO] [stdout]     |
[INFO] [stdout] help: consider importing this function
[INFO] [stdout]     |
[INFO] [stdout] 1   + use crate::exchanges::kraken::convert_array_items_to_f64;
[INFO] [stdout]     |
[INFO] [stdout] 
[INFO] [stdout] 
[INFO] [stdout] error[E0425]: cannot find function `convert_array_items_to_f64` in module `exchange_utils`
[INFO] [stdout]    --> src/exchanges/binance/stream.rs:182:32
[INFO] [stdout]     |
[INFO] [stdout] 182 |     #[serde(deserialize_with = "exchange_utils::convert_array_items_to_f64")]
[INFO] [stdout]     |                                ^^^^^^^^^^^^^^^^^^^^^^^^^^^^^^^^^^^^^^^^^^^^ not found in `exchange_utils`
[INFO] [stdout]     |
[INFO] [stdout] help: consider importing this function
[INFO] [stdout]     |
[INFO] [stdout] 1   + use crate::exchanges::kraken::convert_array_items_to_f64;
[INFO] [stdout]     |
[INFO] [stdout] 
[INFO] [stdout] 
[INFO] [stdout] error[E0425]: cannot find function `convert_array_items_to_f64` in module `exchange_utils`
[INFO] [stdout]    --> src/exchanges/binance/stream.rs:184:32
[INFO] [stdout]     |
[INFO] [stdout] 184 |     #[serde(deserialize_with = "exchange_utils::convert_array_items_to_f64")]
[INFO] [stdout]     |                                ^^^^^^^^^^^^^^^^^^^^^^^^^^^^^^^^^^^^^^^^^^^^ not found in `exchange_utils`
[INFO] [stdout]     |
[INFO] [stdout] help: consider importing this function
[INFO] [stdout]     |
[INFO] [stdout] 1   + use crate::exchanges::kraken::convert_array_items_to_f64;
[INFO] [stdout]     |
[INFO] [stdout] 
[INFO] [stdout] 
[INFO] [stdout] error[E0603]: enum import `BinanceError` is private
[INFO] [stdout]   --> src/error.rs:2:26
[INFO] [stdout]    |
[INFO] [stdout] 2  |     exchanges::{binance::BinanceError, kraken::KrakenError},
[INFO] [stdout]    |                          ^^^^^^^^^^^^ private enum import
[INFO] [stdout]    |
[INFO] [stdout] note: the enum import `BinanceError` is defined here...
[INFO] [stdout]   --> src/exchanges/binance/mod.rs:33:5
[INFO] [stdout]    |
[INFO] [stdout] 33 | use self::error::BinanceError;
[INFO] [stdout]    |     ^^^^^^^^^^^^^^^^^^^^^^^^^
[INFO] [stdout] note: ...and refers to the enum `BinanceError` which is defined here
[INFO] [stdout]   --> src/exchanges/binance/error.rs:6:1
[INFO] [stdout]    |
[INFO] [stdout] 6  | pub enum BinanceError {
[INFO] [stdout]    | ^^^^^^^^^^^^^^^^^^^^^ consider importing it directly
[INFO] [stdout] 
[INFO] [stdout] 
[INFO] [stdout] warning: unused import: `core::fmt`
[INFO] [stdout]  --> src/exchanges/binance/mod.rs:1:5
[INFO] [stdout]   |
[INFO] [stdout] 1 | use core::fmt;
[INFO] [stdout]   |     ^^^^^^^^^
[INFO] [stdout]   |
[INFO] [stdout]   = note: `#[warn(unused_imports)]` on by default
[INFO] [stdout] 
[INFO] [stdout] 
[INFO] [stdout] warning: unused imports: `AtomicU64`, `Ordering`
[INFO] [stdout]  --> src/exchanges/binance/mod.rs:2:25
[INFO] [stdout]   |
[INFO] [stdout] 2 | use std::sync::atomic::{AtomicU64, Ordering};
[INFO] [stdout]   |                         ^^^^^^^^^  ^^^^^^^^
[INFO] [stdout] 
[INFO] [stdout] 
[INFO] [stdout] warning: unused import: `std::sync::Arc`
[INFO] [stdout]  --> src/exchanges/binance/mod.rs:3:5
[INFO] [stdout]   |
[INFO] [stdout] 3 | use std::sync::Arc;
[INFO] [stdout]   |     ^^^^^^^^^^^^^^
[INFO] [stdout] 
[INFO] [stdout] 
[INFO] [stdout] warning: unused import: `core::fmt`
[INFO] [stdout]  --> src/exchanges/binance/stream.rs:9:5
[INFO] [stdout]   |
[INFO] [stdout] 9 | use core::fmt;
[INFO] [stdout]   |     ^^^^^^^^^
[INFO] [stdout] 
[INFO] [stdout] 
[INFO] [stdout] warning: unused imports: `AtomicU64`, `Ordering`
[INFO] [stdout]   --> src/exchanges/binance/stream.rs:10:25
[INFO] [stdout]    |
[INFO] [stdout] 10 | use std::sync::atomic::{AtomicU64, Ordering};
[INFO] [stdout]    |                         ^^^^^^^^^  ^^^^^^^^
[INFO] [stdout] 
[INFO] [stdout] 
[INFO] [stdout] warning: unused import: `std::sync::Arc`
[INFO] [stdout]   --> src/exchanges/binance/stream.rs:11:5
[INFO] [stdout]    |
[INFO] [stdout] 11 | use std::sync::Arc;
[INFO] [stdout]    |     ^^^^^^^^^^^^^^
[INFO] [stdout] 
[INFO] [stdout] 
[INFO] [stdout] warning: unused import: `crate::exchanges::Exchange`
[INFO] [stdout]   --> src/exchanges/binance/stream.rs:13:5
[INFO] [stdout]    |
[INFO] [stdout] 13 | use crate::exchanges::Exchange;
[INFO] [stdout]    |     ^^^^^^^^^^^^^^^^^^^^^^^^^^
[INFO] [stdout] 
[INFO] [stdout] 
[INFO] [stdout] warning: unused imports: `PriceLevelUpdate`, `self`
[INFO] [stdout]   --> src/exchanges/binance/stream.rs:14:25
[INFO] [stdout]    |
[INFO] [stdout] 14 | use crate::order_book::{self, PriceLevelUpdate};
[INFO] [stdout]    |                         ^^^^  ^^^^^^^^^^^^^^^^
[INFO] [stdout] 
[INFO] [stdout] 
[INFO] [stdout] warning: unused imports: `OrderBook`, `PriceLevel`
[INFO] [stdout]   --> src/exchanges/binance/stream.rs:15:25
[INFO] [stdout]    |
[INFO] [stdout] 15 | use crate::order_book::{OrderBook, PriceLevel};
[INFO] [stdout]    |                         ^^^^^^^^^  ^^^^^^^^^^
[INFO] [stdout] 
[INFO] [stdout] 
[INFO] [stdout] warning: unused import: `async_trait::async_trait`
[INFO] [stdout]   --> src/exchanges/binance/stream.rs:17:5
[INFO] [stdout]    |
[INFO] [stdout] 17 | use async_trait::async_trait;
[INFO] [stdout]    |     ^^^^^^^^^^^^^^^^^^^^^^^^
[INFO] [stdout] 
[INFO] [stdout] 
[INFO] [stdout] warning: unused imports: `Deserializer`, `SeqAccess`, `Visitor`, `self`
[INFO] [stdout]   --> src/exchanges/binance/stream.rs:20:10
[INFO] [stdout]    |
[INFO] [stdout] 20 |     de::{self, SeqAccess, Visitor},
[INFO] [stdout]    |          ^^^^  ^^^^^^^^^  ^^^^^^^
[INFO] [stdout] 21 |     Deserializer,
[INFO] [stdout]    |     ^^^^^^^^^^^^
[INFO] [stdout] 
[INFO] [stdout] 
[INFO] [stdout] warning: unused imports: `Sender`, `error::SendError`, `net::TcpStream`
[INFO] [stdout]   --> src/exchanges/binance/stream.rs:25:5
[INFO] [stdout]    |
[INFO] [stdout] 25 |     net::TcpStream,
[INFO] [stdout]    |     ^^^^^^^^^^^^^^
[INFO] [stdout] 26 |     sync::mpsc::{error::SendError, Sender},
[INFO] [stdout]    |                  ^^^^^^^^^^^^^^^^  ^^^^^^
[INFO] [stdout] 
[INFO] [stdout] 
[INFO] [stdout] warning: unused imports: `MaybeTlsStream`, `WebSocketStream`
[INFO] [stdout]   --> src/exchanges/binance/stream.rs:29:25
[INFO] [stdout]    |
[INFO] [stdout] 29 | use tokio_tungstenite::{MaybeTlsStream, WebSocketStream};
[INFO] [stdout]    |                         ^^^^^^^^^^^^^^  ^^^^^^^^^^^^^^^
[INFO] [stdout] 
[INFO] [stdout] 
[INFO] [stdout] warning: unused import: `tungstenite::protocol::frame::Frame`
[INFO] [stdout]   --> src/exchanges/binance/stream.rs:30:5
[INFO] [stdout]    |
[INFO] [stdout] 30 | use tungstenite::protocol::frame::Frame;
[INFO] [stdout]    |     ^^^^^^^^^^^^^^^^^^^^^^^^^^^^^^^^^^^
[INFO] [stdout] 
[INFO] [stdout] 
[INFO] [stdout] warning: unused import: `protocol::WebSocketConfig`
[INFO] [stdout]   --> src/exchanges/binance/stream.rs:31:19
[INFO] [stdout]    |
[INFO] [stdout] 31 | use tungstenite::{protocol::WebSocketConfig, Message};
[INFO] [stdout]    |                   ^^^^^^^^^^^^^^^^^^^^^^^^^
[INFO] [stdout] 
[INFO] [stdout] 
[INFO] [stdout] warning: unused import: `self`
[INFO] [stdout]  --> src/exchanges/binance/mod.rs:9:25
[INFO] [stdout]   |
[INFO] [stdout] 9 | use crate::order_book::{self, PriceLevelUpdate};
[INFO] [stdout]   |                         ^^^^
[INFO] [stdout] 
[INFO] [stdout] 
[INFO] [stdout] warning: unused import: `OrderBook`
[INFO] [stdout]   --> src/exchanges/binance/mod.rs:12:18
[INFO] [stdout]    |
[INFO] [stdout] 12 |     order_book::{OrderBook, PriceLevel},
[INFO] [stdout]    |                  ^^^^^^^^^
[INFO] [stdout] 
[INFO] [stdout] 
[INFO] [stdout] warning: unused import: `StreamExt`
[INFO] [stdout]   --> src/exchanges/binance/mod.rs:16:24
[INFO] [stdout]    |
[INFO] [stdout] 16 | use futures::{SinkExt, StreamExt};
[INFO] [stdout]    |                        ^^^^^^^^^
[INFO] [stdout] 
[INFO] [stdout] 
[INFO] [stdout] warning: unused imports: `Deserializer`, `SeqAccess`, `Visitor`, `self`
[INFO] [stdout]   --> src/exchanges/binance/mod.rs:18:10
[INFO] [stdout]    |
[INFO] [stdout] 18 |     de::{self, SeqAccess, Visitor},
[INFO] [stdout]    |          ^^^^  ^^^^^^^^^  ^^^^^^^
[INFO] [stdout] 19 |     Deserializer,
[INFO] [stdout]    |     ^^^^^^^^^^^^
[INFO] [stdout] 
[INFO] [stdout] 
[INFO] [stdout] warning: unused import: `serde_derive::Deserialize`
[INFO] [stdout]   --> src/exchanges/binance/mod.rs:21:5
[INFO] [stdout]    |
[INFO] [stdout] 21 | use serde_derive::Deserialize;
[INFO] [stdout]    |     ^^^^^^^^^^^^^^^^^^^^^^^^^
[INFO] [stdout] 
[INFO] [stdout] 
[INFO] [stdout] warning: unused imports: `Receiver`, `error::SendError`, `net::TcpStream`
[INFO] [stdout]   --> src/exchanges/binance/mod.rs:24:5
[INFO] [stdout]    |
[INFO] [stdout] 24 |     net::TcpStream,
[INFO] [stdout]    |     ^^^^^^^^^^^^^^
[INFO] [stdout] 25 |     sync::mpsc::{error::SendError, Receiver, Sender},
[INFO] [stdout]    |                  ^^^^^^^^^^^^^^^^  ^^^^^^^^
[INFO] [stdout] 
[INFO] [stdout] 
[INFO] [stdout] warning: unused imports: `MaybeTlsStream`, `WebSocketStream`
[INFO] [stdout]   --> src/exchanges/binance/mod.rs:29:25
[INFO] [stdout]    |
[INFO] [stdout] 29 | use tokio_tungstenite::{MaybeTlsStream, WebSocketStream};
[INFO] [stdout]    |                         ^^^^^^^^^^^^^^  ^^^^^^^^^^^^^^^
[INFO] [stdout] 
[INFO] [stdout] 
[INFO] [stdout] warning: unused import: `tungstenite::protocol::frame::Frame`
[INFO] [stdout]   --> src/exchanges/binance/mod.rs:30:5
[INFO] [stdout]    |
[INFO] [stdout] 30 | use tungstenite::protocol::frame::Frame;
[INFO] [stdout]    |     ^^^^^^^^^^^^^^^^^^^^^^^^^^^^^^^^^^^
[INFO] [stdout] 
[INFO] [stdout] 
[INFO] [stdout] warning: unused imports: `Message`, `protocol::WebSocketConfig`
[INFO] [stdout]   --> src/exchanges/binance/mod.rs:31:19
[INFO] [stdout]    |
[INFO] [stdout] 31 | use tungstenite::{protocol::WebSocketConfig, Message};
[INFO] [stdout]    |                   ^^^^^^^^^^^^^^^^^^^^^^^^^  ^^^^^^^
[INFO] [stdout] 
[INFO] [stdout] 
[INFO] [stdout] warning: unused imports: `AtomicU64`, `Ordering`
[INFO] [stdout]  --> src/exchanges/kraken/mod.rs:2:25
[INFO] [stdout]   |
[INFO] [stdout] 2 | use std::sync::atomic::{AtomicU64, Ordering};
[INFO] [stdout]   |                         ^^^^^^^^^  ^^^^^^^^
[INFO] [stdout] 
[INFO] [stdout] 
[INFO] [stdout] warning: unused import: `std::sync::Arc`
[INFO] [stdout]  --> src/exchanges/kraken/mod.rs:3:5
[INFO] [stdout]   |
[INFO] [stdout] 3 | use std::sync::Arc;
[INFO] [stdout]   |     ^^^^^^^^^^^^^^
[INFO] [stdout] 
[INFO] [stdout] 
[INFO] [stdout] warning: unused import: `crate::exchanges::Exchange`
[INFO] [stdout]  --> src/exchanges/kraken/mod.rs:6:5
[INFO] [stdout]   |
[INFO] [stdout] 6 | use crate::exchanges::Exchange;
[INFO] [stdout]   |     ^^^^^^^^^^^^^^^^^^^^^^^^^^
[INFO] [stdout] 
[INFO] [stdout] 
[INFO] [stdout] warning: unused import: `self`
[INFO] [stdout]  --> src/exchanges/kraken/mod.rs:7:25
[INFO] [stdout]   |
[INFO] [stdout] 7 | use crate::order_book::{self, PriceLevelUpdate};
[INFO] [stdout]   |                         ^^^^
[INFO] [stdout] 
[INFO] [stdout] 
[INFO] [stdout] warning: unused imports: `OrderBook`, `PriceLevel`
[INFO] [stdout]   --> src/exchanges/kraken/mod.rs:10:18
[INFO] [stdout]    |
[INFO] [stdout] 10 |     order_book::{OrderBook, PriceLevel},
[INFO] [stdout]    |                  ^^^^^^^^^  ^^^^^^^^^^
[INFO] [stdout] 
[INFO] [stdout] 
[INFO] [stdout] warning: unused import: `net::TcpStream`
[INFO] [stdout]   --> src/exchanges/kraken/mod.rs:23:5
[INFO] [stdout]    |
[INFO] [stdout] 23 |     net::TcpStream,
[INFO] [stdout]    |     ^^^^^^^^^^^^^^
[INFO] [stdout] 
[INFO] [stdout] 
[INFO] [stdout] warning: unused imports: `MaybeTlsStream`, `WebSocketStream`
[INFO] [stdout]   --> src/exchanges/kraken/mod.rs:28:25
[INFO] [stdout]    |
[INFO] [stdout] 28 | use tokio_tungstenite::{MaybeTlsStream, WebSocketStream};
[INFO] [stdout]    |                         ^^^^^^^^^^^^^^  ^^^^^^^^^^^^^^^
[INFO] [stdout] 
[INFO] [stdout] 
[INFO] [stdout] warning: unused import: `tungstenite::protocol::frame::Frame`
[INFO] [stdout]   --> src/exchanges/kraken/mod.rs:29:5
[INFO] [stdout]    |
[INFO] [stdout] 29 | use tungstenite::protocol::frame::Frame;
[INFO] [stdout]    |     ^^^^^^^^^^^^^^^^^^^^^^^^^^^^^^^^^^^
[INFO] [stdout] 
[INFO] [stdout] 
[INFO] [stdout] warning: unused import: `protocol::WebSocketConfig`
[INFO] [stdout]   --> src/exchanges/kraken/mod.rs:30:19
[INFO] [stdout]    |
[INFO] [stdout] 30 | use tungstenite::{protocol::WebSocketConfig, Message};
[INFO] [stdout]    |                   ^^^^^^^^^^^^^^^^^^^^^^^^^
[INFO] [stdout] 
[INFO] [stdout] 
[INFO] [stdout] warning: unused import: `Receiver`
[INFO] [stdout]  --> src/exchanges/mod.rs:9:25
[INFO] [stdout]   |
[INFO] [stdout] 9 | use tokio::sync::mpsc::{Receiver, Sender};
[INFO] [stdout]   |                         ^^^^^^^^
[INFO] [stdout] 
[INFO] [stdout] 
[INFO] [stdout] warning: unused import: `order_book::PriceLevel`
[INFO] [stdout]   --> src/exchanges/mod.rs:13:36
[INFO] [stdout]    |
[INFO] [stdout] 13 | use crate::{error::OrderBookError, order_book::PriceLevel};
[INFO] [stdout]    |                                    ^^^^^^^^^^^^^^^^^^^^^^
[INFO] [stdout] 
[INFO] [stdout] 
[INFO] [stdout] warning: unused imports: `RwLock`, `collections::BTreeMap`, `rc::Weak`
[INFO] [stdout]  --> src/order_book/mod.rs:2:5
[INFO] [stdout]   |
[INFO] [stdout] 2 |     collections::BTreeMap,
[INFO] [stdout]   |     ^^^^^^^^^^^^^^^^^^^^^
[INFO] [stdout] 3 |     rc::Weak,
[INFO] [stdout]   |     ^^^^^^^^
[INFO] [stdout] 4 |     sync::{Arc, RwLock},
[INFO] [stdout]   |                 ^^^^^^
[INFO] [stdout] 
[INFO] [stdout] 
[INFO] [stdout] warning: unused imports: `Float`, `OrderedFloat`
[INFO] [stdout]  --> src/order_book/mod.rs:7:21
[INFO] [stdout]   |
[INFO] [stdout] 7 | use ordered_float::{Float, OrderedFloat};
[INFO] [stdout]   |                     ^^^^^  ^^^^^^^^^^^^
[INFO] [stdout] 
[INFO] [stdout] 
[INFO] [stdout] error[E0277]: `?` couldn't convert the error to `OrderBookError`
[INFO] [stdout]    --> src/exchanges/binance/stream.rs:124:57
[INFO] [stdout]     |
[INFO] [stdout] 124 | ...                   .map_err(BinanceError::from)?;
[INFO] [stdout]     |                                                   ^ the trait `From<BinanceError>` is not implemented for `OrderBookError`
[INFO] [stdout]     |
[INFO] [stdout]     = note: the question mark operation (`?`) implicitly performs a conversion on the error value using the `From` trait
[INFO] [stdout]     = help: the following other types implement trait `From<T>`:
[INFO] [stdout]               <OrderBookError as From<reqwest::Error>>
[INFO] [stdout]               <OrderBookError as From<serde_json::Error>>
[INFO] [stdout]               <OrderBookError as From<KrakenError>>
[INFO] [stdout]               <OrderBookError as From<tungstenite::Error>>
[INFO] [stdout]               <OrderBookError as From<FromUtf8Error>>
[INFO] [stdout]               <OrderBookError as From<tokio::sync::mpsc::error::SendError<PriceLevelUpdate>>>
[INFO] [stdout]               <OrderBookError as From<{type error}>>
[INFO] [stdout]     = note: required for `Result<(), OrderBookError>` to implement `FromResidual<Result<Infallible, BinanceError>>`
[INFO] [stdout] 
[INFO] [stdout] 
[INFO] [stdout] error[E0277]: `?` couldn't convert the error to `OrderBookError`
[INFO] [stdout]   --> src/exchanges/binance/stream.rs:84:49
[INFO] [stdout]    |
[INFO] [stdout] 84 |                     .map_err(BinanceError::from)?;
[INFO] [stdout]    |                                                 ^ the trait `From<BinanceError>` is not implemented for `OrderBookError`
[INFO] [stdout]    |
[INFO] [stdout]    = note: the question mark operation (`?`) implicitly performs a conversion on the error value using the `From` trait
[INFO] [stdout]    = help: the following other types implement trait `From<T>`:
[INFO] [stdout]              <OrderBookError as From<reqwest::Error>>
[INFO] [stdout]              <OrderBookError as From<serde_json::Error>>
[INFO] [stdout]              <OrderBookError as From<KrakenError>>
[INFO] [stdout]              <OrderBookError as From<tungstenite::Error>>
[INFO] [stdout]              <OrderBookError as From<FromUtf8Error>>
[INFO] [stdout]              <OrderBookError as From<tokio::sync::mpsc::error::SendError<PriceLevelUpdate>>>
[INFO] [stdout]              <OrderBookError as From<{type error}>>
[INFO] [stdout]    = note: required for `Result<(), OrderBookError>` to implement `FromResidual<Result<Infallible, BinanceError>>`
[INFO] [stdout] 
[INFO] [stdout] 
[INFO] [stdout] warning: unused variable: `order_book_update_tx`
[INFO] [stdout]    --> src/exchanges/kraken/mod.rs:221:14
[INFO] [stdout]     |
[INFO] [stdout] 221 |         let (order_book_update_tx, order_book_update_rx) =
[INFO] [stdout]     |              ^^^^^^^^^^^^^^^^^^^^ help: if this is intentional, prefix it with an underscore: `_order_book_update_tx`
[INFO] [stdout]     |
[INFO] [stdout]     = note: `#[warn(unused_variables)]` on by default
[INFO] [stdout] 
[INFO] [stdout] 
[INFO] [stdout] error: aborting due to 8 previous errors; 38 warnings emitted
[INFO] [stdout] 
[INFO] [stdout] 
[INFO] [stdout] Some errors have detailed explanations: E0277, E0425, E0603.
[INFO] [stdout] 
[INFO] [stdout] For more information about an error, try `rustc --explain E0277`.
[INFO] [stdout] 
[INFO] [stderr] error: could not compile `magglob` (lib) due to 9 previous errors; 38 warnings emitted
[INFO] [stderr] warning: build failed, waiting for other jobs to finish...
[INFO] running `Command { std: "docker" "inspect" "f70dd70fdeccc228cdd3a3bb22b3ed51d94872668e50151e9c7e0d0e72d6dd1f", kill_on_drop: false }`
[INFO] running `Command { std: "docker" "rm" "-f" "f70dd70fdeccc228cdd3a3bb22b3ed51d94872668e50151e9c7e0d0e72d6dd1f", kill_on_drop: false }`
[INFO] [stdout] f70dd70fdeccc228cdd3a3bb22b3ed51d94872668e50151e9c7e0d0e72d6dd1f
