[INFO] cloning repository https://github.com/0xKarl98/my_redis
[INFO] running `Command { std: "git" "-c" "credential.helper=" "-c" "credential.helper=/workspace/cargo-home/bin/git-credential-null" "clone" "--bare" "https://github.com/0xKarl98/my_redis" "/workspace/cache/git-repos/https%3A%2F%2Fgithub.com%2F0xKarl98%2Fmy_redis", kill_on_drop: false }`
[INFO] [stderr] Cloning into bare repository '/workspace/cache/git-repos/https%3A%2F%2Fgithub.com%2F0xKarl98%2Fmy_redis'...
[INFO] running `Command { std: "git" "rev-parse" "HEAD", kill_on_drop: false }`
[INFO] [stdout] 625d2587fb1f13077dba1b88c5ee1ec6440b64d2
[INFO] testing 0xKarl98/my_redis against 1.75.0 for beta-1.76-1
[INFO] running `Command { std: "git" "clone" "/workspace/cache/git-repos/https%3A%2F%2Fgithub.com%2F0xKarl98%2Fmy_redis" "/workspace/builds/worker-5-tc1/source", kill_on_drop: false }`
[INFO] [stderr] Cloning into '/workspace/builds/worker-5-tc1/source'...
[INFO] [stderr] done.
[INFO] validating manifest of git repo https://github.com/0xKarl98/my_redis on toolchain 1.75.0
[INFO] running `Command { std: CARGO_HOME="/workspace/cargo-home" RUSTUP_HOME="/workspace/rustup-home" "/workspace/cargo-home/bin/cargo" "+1.75.0" "metadata" "--manifest-path" "Cargo.toml" "--no-deps", kill_on_drop: false }`
[INFO] started tweaking git repo https://github.com/0xKarl98/my_redis
[INFO] finished tweaking git repo https://github.com/0xKarl98/my_redis
[INFO] tweaked toml for git repo https://github.com/0xKarl98/my_redis written to /workspace/builds/worker-5-tc1/source/Cargo.toml
[INFO] crate git repo https://github.com/0xKarl98/my_redis already has a lockfile, it will not be regenerated
[INFO] running `Command { std: CARGO_HOME="/workspace/cargo-home" RUSTUP_HOME="/workspace/rustup-home" "/workspace/cargo-home/bin/cargo" "+1.75.0" "fetch" "--manifest-path" "Cargo.toml", kill_on_drop: false }`
[INFO] running `Command { std: "docker" "create" "-v" "/var/lib/crater-agent-workspace/builds/worker-5-tc1/target:/opt/rustwide/target:rw,Z" "-v" "/var/lib/crater-agent-workspace/builds/worker-5-tc1/source:/opt/rustwide/workdir:ro,Z" "-v" "/var/lib/crater-agent-workspace/cargo-home:/opt/rustwide/cargo-home:ro,Z" "-v" "/var/lib/crater-agent-workspace/rustup-home:/opt/rustwide/rustup-home:ro,Z" "-e" "SOURCE_DIR=/opt/rustwide/workdir" "-e" "CARGO_TARGET_DIR=/opt/rustwide/target" "-e" "CARGO_HOME=/opt/rustwide/cargo-home" "-e" "RUSTUP_HOME=/opt/rustwide/rustup-home" "-w" "/opt/rustwide/workdir" "-m" "1610612736" "--user" "0:0" "--network" "none" "ghcr.io/rust-lang/crates-build-env/linux@sha256:2788e3201cd34a07e3172128adcd8b3090168a8e3bcc40d7c032b9dda1df7d1c" "/opt/rustwide/cargo-home/bin/cargo" "+1.75.0" "metadata" "--no-deps" "--format-version=1", kill_on_drop: false }`
[INFO] [stdout] 47ba956576415eada914974d4e31f9914b5b897c59e6072980ba776ad35040f8
[INFO] running `Command { std: "docker" "start" "-a" "47ba956576415eada914974d4e31f9914b5b897c59e6072980ba776ad35040f8", kill_on_drop: false }`
[INFO] running `Command { std: "docker" "inspect" "47ba956576415eada914974d4e31f9914b5b897c59e6072980ba776ad35040f8", kill_on_drop: false }`
[INFO] running `Command { std: "docker" "rm" "-f" "47ba956576415eada914974d4e31f9914b5b897c59e6072980ba776ad35040f8", kill_on_drop: false }`
[INFO] [stdout] 47ba956576415eada914974d4e31f9914b5b897c59e6072980ba776ad35040f8
[INFO] running `Command { std: "docker" "create" "-v" "/var/lib/crater-agent-workspace/builds/worker-5-tc1/target:/opt/rustwide/target:rw,Z" "-v" "/var/lib/crater-agent-workspace/builds/worker-5-tc1/source:/opt/rustwide/workdir:ro,Z" "-v" "/var/lib/crater-agent-workspace/cargo-home:/opt/rustwide/cargo-home:ro,Z" "-v" "/var/lib/crater-agent-workspace/rustup-home:/opt/rustwide/rustup-home:ro,Z" "-e" "SOURCE_DIR=/opt/rustwide/workdir" "-e" "CARGO_TARGET_DIR=/opt/rustwide/target" "-e" "CARGO_INCREMENTAL=0" "-e" "RUST_BACKTRACE=full" "-e" "RUSTFLAGS=--cap-lints=warn" "-e" "RUSTDOCFLAGS=--cap-lints=warn" "-e" "CARGO_HOME=/opt/rustwide/cargo-home" "-e" "RUSTUP_HOME=/opt/rustwide/rustup-home" "-w" "/opt/rustwide/workdir" "-m" "1610612736" "--user" "0:0" "--network" "none" "ghcr.io/rust-lang/crates-build-env/linux@sha256:2788e3201cd34a07e3172128adcd8b3090168a8e3bcc40d7c032b9dda1df7d1c" "/opt/rustwide/cargo-home/bin/cargo" "+1.75.0" "build" "--frozen" "--message-format=json", kill_on_drop: false }`
[INFO] [stdout] a5063dc335e6fba3f41fda1d8ebb91799c536ee73dcc1fdbc278142990beb089
[INFO] running `Command { std: "docker" "start" "-a" "a5063dc335e6fba3f41fda1d8ebb91799c536ee73dcc1fdbc278142990beb089", kill_on_drop: false }`
[INFO] [stderr]    Compiling libc v0.2.139
[INFO] [stderr]    Compiling proc-macro2 v1.0.49
[INFO] [stderr]    Compiling quote v1.0.23
[INFO] [stderr]    Compiling unicode-ident v1.0.6
[INFO] [stderr]    Compiling version_check v0.9.4
[INFO] [stderr]    Compiling autocfg v1.1.0
[INFO] [stderr]    Compiling syn v1.0.107
[INFO] [stderr]    Compiling io-lifetimes v1.0.3
[INFO] [stderr]    Compiling cfg-if v1.0.0
[INFO] [stderr]    Compiling rustix v0.36.6
[INFO] [stderr]    Compiling parking_lot_core v0.9.5
[INFO] [stderr]    Compiling log v0.4.17
[INFO] [stderr]    Compiling proc-macro-error-attr v1.0.4
[INFO] [stderr]    Compiling lock_api v0.4.9
[INFO] [stderr]    Compiling proc-macro-error v1.0.4
[INFO] [stderr]    Compiling linux-raw-sys v0.1.4
[INFO] [stderr]    Compiling smallvec v1.10.0
[INFO] [stderr]    Compiling scopeguard v1.1.0
[INFO] [stderr]    Compiling memchr v2.5.0
[INFO] [stderr]    Compiling bitflags v1.3.2
[INFO] [stderr]    Compiling tokio v1.23.0
[INFO] [stderr]    Compiling heck v0.4.0
[INFO] [stderr]    Compiling os_str_bytes v6.4.1
[INFO] [stderr]    Compiling bytes v1.3.0
[INFO] [stderr]    Compiling clap_lex v0.3.0
[INFO] [stderr]    Compiling once_cell v1.16.0
[INFO] [stderr]    Compiling pin-project-lite v0.2.9
[INFO] [stderr]    Compiling strsim v0.10.0
[INFO] [stderr]    Compiling termcolor v1.1.3
[INFO] [stderr]    Compiling num_cpus v1.15.0
[INFO] [stderr]    Compiling parking_lot v0.12.1
[INFO] [stderr]    Compiling signal-hook-registry v1.4.0
[INFO] [stderr]    Compiling mio v0.8.5
[INFO] [stderr]    Compiling socket2 v0.4.7
[INFO] [stderr]    Compiling is-terminal v0.4.2
[INFO] [stderr]    Compiling tokio-macros v1.8.2
[INFO] [stderr]    Compiling clap_derive v4.0.21
[INFO] [stderr]    Compiling clap v4.0.32
[INFO] [stderr]    Compiling my_redis v0.1.0 (/opt/rustwide/workdir)
[INFO] [stdout] error: expected identifier, found keyword `return`
[INFO] [stdout]   --> src/bin/client.rs:55:17
[INFO] [stdout]    |
[INFO] [stdout] 55 |                 return Ok(());
[INFO] [stdout]    |                 ^^^^^^ expected identifier, found keyword
[INFO] [stdout] 
[INFO] [stdout] 
[INFO] [stdout] error[E0601]: `main` function not found in crate `server`
[INFO] [stdout]   |
[INFO] [stdout]   = note: consider adding a `main` function to `src/bin/server.rs`
[INFO] [stdout] 
[INFO] [stdout] 
[INFO] [stdout] error: aborting due to previous error
[INFO] [stdout] 
[INFO] [stdout] 
[INFO] [stdout] For more information about this error, try `rustc --explain E0601`.
[INFO] [stdout] 
[INFO] [stdout] error: expected one of `=>`, `@`, `if`, or `|`, found `Ok`
[INFO] [stdout]   --> src/bin/client.rs:55:24
[INFO] [stdout]    |
[INFO] [stdout] 55 |                 return Ok(());
[INFO] [stdout]    |                        ^^ expected one of `=>`, `@`, `if`, or `|`
[INFO] [stdout] 
[INFO] [stdout] 
[INFO] [stdout] error: expected one of `=>`, `if`, or `|`, found `}`
[INFO] [stdout]   --> src/bin/client.rs:60:5
[INFO] [stdout]    |
[INFO] [stdout] 59 |         Ok(()) 
[INFO] [stdout]    |               - expected one of `=>`, `if`, or `|`
[INFO] [stdout] 60 |     }
[INFO] [stdout]    |     ^ unexpected token
[INFO] [stdout] 
[INFO] [stdout] 
[INFO] [stderr] error: could not compile `my_redis` (bin "server") due to 2 previous errors
[INFO] [stderr] warning: build failed, waiting for other jobs to finish...
[INFO] [stdout] error: argument never used
[INFO] [stdout]   --> src/bin/client.rs:45:50
[INFO] [stdout]    |
[INFO] [stdout] 45 |                         println!("key updated" , uKey);
[INFO] [stdout]    |                                  -------------   ^^^^ argument never used
[INFO] [stdout]    |                                  |
[INFO] [stdout]    |                                  formatting specifier missing
[INFO] [stdout] 
[INFO] [stdout] 
[INFO] [stdout] error: argument never used
[INFO] [stdout]   --> src/bin/client.rs:47:46
[INFO] [stdout]    |
[INFO] [stdout] 47 |                         println!("key set" , uKey);
[INFO] [stdout]    |                                  ---------   ^^^^ argument never used
[INFO] [stdout]    |                                  |
[INFO] [stdout]    |                                  formatting specifier missing
[INFO] [stdout] 
[INFO] [stdout] 
[INFO] [stdout] error: expected one of: `::`, `<`, `_`, literal, `const`, `ref`, `mut`, `&`, parentheses, square brackets, `..`, `const`
[INFO] [stdout]   --> src/bin/client.rs:55:17
[INFO] [stdout]    |
[INFO] [stdout] 55 |                 return Ok(());
[INFO] [stdout]    |                 ^^^^^^
[INFO] [stdout] 
[INFO] [stdout] 
[INFO] [stdout] error[E0425]: cannot find value `stream` in this scope
[INFO] [stdout]   --> src/bin/client.rs:30:13
[INFO] [stdout]    |
[INFO] [stdout] 30 |             stream.write_all(b"set").await?;
[INFO] [stdout]    |             ^^^^^^ not found in this scope
[INFO] [stdout] 
[INFO] [stdout] 
[INFO] [stdout] error[E0425]: cannot find value `stream` in this scope
[INFO] [stdout]   --> src/bin/client.rs:32:13
[INFO] [stdout]    |
[INFO] [stdout] 32 |             stream.write_all(b"").await?;
[INFO] [stdout]    |             ^^^^^^ not found in this scope
[INFO] [stdout] 
[INFO] [stdout] 
[INFO] [stdout] error[E0425]: cannot find value `stream` in this scope
[INFO] [stdout]   --> src/bin/client.rs:35:13
[INFO] [stdout]    |
[INFO] [stdout] 35 |             stream.write_all(&key.as_bytes()).await?;
[INFO] [stdout]    |             ^^^^^^ not found in this scope
[INFO] [stdout] 
[INFO] [stdout] 
[INFO] [stdout] error[E0425]: cannot find value `stream` in this scope
[INFO] [stdout]   --> src/bin/client.rs:36:13
[INFO] [stdout]    |
[INFO] [stdout] 36 |             stream.write_all(b"").await?;
[INFO] [stdout]    |             ^^^^^^ not found in this scope
[INFO] [stdout] 
[INFO] [stdout] 
[INFO] [stdout] error[E0425]: cannot find value `stream` in this scope
[INFO] [stdout]   --> src/bin/client.rs:38:13
[INFO] [stdout]    |
[INFO] [stdout] 38 |             stream.write_all(&value.as_bytes()).await?;
[INFO] [stdout]    |             ^^^^^^ not found in this scope
[INFO] [stdout] 
[INFO] [stdout] 
[INFO] [stdout] error[E0425]: cannot find value `stream` in this scope
[INFO] [stdout]   --> src/bin/client.rs:41:26
[INFO] [stdout]    |
[INFO] [stdout] 41 |             let length = stream.read_buf(&mut buf).await?;
[INFO] [stdout]    |                          ^^^^^^ not found in this scope
[INFO] [stdout] 
[INFO] [stdout] 
[INFO] [stdout] warning: unused import: `BufMut`
[INFO] [stdout]  --> src/bin/client.rs:3:23
[INFO] [stdout]   |
[INFO] [stdout] 3 | use bytes::{BytesMut, BufMut};
[INFO] [stdout]   |                       ^^^^^^
[INFO] [stdout]   |
[INFO] [stdout]   = note: `#[warn(unused_imports)]` on by default
[INFO] [stdout] 
[INFO] [stdout] 
[INFO] [stdout] error[E0308]: mismatched types
[INFO] [stdout]   --> src/bin/client.rs:44:47
[INFO] [stdout]    |
[INFO] [stdout] 44 |                       if uKey == "key updated " {
[INFO] [stdout]    |  _______________________________________________^
[INFO] [stdout] 45 | |                         println!("key updated" , uKey);
[INFO] [stdout] 46 | |                     } else if uKey == "key set" {
[INFO] [stdout]    | |_____________________^ expected `Result<(), Error>`, found `()`
[INFO] [stdout]    |
[INFO] [stdout]    = note:   expected enum `Result<(), std::io::Error>`
[INFO] [stdout]            found unit type `()`
[INFO] [stdout] 
[INFO] [stdout] 
[INFO] [stdout] error[E0308]: mismatched types
[INFO] [stdout]   --> src/bin/client.rs:46:49
[INFO] [stdout]    |
[INFO] [stdout] 46 |                       } else if uKey == "key set" {
[INFO] [stdout]    |  _________________________________________________^
[INFO] [stdout] 47 | |                         println!("key set" , uKey);
[INFO] [stdout] 48 | |                     }
[INFO] [stdout]    | |_____________________^ expected `Result<(), Error>`, found `()`
[INFO] [stdout]    |
[INFO] [stdout]    = note:   expected enum `Result<(), std::io::Error>`
[INFO] [stdout]            found unit type `()`
[INFO] [stdout] 
[INFO] [stdout] 
[INFO] [stdout] error[E0308]: mismatched types
[INFO] [stdout]   --> src/bin/client.rs:50:29
[INFO] [stdout]    |
[INFO] [stdout] 50 |                   Err(err) => {
[INFO] [stdout]    |  _____________________________^
[INFO] [stdout] 51 | |                     // failed to convert bytes into string slice
[INFO] [stdout] 52 | |                     println!("error: {}", err);
[INFO] [stdout] 53 | |                 }
[INFO] [stdout]    | |_________________^ expected `Result<(), Error>`, found `()`
[INFO] [stdout]    |
[INFO] [stdout]    = note:   expected enum `Result<(), std::io::Error>`
[INFO] [stdout]            found unit type `()`
[INFO] [stdout] 
[INFO] [stdout] 
[INFO] [stdout] error[E0752]: `main` function is not allowed to be `async`
[INFO] [stdout]   --> src/bin/client.rs:22:1
[INFO] [stdout]    |
[INFO] [stdout] 22 | pub async fn main() -> Result<(), std::io::Error> {
[INFO] [stdout]    | ^^^^^^^^^^^^^^^^^^^^^^^^^^^^^^^^^^^^^^^^^^^^^^^^^ `main` function is not allowed to be `async`
[INFO] [stdout] 
[INFO] [stdout] 
[INFO] [stdout] error[E0277]: the trait bound `Command: Clone` is not satisfied
[INFO] [stdout]    --> src/bin/client.rs:17:15
[INFO] [stdout]     |
[INFO] [stdout] 17  |     command : Command , 
[INFO] [stdout]     |               ^^^^^^^ the trait `Clone` is not implemented for `Command`
[INFO] [stdout]     |
[INFO] [stdout] note: required by a bound in `ArgMatches::remove_one`
[INFO] [stdout]    --> /opt/rustwide/cargo-home/registry/src/index.crates.io-6f17d22bba15001f/clap-4.0.32/src/parser/matches/arg_matches.rs:391:32
[INFO] [stdout]     |
[INFO] [stdout] 391 |     pub fn remove_one<T: Any + Clone + Send + Sync + 'static>(&mut self, id: &str) -> Option<T> {
[INFO] [stdout]     |                                ^^^^^ required by this bound in `ArgMatches::remove_one`
[INFO] [stdout] help: consider annotating `Command` with `#[derive(Clone)]`
[INFO] [stdout]     |
[INFO] [stdout] 9   + #[derive(Clone)]
[INFO] [stdout] 10  | enum Command {
[INFO] [stdout]     |
[INFO] [stdout] 
[INFO] [stdout] 
[INFO] [stdout] error[E0599]: the method `value_parser` exists for reference `&&&&&&_AutoValueParser<Command>`, but its trait bounds were not satisfied
[INFO] [stdout]     --> src/bin/client.rs:17:5
[INFO] [stdout]      |
[INFO] [stdout] 9    | enum Command {
[INFO] [stdout]      | ------------
[INFO] [stdout]      | |
[INFO] [stdout]      | doesn't satisfy `Command: Clone`
[INFO] [stdout]      | doesn't satisfy `Command: From<&'s std::ffi::OsStr>`
[INFO] [stdout]      | doesn't satisfy `Command: From<&'s str>`
[INFO] [stdout]      | doesn't satisfy `Command: From<OsString>`
[INFO] [stdout]      | doesn't satisfy `Command: From<std::string::String>`
[INFO] [stdout]      | doesn't satisfy `Command: FromStr`
[INFO] [stdout]      | doesn't satisfy `Command: ValueEnum`
[INFO] [stdout]      | doesn't satisfy `Command: ValueParserFactory`
[INFO] [stdout] ...
[INFO] [stdout] 17   |     command : Command , 
[INFO] [stdout]      |     ^^^^^^^ method cannot be called on `&&&&&&_AutoValueParser<Command>` due to unsatisfied trait bounds
[INFO] [stdout]      |
[INFO] [stdout]     ::: /opt/rustwide/cargo-home/registry/src/index.crates.io-6f17d22bba15001f/clap-4.0.32/src/builder/value_parser.rs:2187:1
[INFO] [stdout]      |
[INFO] [stdout] 2187 | pub struct _AutoValueParser<T>(std::marker::PhantomData<T>);
[INFO] [stdout]      | ------------------------------ doesn't satisfy `_: _ValueParserViaParse`
[INFO] [stdout]      |
[INFO] [stdout]      = note: the following trait bounds were not satisfied:
[INFO] [stdout]              `Command: ValueEnum`
[INFO] [stdout]              which is required by `&&&&&_AutoValueParser<Command>: clap::builder::via_prelude::_ValueParserViaValueEnum`
[INFO] [stdout]              `Command: Clone`
[INFO] [stdout]              which is required by `&&&&&_AutoValueParser<Command>: clap::builder::via_prelude::_ValueParserViaValueEnum`
[INFO] [stdout]              `Command: ValueParserFactory`
[INFO] [stdout]              which is required by `&&&&&&_AutoValueParser<Command>: clap::builder::via_prelude::_ValueParserViaFactory`
[INFO] [stdout]              `Command: From<OsString>`
[INFO] [stdout]              which is required by `&&&&_AutoValueParser<Command>: clap::builder::via_prelude::_ValueParserViaFromOsString`
[INFO] [stdout]              `Command: Clone`
[INFO] [stdout]              which is required by `&&&&_AutoValueParser<Command>: clap::builder::via_prelude::_ValueParserViaFromOsString`
[INFO] [stdout]              `Command: From<&'s std::ffi::OsStr>`
[INFO] [stdout]              which is required by `&&&_AutoValueParser<Command>: clap::builder::via_prelude::_ValueParserViaFromOsStr`
[INFO] [stdout]              `Command: Clone`
[INFO] [stdout]              which is required by `&&&_AutoValueParser<Command>: clap::builder::via_prelude::_ValueParserViaFromOsStr`
[INFO] [stdout]              `Command: From<std::string::String>`
[INFO] [stdout]              which is required by `&&_AutoValueParser<Command>: clap::builder::via_prelude::_ValueParserViaFromString`
[INFO] [stdout]              `Command: Clone`
[INFO] [stdout]              which is required by `&&_AutoValueParser<Command>: clap::builder::via_prelude::_ValueParserViaFromString`
[INFO] [stdout]              `Command: From<&'s str>`
[INFO] [stdout]              which is required by `&_AutoValueParser<Command>: clap::builder::via_prelude::_ValueParserViaFromStr`
[INFO] [stdout]              `Command: Clone`
[INFO] [stdout]              which is required by `&_AutoValueParser<Command>: clap::builder::via_prelude::_ValueParserViaFromStr`
[INFO] [stdout]              `Command: FromStr`
[INFO] [stdout]              which is required by `_AutoValueParser<Command>: clap::builder::via_prelude::_ValueParserViaParse`
[INFO] [stdout]              `Command: Clone`
[INFO] [stdout]              which is required by `_AutoValueParser<Command>: clap::builder::via_prelude::_ValueParserViaParse`
[INFO] [stdout] note: the traits `ValueEnum`, `ValueParserFactory`, `From`,  and `FromStr` must be implemented
[INFO] [stdout]     --> /opt/rustwide/cargo-home/registry/src/index.crates.io-6f17d22bba15001f/clap-4.0.32/src/builder/value_parser.rs:2090:1
[INFO] [stdout]      |
[INFO] [stdout] 2090 | pub trait ValueParserFactory {
[INFO] [stdout]      | ^^^^^^^^^^^^^^^^^^^^^^^^^^^^
[INFO] [stdout]      |
[INFO] [stdout]     ::: /opt/rustwide/cargo-home/registry/src/index.crates.io-6f17d22bba15001f/clap-4.0.32/src/derive.rs:374:1
[INFO] [stdout]      |
[INFO] [stdout] 374  | pub trait ValueEnum: Sized + Clone {
[INFO] [stdout]      | ^^^^^^^^^^^^^^^^^^^^^^^^^^^^^^^^^^
[INFO] [stdout]     --> /rustc/82e1608dfa6e0b5569232559e3d385fea5a93112/library/core/src/convert/mod.rs:579:1
[INFO] [stdout]     --> /rustc/82e1608dfa6e0b5569232559e3d385fea5a93112/library/core/src/str/traits.rs:603:1
[INFO] [stdout]      = note: this error originates in the macro `clap::value_parser` (in Nightly builds, run with -Z macro-backtrace for more info)
[INFO] [stdout] help: consider annotating `Command` with `#[derive(Clone)]`
[INFO] [stdout]      |
[INFO] [stdout] 9    + #[derive(Clone)]
[INFO] [stdout] 10   | enum Command {
[INFO] [stdout]      |
[INFO] [stdout] 
[INFO] [stdout] 
[INFO] [stdout] error[E0599]: the method `value_parser` exists for reference `&&&&&&_AutoValueParser<Command>`, but its trait bounds were not satisfied
[INFO] [stdout]     --> src/bin/client.rs:17:5
[INFO] [stdout]      |
[INFO] [stdout] 9    | enum Command {
[INFO] [stdout]      | ------------
[INFO] [stdout]      | |
[INFO] [stdout]      | doesn't satisfy `Command: Clone`
[INFO] [stdout]      | doesn't satisfy `Command: From<&'s std::ffi::OsStr>`
[INFO] [stdout]      | doesn't satisfy `Command: From<&'s str>`
[INFO] [stdout]      | doesn't satisfy `Command: From<OsString>`
[INFO] [stdout]      | doesn't satisfy `Command: From<std::string::String>`
[INFO] [stdout]      | doesn't satisfy `Command: FromStr`
[INFO] [stdout]      | doesn't satisfy `Command: ValueEnum`
[INFO] [stdout]      | doesn't satisfy `Command: ValueParserFactory`
[INFO] [stdout] ...
[INFO] [stdout] 17   |     command : Command , 
[INFO] [stdout]      |     ^^^^^^^ method cannot be called on `&&&&&&_AutoValueParser<Command>` due to unsatisfied trait bounds
[INFO] [stdout]      |
[INFO] [stdout]     ::: /opt/rustwide/cargo-home/registry/src/index.crates.io-6f17d22bba15001f/clap-4.0.32/src/builder/value_parser.rs:2187:1
[INFO] [stdout]      |
[INFO] [stdout] 2187 | pub struct _AutoValueParser<T>(std::marker::PhantomData<T>);
[INFO] [stdout]      | ------------------------------ doesn't satisfy `_: _ValueParserViaParse`
[INFO] [stdout]      |
[INFO] [stdout]      = note: the following trait bounds were not satisfied:
[INFO] [stdout]              `Command: ValueEnum`
[INFO] [stdout]              which is required by `&&&&&_AutoValueParser<Command>: clap::builder::via_prelude::_ValueParserViaValueEnum`
[INFO] [stdout]              `Command: Clone`
[INFO] [stdout]              which is required by `&&&&&_AutoValueParser<Command>: clap::builder::via_prelude::_ValueParserViaValueEnum`
[INFO] [stdout]              `Command: ValueParserFactory`
[INFO] [stdout]              which is required by `&&&&&&_AutoValueParser<Command>: clap::builder::via_prelude::_ValueParserViaFactory`
[INFO] [stdout]              `Command: From<OsString>`
[INFO] [stdout]              which is required by `&&&&_AutoValueParser<Command>: clap::builder::via_prelude::_ValueParserViaFromOsString`
[INFO] [stdout]              `Command: Clone`
[INFO] [stdout]              which is required by `&&&&_AutoValueParser<Command>: clap::builder::via_prelude::_ValueParserViaFromOsString`
[INFO] [stdout]              `Command: From<&'s std::ffi::OsStr>`
[INFO] [stdout]              which is required by `&&&_AutoValueParser<Command>: clap::builder::via_prelude::_ValueParserViaFromOsStr`
[INFO] [stdout]              `Command: Clone`
[INFO] [stdout]              which is required by `&&&_AutoValueParser<Command>: clap::builder::via_prelude::_ValueParserViaFromOsStr`
[INFO] [stdout]              `Command: From<std::string::String>`
[INFO] [stdout]              which is required by `&&_AutoValueParser<Command>: clap::builder::via_prelude::_ValueParserViaFromString`
[INFO] [stdout]              `Command: Clone`
[INFO] [stdout]              which is required by `&&_AutoValueParser<Command>: clap::builder::via_prelude::_ValueParserViaFromString`
[INFO] [stdout]              `Command: From<&'s str>`
[INFO] [stdout]              which is required by `&_AutoValueParser<Command>: clap::builder::via_prelude::_ValueParserViaFromStr`
[INFO] [stdout]              `Command: Clone`
[INFO] [stdout]              which is required by `&_AutoValueParser<Command>: clap::builder::via_prelude::_ValueParserViaFromStr`
[INFO] [stdout]              `Command: FromStr`
[INFO] [stdout]              which is required by `_AutoValueParser<Command>: clap::builder::via_prelude::_ValueParserViaParse`
[INFO] [stdout]              `Command: Clone`
[INFO] [stdout]              which is required by `_AutoValueParser<Command>: clap::builder::via_prelude::_ValueParserViaParse`
[INFO] [stdout] note: the traits `ValueEnum`, `ValueParserFactory`, `From`,  and `FromStr` must be implemented
[INFO] [stdout]     --> /opt/rustwide/cargo-home/registry/src/index.crates.io-6f17d22bba15001f/clap-4.0.32/src/builder/value_parser.rs:2090:1
[INFO] [stdout]      |
[INFO] [stdout] 2090 | pub trait ValueParserFactory {
[INFO] [stdout]      | ^^^^^^^^^^^^^^^^^^^^^^^^^^^^
[INFO] [stdout]      |
[INFO] [stdout]     ::: /opt/rustwide/cargo-home/registry/src/index.crates.io-6f17d22bba15001f/clap-4.0.32/src/derive.rs:374:1
[INFO] [stdout]      |
[INFO] [stdout] 374  | pub trait ValueEnum: Sized + Clone {
[INFO] [stdout]      | ^^^^^^^^^^^^^^^^^^^^^^^^^^^^^^^^^^
[INFO] [stdout]     --> /rustc/82e1608dfa6e0b5569232559e3d385fea5a93112/library/core/src/convert/mod.rs:579:1
[INFO] [stdout]     --> /rustc/82e1608dfa6e0b5569232559e3d385fea5a93112/library/core/src/str/traits.rs:603:1
[INFO] [stdout]      = note: this error originates in the macro `clap::value_parser` (in Nightly builds, run with -Z macro-backtrace for more info)
[INFO] [stdout] help: consider annotating `Command` with `#[derive(Clone)]`
[INFO] [stdout]      |
[INFO] [stdout] 9    + #[derive(Clone)]
[INFO] [stdout] 10   | enum Command {
[INFO] [stdout]      |
[INFO] [stdout] 
[INFO] [stdout] 
[INFO] [stdout] warning: unused import: `AsyncReadExt`
[INFO] [stdout]  --> src/bin/client.rs:5:17
[INFO] [stdout]   |
[INFO] [stdout] 5 | use tokio::io::{AsyncReadExt, AsyncWriteExt};
[INFO] [stdout]   |                 ^^^^^^^^^^^^
[INFO] [stdout] 
[INFO] [stdout] 
[INFO] [stdout] warning: unused import: `AsyncWriteExt`
[INFO] [stdout]  --> src/bin/client.rs:5:31
[INFO] [stdout]   |
[INFO] [stdout] 5 | use tokio::io::{AsyncReadExt, AsyncWriteExt};
[INFO] [stdout]   |                               ^^^^^^^^^^^^^
[INFO] [stdout] 
[INFO] [stdout] 
[INFO] [stdout] error: aborting due to 19 previous errors; 3 warnings emitted
[INFO] [stdout] 
[INFO] [stdout] 
[INFO] [stdout] Some errors have detailed explanations: E0277, E0308, E0425, E0599, E0752.
[INFO] [stdout] 
[INFO] [stdout] For more information about an error, try `rustc --explain E0277`.
[INFO] [stdout] 
[INFO] [stderr] error: could not compile `my_redis` (bin "client") due to 20 previous errors; 3 warnings emitted
[INFO] running `Command { std: "docker" "inspect" "a5063dc335e6fba3f41fda1d8ebb91799c536ee73dcc1fdbc278142990beb089", kill_on_drop: false }`
[INFO] running `Command { std: "docker" "rm" "-f" "a5063dc335e6fba3f41fda1d8ebb91799c536ee73dcc1fdbc278142990beb089", kill_on_drop: false }`
[INFO] [stdout] a5063dc335e6fba3f41fda1d8ebb91799c536ee73dcc1fdbc278142990beb089
