[INFO] cloning repository https://github.com/0xFable/payable-example
[INFO] running `Command { std: "git" "-c" "credential.helper=" "-c" "credential.helper=/workspace/cargo-home/bin/git-credential-null" "clone" "--bare" "https://github.com/0xFable/payable-example" "/workspace/cache/git-repos/https%3A%2F%2Fgithub.com%2F0xFable%2Fpayable-example", kill_on_drop: false }`
[INFO] [stderr] Cloning into bare repository '/workspace/cache/git-repos/https%3A%2F%2Fgithub.com%2F0xFable%2Fpayable-example'...
[INFO] running `Command { std: "git" "rev-parse" "HEAD", kill_on_drop: false }`
[INFO] [stdout] 5afcb34bb753a0efb858a1233a57d28581616686
[INFO] testing 0xFable/payable-example against 1.75.0 for beta-1.76-1
[INFO] running `Command { std: "git" "clone" "/workspace/cache/git-repos/https%3A%2F%2Fgithub.com%2F0xFable%2Fpayable-example" "/workspace/builds/worker-3-tc1/source", kill_on_drop: false }`
[INFO] [stderr] Cloning into '/workspace/builds/worker-3-tc1/source'...
[INFO] [stderr] done.
[INFO] validating manifest of git repo https://github.com/0xFable/payable-example on toolchain 1.75.0
[INFO] running `Command { std: CARGO_HOME="/workspace/cargo-home" RUSTUP_HOME="/workspace/rustup-home" "/workspace/cargo-home/bin/cargo" "+1.75.0" "metadata" "--manifest-path" "Cargo.toml" "--no-deps", kill_on_drop: false }`
[INFO] removed /workspace/builds/worker-3-tc1/source/.cargo/config
[INFO] started tweaking git repo https://github.com/0xFable/payable-example
[INFO] finished tweaking git repo https://github.com/0xFable/payable-example
[INFO] tweaked toml for git repo https://github.com/0xFable/payable-example written to /workspace/builds/worker-3-tc1/source/Cargo.toml
[INFO] crate git repo https://github.com/0xFable/payable-example already has a lockfile, it will not be regenerated
[INFO] running `Command { std: CARGO_HOME="/workspace/cargo-home" RUSTUP_HOME="/workspace/rustup-home" "/workspace/cargo-home/bin/cargo" "+1.75.0" "fetch" "--manifest-path" "Cargo.toml", kill_on_drop: false }`
[INFO] [stderr]  Downloading crates ...
[INFO] [stderr]   Downloaded ed25519-zebra v3.0.0
[INFO] [stderr]   Downloaded cosmwasm-derive v1.0.0
[INFO] [stderr]   Downloaded serde-json-wasm v0.4.1
[INFO] [stderr]   Downloaded cosmwasm-schema v1.0.0
[INFO] [stderr]   Downloaded base64ct v1.5.0
[INFO] [stderr]   Downloaded cw-utils v0.13.4
[INFO] [stderr]   Downloaded cw2 v0.13.2
[INFO] [stderr]   Downloaded cosmwasm-crypto v1.0.0
[INFO] [stderr]   Downloaded uint v0.9.3
[INFO] [stderr]   Downloaded cw20 v0.13.4
[INFO] [stderr]   Downloaded dyn-clone v1.0.5
[INFO] [stderr]   Downloaded cosmwasm-storage v1.0.0
[INFO] [stderr]   Downloaded cw-multi-test v0.13.2
[INFO] [stderr]   Downloaded cosmwasm-std v1.0.0
[INFO] [stderr]   Downloaded schemars v0.8.9
[INFO] [stderr]   Downloaded zeroize v1.5.5
[INFO] [stderr]   Downloaded schemars_derive v0.8.9
[INFO] [stderr]   Downloaded cw-storage-plus v0.13.2
[INFO] running `Command { std: "docker" "create" "-v" "/var/lib/crater-agent-workspace/builds/worker-3-tc1/target:/opt/rustwide/target:rw,Z" "-v" "/var/lib/crater-agent-workspace/builds/worker-3-tc1/source:/opt/rustwide/workdir:ro,Z" "-v" "/var/lib/crater-agent-workspace/cargo-home:/opt/rustwide/cargo-home:ro,Z" "-v" "/var/lib/crater-agent-workspace/rustup-home:/opt/rustwide/rustup-home:ro,Z" "-e" "SOURCE_DIR=/opt/rustwide/workdir" "-e" "CARGO_TARGET_DIR=/opt/rustwide/target" "-e" "CARGO_HOME=/opt/rustwide/cargo-home" "-e" "RUSTUP_HOME=/opt/rustwide/rustup-home" "-w" "/opt/rustwide/workdir" "-m" "1610612736" "--user" "0:0" "--network" "none" "ghcr.io/rust-lang/crates-build-env/linux@sha256:2788e3201cd34a07e3172128adcd8b3090168a8e3bcc40d7c032b9dda1df7d1c" "/opt/rustwide/cargo-home/bin/cargo" "+1.75.0" "metadata" "--no-deps" "--format-version=1", kill_on_drop: false }`
[INFO] [stdout] e01282744062ebd29f4c18882718954cec648cb4a4400ca64b5aa95d7ecee28d
[INFO] running `Command { std: "docker" "start" "-a" "e01282744062ebd29f4c18882718954cec648cb4a4400ca64b5aa95d7ecee28d", kill_on_drop: false }`
[INFO] running `Command { std: "docker" "inspect" "e01282744062ebd29f4c18882718954cec648cb4a4400ca64b5aa95d7ecee28d", kill_on_drop: false }`
[INFO] running `Command { std: "docker" "rm" "-f" "e01282744062ebd29f4c18882718954cec648cb4a4400ca64b5aa95d7ecee28d", kill_on_drop: false }`
[INFO] [stdout] e01282744062ebd29f4c18882718954cec648cb4a4400ca64b5aa95d7ecee28d
[INFO] running `Command { std: "docker" "create" "-v" "/var/lib/crater-agent-workspace/builds/worker-3-tc1/target:/opt/rustwide/target:rw,Z" "-v" "/var/lib/crater-agent-workspace/builds/worker-3-tc1/source:/opt/rustwide/workdir:ro,Z" "-v" "/var/lib/crater-agent-workspace/cargo-home:/opt/rustwide/cargo-home:ro,Z" "-v" "/var/lib/crater-agent-workspace/rustup-home:/opt/rustwide/rustup-home:ro,Z" "-e" "SOURCE_DIR=/opt/rustwide/workdir" "-e" "CARGO_TARGET_DIR=/opt/rustwide/target" "-e" "CARGO_INCREMENTAL=0" "-e" "RUST_BACKTRACE=full" "-e" "RUSTFLAGS=--cap-lints=warn" "-e" "RUSTDOCFLAGS=--cap-lints=warn" "-e" "CARGO_HOME=/opt/rustwide/cargo-home" "-e" "RUSTUP_HOME=/opt/rustwide/rustup-home" "-w" "/opt/rustwide/workdir" "-m" "1610612736" "--user" "0:0" "--network" "none" "ghcr.io/rust-lang/crates-build-env/linux@sha256:2788e3201cd34a07e3172128adcd8b3090168a8e3bcc40d7c032b9dda1df7d1c" "/opt/rustwide/cargo-home/bin/cargo" "+1.75.0" "build" "--frozen" "--message-format=json", kill_on_drop: false }`
[INFO] [stdout] dcd490fc598fc0bf99970364f17cefd8e17dde63be4001228a43fa7fd88123ea
[INFO] running `Command { std: "docker" "start" "-a" "dcd490fc598fc0bf99970364f17cefd8e17dde63be4001228a43fa7fd88123ea", kill_on_drop: false }`
[INFO] [stderr]    Compiling version_check v0.9.4
[INFO] [stderr]    Compiling typenum v1.15.0
[INFO] [stderr]    Compiling libc v0.2.126
[INFO] [stderr]    Compiling proc-macro2 v1.0.39
[INFO] [stderr]    Compiling unicode-ident v1.0.0
[INFO] [stderr]    Compiling syn v1.0.95
[INFO] [stderr]    Compiling subtle v2.4.1
[INFO] [stderr]    Compiling zeroize v1.5.5
[INFO] [stderr]    Compiling const-oid v0.7.1
[INFO] [stderr]    Compiling serde_derive v1.0.137
[INFO] [stderr]    Compiling base64ct v1.5.0
[INFO] [stderr]    Compiling der v0.5.1
[INFO] [stderr]    Compiling serde v1.0.137
[INFO] [stderr]    Compiling generic-array v0.14.5
[INFO] [stderr]    Compiling getrandom v0.1.16
[INFO] [stderr]    Compiling cpufeatures v0.2.2
[INFO] [stderr]    Compiling base16ct v0.1.1
[INFO] [stderr]    Compiling byteorder v1.4.3
[INFO] [stderr]    Compiling opaque-debug v0.3.0
[INFO] [stderr]    Compiling hex v0.4.3
[INFO] [stderr]    Compiling quote v1.0.18
[INFO] [stderr]    Compiling serde_json v1.0.81
[INFO] [stderr]    Compiling crunchy v0.2.2
[INFO] [stderr]    Compiling spki v0.5.4
[INFO] [stderr]    Compiling getrandom v0.2.6
[INFO] [stderr]    Compiling pkcs8 v0.8.0
[INFO] [stderr]    Compiling schemars v0.8.9
[INFO] [stderr]    Compiling rand_core v0.6.3
[INFO] [stderr]    Compiling rand_core v0.5.1
[INFO] [stderr]    Compiling itoa v1.0.2
[INFO] [stderr]    Compiling ryu v1.0.10
[INFO] [stderr]    Compiling ff v0.11.1
[INFO] [stderr]    Compiling static_assertions v1.1.0
[INFO] [stderr]    Compiling group v0.11.0
[INFO] [stderr]    Compiling dyn-clone v1.0.5
[INFO] [stderr]    Compiling uint v0.9.3
[INFO] [stderr]    Compiling forward_ref v1.0.0
[INFO] [stderr]    Compiling base64 v0.13.0
[INFO] [stderr]    Compiling digest v0.9.0
[INFO] [stderr]    Compiling crypto-mac v0.11.1
[INFO] [stderr]    Compiling crypto-bigint v0.3.2
[INFO] [stderr]    Compiling block-buffer v0.9.0
[INFO] [stderr]    Compiling sec1 v0.2.1
[INFO] [stderr]    Compiling hmac v0.11.0
[INFO] [stderr]    Compiling signature v1.4.0
[INFO] [stderr]    Compiling sha2 v0.9.9
[INFO] [stderr]    Compiling curve25519-dalek v3.2.0
[INFO] [stderr]    Compiling rfc6979 v0.1.0
[INFO] [stderr]    Compiling elliptic-curve v0.11.12
[INFO] [stderr]    Compiling ecdsa v0.13.4
[INFO] [stderr]    Compiling k256 v0.10.4
[INFO] [stderr]    Compiling serde_derive_internals v0.26.0
[INFO] [stderr]    Compiling thiserror-impl v1.0.31
[INFO] [stderr]    Compiling schemars_derive v0.8.9
[INFO] [stderr]    Compiling cosmwasm-derive v1.0.0
[INFO] [stderr]    Compiling thiserror v1.0.31
[INFO] [stderr]    Compiling ed25519-zebra v3.0.0
[INFO] [stderr]    Compiling serde-json-wasm v0.4.1
[INFO] [stderr]    Compiling cosmwasm-crypto v1.0.0
[INFO] [stderr]    Compiling cosmwasm-std v1.0.0
[INFO] [stderr]    Compiling cw-storage-plus v0.13.2
[INFO] [stderr]    Compiling cw-utils v0.13.4
[INFO] [stderr]    Compiling cosmwasm-storage v1.0.0
[INFO] [stderr]    Compiling cw2 v0.13.2
[INFO] [stderr]    Compiling cw20 v0.13.4
[INFO] [stderr]    Compiling payable-example v0.1.0 (/opt/rustwide/workdir)
[INFO] [stdout] error: expected one of `!` or `::`, found `#`
[INFO] [stdout]  --> src/msg.rs:7:1
[INFO] [stdout]   |
[INFO] [stdout] 6 | gi
[INFO] [stdout]   |   - expected one of `!` or `::`
[INFO] [stdout] 7 | #[derive(Serialize, Deserialize, Clone, Debug, PartialEq, JsonSchema)]
[INFO] [stdout]   | ^ unexpected token
[INFO] [stdout] 
[INFO] [stdout] 
[INFO] [stdout] error[E0432]: unresolved imports `crate::msg::ExecuteMsg`, `crate::msg::GetCountResponse`, `crate::msg::InstantiateMsg`, `crate::msg::QueryMsg`, `crate::msg::Cw20HookMsg`
[INFO] [stdout]  --> src/contract.rs:8:18
[INFO] [stdout]   |
[INFO] [stdout] 8 | use crate::msg::{ExecuteMsg, GetCountResponse, InstantiateMsg, QueryMsg, Cw20HookMsg};
[INFO] [stdout]   |                  ^^^^^^^^^^  ^^^^^^^^^^^^^^^^  ^^^^^^^^^^^^^^  ^^^^^^^^  ^^^^^^^^^^^ no `Cw20HookMsg` in `msg`
[INFO] [stdout]   |                  |           |                 |               |
[INFO] [stdout]   |                  |           |                 |               no `QueryMsg` in `msg`
[INFO] [stdout]   |                  |           |                 no `InstantiateMsg` in `msg`
[INFO] [stdout]   |                  |           no `GetCountResponse` in `msg`
[INFO] [stdout]   |                  no `ExecuteMsg` in `msg`
[INFO] [stdout] 
[INFO] [stdout] 
[INFO] [stdout] error[E0432]: unresolved imports `crate::msg::ExecuteMsg`, `crate::msg::GetCountResponse`, `crate::msg::QueryMsg`
[INFO] [stdout]  --> src/helpers.rs:8:18
[INFO] [stdout]   |
[INFO] [stdout] 8 | use crate::msg::{ExecuteMsg, GetCountResponse, QueryMsg};
[INFO] [stdout]   |                  ^^^^^^^^^^  ^^^^^^^^^^^^^^^^  ^^^^^^^^ no `QueryMsg` in `msg`
[INFO] [stdout]   |                  |           |
[INFO] [stdout]   |                  |           no `GetCountResponse` in `msg`
[INFO] [stdout]   |                  no `ExecuteMsg` in `msg`
[INFO] [stdout] 
[INFO] [stdout] 
[INFO] [stdout] error: aborting due to 3 previous errors
[INFO] [stdout] 
[INFO] [stdout] 
[INFO] [stdout] For more information about this error, try `rustc --explain E0432`.
[INFO] [stdout] 
[INFO] [stderr] error: could not compile `payable-example` (lib) due to 4 previous errors
[INFO] running `Command { std: "docker" "inspect" "dcd490fc598fc0bf99970364f17cefd8e17dde63be4001228a43fa7fd88123ea", kill_on_drop: false }`
[INFO] running `Command { std: "docker" "rm" "-f" "dcd490fc598fc0bf99970364f17cefd8e17dde63be4001228a43fa7fd88123ea", kill_on_drop: false }`
[INFO] [stdout] dcd490fc598fc0bf99970364f17cefd8e17dde63be4001228a43fa7fd88123ea
[INFO] testing 0xFable/payable-example against beta-2023-12-22 for beta-1.76-1
[INFO] running `Command { std: "git" "clone" "/workspace/cache/git-repos/https%3A%2F%2Fgithub.com%2F0xFable%2Fpayable-example" "/workspace/builds/worker-3-tc2/source", kill_on_drop: false }`
[INFO] [stderr] Cloning into '/workspace/builds/worker-3-tc2/source'...
[INFO] [stderr] done.
[INFO] validating manifest of git repo https://github.com/0xFable/payable-example on toolchain beta-2023-12-22
[INFO] running `Command { std: CARGO_HOME="/workspace/cargo-home" RUSTUP_HOME="/workspace/rustup-home" "/workspace/cargo-home/bin/cargo" "+beta-2023-12-22" "metadata" "--manifest-path" "Cargo.toml" "--no-deps", kill_on_drop: false }`
[INFO] removed /workspace/builds/worker-3-tc2/source/.cargo/config
[INFO] started tweaking git repo https://github.com/0xFable/payable-example
[INFO] finished tweaking git repo https://github.com/0xFable/payable-example
[INFO] tweaked toml for git repo https://github.com/0xFable/payable-example written to /workspace/builds/worker-3-tc2/source/Cargo.toml
[INFO] crate git repo https://github.com/0xFable/payable-example already has a lockfile, it will not be regenerated
[INFO] running `Command { std: CARGO_HOME="/workspace/cargo-home" RUSTUP_HOME="/workspace/rustup-home" "/workspace/cargo-home/bin/cargo" "+beta-2023-12-22" "fetch" "--manifest-path" "Cargo.toml", kill_on_drop: false }`
[INFO] running `Command { std: "docker" "create" "-v" "/var/lib/crater-agent-workspace/builds/worker-3-tc2/target:/opt/rustwide/target:rw,Z" "-v" "/var/lib/crater-agent-workspace/builds/worker-3-tc2/source:/opt/rustwide/workdir:ro,Z" "-v" "/var/lib/crater-agent-workspace/cargo-home:/opt/rustwide/cargo-home:ro,Z" "-v" "/var/lib/crater-agent-workspace/rustup-home:/opt/rustwide/rustup-home:ro,Z" "-e" "SOURCE_DIR=/opt/rustwide/workdir" "-e" "CARGO_TARGET_DIR=/opt/rustwide/target" "-e" "CARGO_HOME=/opt/rustwide/cargo-home" "-e" "RUSTUP_HOME=/opt/rustwide/rustup-home" "-w" "/opt/rustwide/workdir" "-m" "1610612736" "--user" "0:0" "--network" "none" "ghcr.io/rust-lang/crates-build-env/linux@sha256:2788e3201cd34a07e3172128adcd8b3090168a8e3bcc40d7c032b9dda1df7d1c" "/opt/rustwide/cargo-home/bin/cargo" "+beta-2023-12-22" "metadata" "--no-deps" "--format-version=1", kill_on_drop: false }`
[INFO] [stdout] aaeef13d5ca735975f7fba55ad7c1d0f775f96488b0a7d9f90c770e8b5d70d51
[INFO] running `Command { std: "docker" "start" "-a" "aaeef13d5ca735975f7fba55ad7c1d0f775f96488b0a7d9f90c770e8b5d70d51", kill_on_drop: false }`
[INFO] running `Command { std: "docker" "inspect" "aaeef13d5ca735975f7fba55ad7c1d0f775f96488b0a7d9f90c770e8b5d70d51", kill_on_drop: false }`
[INFO] running `Command { std: "docker" "rm" "-f" "aaeef13d5ca735975f7fba55ad7c1d0f775f96488b0a7d9f90c770e8b5d70d51", kill_on_drop: false }`
[INFO] [stdout] aaeef13d5ca735975f7fba55ad7c1d0f775f96488b0a7d9f90c770e8b5d70d51
[INFO] running `Command { std: "docker" "create" "-v" "/var/lib/crater-agent-workspace/builds/worker-3-tc2/target:/opt/rustwide/target:rw,Z" "-v" "/var/lib/crater-agent-workspace/builds/worker-3-tc2/source:/opt/rustwide/workdir:ro,Z" "-v" "/var/lib/crater-agent-workspace/cargo-home:/opt/rustwide/cargo-home:ro,Z" "-v" "/var/lib/crater-agent-workspace/rustup-home:/opt/rustwide/rustup-home:ro,Z" "-e" "SOURCE_DIR=/opt/rustwide/workdir" "-e" "CARGO_TARGET_DIR=/opt/rustwide/target" "-e" "CARGO_INCREMENTAL=0" "-e" "RUST_BACKTRACE=full" "-e" "RUSTFLAGS=--cap-lints=warn" "-e" "RUSTDOCFLAGS=--cap-lints=warn" "-e" "CARGO_HOME=/opt/rustwide/cargo-home" "-e" "RUSTUP_HOME=/opt/rustwide/rustup-home" "-w" "/opt/rustwide/workdir" "-m" "1610612736" "--user" "0:0" "--network" "none" "ghcr.io/rust-lang/crates-build-env/linux@sha256:2788e3201cd34a07e3172128adcd8b3090168a8e3bcc40d7c032b9dda1df7d1c" "/opt/rustwide/cargo-home/bin/cargo" "+beta-2023-12-22" "build" "--frozen" "--message-format=json", kill_on_drop: false }`
[INFO] [stdout] f5f32a24e9c01823d9209c1d9f6e1c57fa6b74aed38471baa9220f71a5154f31
[INFO] running `Command { std: "docker" "start" "-a" "f5f32a24e9c01823d9209c1d9f6e1c57fa6b74aed38471baa9220f71a5154f31", kill_on_drop: false }`
[INFO] [stderr]    Compiling version_check v0.9.4
[INFO] [stderr]    Compiling typenum v1.15.0
[INFO] [stderr]    Compiling libc v0.2.126
[INFO] [stderr]    Compiling proc-macro2 v1.0.39
[INFO] [stderr]    Compiling unicode-ident v1.0.0
[INFO] [stderr]    Compiling syn v1.0.95
[INFO] [stderr]    Compiling subtle v2.4.1
[INFO] [stderr]    Compiling zeroize v1.5.5
[INFO] [stderr]    Compiling serde_derive v1.0.137
[INFO] [stderr]    Compiling const-oid v0.7.1
[INFO] [stderr]    Compiling base64ct v1.5.0
[INFO] [stderr]    Compiling der v0.5.1
[INFO] [stderr]    Compiling generic-array v0.14.5
[INFO] [stderr]    Compiling serde v1.0.137
[INFO] [stderr]    Compiling getrandom v0.1.16
[INFO] [stderr]    Compiling byteorder v1.4.3
[INFO] [stderr]    Compiling base16ct v0.1.1
[INFO] [stderr]    Compiling cpufeatures v0.2.2
[INFO] [stderr]    Compiling opaque-debug v0.3.0
[INFO] [stderr]    Compiling serde_json v1.0.81
[INFO] [stderr]    Compiling crunchy v0.2.2
[INFO] [stderr]    Compiling hex v0.4.3
[INFO] [stderr]    Compiling quote v1.0.18
[INFO] [stderr]    Compiling getrandom v0.2.6
[INFO] [stderr]    Compiling itoa v1.0.2
[INFO] [stderr]    Compiling ryu v1.0.10
[INFO] [stderr]    Compiling rand_core v0.6.3
[INFO] [stderr]    Compiling spki v0.5.4
[INFO] [stderr]    Compiling rand_core v0.5.1
[INFO] [stderr]    Compiling schemars v0.8.9
[INFO] [stderr]    Compiling ff v0.11.1
[INFO] [stderr]    Compiling pkcs8 v0.8.0
[INFO] [stderr]    Compiling group v0.11.0
[INFO] [stderr]    Compiling static_assertions v1.1.0
[INFO] [stderr]    Compiling dyn-clone v1.0.5
[INFO] [stderr]    Compiling forward_ref v1.0.0
[INFO] [stderr]    Compiling uint v0.9.3
[INFO] [stderr]    Compiling base64 v0.13.0
[INFO] [stderr]    Compiling digest v0.9.0
[INFO] [stderr]    Compiling crypto-mac v0.11.1
[INFO] [stderr]    Compiling crypto-bigint v0.3.2
[INFO] [stderr]    Compiling block-buffer v0.9.0
[INFO] [stderr]    Compiling sec1 v0.2.1
[INFO] [stderr]    Compiling hmac v0.11.0
[INFO] [stderr]    Compiling sha2 v0.9.9
[INFO] [stderr]    Compiling signature v1.4.0
[INFO] [stderr]    Compiling curve25519-dalek v3.2.0
[INFO] [stderr]    Compiling rfc6979 v0.1.0
[INFO] [stderr]    Compiling elliptic-curve v0.11.12
[INFO] [stderr]    Compiling ecdsa v0.13.4
[INFO] [stderr]    Compiling k256 v0.10.4
[INFO] [stderr]    Compiling serde_derive_internals v0.26.0
[INFO] [stderr]    Compiling thiserror-impl v1.0.31
[INFO] [stderr]    Compiling schemars_derive v0.8.9
[INFO] [stderr]    Compiling cosmwasm-derive v1.0.0
[INFO] [stderr]    Compiling thiserror v1.0.31
[INFO] [stderr]    Compiling ed25519-zebra v3.0.0
[INFO] [stderr]    Compiling serde-json-wasm v0.4.1
[INFO] [stderr]    Compiling cosmwasm-crypto v1.0.0
[INFO] [stderr]    Compiling cosmwasm-std v1.0.0
[INFO] [stderr]    Compiling cw-utils v0.13.4
[INFO] [stderr]    Compiling cw-storage-plus v0.13.2
[INFO] [stderr]    Compiling cosmwasm-storage v1.0.0
[INFO] [stderr]    Compiling cw2 v0.13.2
[INFO] [stderr]    Compiling cw20 v0.13.4
[INFO] [stderr]    Compiling payable-example v0.1.0 (/opt/rustwide/workdir)
[INFO] [stdout] error: expected one of `!` or `::`, found `#`
[INFO] [stdout]  --> src/msg.rs:7:1
[INFO] [stdout]   |
[INFO] [stdout] 6 | gi
[INFO] [stdout]   |   - expected one of `!` or `::`
[INFO] [stdout] 7 | #[derive(Serialize, Deserialize, Clone, Debug, PartialEq, JsonSchema)]
[INFO] [stdout]   | ^ unexpected token
[INFO] [stdout] 
[INFO] [stdout] 
[INFO] [stdout] error[E0432]: unresolved imports `crate::msg::ExecuteMsg`, `crate::msg::GetCountResponse`, `crate::msg::InstantiateMsg`, `crate::msg::QueryMsg`, `crate::msg::Cw20HookMsg`
[INFO] [stdout]  --> src/contract.rs:8:18
[INFO] [stdout]   |
[INFO] [stdout] 8 | use crate::msg::{ExecuteMsg, GetCountResponse, InstantiateMsg, QueryMsg, Cw20HookMsg};
[INFO] [stdout]   |                  ^^^^^^^^^^  ^^^^^^^^^^^^^^^^  ^^^^^^^^^^^^^^  ^^^^^^^^  ^^^^^^^^^^^ no `Cw20HookMsg` in `msg`
[INFO] [stdout]   |                  |           |                 |               |
[INFO] [stdout]   |                  |           |                 |               no `QueryMsg` in `msg`
[INFO] [stdout]   |                  |           |                 no `InstantiateMsg` in `msg`
[INFO] [stdout]   |                  |           no `GetCountResponse` in `msg`
[INFO] [stdout]   |                  no `ExecuteMsg` in `msg`
[INFO] [stdout] 
[INFO] [stdout] 
[INFO] [stdout] error[E0432]: unresolved imports `crate::msg::ExecuteMsg`, `crate::msg::GetCountResponse`, `crate::msg::QueryMsg`
[INFO] [stdout]  --> src/helpers.rs:8:18
[INFO] [stdout]   |
[INFO] [stdout] 8 | use crate::msg::{ExecuteMsg, GetCountResponse, QueryMsg};
[INFO] [stdout]   |                  ^^^^^^^^^^  ^^^^^^^^^^^^^^^^  ^^^^^^^^ no `QueryMsg` in `msg`
[INFO] [stdout]   |                  |           |
[INFO] [stdout]   |                  |           no `GetCountResponse` in `msg`
[INFO] [stdout]   |                  no `ExecuteMsg` in `msg`
[INFO] [stdout] 
[INFO] [stdout] 
[INFO] [stdout] error: aborting due to 3 previous errors
[INFO] [stdout] 
[INFO] [stdout] 
[INFO] [stdout] For more information about this error, try `rustc --explain E0432`.
[INFO] [stdout] 
[INFO] [stderr] error: could not compile `payable-example` (lib) due to 4 previous errors
[INFO] running `Command { std: "docker" "inspect" "f5f32a24e9c01823d9209c1d9f6e1c57fa6b74aed38471baa9220f71a5154f31", kill_on_drop: false }`
[INFO] running `Command { std: "docker" "rm" "-f" "f5f32a24e9c01823d9209c1d9f6e1c57fa6b74aed38471baa9220f71a5154f31", kill_on_drop: false }`
[INFO] [stdout] f5f32a24e9c01823d9209c1d9f6e1c57fa6b74aed38471baa9220f71a5154f31
