[INFO] cloning repository https://github.com/0x6b/typster
[INFO] running `Command { std: "git" "-c" "credential.helper=" "-c" "credential.helper=/workspace/cargo-home/bin/git-credential-null" "clone" "--bare" "https://github.com/0x6b/typster" "/workspace/cache/git-repos/https%3A%2F%2Fgithub.com%2F0x6b%2Ftypster", kill_on_drop: false }`
[INFO] [stderr] Cloning into bare repository '/workspace/cache/git-repos/https%3A%2F%2Fgithub.com%2F0x6b%2Ftypster'...
[INFO] running `Command { std: "git" "rev-parse" "HEAD", kill_on_drop: false }`
[INFO] [stdout] 12efd282f978d5804ab8a64c0391931dc43a5598
[INFO] testing 0x6b/typster against 1.75.0 for beta-1.76-1
[INFO] running `Command { std: "git" "clone" "/workspace/cache/git-repos/https%3A%2F%2Fgithub.com%2F0x6b%2Ftypster" "/workspace/builds/worker-4-tc1/source", kill_on_drop: false }`
[INFO] [stderr] Cloning into '/workspace/builds/worker-4-tc1/source'...
[INFO] [stderr] done.
[INFO] validating manifest of git repo https://github.com/0x6b/typster on toolchain 1.75.0
[INFO] running `Command { std: CARGO_HOME="/workspace/cargo-home" RUSTUP_HOME="/workspace/rustup-home" "/workspace/cargo-home/bin/cargo" "+1.75.0" "metadata" "--manifest-path" "Cargo.toml" "--no-deps", kill_on_drop: false }`
[INFO] started tweaking git repo https://github.com/0x6b/typster
[INFO] finished tweaking git repo https://github.com/0x6b/typster
[INFO] tweaked toml for git repo https://github.com/0x6b/typster written to /workspace/builds/worker-4-tc1/source/Cargo.toml
[INFO] running `Command { std: CARGO_HOME="/workspace/cargo-home" RUSTUP_HOME="/workspace/rustup-home" "/workspace/cargo-home/bin/cargo" "+1.75.0" "generate-lockfile" "--manifest-path" "Cargo.toml", kill_on_drop: false }`
[INFO] [stderr]     Updating crates.io index
[INFO] [stderr]     Updating git repository `https://github.com/typst/typst`
[INFO] [stderr]     Updating git repository `https://github.com/astrale-sharp/typstfmt/`
[INFO] [stderr]     Updating git repository `https://github.com/typst/typst.git`
[INFO] running `Command { std: CARGO_HOME="/workspace/cargo-home" RUSTUP_HOME="/workspace/rustup-home" "/workspace/cargo-home/bin/cargo" "+1.75.0" "fetch" "--manifest-path" "Cargo.toml", kill_on_drop: false }`
[INFO] [stderr]     Blocking waiting for file lock on package cache
[INFO] [stderr]  Downloading crates ...
[INFO] [stderr]   Downloaded fast-srgb8 v1.0.0
[INFO] [stderr]   Downloaded svgtypes v0.12.0
[INFO] [stderr]   Downloaded env_proxy v0.4.1
[INFO] [stderr]   Downloaded unscanny v0.1.0
[INFO] [stderr]   Downloaded usvg v0.36.0
[INFO] [stderr]   Downloaded unic-langid-impl v0.9.4
[INFO] [stderr]   Downloaded enum-ordinalize-derive v4.3.1
[INFO] [stderr]   Downloaded enum-ordinalize v4.3.0
[INFO] [stderr]   Downloaded numerals v0.1.4
[INFO] [stderr]   Downloaded data-url v0.3.1
[INFO] [stderr]   Downloaded usvg-tree v0.36.0
[INFO] [stderr]   Downloaded unic-langid v0.9.4
[INFO] [stderr]   Downloaded ecow v0.1.2
[INFO] [stderr]   Downloaded xmp-writer v0.2.0
[INFO] [stderr]   Downloaded usvg-text-layout v0.36.0
[INFO] [stderr]   Downloaded svg2pdf v0.9.1
[INFO] [stderr]   Downloaded resvg v0.36.0
[INFO] [stderr]   Downloaded fontdb v0.16.0
[INFO] [stderr]   Downloaded rustybuzz v0.10.0
[INFO] [stderr]   Downloaded palette v0.7.3
[INFO] [stderr]   Downloaded qpdf-sys v0.1.7
[INFO] [stderr]   Downloaded hayagriva v0.5.1
[INFO] [stderr]   Downloaded pdf-writer v0.9.2
[INFO] [stderr]   Downloaded lopdf v0.31.0
[INFO] [stderr]   Downloaded citationberg v0.1.1
[INFO] [stderr]   Downloaded xmp_toolkit v1.6.0
[INFO] [stderr]   Downloaded hypher v0.1.4
[INFO] [stderr]   Downloaded chinese-number v0.7.7
[INFO] [stderr]   Downloaded pixglyph v0.2.0
[INFO] [stderr]   Downloaded chinese-variant v1.1.3
[INFO] [stderr]   Downloaded comemo-macros v0.3.1
[INFO] [stderr]   Downloaded kurbo v0.9.5
[INFO] [stderr]   Downloaded fontdb v0.15.0
[INFO] [stderr]   Downloaded biblatex v0.9.1
[INFO] [stderr]   Downloaded usvg-parser v0.36.0
[INFO] [stderr]   Downloaded qpdf v0.1.7
[INFO] [stderr]   Downloaded globmatch v0.2.5
[INFO] [stderr]   Downloaded lipsum v0.9.0
[INFO] [stderr]   Downloaded unicode-properties v0.1.0
[INFO] [stderr]   Downloaded ecow v0.2.0
[INFO] [stderr]   Downloaded palette_derive v0.7.3
[INFO] [stderr]   Downloaded siphasher v1.0.0
[INFO] [stderr]   Downloaded imagesize v0.12.0
[INFO] [stderr]   Downloaded comemo v0.3.1
[INFO] [stderr]   Downloaded subsetter v0.1.1
[INFO] [stderr]   Downloaded unicode-math-class v0.1.0
[INFO] running `Command { std: "docker" "create" "-v" "/var/lib/crater-agent-workspace/builds/worker-4-tc1/target:/opt/rustwide/target:rw,Z" "-v" "/var/lib/crater-agent-workspace/builds/worker-4-tc1/source:/opt/rustwide/workdir:ro,Z" "-v" "/var/lib/crater-agent-workspace/cargo-home:/opt/rustwide/cargo-home:ro,Z" "-v" "/var/lib/crater-agent-workspace/rustup-home:/opt/rustwide/rustup-home:ro,Z" "-e" "SOURCE_DIR=/opt/rustwide/workdir" "-e" "CARGO_TARGET_DIR=/opt/rustwide/target" "-e" "CARGO_HOME=/opt/rustwide/cargo-home" "-e" "RUSTUP_HOME=/opt/rustwide/rustup-home" "-w" "/opt/rustwide/workdir" "-m" "1610612736" "--user" "0:0" "--network" "none" "ghcr.io/rust-lang/crates-build-env/linux@sha256:2788e3201cd34a07e3172128adcd8b3090168a8e3bcc40d7c032b9dda1df7d1c" "/opt/rustwide/cargo-home/bin/cargo" "+1.75.0" "metadata" "--no-deps" "--format-version=1", kill_on_drop: false }`
[INFO] [stdout] 0b61f193d1e8ee352a90b7c7304a497d01db3c66ffc4cb41ae28af8b71a6c4eb
[INFO] running `Command { std: "docker" "start" "-a" "0b61f193d1e8ee352a90b7c7304a497d01db3c66ffc4cb41ae28af8b71a6c4eb", kill_on_drop: false }`
[INFO] running `Command { std: "docker" "inspect" "0b61f193d1e8ee352a90b7c7304a497d01db3c66ffc4cb41ae28af8b71a6c4eb", kill_on_drop: false }`
[INFO] running `Command { std: "docker" "rm" "-f" "0b61f193d1e8ee352a90b7c7304a497d01db3c66ffc4cb41ae28af8b71a6c4eb", kill_on_drop: false }`
[INFO] [stdout] 0b61f193d1e8ee352a90b7c7304a497d01db3c66ffc4cb41ae28af8b71a6c4eb
[INFO] running `Command { std: "docker" "create" "-v" "/var/lib/crater-agent-workspace/builds/worker-4-tc1/target:/opt/rustwide/target:rw,Z" "-v" "/var/lib/crater-agent-workspace/builds/worker-4-tc1/source:/opt/rustwide/workdir:ro,Z" "-v" "/var/lib/crater-agent-workspace/cargo-home:/opt/rustwide/cargo-home:ro,Z" "-v" "/var/lib/crater-agent-workspace/rustup-home:/opt/rustwide/rustup-home:ro,Z" "-e" "SOURCE_DIR=/opt/rustwide/workdir" "-e" "CARGO_TARGET_DIR=/opt/rustwide/target" "-e" "CARGO_INCREMENTAL=0" "-e" "RUST_BACKTRACE=full" "-e" "RUSTFLAGS=--cap-lints=warn" "-e" "RUSTDOCFLAGS=--cap-lints=warn" "-e" "CARGO_HOME=/opt/rustwide/cargo-home" "-e" "RUSTUP_HOME=/opt/rustwide/rustup-home" "-w" "/opt/rustwide/workdir" "-m" "1610612736" "--user" "0:0" "--network" "none" "ghcr.io/rust-lang/crates-build-env/linux@sha256:2788e3201cd34a07e3172128adcd8b3090168a8e3bcc40d7c032b9dda1df7d1c" "/opt/rustwide/cargo-home/bin/cargo" "+1.75.0" "build" "--frozen" "--message-format=json", kill_on_drop: false }`
[INFO] [stdout] 3bf8e90693b97c78001c73d6d1fd4971dc460912e50c2660d03cdac4754a9be2
[INFO] running `Command { std: "docker" "start" "-a" "3bf8e90693b97c78001c73d6d1fd4971dc460912e50c2660d03cdac4754a9be2", kill_on_drop: false }`
[INFO] [stderr]    Compiling serde_spanned v0.6.5
[INFO] [stderr]    Compiling toml_datetime v0.6.5
[INFO] [stderr]    Compiling toml_edit v0.21.0
[INFO] [stderr]    Compiling toml v0.8.8
[INFO] [stderr]    Compiling typster v1.0.0 (/opt/rustwide/workdir)
[INFO] [stderr]     Finished dev [unoptimized + debuginfo] target(s) in 3.98s
[INFO] running `Command { std: "docker" "inspect" "3bf8e90693b97c78001c73d6d1fd4971dc460912e50c2660d03cdac4754a9be2", kill_on_drop: false }`
[INFO] running `Command { std: "docker" "rm" "-f" "3bf8e90693b97c78001c73d6d1fd4971dc460912e50c2660d03cdac4754a9be2", kill_on_drop: false }`
[INFO] [stdout] 3bf8e90693b97c78001c73d6d1fd4971dc460912e50c2660d03cdac4754a9be2
[INFO] running `Command { std: "docker" "create" "-v" "/var/lib/crater-agent-workspace/builds/worker-4-tc1/target:/opt/rustwide/target:rw,Z" "-v" "/var/lib/crater-agent-workspace/builds/worker-4-tc1/source:/opt/rustwide/workdir:ro,Z" "-v" "/var/lib/crater-agent-workspace/cargo-home:/opt/rustwide/cargo-home:ro,Z" "-v" "/var/lib/crater-agent-workspace/rustup-home:/opt/rustwide/rustup-home:ro,Z" "-e" "SOURCE_DIR=/opt/rustwide/workdir" "-e" "CARGO_TARGET_DIR=/opt/rustwide/target" "-e" "CARGO_INCREMENTAL=0" "-e" "RUST_BACKTRACE=full" "-e" "RUSTFLAGS=--cap-lints=warn" "-e" "RUSTDOCFLAGS=--cap-lints=warn" "-e" "CARGO_HOME=/opt/rustwide/cargo-home" "-e" "RUSTUP_HOME=/opt/rustwide/rustup-home" "-w" "/opt/rustwide/workdir" "-m" "1610612736" "--user" "0:0" "--network" "none" "ghcr.io/rust-lang/crates-build-env/linux@sha256:2788e3201cd34a07e3172128adcd8b3090168a8e3bcc40d7c032b9dda1df7d1c" "/opt/rustwide/cargo-home/bin/cargo" "+1.75.0" "test" "--frozen" "--no-run" "--message-format=json", kill_on_drop: false }`
[INFO] [stdout] 611b01d41afb8024cea4aa014003e62c1bbecc0aa8cb8b79827eb77a903a66a8
[INFO] running `Command { std: "docker" "start" "-a" "611b01d41afb8024cea4aa014003e62c1bbecc0aa8cb8b79827eb77a903a66a8", kill_on_drop: false }`
[INFO] [stderr]    Compiling socket2 v0.5.5
[INFO] [stderr]    Compiling mio v0.8.10
[INFO] [stderr]    Compiling pin-project-lite v0.2.13
[INFO] [stderr]    Compiling tokio v1.35.1
[INFO] [stderr]    Compiling typster v1.0.0 (/opt/rustwide/workdir)
[INFO] [stdout] error[E0422]: cannot find struct, variant or union type `CompileParams` in crate `typster`
[INFO] [stdout]  --> examples/compile.rs:6:27
[INFO] [stdout]   |
[INFO] [stdout] 6 |     let params = typster::CompileParams {
[INFO] [stdout]   |                           ^^^^^^^^^^^^^ not found in `typster`
[INFO] [stdout]   |
[INFO] [stdout] note: found an item that was configured out
[INFO] [stdout]  --> /opt/rustwide/workdir/src/lib.rs:2:28
[INFO] [stdout]   |
[INFO] [stdout] 2 | pub use compile::{compile, CompileParams};
[INFO] [stdout]   |                            ^^^^^^^^^^^^^
[INFO] [stdout]   = note: the item is gated behind the `compile` feature
[INFO] [stdout] 
[INFO] [stdout] 
[INFO] [stdout] error[E0425]: cannot find function `compile` in crate `typster`
[INFO] [stdout]   --> examples/compile.rs:16:20
[INFO] [stdout]    |
[INFO] [stdout] 16 |     match typster::compile(&params) {
[INFO] [stdout]    |                    ^^^^^^^ not found in `typster`
[INFO] [stdout]    |
[INFO] [stdout] note: found an item that was configured out
[INFO] [stdout]   --> /opt/rustwide/workdir/src/lib.rs:2:19
[INFO] [stdout]    |
[INFO] [stdout] 2  | pub use compile::{compile, CompileParams};
[INFO] [stdout]    |                   ^^^^^^^
[INFO] [stdout]    = note: the item is gated behind the `compile` feature
[INFO] [stdout] note: found an item that was configured out
[INFO] [stdout]   --> /opt/rustwide/workdir/src/lib.rs:16:5
[INFO] [stdout]    |
[INFO] [stdout] 16 | mod compile;
[INFO] [stdout]    |     ^^^^^^^
[INFO] [stdout]    = note: the item is gated behind the `compile` feature
[INFO] [stdout] 
[INFO] [stdout] 
[INFO] [stdout] error[E0425]: cannot find function `export_fonts` in crate `typster`
[INFO] [stdout]  --> examples/export_fonts.rs:4:14
[INFO] [stdout]   |
[INFO] [stdout] 4 |     typster::export_fonts(&Vec::new(), &PathBuf::from_str("fonts").unwrap())
[INFO] [stdout]   |              ^^^^^^^^^^^^ not found in `typster`
[INFO] [stdout]   |
[INFO] [stdout] note: found an item that was configured out
[INFO] [stdout]  --> /opt/rustwide/workdir/src/lib.rs:4:17
[INFO] [stdout]   |
[INFO] [stdout] 4 | pub use fonts::{export_fonts, list_fonts, FontInformation, FontVariant};
[INFO] [stdout]   |                 ^^^^^^^^^^^^
[INFO] [stdout]   = note: the item is gated behind the `compile` feature
[INFO] [stdout] 
[INFO] [stdout] 
[INFO] [stdout] error: aborting due to 2 previous errors
[INFO] [stdout] 
[INFO] [stdout] 
[INFO] [stdout] error: aborting due to previous error
[INFO] [stdout] 
[INFO] [stdout] 
[INFO] [stdout] Some errors have detailed explanations: E0422, E0425.
[INFO] [stdout] 
[INFO] [stdout] For more information about an error, try `rustc --explain E0422`.
[INFO] [stdout] 
[INFO] [stdout] For more information about this error, try `rustc --explain E0425`.
[INFO] [stdout] 
[INFO] [stdout] error[E0422]: cannot find struct, variant or union type `CompileParams` in crate `typster`
[INFO] [stdout]  --> examples/list_fonts.rs:6:27
[INFO] [stdout]   |
[INFO] [stdout] 6 |     let params = typster::CompileParams {
[INFO] [stdout]   |                           ^^^^^^^^^^^^^ not found in `typster`
[INFO] [stdout]   |
[INFO] [stdout] note: found an item that was configured out
[INFO] [stdout]  --> /opt/rustwide/workdir/src/lib.rs:2:28
[INFO] [stdout]   |
[INFO] [stdout] 2 | pub use compile::{compile, CompileParams};
[INFO] [stdout]   |                            ^^^^^^^^^^^^^
[INFO] [stdout]   = note: the item is gated behind the `compile` feature
[INFO] [stdout] 
[INFO] [stdout] 
[INFO] [stderr] error: could not compile `typster` (example "export_fonts") due to 2 previous errors
[INFO] [stderr] warning: build failed, waiting for other jobs to finish...
[INFO] [stderr] error: could not compile `typster` (example "compile") due to 3 previous errors
[INFO] [stdout] error[E0425]: cannot find function `list_fonts` in crate `typster`
[INFO] [stdout]   --> examples/list_fonts.rs:17:14
[INFO] [stdout]    |
[INFO] [stdout] 17 |     typster::list_fonts(&params.font_paths).iter().for_each(|font| {
[INFO] [stdout]    |              ^^^^^^^^^^ not found in `typster`
[INFO] [stdout]    |
[INFO] [stdout] note: found an item that was configured out
[INFO] [stdout]   --> /opt/rustwide/workdir/src/lib.rs:4:31
[INFO] [stdout]    |
[INFO] [stdout] 4  | pub use fonts::{export_fonts, list_fonts, FontInformation, FontVariant};
[INFO] [stdout]    |                               ^^^^^^^^^^
[INFO] [stdout]    = note: the item is gated behind the `compile` feature
[INFO] [stdout] 
[INFO] [stdout] 
[INFO] [stdout] error[E0422]: cannot find struct, variant or union type `FontVariant` in crate `typster`
[INFO] [stdout]   --> examples/list_fonts.rs:21:33
[INFO] [stdout]    |
[INFO] [stdout] 21 |             .for_each(|typster::FontVariant { style, weight, stretch }| {
[INFO] [stdout]    |                                 ^^^^^^^^^^^ not found in `typster`
[INFO] [stdout]    |
[INFO] [stdout] note: found an item that was configured out
[INFO] [stdout]   --> /opt/rustwide/workdir/src/lib.rs:4:60
[INFO] [stdout]    |
[INFO] [stdout] 4  | pub use fonts::{export_fonts, list_fonts, FontInformation, FontVariant};
[INFO] [stdout]    |                                                            ^^^^^^^^^^^
[INFO] [stdout]    = note: the item is gated behind the `compile` feature
[INFO] [stdout] 
[INFO] [stdout] 
[INFO] [stdout] error[E0432]: unresolved import `tokio::runtime::Runtime`
[INFO] [stdout]  --> examples/watch.rs:3:5
[INFO] [stdout]   |
[INFO] [stdout] 3 | use tokio::runtime::Runtime;
[INFO] [stdout]   |     ^^^^^^^^^^^^^^^^^^^^^^^ no `Runtime` in `runtime`
[INFO] [stdout] 
[INFO] [stdout] 
[INFO] [stdout] error[E0422]: cannot find struct, variant or union type `CompileParams` in crate `typster`
[INFO] [stdout]  --> examples/watch.rs:7:27
[INFO] [stdout]   |
[INFO] [stdout] 7 |     let params = typster::CompileParams {
[INFO] [stdout]   |                           ^^^^^^^^^^^^^ not found in `typster`
[INFO] [stdout]   |
[INFO] [stdout] note: found an item that was configured out
[INFO] [stdout]  --> /opt/rustwide/workdir/src/lib.rs:2:28
[INFO] [stdout]   |
[INFO] [stdout] 2 | pub use compile::{compile, CompileParams};
[INFO] [stdout]   |                            ^^^^^^^^^^^^^
[INFO] [stdout]   = note: the item is gated behind the `compile` feature
[INFO] [stdout] 
[INFO] [stdout] 
[INFO] [stdout] error[E0425]: cannot find function `watch` in crate `typster`
[INFO] [stdout]   --> examples/watch.rs:19:38
[INFO] [stdout]    |
[INFO] [stdout] 19 |         if let Err(error) = typster::watch(&params, true).await {
[INFO] [stdout]    |                                      ^^^^^ not found in `typster`
[INFO] [stdout]    |
[INFO] [stdout] note: found an item that was configured out
[INFO] [stdout]   --> /opt/rustwide/workdir/src/lib.rs:13:16
[INFO] [stdout]    |
[INFO] [stdout] 13 | pub use watch::watch;
[INFO] [stdout]    |                ^^^^^
[INFO] [stdout]    = note: the item is gated behind the `watch` feature
[INFO] [stdout] note: found an item that was configured out
[INFO] [stdout]   --> /opt/rustwide/workdir/src/lib.rs:31:5
[INFO] [stdout]    |
[INFO] [stdout] 31 | mod watch;
[INFO] [stdout]    |     ^^^^^
[INFO] [stdout]    = note: the item is gated behind the `watch` feature
[INFO] [stdout] 
[INFO] [stdout] 
[INFO] [stdout] error[E0603]: module `runtime` is private
[INFO] [stdout]    --> examples/watch.rs:3:12
[INFO] [stdout]     |
[INFO] [stdout] 3   | use tokio::runtime::Runtime;
[INFO] [stdout]     |            ^^^^^^^ private module
[INFO] [stdout]     |
[INFO] [stdout] note: the module `runtime` is defined here
[INFO] [stdout]    --> /opt/rustwide/cargo-home/registry/src/index.crates.io-6f17d22bba15001f/tokio-1.35.1/src/lib.rs:523:5
[INFO] [stdout]     |
[INFO] [stdout] 523 |     pub(crate) mod runtime;
[INFO] [stdout]     |     ^^^^^^^^^^^^^^^^^^^^^^
[INFO] [stdout] 
[INFO] [stdout] 
[INFO] [stdout] error: aborting due to 3 previous errors
[INFO] [stdout] 
[INFO] [stdout] 
[INFO] [stdout] Some errors have detailed explanations: E0422, E0425.
[INFO] [stdout] 
[INFO] [stdout] For more information about an error, try `rustc --explain E0422`.
[INFO] [stdout] 
[INFO] [stdout] error: aborting due to 4 previous errors
[INFO] [stdout] 
[INFO] [stdout] 
[INFO] [stdout] Some errors have detailed explanations: E0422, E0425, E0432, E0603.
[INFO] [stdout] 
[INFO] [stdout] For more information about an error, try `rustc --explain E0422`.
[INFO] [stdout] 
[INFO] [stdout] error[E0432]: unresolved import `typster::PdfMetadata`
[INFO] [stdout]   --> examples/update_metadata.rs:3:5
[INFO] [stdout]    |
[INFO] [stdout] 3  | use typster::PdfMetadata;
[INFO] [stdout]    |     ^^^^^^^^^^^^^^^^^^^^ no `PdfMetadata` in the root
[INFO] [stdout]    |
[INFO] [stdout] note: found an item that was configured out
[INFO] [stdout]   --> /opt/rustwide/workdir/src/lib.rs:10:44
[INFO] [stdout]    |
[INFO] [stdout] 10 | pub use update_metadata::{update_metadata, PdfMetadata};
[INFO] [stdout]    |                                            ^^^^^^^^^^^
[INFO] [stdout]    = note: the item is gated behind the `pdf_metadata` feature
[INFO] [stdout] 
[INFO] [stdout] 
[INFO] [stdout] error[E0425]: cannot find function `update_metadata` in crate `typster`
[INFO] [stdout]   --> examples/update_metadata.rs:26:14
[INFO] [stdout]    |
[INFO] [stdout] 26 |     typster::update_metadata(&path, &metadata).unwrap();
[INFO] [stdout]    |              ^^^^^^^^^^^^^^^ not found in `typster`
[INFO] [stdout]    |
[INFO] [stdout] note: found an item that was configured out
[INFO] [stdout]   --> /opt/rustwide/workdir/src/lib.rs:10:27
[INFO] [stdout]    |
[INFO] [stdout] 10 | pub use update_metadata::{update_metadata, PdfMetadata};
[INFO] [stdout]    |                           ^^^^^^^^^^^^^^^
[INFO] [stdout]    = note: the item is gated behind the `pdf_metadata` feature
[INFO] [stdout] note: found an item that was configured out
[INFO] [stdout]   --> /opt/rustwide/workdir/src/lib.rs:28:5
[INFO] [stdout]    |
[INFO] [stdout] 28 | mod update_metadata;
[INFO] [stdout]    |     ^^^^^^^^^^^^^^^
[INFO] [stdout]    = note: the item is gated behind the `pdf_metadata` feature
[INFO] [stdout] 
[INFO] [stdout] 
[INFO] [stdout] error[E0422]: cannot find struct, variant or union type `FormatParams` in crate `typster`
[INFO] [stdout]   --> examples/format.rs:11:27
[INFO] [stdout]    |
[INFO] [stdout] 11 |     let params = typster::FormatParams {
[INFO] [stdout]    |                           ^^^^^^^^^^^^ not found in `typster`
[INFO] [stdout]    |
[INFO] [stdout] note: found an item that was configured out
[INFO] [stdout]   --> /opt/rustwide/workdir/src/lib.rs:6:26
[INFO] [stdout]    |
[INFO] [stdout] 6  | pub use format::{format, FormatParams};
[INFO] [stdout]    |                          ^^^^^^^^^^^^
[INFO] [stdout]    = note: the item is gated behind the `format` feature
[INFO] [stdout] 
[INFO] [stdout] 
[INFO] [stderr] error: could not compile `typster` (example "list_fonts") due to 4 previous errors
[INFO] [stdout] error[E0425]: cannot find function `format` in crate `typster`
[INFO] [stdout]   --> examples/format.rs:18:29
[INFO] [stdout]    |
[INFO] [stdout] 18 |     println!("{}", typster::format(&params).map_or_else(|why| why.to_string(), |s| s));
[INFO] [stdout]    |                             ^^^^^^ not found in `typster`
[INFO] [stdout]    |
[INFO] [stdout] note: found an item that was configured out
[INFO] [stdout]   --> /opt/rustwide/workdir/src/lib.rs:6:18
[INFO] [stdout]    |
[INFO] [stdout] 6  | pub use format::{format, FormatParams};
[INFO] [stdout]    |                  ^^^^^^
[INFO] [stdout]    = note: the item is gated behind the `format` feature
[INFO] [stdout] note: found an item that was configured out
[INFO] [stdout]   --> /opt/rustwide/workdir/src/lib.rs:22:5
[INFO] [stdout]    |
[INFO] [stdout] 22 | mod format;
[INFO] [stdout]    |     ^^^^^^
[INFO] [stdout]    = note: the item is gated behind the `format` feature
[INFO] [stdout] help: consider importing one of these items
[INFO] [stdout]    |
[INFO] [stdout] 1  + use serde::__private::fmt::format;
[INFO] [stdout]    |
[INFO] [stdout] 1  + use std::fmt::format;
[INFO] [stdout]    |
[INFO] [stdout] help: if you import `format`, refer to it directly
[INFO] [stdout]    |
[INFO] [stdout] 18 -     println!("{}", typster::format(&params).map_or_else(|why| why.to_string(), |s| s));
[INFO] [stdout] 18 +     println!("{}", format(&params).map_or_else(|why| why.to_string(), |s| s));
[INFO] [stdout]    |
[INFO] [stdout] 
[INFO] [stdout] 
[INFO] [stderr] error: could not compile `typster` (example "watch") due to 5 previous errors
[INFO] [stdout] error: aborting due to 2 previous errors
[INFO] [stdout] 
[INFO] [stdout] 
[INFO] [stdout] Some errors have detailed explanations: E0425, E0432.
[INFO] [stdout] 
[INFO] [stdout] For more information about an error, try `rustc --explain E0425`.
[INFO] [stdout] 
[INFO] [stdout] error: aborting due to 2 previous errors
[INFO] [stdout] 
[INFO] [stdout] 
[INFO] [stdout] Some errors have detailed explanations: E0422, E0425.
[INFO] [stdout] 
[INFO] [stdout] For more information about an error, try `rustc --explain E0422`.
[INFO] [stdout] 
[INFO] [stderr] error: could not compile `typster` (example "format") due to 3 previous errors
[INFO] [stderr] error: could not compile `typster` (example "update_metadata") due to 3 previous errors
[INFO] [stdout] error[E0432]: unresolved imports `typster::PermissionParams`, `typster::PrintPermission`
[INFO] [stdout]  --> examples/set_permission.rs:3:15
[INFO] [stdout]   |
[INFO] [stdout] 3 | use typster::{PermissionParams, PrintPermission};
[INFO] [stdout]   |               ^^^^^^^^^^^^^^^^  ^^^^^^^^^^^^^^^ no `PrintPermission` in the root
[INFO] [stdout]   |               |
[INFO] [stdout]   |               no `PermissionParams` in the root
[INFO] [stdout]   |
[INFO] [stdout] note: found an item that was configured out
[INFO] [stdout]  --> /opt/rustwide/workdir/src/lib.rs:8:42
[INFO] [stdout]   |
[INFO] [stdout] 8 | pub use set_permission::{set_permission, PermissionParams, PrintPermission};
[INFO] [stdout]   |                                          ^^^^^^^^^^^^^^^^
[INFO] [stdout]   = note: the item is gated behind the `pdf_permission` feature
[INFO] [stdout] note: found an item that was configured out
[INFO] [stdout]  --> /opt/rustwide/workdir/src/lib.rs:8:60
[INFO] [stdout]   |
[INFO] [stdout] 8 | pub use set_permission::{set_permission, PermissionParams, PrintPermission};
[INFO] [stdout]   |                                                            ^^^^^^^^^^^^^^^
[INFO] [stdout]   = note: the item is gated behind the `pdf_permission` feature
[INFO] [stdout] 
[INFO] [stdout] 
[INFO] [stdout] error[E0425]: cannot find function `set_permission` in crate `typster`
[INFO] [stdout]   --> examples/set_permission.rs:6:14
[INFO] [stdout]    |
[INFO] [stdout] 6  |     typster::set_permission(
[INFO] [stdout]    |              ^^^^^^^^^^^^^^ not found in `typster`
[INFO] [stdout]    |
[INFO] [stdout] note: found an item that was configured out
[INFO] [stdout]   --> /opt/rustwide/workdir/src/lib.rs:8:26
[INFO] [stdout]    |
[INFO] [stdout] 8  | pub use set_permission::{set_permission, PermissionParams, PrintPermission};
[INFO] [stdout]    |                          ^^^^^^^^^^^^^^
[INFO] [stdout]    = note: the item is gated behind the `pdf_permission` feature
[INFO] [stdout] note: found an item that was configured out
[INFO] [stdout]   --> /opt/rustwide/workdir/src/lib.rs:26:5
[INFO] [stdout]    |
[INFO] [stdout] 26 | mod set_permission;
[INFO] [stdout]    |     ^^^^^^^^^^^^^^
[INFO] [stdout]    = note: the item is gated behind the `pdf_permission` feature
[INFO] [stdout] 
[INFO] [stdout] 
[INFO] [stdout] error: aborting due to 2 previous errors
[INFO] [stdout] 
[INFO] [stdout] 
[INFO] [stdout] Some errors have detailed explanations: E0425, E0432.
[INFO] [stdout] 
[INFO] [stdout] For more information about an error, try `rustc --explain E0425`.
[INFO] [stdout] 
[INFO] [stderr] error: could not compile `typster` (example "set_permission") due to 3 previous errors
[INFO] running `Command { std: "docker" "inspect" "611b01d41afb8024cea4aa014003e62c1bbecc0aa8cb8b79827eb77a903a66a8", kill_on_drop: false }`
[INFO] running `Command { std: "docker" "rm" "-f" "611b01d41afb8024cea4aa014003e62c1bbecc0aa8cb8b79827eb77a903a66a8", kill_on_drop: false }`
[INFO] [stdout] 611b01d41afb8024cea4aa014003e62c1bbecc0aa8cb8b79827eb77a903a66a8
[INFO] testing 0x6b/typster against beta-2023-12-22 for beta-1.76-1
[INFO] running `Command { std: "git" "clone" "/workspace/cache/git-repos/https%3A%2F%2Fgithub.com%2F0x6b%2Ftypster" "/workspace/builds/worker-4-tc2/source", kill_on_drop: false }`
[INFO] [stderr] Cloning into '/workspace/builds/worker-4-tc2/source'...
[INFO] [stderr] done.
[INFO] validating manifest of git repo https://github.com/0x6b/typster on toolchain beta-2023-12-22
[INFO] running `Command { std: CARGO_HOME="/workspace/cargo-home" RUSTUP_HOME="/workspace/rustup-home" "/workspace/cargo-home/bin/cargo" "+beta-2023-12-22" "metadata" "--manifest-path" "Cargo.toml" "--no-deps", kill_on_drop: false }`
[INFO] started tweaking git repo https://github.com/0x6b/typster
[INFO] finished tweaking git repo https://github.com/0x6b/typster
[INFO] tweaked toml for git repo https://github.com/0x6b/typster written to /workspace/builds/worker-4-tc2/source/Cargo.toml
[INFO] running `Command { std: CARGO_HOME="/workspace/cargo-home" RUSTUP_HOME="/workspace/rustup-home" "/workspace/cargo-home/bin/cargo" "+beta-2023-12-22" "generate-lockfile" "--manifest-path" "Cargo.toml", kill_on_drop: false }`
[INFO] [stderr]     Updating crates.io index
[INFO] [stderr]     Updating git repository `https://github.com/typst/typst`
[INFO] [stderr]     Updating git repository `https://github.com/astrale-sharp/typstfmt/`
[INFO] [stderr]     Updating git repository `https://github.com/typst/typst.git`
[INFO] running `Command { std: CARGO_HOME="/workspace/cargo-home" RUSTUP_HOME="/workspace/rustup-home" "/workspace/cargo-home/bin/cargo" "+beta-2023-12-22" "fetch" "--manifest-path" "Cargo.toml", kill_on_drop: false }`
[INFO] running `Command { std: "docker" "create" "-v" "/var/lib/crater-agent-workspace/builds/worker-4-tc2/target:/opt/rustwide/target:rw,Z" "-v" "/var/lib/crater-agent-workspace/builds/worker-4-tc2/source:/opt/rustwide/workdir:ro,Z" "-v" "/var/lib/crater-agent-workspace/cargo-home:/opt/rustwide/cargo-home:ro,Z" "-v" "/var/lib/crater-agent-workspace/rustup-home:/opt/rustwide/rustup-home:ro,Z" "-e" "SOURCE_DIR=/opt/rustwide/workdir" "-e" "CARGO_TARGET_DIR=/opt/rustwide/target" "-e" "CARGO_HOME=/opt/rustwide/cargo-home" "-e" "RUSTUP_HOME=/opt/rustwide/rustup-home" "-w" "/opt/rustwide/workdir" "-m" "1610612736" "--user" "0:0" "--network" "none" "ghcr.io/rust-lang/crates-build-env/linux@sha256:2788e3201cd34a07e3172128adcd8b3090168a8e3bcc40d7c032b9dda1df7d1c" "/opt/rustwide/cargo-home/bin/cargo" "+beta-2023-12-22" "metadata" "--no-deps" "--format-version=1", kill_on_drop: false }`
[INFO] [stdout] 83a48680a85e398ee21dcf6e288e10fe65c8930584bb6fe10c5d00fcc6efb6a3
[INFO] running `Command { std: "docker" "start" "-a" "83a48680a85e398ee21dcf6e288e10fe65c8930584bb6fe10c5d00fcc6efb6a3", kill_on_drop: false }`
[INFO] running `Command { std: "docker" "inspect" "83a48680a85e398ee21dcf6e288e10fe65c8930584bb6fe10c5d00fcc6efb6a3", kill_on_drop: false }`
[INFO] running `Command { std: "docker" "rm" "-f" "83a48680a85e398ee21dcf6e288e10fe65c8930584bb6fe10c5d00fcc6efb6a3", kill_on_drop: false }`
[INFO] [stdout] 83a48680a85e398ee21dcf6e288e10fe65c8930584bb6fe10c5d00fcc6efb6a3
[INFO] running `Command { std: "docker" "create" "-v" "/var/lib/crater-agent-workspace/builds/worker-4-tc2/target:/opt/rustwide/target:rw,Z" "-v" "/var/lib/crater-agent-workspace/builds/worker-4-tc2/source:/opt/rustwide/workdir:ro,Z" "-v" "/var/lib/crater-agent-workspace/cargo-home:/opt/rustwide/cargo-home:ro,Z" "-v" "/var/lib/crater-agent-workspace/rustup-home:/opt/rustwide/rustup-home:ro,Z" "-e" "SOURCE_DIR=/opt/rustwide/workdir" "-e" "CARGO_TARGET_DIR=/opt/rustwide/target" "-e" "CARGO_INCREMENTAL=0" "-e" "RUST_BACKTRACE=full" "-e" "RUSTFLAGS=--cap-lints=warn" "-e" "RUSTDOCFLAGS=--cap-lints=warn" "-e" "CARGO_HOME=/opt/rustwide/cargo-home" "-e" "RUSTUP_HOME=/opt/rustwide/rustup-home" "-w" "/opt/rustwide/workdir" "-m" "1610612736" "--user" "0:0" "--network" "none" "ghcr.io/rust-lang/crates-build-env/linux@sha256:2788e3201cd34a07e3172128adcd8b3090168a8e3bcc40d7c032b9dda1df7d1c" "/opt/rustwide/cargo-home/bin/cargo" "+beta-2023-12-22" "build" "--frozen" "--message-format=json", kill_on_drop: false }`
[INFO] [stdout] 6ee9ed38cc83b6cc25bab1a951e15c33039d3c5127182486c8486d70b8823d3c
[INFO] running `Command { std: "docker" "start" "-a" "6ee9ed38cc83b6cc25bab1a951e15c33039d3c5127182486c8486d70b8823d3c", kill_on_drop: false }`
[INFO] [stderr]    Compiling toml_datetime v0.6.5
[INFO] [stderr]    Compiling serde_spanned v0.6.5
[INFO] [stderr]    Compiling toml_edit v0.21.0
[INFO] [stderr]    Compiling toml v0.8.8
[INFO] [stderr]    Compiling typster v1.0.0 (/opt/rustwide/workdir)
[INFO] [stderr]     Finished dev [unoptimized + debuginfo] target(s) in 2.35s
[INFO] running `Command { std: "docker" "inspect" "6ee9ed38cc83b6cc25bab1a951e15c33039d3c5127182486c8486d70b8823d3c", kill_on_drop: false }`
[INFO] running `Command { std: "docker" "rm" "-f" "6ee9ed38cc83b6cc25bab1a951e15c33039d3c5127182486c8486d70b8823d3c", kill_on_drop: false }`
[INFO] [stdout] 6ee9ed38cc83b6cc25bab1a951e15c33039d3c5127182486c8486d70b8823d3c
[INFO] running `Command { std: "docker" "create" "-v" "/var/lib/crater-agent-workspace/builds/worker-4-tc2/target:/opt/rustwide/target:rw,Z" "-v" "/var/lib/crater-agent-workspace/builds/worker-4-tc2/source:/opt/rustwide/workdir:ro,Z" "-v" "/var/lib/crater-agent-workspace/cargo-home:/opt/rustwide/cargo-home:ro,Z" "-v" "/var/lib/crater-agent-workspace/rustup-home:/opt/rustwide/rustup-home:ro,Z" "-e" "SOURCE_DIR=/opt/rustwide/workdir" "-e" "CARGO_TARGET_DIR=/opt/rustwide/target" "-e" "CARGO_INCREMENTAL=0" "-e" "RUST_BACKTRACE=full" "-e" "RUSTFLAGS=--cap-lints=warn" "-e" "RUSTDOCFLAGS=--cap-lints=warn" "-e" "CARGO_HOME=/opt/rustwide/cargo-home" "-e" "RUSTUP_HOME=/opt/rustwide/rustup-home" "-w" "/opt/rustwide/workdir" "-m" "1610612736" "--user" "0:0" "--network" "none" "ghcr.io/rust-lang/crates-build-env/linux@sha256:2788e3201cd34a07e3172128adcd8b3090168a8e3bcc40d7c032b9dda1df7d1c" "/opt/rustwide/cargo-home/bin/cargo" "+beta-2023-12-22" "test" "--frozen" "--no-run" "--message-format=json", kill_on_drop: false }`
[INFO] [stdout] bb141c94a1663fb3f35210b4ffd626f32d56fd51c73c42a11bcd3610a73ac12f
[INFO] running `Command { std: "docker" "start" "-a" "bb141c94a1663fb3f35210b4ffd626f32d56fd51c73c42a11bcd3610a73ac12f", kill_on_drop: false }`
[INFO] [stderr]    Compiling pin-project-lite v0.2.13
[INFO] [stderr]    Compiling mio v0.8.10
[INFO] [stderr]    Compiling socket2 v0.5.5
[INFO] [stderr]    Compiling tokio v1.35.1
[INFO] [stderr]    Compiling typster v1.0.0 (/opt/rustwide/workdir)
[INFO] [stdout] error[E0432]: unresolved import `typster::PdfMetadata`
[INFO] [stdout]   --> examples/update_metadata.rs:3:5
[INFO] [stdout]    |
[INFO] [stdout] 3  | use typster::PdfMetadata;
[INFO] [stdout]    |     ^^^^^^^^^^^^^^^^^^^^ no `PdfMetadata` in the root
[INFO] [stdout]    |
[INFO] [stdout] note: found an item that was configured out
[INFO] [stdout]   --> /opt/rustwide/workdir/src/lib.rs:10:44
[INFO] [stdout]    |
[INFO] [stdout] 10 | pub use update_metadata::{update_metadata, PdfMetadata};
[INFO] [stdout]    |                                            ^^^^^^^^^^^
[INFO] [stdout]    = note: the item is gated behind the `pdf_metadata` feature
[INFO] [stdout] 
[INFO] [stdout] 
[INFO] [stdout] error[E0425]: cannot find function `update_metadata` in crate `typster`
[INFO] [stdout]   --> examples/update_metadata.rs:26:14
[INFO] [stdout]    |
[INFO] [stdout] 26 |     typster::update_metadata(&path, &metadata).unwrap();
[INFO] [stdout]    |              ^^^^^^^^^^^^^^^ not found in `typster`
[INFO] [stdout]    |
[INFO] [stdout] note: found an item that was configured out
[INFO] [stdout]   --> /opt/rustwide/workdir/src/lib.rs:10:27
[INFO] [stdout]    |
[INFO] [stdout] 10 | pub use update_metadata::{update_metadata, PdfMetadata};
[INFO] [stdout]    |                           ^^^^^^^^^^^^^^^
[INFO] [stdout]    = note: the item is gated behind the `pdf_metadata` feature
[INFO] [stdout] note: found an item that was configured out
[INFO] [stdout]   --> /opt/rustwide/workdir/src/lib.rs:28:5
[INFO] [stdout]    |
[INFO] [stdout] 28 | mod update_metadata;
[INFO] [stdout]    |     ^^^^^^^^^^^^^^^
[INFO] [stdout]    = note: the item is gated behind the `pdf_metadata` feature
[INFO] [stdout] 
[INFO] [stdout] 
[INFO] [stdout] error[E0432]: unresolved imports `typster::PermissionParams`, `typster::PrintPermission`
[INFO] [stdout]  --> examples/set_permission.rs:3:15
[INFO] [stdout]   |
[INFO] [stdout] 3 | use typster::{PermissionParams, PrintPermission};
[INFO] [stdout]   |               ^^^^^^^^^^^^^^^^  ^^^^^^^^^^^^^^^ no `PrintPermission` in the root
[INFO] [stdout]   |               |
[INFO] [stdout]   |               no `PermissionParams` in the root
[INFO] [stdout]   |
[INFO] [stdout] note: found an item that was configured out
[INFO] [stdout]  --> /opt/rustwide/workdir/src/lib.rs:8:42
[INFO] [stdout]   |
[INFO] [stdout] 8 | pub use set_permission::{set_permission, PermissionParams, PrintPermission};
[INFO] [stdout]   |                                          ^^^^^^^^^^^^^^^^
[INFO] [stdout]   = note: the item is gated behind the `pdf_permission` feature
[INFO] [stdout] note: found an item that was configured out
[INFO] [stdout]  --> /opt/rustwide/workdir/src/lib.rs:8:60
[INFO] [stdout]   |
[INFO] [stdout] 8 | pub use set_permission::{set_permission, PermissionParams, PrintPermission};
[INFO] [stdout]   |                                                            ^^^^^^^^^^^^^^^
[INFO] [stdout]   = note: the item is gated behind the `pdf_permission` feature
[INFO] [stdout] 
[INFO] [stdout] 
[INFO] [stdout] error[E0425]: cannot find function `set_permission` in crate `typster`
[INFO] [stdout]   --> examples/set_permission.rs:6:14
[INFO] [stdout]    |
[INFO] [stdout] 6  |     typster::set_permission(
[INFO] [stdout]    |              ^^^^^^^^^^^^^^ not found in `typster`
[INFO] [stdout]    |
[INFO] [stdout] note: found an item that was configured out
[INFO] [stdout]   --> /opt/rustwide/workdir/src/lib.rs:8:26
[INFO] [stdout]    |
[INFO] [stdout] 8  | pub use set_permission::{set_permission, PermissionParams, PrintPermission};
[INFO] [stdout]    |                          ^^^^^^^^^^^^^^
[INFO] [stdout]    = note: the item is gated behind the `pdf_permission` feature
[INFO] [stdout] note: found an item that was configured out
[INFO] [stdout]   --> /opt/rustwide/workdir/src/lib.rs:26:5
[INFO] [stdout]    |
[INFO] [stdout] 26 | mod set_permission;
[INFO] [stdout]    |     ^^^^^^^^^^^^^^
[INFO] [stdout]    = note: the item is gated behind the `pdf_permission` feature
[INFO] [stdout] 
[INFO] [stdout] 
[INFO] [stdout] error[E0422]: cannot find struct, variant or union type `CompileParams` in crate `typster`
[INFO] [stdout]  --> examples/list_fonts.rs:6:27
[INFO] [stdout]   |
[INFO] [stdout] 6 |     let params = typster::CompileParams {
[INFO] [stdout]   |                           ^^^^^^^^^^^^^ not found in `typster`
[INFO] [stdout]   |
[INFO] [stdout] note: found an item that was configured out
[INFO] [stdout]  --> /opt/rustwide/workdir/src/lib.rs:2:28
[INFO] [stdout]   |
[INFO] [stdout] 2 | pub use compile::{compile, CompileParams};
[INFO] [stdout]   |                            ^^^^^^^^^^^^^
[INFO] [stdout]   = note: the item is gated behind the `compile` feature
[INFO] [stdout] 
[INFO] [stdout] 
[INFO] [stdout] error[E0425]: cannot find function `list_fonts` in crate `typster`
[INFO] [stdout]   --> examples/list_fonts.rs:17:14
[INFO] [stdout]    |
[INFO] [stdout] 17 |     typster::list_fonts(&params.font_paths).iter().for_each(|font| {
[INFO] [stdout]    |              ^^^^^^^^^^ not found in `typster`
[INFO] [stdout]    |
[INFO] [stdout] note: found an item that was configured out
[INFO] [stdout]   --> /opt/rustwide/workdir/src/lib.rs:4:31
[INFO] [stdout]    |
[INFO] [stdout] 4  | pub use fonts::{export_fonts, list_fonts, FontInformation, FontVariant};
[INFO] [stdout]    |                               ^^^^^^^^^^
[INFO] [stdout]    = note: the item is gated behind the `compile` feature
[INFO] [stdout] 
[INFO] [stdout] 
[INFO] [stdout] error[E0422]: cannot find struct, variant or union type `FontVariant` in crate `typster`
[INFO] [stdout]   --> examples/list_fonts.rs:21:33
[INFO] [stdout]    |
[INFO] [stdout] 21 |             .for_each(|typster::FontVariant { style, weight, stretch }| {
[INFO] [stdout]    |                                 ^^^^^^^^^^^ not found in `typster`
[INFO] [stdout]    |
[INFO] [stdout] note: found an item that was configured out
[INFO] [stdout]   --> /opt/rustwide/workdir/src/lib.rs:4:60
[INFO] [stdout]    |
[INFO] [stdout] 4  | pub use fonts::{export_fonts, list_fonts, FontInformation, FontVariant};
[INFO] [stdout]    |                                                            ^^^^^^^^^^^
[INFO] [stdout]    = note: the item is gated behind the `compile` feature
[INFO] [stdout] 
[INFO] [stdout] 
[INFO] [stdout] error[E0425]: cannot find function `export_fonts` in crate `typster`
[INFO] [stdout]  --> examples/export_fonts.rs:4:14
[INFO] [stdout]   |
[INFO] [stdout] 4 |     typster::export_fonts(&Vec::new(), &PathBuf::from_str("fonts").unwrap())
[INFO] [stdout]   |              ^^^^^^^^^^^^ not found in `typster`
[INFO] [stdout]   |
[INFO] [stdout] note: found an item that was configured out
[INFO] [stdout]  --> /opt/rustwide/workdir/src/lib.rs:4:17
[INFO] [stdout]   |
[INFO] [stdout] 4 | pub use fonts::{export_fonts, list_fonts, FontInformation, FontVariant};
[INFO] [stdout]   |                 ^^^^^^^^^^^^
[INFO] [stdout]   = note: the item is gated behind the `compile` feature
[INFO] [stdout] 
[INFO] [stdout] 
[INFO] [stdout] error[E0422]: cannot find struct, variant or union type `FormatParams` in crate `typster`
[INFO] [stdout]   --> examples/format.rs:11:27
[INFO] [stdout]    |
[INFO] [stdout] 11 |     let params = typster::FormatParams {
[INFO] [stdout]    |                           ^^^^^^^^^^^^ not found in `typster`
[INFO] [stdout]    |
[INFO] [stdout] note: found an item that was configured out
[INFO] [stdout]   --> /opt/rustwide/workdir/src/lib.rs:6:26
[INFO] [stdout]    |
[INFO] [stdout] 6  | pub use format::{format, FormatParams};
[INFO] [stdout]    |                          ^^^^^^^^^^^^
[INFO] [stdout]    = note: the item is gated behind the `format` feature
[INFO] [stdout] 
[INFO] [stdout] 
[INFO] [stdout] error[E0425]: cannot find function `format` in crate `typster`
[INFO] [stdout]   --> examples/format.rs:18:29
[INFO] [stdout]    |
[INFO] [stdout] 18 |     println!("{}", typster::format(&params).map_or_else(|why| why.to_string(), |s| s));
[INFO] [stdout]    |                             ^^^^^^ not found in `typster`
[INFO] [stdout]    |
[INFO] [stdout] note: found an item that was configured out
[INFO] [stdout]   --> /opt/rustwide/workdir/src/lib.rs:6:18
[INFO] [stdout]    |
[INFO] [stdout] 6  | pub use format::{format, FormatParams};
[INFO] [stdout]    |                  ^^^^^^
[INFO] [stdout]    = note: the item is gated behind the `format` feature
[INFO] [stdout] note: found an item that was configured out
[INFO] [stdout]   --> /opt/rustwide/workdir/src/lib.rs:22:5
[INFO] [stdout]    |
[INFO] [stdout] 22 | mod format;
[INFO] [stdout]    |     ^^^^^^
[INFO] [stdout]    = note: the item is gated behind the `format` feature
[INFO] [stdout] help: consider importing one of these items
[INFO] [stdout]    |
[INFO] [stdout] 1  + use serde::__private::fmt::format;
[INFO] [stdout]    |
[INFO] [stdout] 1  + use std::fmt::format;
[INFO] [stdout]    |
[INFO] [stdout] help: if you import `format`, refer to it directly
[INFO] [stdout]    |
[INFO] [stdout] 18 -     println!("{}", typster::format(&params).map_or_else(|why| why.to_string(), |s| s));
[INFO] [stdout] 18 +     println!("{}", format(&params).map_or_else(|why| why.to_string(), |s| s));
[INFO] [stdout]    |
[INFO] [stdout] 
[INFO] [stdout] 
[INFO] [stdout] error: aborting due to 2 previous errors
[INFO] [stdout] 
[INFO] [stdout] 
[INFO] [stdout] Some errors have detailed explanations: E0425, E0432.
[INFO] [stdout] 
[INFO] [stdout] For more information about an error, try `rustc --explain E0425`.
[INFO] [stdout] 
[INFO] [stdout] error: aborting due to 2 previous errors
[INFO] [stdout] 
[INFO] [stdout] 
[INFO] [stdout] Some errors have detailed explanations: E0425, E0432.
[INFO] [stdout] 
[INFO] [stdout] For more information about an error, try `rustc --explain E0425`.
[INFO] [stdout] 
[INFO] [stdout] error[E0432]: unresolved import `tokio::runtime::Runtime`
[INFO] [stdout]  --> examples/watch.rs:3:5
[INFO] [stdout]   |
[INFO] [stdout] 3 | use tokio::runtime::Runtime;
[INFO] [stdout]   |     ^^^^^^^^^^^^^^^^^^^^^^^ no `Runtime` in `runtime`
[INFO] [stdout] 
[INFO] [stdout] 
[INFO] [stdout] error[E0422]: cannot find struct, variant or union type `CompileParams` in crate `typster`
[INFO] [stdout]  --> examples/compile.rs:6:27
[INFO] [stdout]   |
[INFO] [stdout] 6 |     let params = typster::CompileParams {
[INFO] [stdout]   |                           ^^^^^^^^^^^^^ not found in `typster`
[INFO] [stdout]   |
[INFO] [stdout] note: found an item that was configured out
[INFO] [stdout]  --> /opt/rustwide/workdir/src/lib.rs:2:28
[INFO] [stdout]   |
[INFO] [stdout] 2 | pub use compile::{compile, CompileParams};
[INFO] [stdout]   |                            ^^^^^^^^^^^^^
[INFO] [stdout]   = note: the item is gated behind the `compile` feature
[INFO] [stdout] 
[INFO] [stdout] 
[INFO] [stdout] error[E0425]: cannot find function `compile` in crate `typster`
[INFO] [stdout]   --> examples/compile.rs:16:20
[INFO] [stdout]    |
[INFO] [stdout] 16 |     match typster::compile(&params) {
[INFO] [stdout]    |                    ^^^^^^^ not found in `typster`
[INFO] [stdout]    |
[INFO] [stdout] note: found an item that was configured out
[INFO] [stdout]   --> /opt/rustwide/workdir/src/lib.rs:2:19
[INFO] [stdout]    |
[INFO] [stdout] 2  | pub use compile::{compile, CompileParams};
[INFO] [stdout]    |                   ^^^^^^^
[INFO] [stdout]    = note: the item is gated behind the `compile` feature
[INFO] [stdout] note: found an item that was configured out
[INFO] [stdout]   --> /opt/rustwide/workdir/src/lib.rs:16:5
[INFO] [stdout]    |
[INFO] [stdout] 16 | mod compile;
[INFO] [stdout]    |     ^^^^^^^
[INFO] [stdout]    = note: the item is gated behind the `compile` feature
[INFO] [stdout] 
[INFO] [stdout] 
[INFO] [stdout] error: aborting due to 1 previous error
[INFO] [stdout] 
[INFO] [stdout] 
[INFO] [stdout] For more information about this error, try `rustc --explain E0425`.
[INFO] [stdout] 
[INFO] [stdout] error: aborting due to 2 previous errors
[INFO] [stdout] 
[INFO] [stdout] 
[INFO] [stdout] Some errors have detailed explanations: E0422, E0425.
[INFO] [stdout] 
[INFO] [stdout] For more information about an error, try `rustc --explain E0422`.
[INFO] [stdout] 
[INFO] [stdout] error: aborting due to 3 previous errors
[INFO] [stdout] 
[INFO] [stdout] 
[INFO] [stdout] Some errors have detailed explanations: E0422, E0425.
[INFO] [stdout] 
[INFO] [stdout] error[E0422]: cannot find struct, variant or union type `CompileParams` in crate `typster`
[INFO] [stdout]  --> examples/watch.rs:7:27
[INFO] [stdout]   |
[INFO] [stdout] 7 |     let params = typster::CompileParams {
[INFO] [stdout]   |                           ^^^^^^^^^^^^^ not found in `typster`
[INFO] [stdout]   |
[INFO] [stdout] note: found an item that was configured out
[INFO] [stdout]  --> /opt/rustwide/workdir/src/lib.rs:2:28
[INFO] [stdout]   |
[INFO] [stdout] 2 | pub use compile::{compile, CompileParams};
[INFO] [stdout]   |                            ^^^^^^^^^^^^^
[INFO] [stdout]   = note: the item is gated behind the `compile` feature
[INFO] [stdout] 
[INFO] [stdout] 
[INFO] [stdout] For more information about an error, try `rustc --explain E0422`.
[INFO] [stdout] 
[INFO] [stdout] error[E0425]: cannot find function `watch` in crate `typster`
[INFO] [stdout]   --> examples/watch.rs:19:38
[INFO] [stdout]    |
[INFO] [stdout] 19 |         if let Err(error) = typster::watch(&params, true).await {
[INFO] [stdout]    |                                      ^^^^^ not found in `typster`
[INFO] [stdout]    |
[INFO] [stdout] note: found an item that was configured out
[INFO] [stdout]   --> /opt/rustwide/workdir/src/lib.rs:13:16
[INFO] [stdout]    |
[INFO] [stdout] 13 | pub use watch::watch;
[INFO] [stdout]    |                ^^^^^
[INFO] [stdout]    = note: the item is gated behind the `watch` feature
[INFO] [stdout] note: found an item that was configured out
[INFO] [stdout]   --> /opt/rustwide/workdir/src/lib.rs:31:5
[INFO] [stdout]    |
[INFO] [stdout] 31 | mod watch;
[INFO] [stdout]    |     ^^^^^
[INFO] [stdout]    = note: the item is gated behind the `watch` feature
[INFO] [stdout] 
[INFO] [stdout] 
[INFO] [stdout] error[E0603]: module `runtime` is private
[INFO] [stdout]    --> examples/watch.rs:3:12
[INFO] [stdout]     |
[INFO] [stdout] 3   | use tokio::runtime::Runtime;
[INFO] [stdout]     |            ^^^^^^^ private module
[INFO] [stdout]     |
[INFO] [stdout] note: the module `runtime` is defined here
[INFO] [stdout]    --> /opt/rustwide/cargo-home/registry/src/index.crates.io-6f17d22bba15001f/tokio-1.35.1/src/lib.rs:523:5
[INFO] [stdout]     |
[INFO] [stdout] 523 |     pub(crate) mod runtime;
[INFO] [stdout]     |     ^^^^^^^^^^^^^^^^^^^^^^
[INFO] [stdout] 
[INFO] [stdout] 
[INFO] [stderr] error: could not compile `typster` (example "update_metadata") due to 3 previous errors
[INFO] [stderr] warning: build failed, waiting for other jobs to finish...
[INFO] [stderr] error: could not compile `typster` (example "set_permission") due to 3 previous errors
[INFO] [stderr] error: could not compile `typster` (example "export_fonts") due to 2 previous errors
[INFO] [stdout] error: aborting due to 2 previous errors
[INFO] [stdout] 
[INFO] [stdout] 
[INFO] [stdout] Some errors have detailed explanations: E0422, E0425.
[INFO] [stdout] 
[INFO] [stdout] For more information about an error, try `rustc --explain E0422`.
[INFO] [stdout] 
[INFO] [stderr] error: could not compile `typster` (example "format") due to 3 previous errors
[INFO] [stderr] error: could not compile `typster` (example "list_fonts") due to 4 previous errors
[INFO] [stdout] error: aborting due to 4 previous errors
[INFO] [stdout] 
[INFO] [stdout] 
[INFO] [stdout] Some errors have detailed explanations: E0422, E0425, E0432, E0603.
[INFO] [stdout] 
[INFO] [stdout] For more information about an error, try `rustc --explain E0422`.
[INFO] [stdout] 
[INFO] [stderr] error: could not compile `typster` (example "compile") due to 3 previous errors
[INFO] [stderr] error: could not compile `typster` (example "watch") due to 5 previous errors
[INFO] running `Command { std: "docker" "inspect" "bb141c94a1663fb3f35210b4ffd626f32d56fd51c73c42a11bcd3610a73ac12f", kill_on_drop: false }`
[INFO] running `Command { std: "docker" "rm" "-f" "bb141c94a1663fb3f35210b4ffd626f32d56fd51c73c42a11bcd3610a73ac12f", kill_on_drop: false }`
[INFO] [stdout] bb141c94a1663fb3f35210b4ffd626f32d56fd51c73c42a11bcd3610a73ac12f
