[INFO] cloning repository https://github.com/0x61nas/cmus-notify
[INFO] running `Command { std: "git" "-c" "credential.helper=" "-c" "credential.helper=/workspace/cargo-home/bin/git-credential-null" "clone" "--bare" "https://github.com/0x61nas/cmus-notify" "/workspace/cache/git-repos/https%3A%2F%2Fgithub.com%2F0x61nas%2Fcmus-notify", kill_on_drop: false }`
[INFO] [stderr] Cloning into bare repository '/workspace/cache/git-repos/https%3A%2F%2Fgithub.com%2F0x61nas%2Fcmus-notify'...
[INFO] running `Command { std: "git" "rev-parse" "HEAD", kill_on_drop: false }`
[INFO] [stdout] bb20bf1d48d53912391ba929a74a3eb2ba26938f
[INFO] testing 0x61nas/cmus-notify against 1.75.0 for beta-1.76-1
[INFO] running `Command { std: "git" "clone" "/workspace/cache/git-repos/https%3A%2F%2Fgithub.com%2F0x61nas%2Fcmus-notify" "/workspace/builds/worker-6-tc1/source", kill_on_drop: false }`
[INFO] [stderr] Cloning into '/workspace/builds/worker-6-tc1/source'...
[INFO] [stderr] done.
[INFO] validating manifest of git repo https://github.com/0x61nas/cmus-notify on toolchain 1.75.0
[INFO] running `Command { std: CARGO_HOME="/workspace/cargo-home" RUSTUP_HOME="/workspace/rustup-home" "/workspace/cargo-home/bin/cargo" "+1.75.0" "metadata" "--manifest-path" "Cargo.toml" "--no-deps", kill_on_drop: false }`
[INFO] started tweaking git repo https://github.com/0x61nas/cmus-notify
[INFO] finished tweaking git repo https://github.com/0x61nas/cmus-notify
[INFO] tweaked toml for git repo https://github.com/0x61nas/cmus-notify written to /workspace/builds/worker-6-tc1/source/Cargo.toml
[INFO] crate git repo https://github.com/0x61nas/cmus-notify already has a lockfile, it will not be regenerated
[INFO] running `Command { std: CARGO_HOME="/workspace/cargo-home" RUSTUP_HOME="/workspace/rustup-home" "/workspace/cargo-home/bin/cargo" "+1.75.0" "fetch" "--manifest-path" "Cargo.toml", kill_on_drop: false }`
[INFO] [stderr]     Updating crates.io index
[INFO] [stderr]  Downloading crates ...
[INFO] [stderr]   Downloaded tauri-winrt-notification v0.1.0
[INFO] [stderr]   Downloaded strum_macros v0.22.0
[INFO] [stderr]   Downloaded lrc v0.1.8
[INFO] [stderr]   Downloaded strum v0.22.0
[INFO] [stderr]   Downloaded async-broadcast v0.5.0
[INFO] [stderr]   Downloaded mac-notification-sys v0.6.1
[INFO] [stderr]   Downloaded confy v0.5.1
[INFO] [stderr]   Downloaded thiserror v1.0.51
[INFO] [stderr]   Downloaded zvariant_derive v3.10.0
[INFO] [stderr]   Downloaded linux-raw-sys v0.3.0
[INFO] [stderr]   Downloaded notify-rust v4.10.0
[INFO] [stderr]   Downloaded clap_builder v4.4.11
[INFO] [stderr]   Downloaded clap v4.4.11
[INFO] [stderr]   Downloaded rustix v0.37.3
[INFO] [stderr]   Downloaded zvariant v3.10.0
[INFO] [stderr]   Downloaded parse-display-derive v0.8.2
[INFO] [stderr]   Downloaded clap-markdown v0.1.3
[INFO] [stderr]   Downloaded thiserror-impl v1.0.51
[INFO] [stderr]   Downloaded parse-display v0.8.2
[INFO] running `Command { std: "docker" "create" "-v" "/var/lib/crater-agent-workspace/builds/worker-6-tc1/target:/opt/rustwide/target:rw,Z" "-v" "/var/lib/crater-agent-workspace/builds/worker-6-tc1/source:/opt/rustwide/workdir:ro,Z" "-v" "/var/lib/crater-agent-workspace/cargo-home:/opt/rustwide/cargo-home:ro,Z" "-v" "/var/lib/crater-agent-workspace/rustup-home:/opt/rustwide/rustup-home:ro,Z" "-e" "SOURCE_DIR=/opt/rustwide/workdir" "-e" "CARGO_TARGET_DIR=/opt/rustwide/target" "-e" "CARGO_HOME=/opt/rustwide/cargo-home" "-e" "RUSTUP_HOME=/opt/rustwide/rustup-home" "-w" "/opt/rustwide/workdir" "-m" "1610612736" "--user" "0:0" "--network" "none" "ghcr.io/rust-lang/crates-build-env/linux@sha256:2788e3201cd34a07e3172128adcd8b3090168a8e3bcc40d7c032b9dda1df7d1c" "/opt/rustwide/cargo-home/bin/cargo" "+1.75.0" "metadata" "--no-deps" "--format-version=1", kill_on_drop: false }`
[INFO] [stdout] d640bce3a9674c413538a5e151afe4797c3a00b4a794e08e45424926cbf57f1f
[INFO] running `Command { std: "docker" "start" "-a" "d640bce3a9674c413538a5e151afe4797c3a00b4a794e08e45424926cbf57f1f", kill_on_drop: false }`
[INFO] running `Command { std: "docker" "inspect" "d640bce3a9674c413538a5e151afe4797c3a00b4a794e08e45424926cbf57f1f", kill_on_drop: false }`
[INFO] running `Command { std: "docker" "rm" "-f" "d640bce3a9674c413538a5e151afe4797c3a00b4a794e08e45424926cbf57f1f", kill_on_drop: false }`
[INFO] [stdout] d640bce3a9674c413538a5e151afe4797c3a00b4a794e08e45424926cbf57f1f
[INFO] running `Command { std: "docker" "create" "-v" "/var/lib/crater-agent-workspace/builds/worker-6-tc1/target:/opt/rustwide/target:rw,Z" "-v" "/var/lib/crater-agent-workspace/builds/worker-6-tc1/source:/opt/rustwide/workdir:ro,Z" "-v" "/var/lib/crater-agent-workspace/cargo-home:/opt/rustwide/cargo-home:ro,Z" "-v" "/var/lib/crater-agent-workspace/rustup-home:/opt/rustwide/rustup-home:ro,Z" "-e" "SOURCE_DIR=/opt/rustwide/workdir" "-e" "CARGO_TARGET_DIR=/opt/rustwide/target" "-e" "CARGO_INCREMENTAL=0" "-e" "RUST_BACKTRACE=full" "-e" "RUSTFLAGS=--cap-lints=warn" "-e" "RUSTDOCFLAGS=--cap-lints=warn" "-e" "CARGO_HOME=/opt/rustwide/cargo-home" "-e" "RUSTUP_HOME=/opt/rustwide/rustup-home" "-w" "/opt/rustwide/workdir" "-m" "1610612736" "--user" "0:0" "--network" "none" "ghcr.io/rust-lang/crates-build-env/linux@sha256:2788e3201cd34a07e3172128adcd8b3090168a8e3bcc40d7c032b9dda1df7d1c" "/opt/rustwide/cargo-home/bin/cargo" "+1.75.0" "build" "--frozen" "--message-format=json", kill_on_drop: false }`
[INFO] [stdout] 24f32ec2784de437434d61b52584c4a485562310e6819c3cb3ea42278cf11636
[INFO] running `Command { std: "docker" "start" "-a" "24f32ec2784de437434d61b52584c4a485562310e6819c3cb3ea42278cf11636", kill_on_drop: false }`
[INFO] [stderr]    Compiling proc-macro2 v1.0.65
[INFO] [stderr]    Compiling unicode-ident v1.0.6
[INFO] [stderr]    Compiling quote v1.0.29
[INFO] [stderr]    Compiling libc v0.2.148
[INFO] [stderr]    Compiling memchr v2.6.2
[INFO] [stderr]    Compiling syn v1.0.107
[INFO] [stderr]    Compiling futures-core v0.3.26
[INFO] [stderr]    Compiling once_cell v1.18.0
[INFO] [stderr]    Compiling indexmap v1.9.2
[INFO] [stderr]    Compiling lock_api v0.4.9
[INFO] [stderr]    Compiling futures-io v0.3.26
[INFO] [stderr]    Compiling serde v1.0.193
[INFO] [stderr]    Compiling typenum v1.16.0
[INFO] [stderr]    Compiling event-listener v2.5.3
[INFO] [stderr]    Compiling waker-fn v1.1.0
[INFO] [stderr]    Compiling toml_datetime v0.5.1
[INFO] [stderr]    Compiling parking v2.0.0
[INFO] [stderr]    Compiling miniz_oxide v0.6.2
[INFO] [stderr]    Compiling concurrent-queue v2.1.0
[INFO] [stderr]    Compiling slab v0.4.7
[INFO] [stderr]    Compiling smallvec v1.10.0
[INFO] [stderr]    Compiling rayon-core v1.10.2
[INFO] [stderr]    Compiling num-traits v0.2.15
[INFO] [stderr]    Compiling futures-sink v0.3.26
[INFO] [stderr]    Compiling parking_lot_core v0.9.7
[INFO] [stderr]    Compiling byteorder v1.4.3
[INFO] [stderr]    Compiling polling v2.5.2
[INFO] [stderr]    Compiling num-integer v0.1.45
[INFO] [stderr]    Compiling bitflags v2.4.0
[INFO] [stderr]    Compiling rustix v0.38.13
[INFO] [stderr]    Compiling futures-task v0.3.26
[INFO] [stderr]    Compiling flate2 v1.0.25
[INFO] [stderr]    Compiling either v1.8.1
[INFO] [stderr]    Compiling async-task v4.3.0
[INFO] [stderr]    Compiling spin v0.9.8
[INFO] [stderr]    Compiling async-channel v1.8.0
[INFO] [stderr]    Compiling nom8 v0.2.0
[INFO] [stderr]    Compiling futures-lite v1.12.0
[INFO] [stderr]    Compiling aho-corasick v1.0.1
[INFO] [stderr]    Compiling num-rational v0.4.1
[INFO] [stderr]    Compiling async-fs v1.6.0
[INFO] [stderr]    Compiling async-io v1.12.0
[INFO] [stderr]    Compiling utf8parse v0.2.1
[INFO] [stderr]    Compiling weezl v0.1.7
[INFO] [stderr]    Compiling linux-raw-sys v0.4.7
[INFO] [stderr]    Compiling atomic-waker v1.1.0
[INFO] [stderr]    Compiling futures-util v0.3.26
[INFO] [stderr]    Compiling async-trait v0.1.64
[INFO] [stderr]    Compiling anstyle-parse v0.2.0
[INFO] [stderr]    Compiling tracing-core v0.1.30
[INFO] [stderr]    Compiling half v2.2.1
[INFO] [stderr]    Compiling thiserror v1.0.51
[INFO] [stderr]    Compiling syn v2.0.28
[INFO] [stderr]    Compiling color_quant v1.1.0
[INFO] [stderr]    Compiling colorchoice v1.0.0
[INFO] [stderr]    Compiling bytemuck v1.13.0
[INFO] [stderr]    Compiling lebe v0.5.2
[INFO] [stderr]    Compiling anstyle-query v1.0.0
[INFO] [stderr]    Compiling anstyle v1.0.0
[INFO] [stderr]    Compiling async-lock v2.6.0
[INFO] [stderr]    Compiling generic-array v0.14.6
[INFO] [stderr]    Compiling regex-automata v0.4.3
[INFO] [stderr]    Compiling bit_field v0.10.1
[INFO] [stderr]    Compiling anstream v0.6.4
[INFO] [stderr]    Compiling getrandom v0.2.8
[INFO] [stderr]    Compiling num_cpus v1.15.0
[INFO] [stderr]    Compiling dirs-sys v0.3.7
[INFO] [stderr]    Compiling nanorand v0.7.0
[INFO] [stderr]    Compiling rand_core v0.6.4
[INFO] [stderr]    Compiling parking_lot v0.12.1
[INFO] [stderr]    Compiling threadpool v1.8.1
[INFO] [stderr]    Compiling rand_chacha v0.3.1
[INFO] [stderr]    Compiling blocking v1.3.0
[INFO] [stderr]    Compiling socket2 v0.4.7
[INFO] [stderr]    Compiling async-broadcast v0.5.0
[INFO] [stderr]    Compiling crypto-common v0.1.6
[INFO] [stderr]    Compiling block-buffer v0.10.3
[INFO] [stderr]    Compiling rand v0.8.5
[INFO] [stderr]    Compiling digest v0.10.6
[INFO] [stderr]    Compiling rayon v1.6.1
[INFO] [stderr]    Compiling terminal_size v0.3.0
[INFO] [stderr]    Compiling toml_edit v0.18.1
[INFO] [stderr]    Compiling sha1 v0.10.5
[INFO] [stderr]    Compiling dirs v4.0.0
[INFO] [stderr]    Compiling async-executor v1.5.0
[INFO] [stderr]    Compiling qoi v0.4.1
[INFO] [stderr]    Compiling nix v0.26.2
[INFO] [stderr]    Compiling gif v0.12.0
[INFO] [stderr]    Compiling png v0.17.7
[INFO] [stderr]    Compiling ordered-stream v0.2.0
[INFO] [stderr]    Compiling heck v0.4.1
[INFO] [stderr]    Compiling hex v0.4.3
[INFO] [stderr]    Compiling regex-syntax v0.7.5
[INFO] [stderr]    Compiling clap_lex v0.6.0
[INFO] [stderr]    Compiling strsim v0.10.0
[INFO] [stderr]    Compiling directories v4.0.1
[INFO] [stderr]    Compiling id3 v1.10.0
[INFO] [stderr]    Compiling clap_builder v4.4.11
[INFO] [stderr]    Compiling proc-macro-crate v1.3.0
[INFO] [stderr]    Compiling jpeg-decoder v0.3.0
[INFO] [stderr]    Compiling regex v1.10.2
[INFO] [stderr]    Compiling tiff v0.9.0
[INFO] [stderr] error: could not compile `syn` (lib)
[INFO] [stderr] 
[INFO] [stderr] Caused by:
[INFO] [stderr]   process didn't exit successfully: `/opt/rustwide/rustup-home/toolchains/1.75.0-x86_64-unknown-linux-gnu/bin/rustc --crate-name syn --edition=2018 /opt/rustwide/cargo-home/registry/src/index.crates.io-6f17d22bba15001f/syn-1.0.107/src/lib.rs --error-format=json --json=diagnostic-rendered-ansi,artifacts,future-incompat --crate-type lib --emit=dep-info,metadata,link -C embed-bitcode=no --cfg 'feature="clone-impls"' --cfg 'feature="default"' --cfg 'feature="derive"' --cfg 'feature="extra-traits"' --cfg 'feature="fold"' --cfg 'feature="full"' --cfg 'feature="parsing"' --cfg 'feature="printing"' --cfg 'feature="proc-macro"' --cfg 'feature="quote"' --cfg 'feature="visit"' --cfg 'feature="visit-mut"' -C metadata=d32ce01a8b0dbf0d -C extra-filename=-d32ce01a8b0dbf0d --out-dir /opt/rustwide/target/debug/deps -L dependency=/opt/rustwide/target/debug/deps --extern proc_macro2=/opt/rustwide/target/debug/deps/libproc_macro2-28efe117ab99141b.rmeta --extern quote=/opt/rustwide/target/debug/deps/libquote-3d729aa00cc8dee1.rmeta --extern unicode_ident=/opt/rustwide/target/debug/deps/libunicode_ident-a9d657168ff7fe0f.rmeta --cap-lints allow --cap-lints=warn --cfg syn_disable_nightly_tests` (signal: 9, SIGKILL: kill)
[INFO] [stderr] warning: build failed, waiting for other jobs to finish...
[INFO] running `Command { std: "docker" "inspect" "24f32ec2784de437434d61b52584c4a485562310e6819c3cb3ea42278cf11636", kill_on_drop: false }`
[INFO] running `Command { std: "docker" "rm" "-f" "24f32ec2784de437434d61b52584c4a485562310e6819c3cb3ea42278cf11636", kill_on_drop: false }`
[INFO] [stdout] 24f32ec2784de437434d61b52584c4a485562310e6819c3cb3ea42278cf11636
[INFO] testing 0x61nas/cmus-notify against beta-2023-12-22 for beta-1.76-1
[INFO] running `Command { std: "git" "clone" "/workspace/cache/git-repos/https%3A%2F%2Fgithub.com%2F0x61nas%2Fcmus-notify" "/workspace/builds/worker-6-tc2/source", kill_on_drop: false }`
[INFO] [stderr] Cloning into '/workspace/builds/worker-6-tc2/source'...
[INFO] [stderr] done.
[INFO] validating manifest of git repo https://github.com/0x61nas/cmus-notify on toolchain beta-2023-12-22
[INFO] running `Command { std: CARGO_HOME="/workspace/cargo-home" RUSTUP_HOME="/workspace/rustup-home" "/workspace/cargo-home/bin/cargo" "+beta-2023-12-22" "metadata" "--manifest-path" "Cargo.toml" "--no-deps", kill_on_drop: false }`
[INFO] started tweaking git repo https://github.com/0x61nas/cmus-notify
[INFO] finished tweaking git repo https://github.com/0x61nas/cmus-notify
[INFO] tweaked toml for git repo https://github.com/0x61nas/cmus-notify written to /workspace/builds/worker-6-tc2/source/Cargo.toml
[INFO] crate git repo https://github.com/0x61nas/cmus-notify already has a lockfile, it will not be regenerated
[INFO] running `Command { std: CARGO_HOME="/workspace/cargo-home" RUSTUP_HOME="/workspace/rustup-home" "/workspace/cargo-home/bin/cargo" "+beta-2023-12-22" "fetch" "--manifest-path" "Cargo.toml", kill_on_drop: false }`
[INFO] running `Command { std: "docker" "create" "-v" "/var/lib/crater-agent-workspace/builds/worker-6-tc2/target:/opt/rustwide/target:rw,Z" "-v" "/var/lib/crater-agent-workspace/builds/worker-6-tc2/source:/opt/rustwide/workdir:ro,Z" "-v" "/var/lib/crater-agent-workspace/cargo-home:/opt/rustwide/cargo-home:ro,Z" "-v" "/var/lib/crater-agent-workspace/rustup-home:/opt/rustwide/rustup-home:ro,Z" "-e" "SOURCE_DIR=/opt/rustwide/workdir" "-e" "CARGO_TARGET_DIR=/opt/rustwide/target" "-e" "CARGO_HOME=/opt/rustwide/cargo-home" "-e" "RUSTUP_HOME=/opt/rustwide/rustup-home" "-w" "/opt/rustwide/workdir" "-m" "1610612736" "--user" "0:0" "--network" "none" "ghcr.io/rust-lang/crates-build-env/linux@sha256:2788e3201cd34a07e3172128adcd8b3090168a8e3bcc40d7c032b9dda1df7d1c" "/opt/rustwide/cargo-home/bin/cargo" "+beta-2023-12-22" "metadata" "--no-deps" "--format-version=1", kill_on_drop: false }`
[INFO] [stdout] 948f3a977b37fdce4360ec5ce76a370f11d5c14d6d7d7323bbfdbd4f68c1688c
[INFO] running `Command { std: "docker" "start" "-a" "948f3a977b37fdce4360ec5ce76a370f11d5c14d6d7d7323bbfdbd4f68c1688c", kill_on_drop: false }`
[INFO] running `Command { std: "docker" "inspect" "948f3a977b37fdce4360ec5ce76a370f11d5c14d6d7d7323bbfdbd4f68c1688c", kill_on_drop: false }`
[INFO] running `Command { std: "docker" "rm" "-f" "948f3a977b37fdce4360ec5ce76a370f11d5c14d6d7d7323bbfdbd4f68c1688c", kill_on_drop: false }`
[INFO] [stdout] 948f3a977b37fdce4360ec5ce76a370f11d5c14d6d7d7323bbfdbd4f68c1688c
[INFO] running `Command { std: "docker" "create" "-v" "/var/lib/crater-agent-workspace/builds/worker-6-tc2/target:/opt/rustwide/target:rw,Z" "-v" "/var/lib/crater-agent-workspace/builds/worker-6-tc2/source:/opt/rustwide/workdir:ro,Z" "-v" "/var/lib/crater-agent-workspace/cargo-home:/opt/rustwide/cargo-home:ro,Z" "-v" "/var/lib/crater-agent-workspace/rustup-home:/opt/rustwide/rustup-home:ro,Z" "-e" "SOURCE_DIR=/opt/rustwide/workdir" "-e" "CARGO_TARGET_DIR=/opt/rustwide/target" "-e" "CARGO_INCREMENTAL=0" "-e" "RUST_BACKTRACE=full" "-e" "RUSTFLAGS=--cap-lints=warn" "-e" "RUSTDOCFLAGS=--cap-lints=warn" "-e" "CARGO_HOME=/opt/rustwide/cargo-home" "-e" "RUSTUP_HOME=/opt/rustwide/rustup-home" "-w" "/opt/rustwide/workdir" "-m" "1610612736" "--user" "0:0" "--network" "none" "ghcr.io/rust-lang/crates-build-env/linux@sha256:2788e3201cd34a07e3172128adcd8b3090168a8e3bcc40d7c032b9dda1df7d1c" "/opt/rustwide/cargo-home/bin/cargo" "+beta-2023-12-22" "build" "--frozen" "--message-format=json", kill_on_drop: false }`
[INFO] [stdout] 700bea3b712163aab16935288e8b5ee49a406b728b76fa52e414514901c1ea88
[INFO] running `Command { std: "docker" "start" "-a" "700bea3b712163aab16935288e8b5ee49a406b728b76fa52e414514901c1ea88", kill_on_drop: false }`
[INFO] [stderr]    Compiling proc-macro2 v1.0.65
[INFO] [stderr]    Compiling quote v1.0.29
[INFO] [stderr]    Compiling unicode-ident v1.0.6
[INFO] [stderr]    Compiling libc v0.2.148
[INFO] [stderr]    Compiling memchr v2.6.2
[INFO] [stderr]    Compiling syn v1.0.107
[INFO] [stderr]    Compiling futures-core v0.3.26
[INFO] [stderr]    Compiling once_cell v1.18.0
[INFO] [stderr]    Compiling indexmap v1.9.2
[INFO] [stderr]    Compiling lock_api v0.4.9
[INFO] [stderr]    Compiling typenum v1.16.0
[INFO] [stderr]    Compiling event-listener v2.5.3
[INFO] [stderr]    Compiling futures-io v0.3.26
[INFO] [stderr]    Compiling serde v1.0.193
[INFO] [stderr]    Compiling toml_datetime v0.5.1
[INFO] [stderr]    Compiling parking v2.0.0
[INFO] [stderr]    Compiling waker-fn v1.1.0
[INFO] [stderr]    Compiling miniz_oxide v0.6.2
[INFO] [stderr]    Compiling concurrent-queue v2.1.0
[INFO] [stderr]    Compiling slab v0.4.7
[INFO] [stderr]    Compiling rayon-core v1.10.2
[INFO] [stderr]    Compiling smallvec v1.10.0
[INFO] [stderr]    Compiling num-traits v0.2.15
[INFO] [stderr]    Compiling byteorder v1.4.3
[INFO] [stderr]    Compiling parking_lot_core v0.9.7
[INFO] [stderr]    Compiling futures-sink v0.3.26
[INFO] [stderr]    Compiling polling v2.5.2
[INFO] [stderr]    Compiling num-integer v0.1.45
[INFO] [stderr]    Compiling rustix v0.38.13
[INFO] [stderr]    Compiling nom8 v0.2.0
[INFO] [stderr]    Compiling aho-corasick v1.0.1
[INFO] [stderr]    Compiling futures-lite v1.12.0
[INFO] [stderr]    Compiling flate2 v1.0.25
[INFO] [stderr]    Compiling bitflags v2.4.0
[INFO] [stderr]    Compiling async-task v4.3.0
[INFO] [stderr]    Compiling futures-task v0.3.26
[INFO] [stderr]    Compiling either v1.8.1
[INFO] [stderr]    Compiling spin v0.9.8
[INFO] [stderr]    Compiling async-channel v1.8.0
[INFO] [stderr]    Compiling num-rational v0.4.1
[INFO] [stderr]    Compiling async-io v1.12.0
[INFO] [stderr]    Compiling async-fs v1.6.0
[INFO] [stderr]    Compiling syn v2.0.28
[INFO] [stderr]    Compiling linux-raw-sys v0.4.7
[INFO] [stderr]    Compiling atomic-waker v1.1.0
[INFO] [stderr]    Compiling utf8parse v0.2.1
[INFO] [stderr]    Compiling weezl v0.1.7
[INFO] [stderr]    Compiling async-trait v0.1.64
[INFO] [stderr]    Compiling futures-util v0.3.26
[INFO] [stderr]    Compiling anstyle-parse v0.2.0
[INFO] [stderr]    Compiling tracing-core v0.1.30
[INFO] [stderr]    Compiling async-lock v2.6.0
[INFO] [stderr]    Compiling lebe v0.5.2
[INFO] [stderr]    Compiling bytemuck v1.13.0
[INFO] [stderr]    Compiling half v2.2.1
[INFO] [stderr]    Compiling color_quant v1.1.0
[INFO] [stderr]    Compiling anstyle v1.0.0
[INFO] [stderr]    Compiling getrandom v0.2.8
[INFO] [stderr]    Compiling num_cpus v1.15.0
[INFO] [stderr]    Compiling regex-automata v0.4.3
[INFO] [stderr]    Compiling dirs-sys v0.3.7
[INFO] [stderr]    Compiling rand_core v0.6.4
[INFO] [stderr]    Compiling nanorand v0.7.0
[INFO] [stderr]    Compiling generic-array v0.14.6
[INFO] [stderr]    Compiling threadpool v1.8.1
[INFO] [stderr]    Compiling blocking v1.3.0
[INFO] [stderr]    Compiling rand_chacha v0.3.1
[INFO] [stderr]    Compiling parking_lot v0.12.1
[INFO] [stderr]    Compiling socket2 v0.4.7
[INFO] [stderr]    Compiling toml_edit v0.18.1
[INFO] [stderr]    Compiling block-buffer v0.10.3
[INFO] [stderr]    Compiling crypto-common v0.1.6
[INFO] [stderr]    Compiling anstyle-query v1.0.0
[INFO] [stderr]    Compiling digest v0.10.6
[INFO] [stderr]    Compiling colorchoice v1.0.0
[INFO] [stderr]    Compiling bit_field v0.10.1
[INFO] [stderr]    Compiling rayon v1.6.1
[INFO] [stderr]    Compiling thiserror v1.0.51
[INFO] [stderr]    Compiling sha1 v0.10.5
[INFO] [stderr]    Compiling anstream v0.6.4
[INFO] [stderr]    Compiling terminal_size v0.3.0
[INFO] [stderr]    Compiling async-broadcast v0.5.0
[INFO] [stderr]    Compiling rand v0.8.5
[INFO] [stderr]    Compiling dirs v4.0.0
[INFO] [stderr]    Compiling async-executor v1.5.0
[INFO] [stderr]    Compiling nix v0.26.2
[INFO] [stderr]    Compiling qoi v0.4.1
[INFO] [stderr]    Compiling gif v0.12.0
[INFO] [stderr]    Compiling png v0.17.7
[INFO] [stderr]    Compiling ordered-stream v0.2.0
[INFO] [stderr]    Compiling proc-macro-crate v1.3.0
[INFO] [stderr]    Compiling regex-syntax v0.7.5
[INFO] [stderr]    Compiling hex v0.4.3
[INFO] [stderr]    Compiling strsim v0.10.0
[INFO] [stderr]    Compiling clap_lex v0.6.0
[INFO] [stderr]    Compiling heck v0.4.1
[INFO] [stderr]    Compiling directories v4.0.1
[INFO] [stderr]    Compiling clap_builder v4.4.11
[INFO] [stderr]    Compiling id3 v1.10.0
[INFO] [stderr]    Compiling regex v1.10.2
[INFO] [stderr]    Compiling jpeg-decoder v0.3.0
[INFO] [stderr]    Compiling zvariant_utils v1.0.0
[INFO] [stderr]    Compiling tiff v0.9.0
[INFO] [stderr]    Compiling serde_derive v1.0.193
[INFO] [stderr]    Compiling enumflags2_derive v0.7.7
[INFO] [stderr]    Compiling structmeta-derive v0.2.0
[INFO] [stderr]    Compiling thiserror-impl v1.0.51
[INFO] [stderr]    Compiling typed-builder-macro v0.18.0
[INFO] [stderr]    Compiling clap_derive v4.4.7
[INFO] [stderr]    Compiling pin-project-internal v1.0.12
[INFO] [stderr]    Compiling zvariant_derive v3.10.0
[INFO] [stderr]    Compiling tracing-attributes v0.1.23
[INFO] [stderr]    Compiling derivative v2.2.0
[INFO] [stderr]    Compiling async-recursion v1.0.2
[INFO] [stderr]    Compiling serde_repr v0.1.10
[INFO] [stderr]    Compiling zbus_macros v3.11.0
[INFO] [stderr]    Compiling structmeta v0.2.0
[INFO] [stderr]    Compiling parse-display-derive v0.8.2
[INFO] [stderr]    Compiling typed-builder v0.18.0
[INFO] [stderr]    Compiling clap v4.4.11
[INFO] [stderr]    Compiling pin-project v1.0.12
[INFO] [stderr]    Compiling flume v0.10.14
[INFO] [stderr]    Compiling exr v1.5.2
[INFO] [stderr]    Compiling tracing v0.1.37
[INFO] [stderr]    Compiling parse-display v0.8.2
[INFO] [stderr]    Compiling image v0.24.7
[INFO] [stderr]    Compiling enumflags2 v0.7.7
[INFO] [stderr]    Compiling toml v0.5.11
[INFO] [stderr]    Compiling zvariant v3.10.0
[INFO] [stderr]    Compiling confy v0.5.1
[INFO] [stderr]    Compiling zbus_names v2.5.0
[INFO] [stderr]    Compiling zbus v3.11.0
[INFO] [stderr]    Compiling notify-rust v4.10.0
[INFO] [stderr]    Compiling cmus-notify v0.0.3 (/opt/rustwide/workdir)
[INFO] [stdout] warning: variable does not need to be mutable
[INFO] [stdout]   --> src/notification.rs:97:25
[INFO] [stdout]    |
[INFO] [stdout] 97 |                     let mut handle = self.notification.show()?;
[INFO] [stdout]    |                         ----^^^^^^
[INFO] [stdout]    |                         |
[INFO] [stdout]    |                         help: remove this `mut`
[INFO] [stdout]    |
[INFO] [stdout]    = note: `#[warn(unused_mut)]` on by default
[INFO] [stdout] 
[INFO] [stdout] 
[INFO] [stdout] warning: 1 warning emitted
[INFO] [stdout] 
[INFO] [stdout] 
[INFO] [stderr]     Finished dev [unoptimized + debuginfo] target(s) in 29.89s
[INFO] running `Command { std: "docker" "inspect" "700bea3b712163aab16935288e8b5ee49a406b728b76fa52e414514901c1ea88", kill_on_drop: false }`
[INFO] running `Command { std: "docker" "rm" "-f" "700bea3b712163aab16935288e8b5ee49a406b728b76fa52e414514901c1ea88", kill_on_drop: false }`
[INFO] [stdout] 700bea3b712163aab16935288e8b5ee49a406b728b76fa52e414514901c1ea88
[INFO] running `Command { std: "docker" "create" "-v" "/var/lib/crater-agent-workspace/builds/worker-6-tc2/target:/opt/rustwide/target:rw,Z" "-v" "/var/lib/crater-agent-workspace/builds/worker-6-tc2/source:/opt/rustwide/workdir:ro,Z" "-v" "/var/lib/crater-agent-workspace/cargo-home:/opt/rustwide/cargo-home:ro,Z" "-v" "/var/lib/crater-agent-workspace/rustup-home:/opt/rustwide/rustup-home:ro,Z" "-e" "SOURCE_DIR=/opt/rustwide/workdir" "-e" "CARGO_TARGET_DIR=/opt/rustwide/target" "-e" "CARGO_INCREMENTAL=0" "-e" "RUST_BACKTRACE=full" "-e" "RUSTFLAGS=--cap-lints=warn" "-e" "RUSTDOCFLAGS=--cap-lints=warn" "-e" "CARGO_HOME=/opt/rustwide/cargo-home" "-e" "RUSTUP_HOME=/opt/rustwide/rustup-home" "-w" "/opt/rustwide/workdir" "-m" "1610612736" "--user" "0:0" "--network" "none" "ghcr.io/rust-lang/crates-build-env/linux@sha256:2788e3201cd34a07e3172128adcd8b3090168a8e3bcc40d7c032b9dda1df7d1c" "/opt/rustwide/cargo-home/bin/cargo" "+beta-2023-12-22" "test" "--frozen" "--no-run" "--message-format=json", kill_on_drop: false }`
[INFO] [stdout] c07cf3db8c679b1bdc31ab524d1cd053220e811038835ea2c7d6cb47a8920aae
[INFO] running `Command { std: "docker" "start" "-a" "c07cf3db8c679b1bdc31ab524d1cd053220e811038835ea2c7d6cb47a8920aae", kill_on_drop: false }`
[INFO] [stderr]    Compiling futures-channel v0.3.26
[INFO] [stderr]    Compiling futures-util v0.3.26
[INFO] [stderr]    Compiling futures-macro v0.3.26
[INFO] [stderr]    Compiling test-context-macros v0.1.4
[INFO] [stderr]    Compiling futures-executor v0.3.26
[INFO] [stderr]    Compiling zbus v3.11.0
[INFO] [stderr]    Compiling futures v0.3.26
[INFO] [stderr]    Compiling test-context v0.1.4
[INFO] [stderr]    Compiling notify-rust v4.10.0
[INFO] [stderr]    Compiling cmus-notify v0.0.3 (/opt/rustwide/workdir)
[INFO] [stdout] warning: variable does not need to be mutable
[INFO] [stdout]   --> src/notification.rs:97:25
[INFO] [stdout]    |
[INFO] [stdout] 97 |                     let mut handle = self.notification.show()?;
[INFO] [stdout]    |                         ----^^^^^^
[INFO] [stdout]    |                         |
[INFO] [stdout]    |                         help: remove this `mut`
[INFO] [stdout]    |
[INFO] [stdout]    = note: `#[warn(unused_mut)]` on by default
[INFO] [stdout] 
[INFO] [stdout] 
[INFO] [stdout] warning: 1 warning emitted
[INFO] [stdout] 
[INFO] [stdout] 
[INFO] [stdout] error[E0277]: `player_settings::PlayerSettings` doesn't implement `Debug`
[INFO] [stdout]   --> src/cmus/events.rs:10:26
[INFO] [stdout]    |
[INFO] [stdout] 8  | #[cfg_attr(any(feature = "debug", test), derive(Debug))]
[INFO] [stdout]    |                                                 ----- in this derive macro expansion
[INFO] [stdout] 9  | pub enum CmusEvent {
[INFO] [stdout] 10 |     StatusChanged(Track, PlayerSettings),
[INFO] [stdout]    |                          ^^^^^^^^^^^^^^ `player_settings::PlayerSettings` cannot be formatted using `{:?}`
[INFO] [stdout]    |
[INFO] [stdout]    = help: the trait `Debug` is not implemented for `player_settings::PlayerSettings`
[INFO] [stdout]    = note: add `#[derive(Debug)]` to `player_settings::PlayerSettings` or manually `impl Debug for player_settings::PlayerSettings`
[INFO] [stdout]    = note: this error originates in the derive macro `Debug` (in Nightly builds, run with -Z macro-backtrace for more info)
[INFO] [stdout] 
[INFO] [stdout] 
[INFO] [stdout] error[E0277]: `player_settings::PlayerSettings` doesn't implement `Debug`
[INFO] [stdout]   --> src/cmus/events.rs:11:25
[INFO] [stdout]    |
[INFO] [stdout] 8  | #[cfg_attr(any(feature = "debug", test), derive(Debug))]
[INFO] [stdout]    |                                                 ----- in this derive macro expansion
[INFO] [stdout] ...
[INFO] [stdout] 11 |     TrackChanged(Track, PlayerSettings),
[INFO] [stdout]    |                         ^^^^^^^^^^^^^^ `player_settings::PlayerSettings` cannot be formatted using `{:?}`
[INFO] [stdout]    |
[INFO] [stdout]    = help: the trait `Debug` is not implemented for `player_settings::PlayerSettings`
[INFO] [stdout]    = note: add `#[derive(Debug)]` to `player_settings::PlayerSettings` or manually `impl Debug for player_settings::PlayerSettings`
[INFO] [stdout]    = note: this error originates in the derive macro `Debug` (in Nightly builds, run with -Z macro-backtrace for more info)
[INFO] [stdout] 
[INFO] [stdout] 
[INFO] [stdout] error[E0277]: `player_settings::PlayerSettings` doesn't implement `Debug`
[INFO] [stdout]   --> src/cmus/events.rs:12:26
[INFO] [stdout]    |
[INFO] [stdout] 8  | #[cfg_attr(any(feature = "debug", test), derive(Debug))]
[INFO] [stdout]    |                                                 ----- in this derive macro expansion
[INFO] [stdout] ...
[INFO] [stdout] 12 |     VolumeChanged(Track, PlayerSettings),
[INFO] [stdout]    |                          ^^^^^^^^^^^^^^ `player_settings::PlayerSettings` cannot be formatted using `{:?}`
[INFO] [stdout]    |
[INFO] [stdout]    = help: the trait `Debug` is not implemented for `player_settings::PlayerSettings`
[INFO] [stdout]    = note: add `#[derive(Debug)]` to `player_settings::PlayerSettings` or manually `impl Debug for player_settings::PlayerSettings`
[INFO] [stdout]    = note: this error originates in the derive macro `Debug` (in Nightly builds, run with -Z macro-backtrace for more info)
[INFO] [stdout] 
[INFO] [stdout] 
[INFO] [stdout] error[E0277]: `player_settings::PlayerSettings` doesn't implement `Debug`
[INFO] [stdout]   --> src/cmus/events.rs:13:28
[INFO] [stdout]    |
[INFO] [stdout] 8  | #[cfg_attr(any(feature = "debug", test), derive(Debug))]
[INFO] [stdout]    |                                                 ----- in this derive macro expansion
[INFO] [stdout] ...
[INFO] [stdout] 13 |     PositionChanged(Track, PlayerSettings),
[INFO] [stdout]    |                            ^^^^^^^^^^^^^^ `player_settings::PlayerSettings` cannot be formatted using `{:?}`
[INFO] [stdout]    |
[INFO] [stdout]    = help: the trait `Debug` is not implemented for `player_settings::PlayerSettings`
[INFO] [stdout]    = note: add `#[derive(Debug)]` to `player_settings::PlayerSettings` or manually `impl Debug for player_settings::PlayerSettings`
[INFO] [stdout]    = note: this error originates in the derive macro `Debug` (in Nightly builds, run with -Z macro-backtrace for more info)
[INFO] [stdout] 
[INFO] [stdout] 
[INFO] [stdout] error[E0277]: `player_settings::PlayerSettings` doesn't implement `Debug`
[INFO] [stdout]   --> src/cmus/events.rs:14:27
[INFO] [stdout]    |
[INFO] [stdout] 8  | #[cfg_attr(any(feature = "debug", test), derive(Debug))]
[INFO] [stdout]    |                                                 ----- in this derive macro expansion
[INFO] [stdout] ...
[INFO] [stdout] 14 |     ShuffleChanged(Track, PlayerSettings),
[INFO] [stdout]    |                           ^^^^^^^^^^^^^^ `player_settings::PlayerSettings` cannot be formatted using `{:?}`
[INFO] [stdout]    |
[INFO] [stdout]    = help: the trait `Debug` is not implemented for `player_settings::PlayerSettings`
[INFO] [stdout]    = note: add `#[derive(Debug)]` to `player_settings::PlayerSettings` or manually `impl Debug for player_settings::PlayerSettings`
[INFO] [stdout]    = note: this error originates in the derive macro `Debug` (in Nightly builds, run with -Z macro-backtrace for more info)
[INFO] [stdout] 
[INFO] [stdout] 
[INFO] [stdout] error[E0277]: `player_settings::PlayerSettings` doesn't implement `Debug`
[INFO] [stdout]   --> src/cmus/events.rs:15:26
[INFO] [stdout]    |
[INFO] [stdout] 8  | #[cfg_attr(any(feature = "debug", test), derive(Debug))]
[INFO] [stdout]    |                                                 ----- in this derive macro expansion
[INFO] [stdout] ...
[INFO] [stdout] 15 |     RepeatChanged(Track, PlayerSettings),
[INFO] [stdout]    |                          ^^^^^^^^^^^^^^ `player_settings::PlayerSettings` cannot be formatted using `{:?}`
[INFO] [stdout]    |
[INFO] [stdout]    = help: the trait `Debug` is not implemented for `player_settings::PlayerSettings`
[INFO] [stdout]    = note: add `#[derive(Debug)]` to `player_settings::PlayerSettings` or manually `impl Debug for player_settings::PlayerSettings`
[INFO] [stdout]    = note: this error originates in the derive macro `Debug` (in Nightly builds, run with -Z macro-backtrace for more info)
[INFO] [stdout] 
[INFO] [stdout] 
[INFO] [stdout] error[E0277]: `player_settings::PlayerSettings` doesn't implement `Debug`
[INFO] [stdout]   --> src/cmus/events.rs:16:27
[INFO] [stdout]    |
[INFO] [stdout] 8  | #[cfg_attr(any(feature = "debug", test), derive(Debug))]
[INFO] [stdout]    |                                                 ----- in this derive macro expansion
[INFO] [stdout] ...
[INFO] [stdout] 16 |     AAAModeChanged(Track, PlayerSettings),
[INFO] [stdout]    |                           ^^^^^^^^^^^^^^ `player_settings::PlayerSettings` cannot be formatted using `{:?}`
[INFO] [stdout]    |
[INFO] [stdout]    = help: the trait `Debug` is not implemented for `player_settings::PlayerSettings`
[INFO] [stdout]    = note: add `#[derive(Debug)]` to `player_settings::PlayerSettings` or manually `impl Debug for player_settings::PlayerSettings`
[INFO] [stdout]    = note: this error originates in the derive macro `Debug` (in Nightly builds, run with -Z macro-backtrace for more info)
[INFO] [stdout] 
[INFO] [stdout] 
[INFO] [stdout] error[E0277]: `player_settings::AAAMode` doesn't implement `Debug`
[INFO] [stdout]    --> src/cmus/player_settings.rs:171:9
[INFO] [stdout]     |
[INFO] [stdout] 171 |         assert_eq!(all, Ok(AAAMode::All));
[INFO] [stdout]     |         ^^^^^^^^^^^^^^^^^^^^^^^^^^^^^^^^^ `player_settings::AAAMode` cannot be formatted using `{:?}`
[INFO] [stdout]     |
[INFO] [stdout]     = help: the trait `Debug` is not implemented for `player_settings::AAAMode`
[INFO] [stdout]     = note: add `#[derive(Debug)]` to `player_settings::AAAMode` or manually `impl Debug for player_settings::AAAMode`
[INFO] [stdout]     = help: the trait `Debug` is implemented for `Result<T, E>`
[INFO] [stdout]     = note: this error originates in the macro `assert_eq` (in Nightly builds, run with -Z macro-backtrace for more info)
[INFO] [stdout] help: consider annotating `player_settings::AAAMode` with `#[derive(Debug)]`
[INFO] [stdout]     |
[INFO] [stdout] 36  + #[derive(Debug)]
[INFO] [stdout] 37  | pub enum AAAMode {
[INFO] [stdout]     |
[INFO] [stdout] 
[INFO] [stdout] 
[INFO] [stdout] error[E0277]: `player_settings::AAAMode` doesn't implement `Debug`
[INFO] [stdout]    --> src/cmus/player_settings.rs:171:9
[INFO] [stdout]     |
[INFO] [stdout] 171 |         assert_eq!(all, Ok(AAAMode::All));
[INFO] [stdout]     |         ^^^^^^^^^^^^^^^^^^^^^^^^^^^^^^^^^ `player_settings::AAAMode` cannot be formatted using `{:?}`
[INFO] [stdout]     |
[INFO] [stdout]     = help: the trait `Debug` is not implemented for `player_settings::AAAMode`
[INFO] [stdout]     = note: add `#[derive(Debug)]` to `player_settings::AAAMode` or manually `impl Debug for player_settings::AAAMode`
[INFO] [stdout]     = help: the trait `Debug` is implemented for `Result<T, E>`
[INFO] [stdout]     = note: this error originates in the macro `assert_eq` (in Nightly builds, run with -Z macro-backtrace for more info)
[INFO] [stdout] help: consider annotating `player_settings::AAAMode` with `#[derive(Debug)]`
[INFO] [stdout]     |
[INFO] [stdout] 36  + #[derive(Debug)]
[INFO] [stdout] 37  | pub enum AAAMode {
[INFO] [stdout]     |
[INFO] [stdout] 
[INFO] [stdout] 
[INFO] [stdout] error[E0277]: `player_settings::AAAMode` doesn't implement `Debug`
[INFO] [stdout]    --> src/cmus/player_settings.rs:172:9
[INFO] [stdout]     |
[INFO] [stdout] 172 |         assert_eq!(album, Ok(AAAMode::Album));
[INFO] [stdout]     |         ^^^^^^^^^^^^^^^^^^^^^^^^^^^^^^^^^^^^^ `player_settings::AAAMode` cannot be formatted using `{:?}`
[INFO] [stdout]     |
[INFO] [stdout]     = help: the trait `Debug` is not implemented for `player_settings::AAAMode`
[INFO] [stdout]     = note: add `#[derive(Debug)]` to `player_settings::AAAMode` or manually `impl Debug for player_settings::AAAMode`
[INFO] [stdout]     = help: the trait `Debug` is implemented for `Result<T, E>`
[INFO] [stdout]     = note: this error originates in the macro `assert_eq` (in Nightly builds, run with -Z macro-backtrace for more info)
[INFO] [stdout] help: consider annotating `player_settings::AAAMode` with `#[derive(Debug)]`
[INFO] [stdout]     |
[INFO] [stdout] 36  + #[derive(Debug)]
[INFO] [stdout] 37  | pub enum AAAMode {
[INFO] [stdout]     |
[INFO] [stdout] 
[INFO] [stdout] 
[INFO] [stdout] error[E0277]: `player_settings::AAAMode` doesn't implement `Debug`
[INFO] [stdout]    --> src/cmus/player_settings.rs:172:9
[INFO] [stdout]     |
[INFO] [stdout] 172 |         assert_eq!(album, Ok(AAAMode::Album));
[INFO] [stdout]     |         ^^^^^^^^^^^^^^^^^^^^^^^^^^^^^^^^^^^^^ `player_settings::AAAMode` cannot be formatted using `{:?}`
[INFO] [stdout]     |
[INFO] [stdout]     = help: the trait `Debug` is not implemented for `player_settings::AAAMode`
[INFO] [stdout]     = note: add `#[derive(Debug)]` to `player_settings::AAAMode` or manually `impl Debug for player_settings::AAAMode`
[INFO] [stdout]     = help: the trait `Debug` is implemented for `Result<T, E>`
[INFO] [stdout]     = note: this error originates in the macro `assert_eq` (in Nightly builds, run with -Z macro-backtrace for more info)
[INFO] [stdout] help: consider annotating `player_settings::AAAMode` with `#[derive(Debug)]`
[INFO] [stdout]     |
[INFO] [stdout] 36  + #[derive(Debug)]
[INFO] [stdout] 37  | pub enum AAAMode {
[INFO] [stdout]     |
[INFO] [stdout] 
[INFO] [stdout] 
[INFO] [stdout] error[E0277]: `player_settings::AAAMode` doesn't implement `Debug`
[INFO] [stdout]    --> src/cmus/player_settings.rs:173:9
[INFO] [stdout]     |
[INFO] [stdout] 173 |         assert_eq!(artist, Ok(AAAMode::Artist));
[INFO] [stdout]     |         ^^^^^^^^^^^^^^^^^^^^^^^^^^^^^^^^^^^^^^^ `player_settings::AAAMode` cannot be formatted using `{:?}`
[INFO] [stdout]     |
[INFO] [stdout]     = help: the trait `Debug` is not implemented for `player_settings::AAAMode`
[INFO] [stdout]     = note: add `#[derive(Debug)]` to `player_settings::AAAMode` or manually `impl Debug for player_settings::AAAMode`
[INFO] [stdout]     = help: the trait `Debug` is implemented for `Result<T, E>`
[INFO] [stdout]     = note: this error originates in the macro `assert_eq` (in Nightly builds, run with -Z macro-backtrace for more info)
[INFO] [stdout] help: consider annotating `player_settings::AAAMode` with `#[derive(Debug)]`
[INFO] [stdout]     |
[INFO] [stdout] 36  + #[derive(Debug)]
[INFO] [stdout] 37  | pub enum AAAMode {
[INFO] [stdout]     |
[INFO] [stdout] 
[INFO] [stdout] 
[INFO] [stdout] error[E0277]: `player_settings::AAAMode` doesn't implement `Debug`
[INFO] [stdout]    --> src/cmus/player_settings.rs:173:9
[INFO] [stdout]     |
[INFO] [stdout] 173 |         assert_eq!(artist, Ok(AAAMode::Artist));
[INFO] [stdout]     |         ^^^^^^^^^^^^^^^^^^^^^^^^^^^^^^^^^^^^^^^ `player_settings::AAAMode` cannot be formatted using `{:?}`
[INFO] [stdout]     |
[INFO] [stdout]     = help: the trait `Debug` is not implemented for `player_settings::AAAMode`
[INFO] [stdout]     = note: add `#[derive(Debug)]` to `player_settings::AAAMode` or manually `impl Debug for player_settings::AAAMode`
[INFO] [stdout]     = help: the trait `Debug` is implemented for `Result<T, E>`
[INFO] [stdout]     = note: this error originates in the macro `assert_eq` (in Nightly builds, run with -Z macro-backtrace for more info)
[INFO] [stdout] help: consider annotating `player_settings::AAAMode` with `#[derive(Debug)]`
[INFO] [stdout]     |
[INFO] [stdout] 36  + #[derive(Debug)]
[INFO] [stdout] 37  | pub enum AAAMode {
[INFO] [stdout]     |
[INFO] [stdout] 
[INFO] [stdout] 
[INFO] [stdout] error[E0277]: `player_settings::AAAMode` doesn't implement `Debug`
[INFO] [stdout]    --> src/cmus/player_settings.rs:174:9
[INFO] [stdout]     |
[INFO] [stdout] 174 | /         assert_eq!(
[INFO] [stdout] 175 | |             unknown,
[INFO] [stdout] 176 | |             Err(CmusError::UnknownAAAMode("unknown".to_string()))
[INFO] [stdout] 177 | |         );
[INFO] [stdout]     | |_________^ `player_settings::AAAMode` cannot be formatted using `{:?}`
[INFO] [stdout]     |
[INFO] [stdout]     = help: the trait `Debug` is not implemented for `player_settings::AAAMode`
[INFO] [stdout]     = note: add `#[derive(Debug)]` to `player_settings::AAAMode` or manually `impl Debug for player_settings::AAAMode`
[INFO] [stdout]     = help: the trait `Debug` is implemented for `Result<T, E>`
[INFO] [stdout]     = note: this error originates in the macro `assert_eq` (in Nightly builds, run with -Z macro-backtrace for more info)
[INFO] [stdout] help: consider annotating `player_settings::AAAMode` with `#[derive(Debug)]`
[INFO] [stdout]     |
[INFO] [stdout] 36  + #[derive(Debug)]
[INFO] [stdout] 37  | pub enum AAAMode {
[INFO] [stdout]     |
[INFO] [stdout] 
[INFO] [stdout] 
[INFO] [stdout] error[E0277]: `player_settings::AAAMode` doesn't implement `Debug`
[INFO] [stdout]    --> src/cmus/player_settings.rs:174:9
[INFO] [stdout]     |
[INFO] [stdout] 174 | /         assert_eq!(
[INFO] [stdout] 175 | |             unknown,
[INFO] [stdout] 176 | |             Err(CmusError::UnknownAAAMode("unknown".to_string()))
[INFO] [stdout] 177 | |         );
[INFO] [stdout]     | |_________^ `player_settings::AAAMode` cannot be formatted using `{:?}`
[INFO] [stdout]     |
[INFO] [stdout]     = help: the trait `Debug` is not implemented for `player_settings::AAAMode`
[INFO] [stdout]     = note: add `#[derive(Debug)]` to `player_settings::AAAMode` or manually `impl Debug for player_settings::AAAMode`
[INFO] [stdout]     = help: the trait `Debug` is implemented for `Result<T, E>`
[INFO] [stdout]     = note: this error originates in the macro `assert_eq` (in Nightly builds, run with -Z macro-backtrace for more info)
[INFO] [stdout] help: consider annotating `player_settings::AAAMode` with `#[derive(Debug)]`
[INFO] [stdout]     |
[INFO] [stdout] 36  + #[derive(Debug)]
[INFO] [stdout] 37  | pub enum AAAMode {
[INFO] [stdout]     |
[INFO] [stdout] 
[INFO] [stdout] 
[INFO] [stdout] error[E0277]: `player_settings::Shuffle` doesn't implement `Debug`
[INFO] [stdout]    --> src/cmus/player_settings.rs:187:9
[INFO] [stdout]     |
[INFO] [stdout] 187 |         assert_eq!(off, Ok(Shuffle::Off));
[INFO] [stdout]     |         ^^^^^^^^^^^^^^^^^^^^^^^^^^^^^^^^^ `player_settings::Shuffle` cannot be formatted using `{:?}`
[INFO] [stdout]     |
[INFO] [stdout]     = help: the trait `Debug` is not implemented for `player_settings::Shuffle`
[INFO] [stdout]     = note: add `#[derive(Debug)]` to `player_settings::Shuffle` or manually `impl Debug for player_settings::Shuffle`
[INFO] [stdout]     = help: the trait `Debug` is implemented for `Result<T, E>`
[INFO] [stdout]     = note: this error originates in the macro `assert_eq` (in Nightly builds, run with -Z macro-backtrace for more info)
[INFO] [stdout] help: consider annotating `player_settings::Shuffle` with `#[derive(Debug)]`
[INFO] [stdout]     |
[INFO] [stdout] 20  + #[derive(Debug)]
[INFO] [stdout] 21  | pub enum Shuffle {
[INFO] [stdout]     |
[INFO] [stdout] 
[INFO] [stdout] 
[INFO] [stdout] error[E0277]: `player_settings::Shuffle` doesn't implement `Debug`
[INFO] [stdout]    --> src/cmus/player_settings.rs:187:9
[INFO] [stdout]     |
[INFO] [stdout] 187 |         assert_eq!(off, Ok(Shuffle::Off));
[INFO] [stdout]     |         ^^^^^^^^^^^^^^^^^^^^^^^^^^^^^^^^^ `player_settings::Shuffle` cannot be formatted using `{:?}`
[INFO] [stdout]     |
[INFO] [stdout]     = help: the trait `Debug` is not implemented for `player_settings::Shuffle`
[INFO] [stdout]     = note: add `#[derive(Debug)]` to `player_settings::Shuffle` or manually `impl Debug for player_settings::Shuffle`
[INFO] [stdout]     = help: the trait `Debug` is implemented for `Result<T, E>`
[INFO] [stdout]     = note: this error originates in the macro `assert_eq` (in Nightly builds, run with -Z macro-backtrace for more info)
[INFO] [stdout] help: consider annotating `player_settings::Shuffle` with `#[derive(Debug)]`
[INFO] [stdout]     |
[INFO] [stdout] 20  + #[derive(Debug)]
[INFO] [stdout] 21  | pub enum Shuffle {
[INFO] [stdout]     |
[INFO] [stdout] 
[INFO] [stdout] 
[INFO] [stdout] error[E0277]: `player_settings::Shuffle` doesn't implement `Debug`
[INFO] [stdout]    --> src/cmus/player_settings.rs:188:9
[INFO] [stdout]     |
[INFO] [stdout] 188 |         assert_eq!(tracks, Ok(Shuffle::Tracks));
[INFO] [stdout]     |         ^^^^^^^^^^^^^^^^^^^^^^^^^^^^^^^^^^^^^^^ `player_settings::Shuffle` cannot be formatted using `{:?}`
[INFO] [stdout]     |
[INFO] [stdout]     = help: the trait `Debug` is not implemented for `player_settings::Shuffle`
[INFO] [stdout]     = note: add `#[derive(Debug)]` to `player_settings::Shuffle` or manually `impl Debug for player_settings::Shuffle`
[INFO] [stdout]     = help: the trait `Debug` is implemented for `Result<T, E>`
[INFO] [stdout]     = note: this error originates in the macro `assert_eq` (in Nightly builds, run with -Z macro-backtrace for more info)
[INFO] [stdout] help: consider annotating `player_settings::Shuffle` with `#[derive(Debug)]`
[INFO] [stdout]     |
[INFO] [stdout] 20  + #[derive(Debug)]
[INFO] [stdout] 21  | pub enum Shuffle {
[INFO] [stdout]     |
[INFO] [stdout] 
[INFO] [stdout] 
[INFO] [stdout] error[E0277]: `player_settings::Shuffle` doesn't implement `Debug`
[INFO] [stdout]    --> src/cmus/player_settings.rs:188:9
[INFO] [stdout]     |
[INFO] [stdout] 188 |         assert_eq!(tracks, Ok(Shuffle::Tracks));
[INFO] [stdout]     |         ^^^^^^^^^^^^^^^^^^^^^^^^^^^^^^^^^^^^^^^ `player_settings::Shuffle` cannot be formatted using `{:?}`
[INFO] [stdout]     |
[INFO] [stdout]     = help: the trait `Debug` is not implemented for `player_settings::Shuffle`
[INFO] [stdout]     = note: add `#[derive(Debug)]` to `player_settings::Shuffle` or manually `impl Debug for player_settings::Shuffle`
[INFO] [stdout]     = help: the trait `Debug` is implemented for `Result<T, E>`
[INFO] [stdout]     = note: this error originates in the macro `assert_eq` (in Nightly builds, run with -Z macro-backtrace for more info)
[INFO] [stdout] help: consider annotating `player_settings::Shuffle` with `#[derive(Debug)]`
[INFO] [stdout]     |
[INFO] [stdout] 20  + #[derive(Debug)]
[INFO] [stdout] 21  | pub enum Shuffle {
[INFO] [stdout]     |
[INFO] [stdout] 
[INFO] [stdout] 
[INFO] [stdout] error[E0277]: `player_settings::Shuffle` doesn't implement `Debug`
[INFO] [stdout]    --> src/cmus/player_settings.rs:189:9
[INFO] [stdout]     |
[INFO] [stdout] 189 |         assert_eq!(albums, Ok(Shuffle::Albums));
[INFO] [stdout]     |         ^^^^^^^^^^^^^^^^^^^^^^^^^^^^^^^^^^^^^^^ `player_settings::Shuffle` cannot be formatted using `{:?}`
[INFO] [stdout]     |
[INFO] [stdout]     = help: the trait `Debug` is not implemented for `player_settings::Shuffle`
[INFO] [stdout]     = note: add `#[derive(Debug)]` to `player_settings::Shuffle` or manually `impl Debug for player_settings::Shuffle`
[INFO] [stdout]     = help: the trait `Debug` is implemented for `Result<T, E>`
[INFO] [stdout]     = note: this error originates in the macro `assert_eq` (in Nightly builds, run with -Z macro-backtrace for more info)
[INFO] [stdout] help: consider annotating `player_settings::Shuffle` with `#[derive(Debug)]`
[INFO] [stdout]     |
[INFO] [stdout] 20  + #[derive(Debug)]
[INFO] [stdout] 21  | pub enum Shuffle {
[INFO] [stdout]     |
[INFO] [stdout] 
[INFO] [stdout] 
[INFO] [stdout] error[E0277]: `player_settings::Shuffle` doesn't implement `Debug`
[INFO] [stdout]    --> src/cmus/player_settings.rs:189:9
[INFO] [stdout]     |
[INFO] [stdout] 189 |         assert_eq!(albums, Ok(Shuffle::Albums));
[INFO] [stdout]     |         ^^^^^^^^^^^^^^^^^^^^^^^^^^^^^^^^^^^^^^^ `player_settings::Shuffle` cannot be formatted using `{:?}`
[INFO] [stdout]     |
[INFO] [stdout]     = help: the trait `Debug` is not implemented for `player_settings::Shuffle`
[INFO] [stdout]     = note: add `#[derive(Debug)]` to `player_settings::Shuffle` or manually `impl Debug for player_settings::Shuffle`
[INFO] [stdout]     = help: the trait `Debug` is implemented for `Result<T, E>`
[INFO] [stdout]     = note: this error originates in the macro `assert_eq` (in Nightly builds, run with -Z macro-backtrace for more info)
[INFO] [stdout] help: consider annotating `player_settings::Shuffle` with `#[derive(Debug)]`
[INFO] [stdout]     |
[INFO] [stdout] 20  + #[derive(Debug)]
[INFO] [stdout] 21  | pub enum Shuffle {
[INFO] [stdout]     |
[INFO] [stdout] 
[INFO] [stdout] 
[INFO] [stdout] error[E0277]: `player_settings::Shuffle` doesn't implement `Debug`
[INFO] [stdout]    --> src/cmus/player_settings.rs:190:9
[INFO] [stdout]     |
[INFO] [stdout] 190 | /         assert_eq!(
[INFO] [stdout] 191 | |             unknown,
[INFO] [stdout] 192 | |             Err(CmusError::UnknownShuffleMode("unknown".to_string()))
[INFO] [stdout] 193 | |         );
[INFO] [stdout]     | |_________^ `player_settings::Shuffle` cannot be formatted using `{:?}`
[INFO] [stdout]     |
[INFO] [stdout]     = help: the trait `Debug` is not implemented for `player_settings::Shuffle`
[INFO] [stdout]     = note: add `#[derive(Debug)]` to `player_settings::Shuffle` or manually `impl Debug for player_settings::Shuffle`
[INFO] [stdout]     = help: the trait `Debug` is implemented for `Result<T, E>`
[INFO] [stdout]     = note: this error originates in the macro `assert_eq` (in Nightly builds, run with -Z macro-backtrace for more info)
[INFO] [stdout] help: consider annotating `player_settings::Shuffle` with `#[derive(Debug)]`
[INFO] [stdout]     |
[INFO] [stdout] 20  + #[derive(Debug)]
[INFO] [stdout] 21  | pub enum Shuffle {
[INFO] [stdout]     |
[INFO] [stdout] 
[INFO] [stdout] 
[INFO] [stdout] error[E0277]: `player_settings::Shuffle` doesn't implement `Debug`
[INFO] [stdout]    --> src/cmus/player_settings.rs:190:9
[INFO] [stdout]     |
[INFO] [stdout] 190 | /         assert_eq!(
[INFO] [stdout] 191 | |             unknown,
[INFO] [stdout] 192 | |             Err(CmusError::UnknownShuffleMode("unknown".to_string()))
[INFO] [stdout] 193 | |         );
[INFO] [stdout]     | |_________^ `player_settings::Shuffle` cannot be formatted using `{:?}`
[INFO] [stdout]     |
[INFO] [stdout]     = help: the trait `Debug` is not implemented for `player_settings::Shuffle`
[INFO] [stdout]     = note: add `#[derive(Debug)]` to `player_settings::Shuffle` or manually `impl Debug for player_settings::Shuffle`
[INFO] [stdout]     = help: the trait `Debug` is implemented for `Result<T, E>`
[INFO] [stdout]     = note: this error originates in the macro `assert_eq` (in Nightly builds, run with -Z macro-backtrace for more info)
[INFO] [stdout] help: consider annotating `player_settings::Shuffle` with `#[derive(Debug)]`
[INFO] [stdout]     |
[INFO] [stdout] 20  + #[derive(Debug)]
[INFO] [stdout] 21  | pub enum Shuffle {
[INFO] [stdout]     |
[INFO] [stdout] 
[INFO] [stdout] 
[INFO] [stdout] error[E0277]: `player_settings::PlayerSettings` doesn't implement `Debug`
[INFO] [stdout]    --> src/cmus/player_settings.rs:203:9
[INFO] [stdout]     |
[INFO] [stdout] 203 | /         assert_eq!(
[INFO] [stdout] 204 | |             settings,
[INFO] [stdout] 205 | |             Ok(PlayerSettings {
[INFO] [stdout] 206 | |                 repeat: false,
[INFO] [stdout] ...   |
[INFO] [stdout] 214 | |             })
[INFO] [stdout] 215 | |         );
[INFO] [stdout]     | |_________^ `player_settings::PlayerSettings` cannot be formatted using `{:?}`
[INFO] [stdout]     |
[INFO] [stdout]     = help: the trait `Debug` is not implemented for `player_settings::PlayerSettings`
[INFO] [stdout]     = note: add `#[derive(Debug)]` to `player_settings::PlayerSettings` or manually `impl Debug for player_settings::PlayerSettings`
[INFO] [stdout]     = help: the trait `Debug` is implemented for `Result<T, E>`
[INFO] [stdout]     = note: this error originates in the macro `assert_eq` (in Nightly builds, run with -Z macro-backtrace for more info)
[INFO] [stdout] 
[INFO] [stdout] 
[INFO] [stdout] error[E0277]: `player_settings::PlayerSettings` doesn't implement `Debug`
[INFO] [stdout]    --> src/cmus/player_settings.rs:203:9
[INFO] [stdout]     |
[INFO] [stdout] 203 | /         assert_eq!(
[INFO] [stdout] 204 | |             settings,
[INFO] [stdout] 205 | |             Ok(PlayerSettings {
[INFO] [stdout] 206 | |                 repeat: false,
[INFO] [stdout] ...   |
[INFO] [stdout] 214 | |             })
[INFO] [stdout] 215 | |         );
[INFO] [stdout]     | |_________^ `player_settings::PlayerSettings` cannot be formatted using `{:?}`
[INFO] [stdout]     |
[INFO] [stdout]     = help: the trait `Debug` is not implemented for `player_settings::PlayerSettings`
[INFO] [stdout]     = note: add `#[derive(Debug)]` to `player_settings::PlayerSettings` or manually `impl Debug for player_settings::PlayerSettings`
[INFO] [stdout]     = help: the trait `Debug` is implemented for `Result<T, E>`
[INFO] [stdout]     = note: this error originates in the macro `assert_eq` (in Nightly builds, run with -Z macro-backtrace for more info)
[INFO] [stdout] 
[INFO] [stdout] 
[INFO] [stdout] error[E0277]: `player_settings::AAAMode` doesn't implement `Debug`
[INFO] [stdout]    --> src/cmus/query.rs:246:9
[INFO] [stdout]     |
[INFO] [stdout] 246 |         assert_eq!(player_settings.aaa_mode, AAAMode::All);
[INFO] [stdout]     |         ^^^^^^^^^^^^^^^^^^^^^^^^^^^^^^^^^^^^^^^^^^^^^^^^^^ `player_settings::AAAMode` cannot be formatted using `{:?}`
[INFO] [stdout]     |
[INFO] [stdout]     = help: the trait `Debug` is not implemented for `player_settings::AAAMode`
[INFO] [stdout]     = note: add `#[derive(Debug)]` to `player_settings::AAAMode` or manually `impl Debug for player_settings::AAAMode`
[INFO] [stdout]     = note: this error originates in the macro `assert_eq` (in Nightly builds, run with -Z macro-backtrace for more info)
[INFO] [stdout] help: consider annotating `player_settings::AAAMode` with `#[derive(Debug)]`
[INFO] [stdout]    --> src/cmus/player_settings.rs:36:1
[INFO] [stdout]     |
[INFO] [stdout] 36  + #[derive(Debug)]
[INFO] [stdout] 37  | pub enum AAAMode {
[INFO] [stdout]     |
[INFO] [stdout] 
[INFO] [stdout] 
[INFO] [stdout] error[E0277]: `player_settings::AAAMode` doesn't implement `Debug`
[INFO] [stdout]    --> src/cmus/query.rs:246:9
[INFO] [stdout]     |
[INFO] [stdout] 246 |         assert_eq!(player_settings.aaa_mode, AAAMode::All);
[INFO] [stdout]     |         ^^^^^^^^^^^^^^^^^^^^^^^^^^^^^^^^^^^^^^^^^^^^^^^^^^ `player_settings::AAAMode` cannot be formatted using `{:?}`
[INFO] [stdout]     |
[INFO] [stdout]     = help: the trait `Debug` is not implemented for `player_settings::AAAMode`
[INFO] [stdout]     = note: add `#[derive(Debug)]` to `player_settings::AAAMode` or manually `impl Debug for player_settings::AAAMode`
[INFO] [stdout]     = note: this error originates in the macro `assert_eq` (in Nightly builds, run with -Z macro-backtrace for more info)
[INFO] [stdout] help: consider annotating `player_settings::AAAMode` with `#[derive(Debug)]`
[INFO] [stdout]    --> src/cmus/player_settings.rs:36:1
[INFO] [stdout]     |
[INFO] [stdout] 36  + #[derive(Debug)]
[INFO] [stdout] 37  | pub enum AAAMode {
[INFO] [stdout]     |
[INFO] [stdout] 
[INFO] [stdout] 
[INFO] [stdout] error[E0277]: `player_settings::Shuffle` doesn't implement `Debug`
[INFO] [stdout]    --> src/cmus/query.rs:249:9
[INFO] [stdout]     |
[INFO] [stdout] 249 |         assert_eq!(player_settings.shuffle, Shuffle::Off);
[INFO] [stdout]     |         ^^^^^^^^^^^^^^^^^^^^^^^^^^^^^^^^^^^^^^^^^^^^^^^^^ `player_settings::Shuffle` cannot be formatted using `{:?}`
[INFO] [stdout]     |
[INFO] [stdout]     = help: the trait `Debug` is not implemented for `player_settings::Shuffle`
[INFO] [stdout]     = note: add `#[derive(Debug)]` to `player_settings::Shuffle` or manually `impl Debug for player_settings::Shuffle`
[INFO] [stdout]     = note: this error originates in the macro `assert_eq` (in Nightly builds, run with -Z macro-backtrace for more info)
[INFO] [stdout] help: consider annotating `player_settings::Shuffle` with `#[derive(Debug)]`
[INFO] [stdout]    --> src/cmus/player_settings.rs:20:1
[INFO] [stdout]     |
[INFO] [stdout] 20  + #[derive(Debug)]
[INFO] [stdout] 21  | pub enum Shuffle {
[INFO] [stdout]     |
[INFO] [stdout] 
[INFO] [stdout] 
[INFO] [stdout] error[E0277]: `player_settings::Shuffle` doesn't implement `Debug`
[INFO] [stdout]    --> src/cmus/query.rs:249:9
[INFO] [stdout]     |
[INFO] [stdout] 249 |         assert_eq!(player_settings.shuffle, Shuffle::Off);
[INFO] [stdout]     |         ^^^^^^^^^^^^^^^^^^^^^^^^^^^^^^^^^^^^^^^^^^^^^^^^^ `player_settings::Shuffle` cannot be formatted using `{:?}`
[INFO] [stdout]     |
[INFO] [stdout]     = help: the trait `Debug` is not implemented for `player_settings::Shuffle`
[INFO] [stdout]     = note: add `#[derive(Debug)]` to `player_settings::Shuffle` or manually `impl Debug for player_settings::Shuffle`
[INFO] [stdout]     = note: this error originates in the macro `assert_eq` (in Nightly builds, run with -Z macro-backtrace for more info)
[INFO] [stdout] help: consider annotating `player_settings::Shuffle` with `#[derive(Debug)]`
[INFO] [stdout]    --> src/cmus/player_settings.rs:20:1
[INFO] [stdout]     |
[INFO] [stdout] 20  + #[derive(Debug)]
[INFO] [stdout] 21  | pub enum Shuffle {
[INFO] [stdout]     |
[INFO] [stdout] 
[INFO] [stdout] 
[INFO] [stdout] error: aborting due to 29 previous errors
[INFO] [stdout] 
[INFO] [stdout] 
[INFO] [stdout] For more information about this error, try `rustc --explain E0277`.
[INFO] [stdout] 
[INFO] [stderr] error: could not compile `cmus-notify` (lib test) due to 30 previous errors
[INFO] running `Command { std: "docker" "inspect" "c07cf3db8c679b1bdc31ab524d1cd053220e811038835ea2c7d6cb47a8920aae", kill_on_drop: false }`
[INFO] running `Command { std: "docker" "rm" "-f" "c07cf3db8c679b1bdc31ab524d1cd053220e811038835ea2c7d6cb47a8920aae", kill_on_drop: false }`
[INFO] [stdout] c07cf3db8c679b1bdc31ab524d1cd053220e811038835ea2c7d6cb47a8920aae
