[INFO] cloning repository https://github.com/0x55AAh/imbrut
[INFO] running `Command { std: "git" "-c" "credential.helper=" "-c" "credential.helper=/workspace/cargo-home/bin/git-credential-null" "clone" "--bare" "https://github.com/0x55AAh/imbrut" "/workspace/cache/git-repos/https%3A%2F%2Fgithub.com%2F0x55AAh%2Fimbrut", kill_on_drop: false }`
[INFO] [stderr] Cloning into bare repository '/workspace/cache/git-repos/https%3A%2F%2Fgithub.com%2F0x55AAh%2Fimbrut'...
[INFO] running `Command { std: "git" "rev-parse" "HEAD", kill_on_drop: false }`
[INFO] [stdout] 9ae93348ce5e82be61ead957e5ed8f4edddbe2aa
[INFO] testing 0x55AAh/imbrut against 1.75.0 for beta-1.76-1
[INFO] running `Command { std: "git" "clone" "/workspace/cache/git-repos/https%3A%2F%2Fgithub.com%2F0x55AAh%2Fimbrut" "/workspace/builds/worker-0-tc1/source", kill_on_drop: false }`
[INFO] [stderr] Cloning into '/workspace/builds/worker-0-tc1/source'...
[INFO] [stderr] done.
[INFO] validating manifest of git repo https://github.com/0x55AAh/imbrut on toolchain 1.75.0
[INFO] running `Command { std: CARGO_HOME="/workspace/cargo-home" RUSTUP_HOME="/workspace/rustup-home" "/workspace/cargo-home/bin/cargo" "+1.75.0" "metadata" "--manifest-path" "Cargo.toml" "--no-deps", kill_on_drop: false }`
[INFO] started tweaking git repo https://github.com/0x55AAh/imbrut
[INFO] finished tweaking git repo https://github.com/0x55AAh/imbrut
[INFO] tweaked toml for git repo https://github.com/0x55AAh/imbrut written to /workspace/builds/worker-0-tc1/source/Cargo.toml
[INFO] crate git repo https://github.com/0x55AAh/imbrut already has a lockfile, it will not be regenerated
[INFO] running `Command { std: CARGO_HOME="/workspace/cargo-home" RUSTUP_HOME="/workspace/rustup-home" "/workspace/cargo-home/bin/cargo" "+1.75.0" "fetch" "--manifest-path" "Cargo.toml", kill_on_drop: false }`
[INFO] [stderr]  Downloading crates ...
[INFO] [stderr]   Downloaded pest_derive v2.5.3
[INFO] [stderr]   Downloaded pest v2.5.3
[INFO] [stderr]   Downloaded pest_generator v2.5.3
[INFO] [stderr]   Downloaded pest_meta v2.5.3
[INFO] [stderr]   Downloaded async-trait v0.1.61
[INFO] [stderr]   Downloaded console v0.15.4
[INFO] [stderr]   Downloaded tokio v1.24.1
[INFO] running `Command { std: "docker" "create" "-v" "/var/lib/crater-agent-workspace/builds/worker-0-tc1/target:/opt/rustwide/target:rw,Z" "-v" "/var/lib/crater-agent-workspace/builds/worker-0-tc1/source:/opt/rustwide/workdir:ro,Z" "-v" "/var/lib/crater-agent-workspace/cargo-home:/opt/rustwide/cargo-home:ro,Z" "-v" "/var/lib/crater-agent-workspace/rustup-home:/opt/rustwide/rustup-home:ro,Z" "-e" "SOURCE_DIR=/opt/rustwide/workdir" "-e" "CARGO_TARGET_DIR=/opt/rustwide/target" "-e" "CARGO_HOME=/opt/rustwide/cargo-home" "-e" "RUSTUP_HOME=/opt/rustwide/rustup-home" "-w" "/opt/rustwide/workdir" "-m" "1610612736" "--user" "0:0" "--network" "none" "ghcr.io/rust-lang/crates-build-env/linux@sha256:2788e3201cd34a07e3172128adcd8b3090168a8e3bcc40d7c032b9dda1df7d1c" "/opt/rustwide/cargo-home/bin/cargo" "+1.75.0" "metadata" "--no-deps" "--format-version=1", kill_on_drop: false }`
[INFO] [stdout] f0c8ac09474ed09abcb8850cfef54e10e49323c56bc46378909e3b89ac983aeb
[INFO] running `Command { std: "docker" "start" "-a" "f0c8ac09474ed09abcb8850cfef54e10e49323c56bc46378909e3b89ac983aeb", kill_on_drop: false }`
[INFO] running `Command { std: "docker" "inspect" "f0c8ac09474ed09abcb8850cfef54e10e49323c56bc46378909e3b89ac983aeb", kill_on_drop: false }`
[INFO] running `Command { std: "docker" "rm" "-f" "f0c8ac09474ed09abcb8850cfef54e10e49323c56bc46378909e3b89ac983aeb", kill_on_drop: false }`
[INFO] [stdout] f0c8ac09474ed09abcb8850cfef54e10e49323c56bc46378909e3b89ac983aeb
[INFO] running `Command { std: "docker" "create" "-v" "/var/lib/crater-agent-workspace/builds/worker-0-tc1/target:/opt/rustwide/target:rw,Z" "-v" "/var/lib/crater-agent-workspace/builds/worker-0-tc1/source:/opt/rustwide/workdir:ro,Z" "-v" "/var/lib/crater-agent-workspace/cargo-home:/opt/rustwide/cargo-home:ro,Z" "-v" "/var/lib/crater-agent-workspace/rustup-home:/opt/rustwide/rustup-home:ro,Z" "-e" "SOURCE_DIR=/opt/rustwide/workdir" "-e" "CARGO_TARGET_DIR=/opt/rustwide/target" "-e" "CARGO_INCREMENTAL=0" "-e" "RUST_BACKTRACE=full" "-e" "RUSTFLAGS=--cap-lints=warn" "-e" "RUSTDOCFLAGS=--cap-lints=warn" "-e" "CARGO_HOME=/opt/rustwide/cargo-home" "-e" "RUSTUP_HOME=/opt/rustwide/rustup-home" "-w" "/opt/rustwide/workdir" "-m" "1610612736" "--user" "0:0" "--network" "none" "ghcr.io/rust-lang/crates-build-env/linux@sha256:2788e3201cd34a07e3172128adcd8b3090168a8e3bcc40d7c032b9dda1df7d1c" "/opt/rustwide/cargo-home/bin/cargo" "+1.75.0" "build" "--frozen" "--message-format=json", kill_on_drop: false }`
[INFO] [stdout] 397ac4c0501f91eb462f9feb087ff483bf0d1959c5c350d786c31e012fe11a60
[INFO] running `Command { std: "docker" "start" "-a" "397ac4c0501f91eb462f9feb087ff483bf0d1959c5c350d786c31e012fe11a60", kill_on_drop: false }`
[INFO] [stderr]    Compiling proc-macro2 v1.0.49
[INFO] [stderr]    Compiling unicode-ident v1.0.6
[INFO] [stderr]    Compiling libc v0.2.139
[INFO] [stderr]    Compiling quote v1.0.23
[INFO] [stderr]    Compiling autocfg v1.1.0
[INFO] [stderr]    Compiling syn v1.0.107
[INFO] [stderr]    Compiling cfg-if v1.0.0
[INFO] [stderr]    Compiling once_cell v1.17.0
[INFO] [stderr]    Compiling log v0.4.17
[INFO] [stderr]    Compiling version_check v0.9.4
[INFO] [stderr]    Compiling memchr v2.5.0
[INFO] [stderr]    Compiling cc v1.0.78
[INFO] [stderr]    Compiling pkg-config v0.3.26
[INFO] [stderr]    Compiling serde_derive v1.0.152
[INFO] [stderr]    Compiling ahash v0.7.6
[INFO] [stderr]    Compiling pin-project-lite v0.2.9
[INFO] [stderr]    Compiling serde v1.0.152
[INFO] [stderr]    Compiling futures-core v0.3.25
[INFO] [stderr]    Compiling bytes v1.3.0
[INFO] [stderr]    Compiling itoa v1.0.5
[INFO] [stderr]    Compiling getrandom v0.2.8
[INFO] [stderr]    Compiling tokio v1.24.1
[INFO] [stderr]    Compiling thiserror v1.0.38
[INFO] [stderr]    Compiling hashbrown v0.12.3
[INFO] [stderr]    Compiling mio v0.8.5
[INFO] [stderr]    Compiling num_cpus v1.15.0
[INFO] [stderr]    Compiling socket2 v0.4.7
[INFO] [stderr]    Compiling slab v0.4.7
[INFO] [stderr]    Compiling futures-task v0.3.25
[INFO] [stderr]    Compiling openssl-sys v0.9.80
[INFO] [stderr]    Compiling bitflags v1.3.2
[INFO] [stderr]    Compiling indexmap v1.9.2
[INFO] [stderr]    Compiling tracing-core v0.1.30
[INFO] [stderr]    Compiling fnv v1.0.7
[INFO] [stderr]    Compiling foreign-types-shared v0.1.1
[INFO] [stderr]    Compiling futures-util v0.3.25
[INFO] [stderr]    Compiling ucd-trie v0.1.5
[INFO] [stderr]    Compiling openssl v0.10.45
[INFO] [stderr]    Compiling foreign-types v0.3.2
[INFO] [stderr]    Compiling http v0.2.8
[INFO] [stderr]    Compiling tracing v0.1.37
[INFO] [stderr]    Compiling tinyvec_macros v0.1.0
[INFO] [stderr]    Compiling futures-io v0.3.25
[INFO] [stderr]    Compiling futures-channel v0.3.25
[INFO] [stderr]    Compiling httparse v1.8.0
[INFO] [stderr]    Compiling native-tls v0.2.11
[INFO] [stderr]    Compiling futures-sink v0.3.25
[INFO] [stderr]    Compiling pin-utils v0.1.0
[INFO] [stderr]    Compiling tinyvec v1.6.0
[INFO] [stderr]    Compiling openssl-probe v0.1.5
[INFO] [stderr]    Compiling try-lock v0.2.4
[INFO] [stderr]    Compiling ryu v1.0.12
[INFO] [stderr]    Compiling percent-encoding v2.2.0
[INFO] [stderr]    Compiling form_urlencoded v1.1.0
[INFO] [stderr]    Compiling want v0.3.0
[INFO] [stderr]    Compiling http-body v0.4.5
[INFO] [stderr]    Compiling unicode-bidi v0.3.8
[INFO] [stderr]    Compiling unicode-normalization v0.1.22
[INFO] [stderr]    Compiling portable-atomic v0.3.19
[INFO] [stderr]    Compiling serde_json v1.0.91
[INFO] [stderr]    Compiling httpdate v1.0.2
[INFO] [stderr]    Compiling encoding_rs v0.8.31
[INFO] [stderr]    Compiling async-trait v0.1.61
[INFO] [stderr]    Compiling tower-service v0.3.2
[INFO] [stderr]    Compiling dlv-list v0.3.0
[INFO] [stderr]    Compiling base64 v0.13.1
[INFO] [stderr]    Compiling lazy_static v1.4.0
[INFO] [stderr]    Compiling ordered-multimap v0.4.3
[INFO] [stderr]    Compiling idna v0.3.0
[INFO] [stderr]    Compiling unicode-width v0.1.10
[INFO] [stderr]    Compiling linked-hash-map v0.5.6
[INFO] [stderr]    Compiling minimal-lexical v0.2.1
[INFO] [stderr]    Compiling console v0.15.4
[INFO] [stderr]    Compiling yaml-rust v0.4.5
[INFO] [stderr]    Compiling rust-ini v0.18.0
[INFO] [stderr]    Compiling nom v7.1.2
[INFO] [stderr]    Compiling tokio-util v0.7.4
[INFO] [stderr]    Compiling url v2.3.1
[INFO] [stderr]    Compiling h2 v0.3.15
[INFO] [stderr]    Compiling pathdiff v0.2.1
[INFO] [stderr]    Compiling ipnet v2.7.1
[INFO] [stderr]    Compiling either v1.8.0
[INFO] [stderr]    Compiling thiserror-impl v1.0.38
[INFO] [stderr]    Compiling openssl-macros v0.1.0
[INFO] [stderr]    Compiling mime v0.3.16
[INFO] [stderr]    Compiling number_prefix v0.4.0
[INFO] [stderr]    Compiling indicatif v0.17.2
[INFO] [stderr]    Compiling pest v2.5.3
[INFO] [stderr]    Compiling itertools v0.10.5
[INFO] [stderr]    Compiling hyper v0.14.23
[INFO] [stderr]    Compiling pest_meta v2.5.3
[INFO] [stderr]    Compiling tokio-native-tls v0.3.0
[INFO] [stderr]    Compiling pest_generator v2.5.3
[INFO] [stderr]    Compiling pest_derive v2.5.3
[INFO] [stderr]    Compiling hyper-tls v0.5.0
[INFO] [stderr]    Compiling json5 v0.4.1
[INFO] [stderr]    Compiling ron v0.7.1
[INFO] [stderr]    Compiling toml v0.5.10
[INFO] [stderr]    Compiling serde_urlencoded v0.7.1
[INFO] [stderr]    Compiling reqwest v0.11.13
[INFO] [stderr]    Compiling config v0.13.3
[INFO] [stderr]    Compiling imbrut v0.1.0 (/opt/rustwide/workdir)
[INFO] [stdout] error[E0271]: expected `Box<dyn Iterator<Item = C>>` to be an iterator that yields `Box<dyn Any>`, but it yields `C`
[INFO] [stdout]   --> src/lib.rs:52:13
[INFO] [stdout]    |
[INFO] [stdout] 36 |     impl<P, C> Proto for DynProto<P, C> 
[INFO] [stdout]    |             - found this type parameter
[INFO] [stdout] ...
[INFO] [stdout] 52 |             Box::new(self.proto.get_credentials())
[INFO] [stdout]    |             ^^^^^^^^^^^^^^^^^^^^^^^^^^^^^^^^^^^^^^ expected `Box<dyn Any>`, found type parameter `C`
[INFO] [stdout]    |
[INFO] [stdout]    = note:      expected struct `Box<(dyn Any + 'static)>`
[INFO] [stdout]            found type parameter `C`
[INFO] [stdout]    = note: required for the cast from `Box<Box<dyn Iterator<Item = C>>>` to `Box<(dyn Iterator<Item = Box<(dyn Any + 'static)>> + 'static)>`
[INFO] [stdout] 
[INFO] [stdout] 
[INFO] [stdout] error[E0277]: the trait bound `Box<dyn Iterator<Item = std::string::String>>: Clone` is not satisfied
[INFO] [stdout]     --> src/lib.rs:201:40
[INFO] [stdout]      |
[INFO] [stdout] 201  |                     .cartesian_product(passwords)
[INFO] [stdout]      |                      ----------------- ^^^^^^^^^ the trait `Clone` is not implemented for `Box<dyn Iterator<Item = std::string::String>>`
[INFO] [stdout]      |                      |
[INFO] [stdout]      |                      required by a bound introduced by this call
[INFO] [stdout]      |
[INFO] [stdout]      = note: required for `Box<dyn Iterator<Item = std::string::String>>` to implement `Clone`
[INFO] [stdout] note: required by a bound in `cartesian_product`
[INFO] [stdout]     --> /opt/rustwide/cargo-home/registry/src/index.crates.io-6f17d22bba15001f/itertools-0.10.5/src/lib.rs:1082:28
[INFO] [stdout]      |
[INFO] [stdout] 1078 |     fn cartesian_product<J>(self, other: J) -> Product<Self, J::IntoIter>
[INFO] [stdout]      |        ----------------- required by a bound in this associated function
[INFO] [stdout] ...
[INFO] [stdout] 1082 |               J::IntoIter: Clone
[INFO] [stdout]      |                            ^^^^^ required by this bound in `Itertools::cartesian_product`
[INFO] [stdout] help: consider borrowing here
[INFO] [stdout]      |
[INFO] [stdout] 201  |                     .cartesian_product(&passwords)
[INFO] [stdout]      |                                        +
[INFO] [stdout] 
[INFO] [stdout] 
[INFO] [stdout] error[E0599]: the method `map` exists for struct `Product<Box<dyn Iterator<Item = String>>, Box<dyn Iterator<Item = String>>>`, but its trait bounds were not satisfied
[INFO] [stdout]    --> src/lib.rs:202:22
[INFO] [stdout]     |
[INFO] [stdout] 200 | /                 usernames
[INFO] [stdout] 201 | |                     .cartesian_product(passwords)
[INFO] [stdout] 202 | |                     .map(|(username, password)| Self::Creds {username, password})
[INFO] [stdout]     | |                     -^^^ method cannot be called due to unsatisfied trait bounds
[INFO] [stdout]     | |_____________________|
[INFO] [stdout]     | 
[INFO] [stdout]     |
[INFO] [stdout]    ::: /opt/rustwide/cargo-home/registry/src/index.crates.io-6f17d22bba15001f/itertools-0.10.5/src/adaptors/mod.rs:284:1
[INFO] [stdout]     |
[INFO] [stdout] 284 |   pub struct Product<I, J>
[INFO] [stdout]     |   ------------------------ doesn't satisfy `_: Iterator`
[INFO] [stdout]    --> /rustc/82e1608dfa6e0b5569232559e3d385fea5a93112/library/alloc/src/boxed.rs:195:1
[INFO] [stdout]    ::: /rustc/82e1608dfa6e0b5569232559e3d385fea5a93112/library/alloc/src/boxed.rs:198:1
[INFO] [stdout]     |
[INFO] [stdout]     = note: doesn't satisfy `_: Clone`
[INFO] [stdout]     |
[INFO] [stdout]     = note: the following trait bounds were not satisfied:
[INFO] [stdout]             `Box<dyn Iterator<Item = std::string::String>>: Clone`
[INFO] [stdout]             which is required by `itertools::Product<Box<dyn Iterator<Item = std::string::String>>, Box<dyn Iterator<Item = std::string::String>>>: Iterator`
[INFO] [stdout]             `itertools::Product<Box<dyn Iterator<Item = std::string::String>>, Box<dyn Iterator<Item = std::string::String>>>: Iterator`
[INFO] [stdout]             which is required by `&mut itertools::Product<Box<dyn Iterator<Item = std::string::String>>, Box<dyn Iterator<Item = std::string::String>>>: Iterator`
[INFO] [stdout] 
[INFO] [stdout] 
[INFO] [stdout] error: aborting due to 3 previous errors
[INFO] [stdout] 
[INFO] [stdout] 
[INFO] [stdout] Some errors have detailed explanations: E0271, E0277, E0599.
[INFO] [stdout] 
[INFO] [stdout] For more information about an error, try `rustc --explain E0271`.
[INFO] [stdout] 
[INFO] [stderr] error: could not compile `imbrut` (lib) due to 4 previous errors
[INFO] [stderr] warning: build failed, waiting for other jobs to finish...
[INFO] running `Command { std: "docker" "inspect" "397ac4c0501f91eb462f9feb087ff483bf0d1959c5c350d786c31e012fe11a60", kill_on_drop: false }`
[INFO] running `Command { std: "docker" "rm" "-f" "397ac4c0501f91eb462f9feb087ff483bf0d1959c5c350d786c31e012fe11a60", kill_on_drop: false }`
[INFO] [stdout] 397ac4c0501f91eb462f9feb087ff483bf0d1959c5c350d786c31e012fe11a60
